[INFO] fetching crate torvyon-core 0.1.1...
[INFO] testing torvyon-core-0.1.1 against 1.100.0-beta.1+cargoflags=--release for beta-release-1.100-2
[INFO] extracting crate torvyon-core 0.1.1 into /workspace/builds/worker-6-tc2/source
[INFO] started tweaking crates.io crate torvyon-core 0.1.1
[INFO] removed 0 missing tests
[INFO] finished tweaking crates.io crate torvyon-core 0.1.1
[INFO] tweaked toml for crates.io crate torvyon-core 0.1.1 written to /workspace/builds/worker-6-tc2/source/Cargo.toml
[INFO] validating manifest of crates.io crate torvyon-core 0.1.1 on toolchain 1.100.0-beta.1
[INFO] running `Command { std: CARGO_HOME="/workspace/cargo-home" RUSTUP_HOME="/workspace/rustup-home" "/workspace/cargo-home/bin/cargo" "+1.100.0-beta.1" "metadata" "--manifest-path" "Cargo.toml" "--no-deps", kill_on_drop: false }`
[INFO] crate crates.io crate torvyon-core 0.1.1 already has a lockfile, it will not be regenerated
[INFO] running `Command { std: CARGO_HOME="/workspace/cargo-home" RUSTUP_HOME="/workspace/rustup-home" "/workspace/cargo-home/bin/cargo" "+1.100.0-beta.1" "fetch" "--manifest-path" "Cargo.toml", kill_on_drop: false }`
[INFO] running `Command { std: "docker" "create" "-v" "/var/lib/crater-agent-workspace/builds/worker-6-tc2/source:/opt/rustwide/workdir:ro,Z" "-v" "/var/lib/crater-agent-workspace/builds/worker-6-tc2/target:/opt/rustwide/target:rw,Z" "-v" "/var/lib/crater-agent-workspace/cargo-home:/opt/rustwide/cargo-home:ro,Z" "-v" "/var/lib/crater-agent-workspace/rustup-home:/opt/rustwide/rustup-home:ro,Z" "-m" "1610612736" "--network" "none" "ghcr.io/rust-lang/crates-build-env/linux@sha256:77db811e55d90add9212f6832c23229e3de5f1c1f9905e8cb07319ea15df73ac" "sleep" "infinity", kill_on_drop: false }`
[INFO] [stdout] 21ec2f22ee4614138b4140a62f4ee9e3b4ad28afa9b6edc7f74ae5d731ff5c70
[INFO] running `Command { std: "docker" "start" "21ec2f22ee4614138b4140a62f4ee9e3b4ad28afa9b6edc7f74ae5d731ff5c70", kill_on_drop: false }`
[INFO] running `Command { std: "docker" "inspect" "21ec2f22ee4614138b4140a62f4ee9e3b4ad28afa9b6edc7f74ae5d731ff5c70", kill_on_drop: false }`
[INFO] running `Command { std: "docker" "exec" "-e" "SOURCE_DIR=/opt/rustwide/workdir" "-e" "CARGO_HOME=/opt/rustwide/cargo-home" "-e" "RUSTUP_HOME=/opt/rustwide/rustup-home" "-e" "CARGO_TARGET_DIR=/opt/rustwide/target" "-w" "/opt/rustwide/workdir" "--user" "0:0" "21ec2f22ee4614138b4140a62f4ee9e3b4ad28afa9b6edc7f74ae5d731ff5c70" "/opt/rustwide/cargo-home/bin/cargo" "+1.100.0-beta.1" "metadata" "--no-deps" "--format-version=1", kill_on_drop: false }`
[INFO] running `Command { std: "docker" "inspect" "21ec2f22ee4614138b4140a62f4ee9e3b4ad28afa9b6edc7f74ae5d731ff5c70", kill_on_drop: false }`
[INFO] running `Command { std: "docker" "exec" "-e" "SOURCE_DIR=/opt/rustwide/workdir" "-e" "CARGO_HOME=/opt/rustwide/cargo-home" "-e" "RUSTUP_HOME=/opt/rustwide/rustup-home" "-e" "CARGO_TARGET_DIR=/opt/rustwide/target" "-e" "CARGO_INCREMENTAL=0" "-e" "RUST_BACKTRACE=full" "-e" "RUSTFLAGS=--cap-lints=warn" "-e" "RUSTDOCFLAGS=--cap-lints=warn" "-w" "/opt/rustwide/workdir" "--user" "0:0" "21ec2f22ee4614138b4140a62f4ee9e3b4ad28afa9b6edc7f74ae5d731ff5c70" "/opt/rustwide/cargo-home/bin/cargo" "+1.100.0-beta.1" "build" "--frozen" "--message-format=json" "--release", kill_on_drop: false }`
[INFO] [stderr]    Compiling unicode-ident v1.0.26
[INFO] [stderr]    Compiling der v0.7.10
[INFO] [stderr]    Compiling hex-conservative v0.2.3
[INFO] [stderr]    Compiling tinyvec v1.13.3
[INFO] [stderr]    Compiling generic-array v0.14.9
[INFO] [stderr]    Compiling getrandom v0.2.17
[INFO] [stderr]    Compiling proc-macro2 v1.0.107
[INFO] [stderr]    Compiling rand_core v0.6.4
[INFO] [stderr]    Compiling bitcoin_hashes v0.14.101
[INFO] [stderr]    Compiling quote v1.0.47
[INFO] [stderr]    Compiling unicode-normalization v0.1.25
[INFO] [stderr]    Compiling ff v0.13.1
[INFO] [stderr]    Compiling group v0.13.0
[INFO] [stderr]    Compiling syn v3.0.6
[INFO] [stderr]    Compiling block-buffer v0.10.4
[INFO] [stderr]    Compiling crypto-common v0.1.6
[INFO] [stderr]    Compiling crypto-bigint v0.5.5
[INFO] [stderr]    Compiling digest v0.10.7
[INFO] [stderr]    Compiling signature v2.2.0
[INFO] [stderr]    Compiling sha2 v0.10.9
[INFO] [stderr]    Compiling sec1 v0.7.3
[INFO] [stderr]    Compiling spki v0.7.3
[INFO] [stderr]    Compiling elliptic-curve v0.13.8
[INFO] [stderr]    Compiling serde_derive v1.0.229
[INFO] [stderr]    Compiling thiserror-impl v2.0.21
[INFO] [stderr]    Compiling ecdsa v0.16.9
[INFO] [stderr]    Compiling k256 v0.13.4
[INFO] [stderr]    Compiling thiserror v2.0.21
[INFO] [stderr]    Compiling serde v1.0.229
[INFO] [stderr]    Compiling bip39 v2.2.2
[INFO] [stderr]    Compiling torvyon-core v0.1.1 (/opt/rustwide/workdir)
[INFO] [stderr]     Finished `release` profile [optimized] target(s) in 21.04s
[INFO] running `Command { std: "docker" "inspect" "21ec2f22ee4614138b4140a62f4ee9e3b4ad28afa9b6edc7f74ae5d731ff5c70", kill_on_drop: false }`
[INFO] running `Command { std: "docker" "exec" "-e" "SOURCE_DIR=/opt/rustwide/workdir" "-e" "CARGO_HOME=/opt/rustwide/cargo-home" "-e" "RUSTUP_HOME=/opt/rustwide/rustup-home" "-e" "CARGO_TARGET_DIR=/opt/rustwide/target" "-e" "CARGO_INCREMENTAL=0" "-e" "RUST_BACKTRACE=full" "-e" "RUSTFLAGS=--cap-lints=warn" "-e" "RUSTDOCFLAGS=--cap-lints=warn" "-w" "/opt/rustwide/workdir" "--user" "0:0" "21ec2f22ee4614138b4140a62f4ee9e3b4ad28afa9b6edc7f74ae5d731ff5c70" "/opt/rustwide/cargo-home/bin/cargo" "+1.100.0-beta.1" "test" "--frozen" "--no-run" "--message-format=json" "--release", kill_on_drop: false }`
[INFO] [stderr]    Compiling torvyon-core v0.1.1 (/opt/rustwide/workdir)
[INFO] [stderr]     Finished `release` profile [optimized] target(s) in 2.98s
[INFO] running `Command { std: "docker" "inspect" "21ec2f22ee4614138b4140a62f4ee9e3b4ad28afa9b6edc7f74ae5d731ff5c70", kill_on_drop: false }`
[INFO] running `Command { std: "docker" "exec" "-e" "SOURCE_DIR=/opt/rustwide/workdir" "-e" "CARGO_HOME=/opt/rustwide/cargo-home" "-e" "RUSTUP_HOME=/opt/rustwide/rustup-home" "-e" "CARGO_TARGET_DIR=/opt/rustwide/target" "-e" "CARGO_INCREMENTAL=0" "-e" "RUST_BACKTRACE=full" "-e" "RUSTFLAGS=--cap-lints=warn" "-e" "RUSTDOCFLAGS=--cap-lints=warn" "-w" "/opt/rustwide/workdir" "--user" "0:0" "21ec2f22ee4614138b4140a62f4ee9e3b4ad28afa9b6edc7f74ae5d731ff5c70" "/opt/rustwide/cargo-home/bin/cargo" "+1.100.0-beta.1" "test" "--frozen" "--release", kill_on_drop: false }`
[INFO] [stderr]     Finished `release` profile [optimized] target(s) in 0.07s
[INFO] [stderr]      Running unittests src/lib.rs (/opt/rustwide/target/release/build/torvyon-core/b4a5a3dbd740656d/out/torvyon_core-b4a5a3dbd740656d)
[INFO] [stdout] 
[INFO] [stdout] running 2 tests
[INFO] [stdout] test amount::tests::rejects_bad_input ... ok
[INFO] [stdout] test amount::tests::format_and_parse ... ok
[INFO] [stdout] 
[INFO] [stdout] test result: ok. 2 passed; 0 failed; 0 ignored; 0 measured; 0 filtered out; finished in 0.00s
[INFO] [stdout] 
[INFO] [stderr]      Running tests/atomic_swap.rs (/opt/rustwide/target/release/build/torvyon-core/689a7e939ff87169/out/atomic_swap-689a7e939ff87169)
[INFO] [stdout] 
[INFO] [stdout] running 5 tests
[INFO] [stdout] test cross_chain_deadlines_checked_in_time ... ok
[INFO] [stdout] test same_chain_locks_mirror_each_other ... ok
[INFO] [stdout] test new_secret_hashes_with_sha256 ... ok
[INFO] [stdout] test revealed_secret_ignores_other_preimages ... ok
[INFO] [stdout] test chain_clock_converts_time_to_height ... ok
[INFO] [stdout] 
[INFO] [stdout] test result: ok. 5 passed; 0 failed; 0 ignored; 0 measured; 0 filtered out; finished in 0.01s
[INFO] [stdout] 
[INFO] [stderr]      Running tests/builder.rs (/opt/rustwide/target/release/build/torvyon-core/d7c5ab66809bd885/out/builder-d7c5ab66809bd885)
[INFO] [stdout] 
[INFO] [stdout] running 6 tests
[INFO] [stdout] test rejects_zero_amount_and_oversized_data ... ok
[INFO] [stdout] test insufficient_funds ... ok
[INFO] [stdout] test exact_amount_has_no_change_output ... ok
[INFO] [stdout] test largest_first_with_change_signs_and_verifies ... ok
[INFO] [stdout] test too_many_inputs ... ok
[INFO] [stdout] test private_key_debug_is_redacted ... ok
[INFO] [stdout] 
[INFO] [stdout] test result: ok. 6 passed; 0 failed; 0 ignored; 0 measured; 0 filtered out; finished in 0.01s
[INFO] [stdout] 
[INFO] [stderr]      Running tests/vectors.rs (/opt/rustwide/target/release/build/torvyon-core/2ce126f0331919ff/out/vectors-2ce126f0331919ff)
[INFO] [stdout] 
[INFO] [stdout] running 13 tests
[INFO] [stdout] test historical_account_transactions ... FAILED
[INFO] [stdout] test invalid_transactions_rejected_with_node_error ... FAILED
[INFO] [stdout] test schnorr ... FAILED
[INFO] [stdout] test keys_and_addresses ... FAILED
[INFO] [stdout] test testnet_invalid_addresses_rejected_with_node_error ... FAILED
[INFO] [stdout] test invalid_addresses_rejected_with_node_error ... FAILED
[INFO] [stdout] test condition_templates_compose_primitives ... FAILED
[INFO] [stdout] test v3_utxo_transactions ... FAILED
[INFO] [stdout] test testnet_invalid_transactions_rejected_with_node_error ... FAILED
[INFO] [stdout] test v3_utxo_transactions_testnet ... FAILED
[INFO] [stderr] error: test failed, to rerun pass `--test vectors`
[INFO] [stdout] test v4_condition_vectors_testnet ... FAILED
[INFO] [stdout] test testnet_keys_and_addresses ... FAILED
[INFO] [stdout] test mnemonics ... FAILED
[INFO] [stdout] 
[INFO] [stdout] failures:
[INFO] [stdout] 
[INFO] [stdout] ---- historical_account_transactions stdout ----
[INFO] [stdout] 
[INFO] [stdout] thread 'historical_account_transactions' (650) panicked at tests/vectors.rs:17:66:
[INFO] [stdout] /opt/rustwide/workdir/../../spec/vectors/tx_account.json: No such file or directory (os error 2)
[INFO] [stdout] stack backtrace:
[INFO] [stdout]    0:     0x63a431c64211 - <<std[617be2ca0a6fd877]::sys::backtrace::BacktraceLock>::print::DisplayBacktrace as core[a373ad73a504971]::fmt::Display>::fmt
[INFO] [stdout]    1:     0x63a431c79a1a - core[a373ad73a504971]::fmt::write
[INFO] [stdout]    2:     0x63a431c6842c - <alloc[2e1b2a31b91974c5]::vec::Vec<u8> as core[a373ad73a504971]::io::write::Write>::write_fmt
[INFO] [stdout]    3:     0x63a431c40316 - std[617be2ca0a6fd877]::panicking::default_hook::{closure#0}
[INFO] [stdout]    4:     0x63a431c5c549 - std[617be2ca0a6fd877]::panicking::default_hook
[INFO] [stdout]    5:     0x63a431bb2270 - test[aada8e7e76ba119b]::test_main_inner::{closure#0}
[INFO] [stdout]    6:     0x63a431c5c702 - std[617be2ca0a6fd877]::panicking::panic_with_hook
[INFO] [stdout]    7:     0x63a431c403c2 - std[617be2ca0a6fd877]::panicking::panic_handler::{closure#0}
[INFO] [stdout]    8:     0x63a431c38f49 - std[617be2ca0a6fd877]::sys::backtrace::__rust_end_short_backtrace::<std[617be2ca0a6fd877]::panicking::panic_handler::{closure#0}, !>
[INFO] [stdout]    9:     0x63a431c40fcd - __rustc[ea4f61d10b84890b]::rust_begin_unwind
[INFO] [stdout]   10:     0x63a431c7a14c - core[a373ad73a504971]::panicking::panic_fmt
[INFO] [stdout]   11:     0x63a431b8f3ea - vectors[da31ca45a8498404]::load::{closure#0}
[INFO] [stdout]   12:     0x63a431b9257c - vectors[da31ca45a8498404]::load
[INFO] [stdout]   13:     0x63a431b97fc3 - <vectors[da31ca45a8498404]::historical_account_transactions::{closure#0} as core[a373ad73a504971]::ops::function::FnOnce<()>>::call_once
[INFO] [stdout]   14:     0x63a431ba56bb - test[aada8e7e76ba119b]::__rust_begin_short_backtrace::<core[a373ad73a504971]::result::Result<(), alloc[2e1b2a31b91974c5]::string::String>, fn() -> core[a373ad73a504971]::result::Result<(), alloc[2e1b2a31b91974c5]::string::String>>
[INFO] [stdout]   15:     0x63a431bb2895 - test[aada8e7e76ba119b]::run_test::{closure#0}
[INFO] [stdout]   16:     0x63a431bac184 - std[617be2ca0a6fd877]::sys::backtrace::__rust_begin_short_backtrace::<test[aada8e7e76ba119b]::run_test::{closure#1}, ()>
[INFO] [stdout]   17:     0x63a431bb5922 - <std[617be2ca0a6fd877]::thread::lifecycle::spawn_unchecked<test[aada8e7e76ba119b]::run_test::{closure#1}, ()>::{closure#1} as core[a373ad73a504971]::ops::function::FnOnce<()>>::call_once::{shim:vtable#0}
[INFO] [stdout]   18:     0x63a431c6370f - <std[617be2ca0a6fd877]::sys::thread::unix::Thread>::new::thread_start
[INFO] [stdout]   19:     0x7b52cdc0edfa - <unknown>
[INFO] [stdout]   20:     0x7b52cdca23d4 - clone
[INFO] [stdout]   21:                0x0 - <unknown>
[INFO] [stdout] 
[INFO] [stdout] ---- invalid_transactions_rejected_with_node_error stdout ----
[INFO] [stdout] 
[INFO] [stdout] thread 'invalid_transactions_rejected_with_node_error' (652) panicked at tests/vectors.rs:17:66:
[INFO] [stdout] /opt/rustwide/workdir/../../spec/vectors/tx_invalid.json: No such file or directory (os error 2)
[INFO] [stdout] stack backtrace:
[INFO] [stdout]    0:     0x63a431c64211 - <<std[617be2ca0a6fd877]::sys::backtrace::BacktraceLock>::print::DisplayBacktrace as core[a373ad73a504971]::fmt::Display>::fmt
[INFO] [stdout]    1:     0x63a431c79a1a - core[a373ad73a504971]::fmt::write
[INFO] [stdout]    2:     0x63a431c6842c - <alloc[2e1b2a31b91974c5]::vec::Vec<u8> as core[a373ad73a504971]::io::write::Write>::write_fmt
[INFO] [stdout]    3:     0x63a431c40316 - std[617be2ca0a6fd877]::panicking::default_hook::{closure#0}
[INFO] [stdout]    4:     0x63a431c5c549 - std[617be2ca0a6fd877]::panicking::default_hook
[INFO] [stdout]    5:     0x63a431bb2270 - test[aada8e7e76ba119b]::test_main_inner::{closure#0}
[INFO] [stdout]    6:     0x63a431c5c702 - std[617be2ca0a6fd877]::panicking::panic_with_hook
[INFO] [stdout]    7:     0x63a431c403c2 - std[617be2ca0a6fd877]::panicking::panic_handler::{closure#0}
[INFO] [stdout]    8:     0x63a431c38f49 - std[617be2ca0a6fd877]::sys::backtrace::__rust_end_short_backtrace::<std[617be2ca0a6fd877]::panicking::panic_handler::{closure#0}, !>
[INFO] [stdout]    9:     0x63a431c40fcd - __rustc[ea4f61d10b84890b]::rust_begin_unwind
[INFO] [stdout]   10:     0x63a431c7a14c - core[a373ad73a504971]::panicking::panic_fmt
[INFO] [stdout]   11:     0x63a431b8f3ea - vectors[da31ca45a8498404]::load::{closure#0}
[INFO] [stdout]   12:     0x63a431b9257c - vectors[da31ca45a8498404]::load
[INFO] [stdout]   13:     0x63a431b99870 - <vectors[da31ca45a8498404]::invalid_transactions_rejected_with_node_error::{closure#0} as core[a373ad73a504971]::ops::function::FnOnce<()>>::call_once
[INFO] [stdout]   14:     0x63a431ba56bb - test[aada8e7e76ba119b]::__rust_begin_short_backtrace::<core[a373ad73a504971]::result::Result<(), alloc[2e1b2a31b91974c5]::string::String>, fn() -> core[a373ad73a504971]::result::Result<(), alloc[2e1b2a31b91974c5]::string::String>>
[INFO] [stdout]   15:     0x63a431bb2895 - test[aada8e7e76ba119b]::run_test::{closure#0}
[INFO] [stdout]   16:     0x63a431bac184 - std[617be2ca0a6fd877]::sys::backtrace::__rust_begin_short_backtrace::<test[aada8e7e76ba119b]::run_test::{closure#1}, ()>
[INFO] [stdout]   17:     0x63a431bb5922 - <std[617be2ca0a6fd877]::thread::lifecycle::spawn_unchecked<test[aada8e7e76ba119b]::run_test::{closure#1}, ()>::{closure#1} as core[a373ad73a504971]::ops::function::FnOnce<()>>::call_once::{shim:vtable#0}
[INFO] [stdout]   18:     0x63a431c6370f - <std[617be2ca0a6fd877]::sys::thread::unix::Thread>::new::thread_start
[INFO] [stdout]   19:     0x7b52cdc0edfa - <unknown>
[INFO] [stdout]   20:     0x7b52cdca23d4 - clone
[INFO] [stdout]   21:                0x0 - <unknown>
[INFO] [stdout] 
[INFO] [stdout] ---- schnorr stdout ----
[INFO] [stdout] 
[INFO] [stdout] thread 'schnorr' (655) panicked at tests/vectors.rs:17:66:
[INFO] [stdout] /opt/rustwide/workdir/../../spec/vectors/schnorr.json: No such file or directory (os error 2)
[INFO] [stdout] stack backtrace:
[INFO] [stdout]    0:     0x63a431c64211 - <<std[617be2ca0a6fd877]::sys::backtrace::BacktraceLock>::print::DisplayBacktrace as core[a373ad73a504971]::fmt::Display>::fmt
[INFO] [stdout]    1:     0x63a431c79a1a - core[a373ad73a504971]::fmt::write
[INFO] [stdout]    2:     0x63a431c6842c - <alloc[2e1b2a31b91974c5]::vec::Vec<u8> as core[a373ad73a504971]::io::write::Write>::write_fmt
[INFO] [stdout]    3:     0x63a431c40316 - std[617be2ca0a6fd877]::panicking::default_hook::{closure#0}
[INFO] [stdout]    4:     0x63a431c5c549 - std[617be2ca0a6fd877]::panicking::default_hook
[INFO] [stdout]    5:     0x63a431bb2270 - test[aada8e7e76ba119b]::test_main_inner::{closure#0}
[INFO] [stdout]    6:     0x63a431c5c702 - std[617be2ca0a6fd877]::panicking::panic_with_hook
[INFO] [stdout]    7:     0x63a431c403c2 - std[617be2ca0a6fd877]::panicking::panic_handler::{closure#0}
[INFO] [stdout]    8:     0x63a431c38f49 - std[617be2ca0a6fd877]::sys::backtrace::__rust_end_short_backtrace::<std[617be2ca0a6fd877]::panicking::panic_handler::{closure#0}, !>
[INFO] [stdout]    9:     0x63a431c40fcd - __rustc[ea4f61d10b84890b]::rust_begin_unwind
[INFO] [stdout]   10:     0x63a431c7a14c - core[a373ad73a504971]::panicking::panic_fmt
[INFO] [stdout]   11:     0x63a431b8f3ea - vectors[da31ca45a8498404]::load::{closure#0}
[INFO] [stdout]   12:     0x63a431b9257c - vectors[da31ca45a8498404]::load
[INFO] [stdout]   13:     0x63a431b9af20 - <vectors[da31ca45a8498404]::schnorr::{closure#0} as core[a373ad73a504971]::ops::function::FnOnce<()>>::call_once
[INFO] [stdout]   14:     0x63a431ba56bb - test[aada8e7e76ba119b]::__rust_begin_short_backtrace::<core[a373ad73a504971]::result::Result<(), alloc[2e1b2a31b91974c5]::string::String>, fn() -> core[a373ad73a504971]::result::Result<(), alloc[2e1b2a31b91974c5]::string::String>>
[INFO] [stdout]   15:     0x63a431bb2895 - test[aada8e7e76ba119b]::run_test::{closure#0}
[INFO] [stdout]   16:     0x63a431bac184 - std[617be2ca0a6fd877]::sys::backtrace::__rust_begin_short_backtrace::<test[aada8e7e76ba119b]::run_test::{closure#1}, ()>
[INFO] [stdout]   17:     0x63a431bb5922 - <std[617be2ca0a6fd877]::thread::lifecycle::spawn_unchecked<test[aada8e7e76ba119b]::run_test::{closure#1}, ()>::{closure#1} as core[a373ad73a504971]::ops::function::FnOnce<()>>::call_once::{shim:vtable#0}
[INFO] [stdout]   18:     0x63a431c6370f - <std[617be2ca0a6fd877]::sys::thread::unix::Thread>::new::thread_start
[INFO] [stdout]   19:     0x7b52cdc0edfa - <unknown>
[INFO] [stdout]   20:     0x7b52cdca23d4 - clone
[INFO] [stdout]   21:                0x0 - <unknown>
[INFO] [stdout] 
[INFO] [stdout] ---- keys_and_addresses stdout ----
[INFO] [stdout] 
[INFO] [stdout] thread 'keys_and_addresses' (653) panicked at tests/vectors.rs:17:66:
[INFO] [stdout] /opt/rustwide/workdir/../../spec/vectors/keys.json: No such file or directory (os error 2)
[INFO] [stdout] stack backtrace:
[INFO] [stdout]    0:     0x63a431c64211 - <<std[617be2ca0a6fd877]::sys::backtrace::BacktraceLock>::print::DisplayBacktrace as core[a373ad73a504971]::fmt::Display>::fmt
[INFO] [stdout]    1:     0x63a431c79a1a - core[a373ad73a504971]::fmt::write
[INFO] [stdout]    2:     0x63a431c6842c - <alloc[2e1b2a31b91974c5]::vec::Vec<u8> as core[a373ad73a504971]::io::write::Write>::write_fmt
[INFO] [stdout]    3:     0x63a431c40316 - std[617be2ca0a6fd877]::panicking::default_hook::{closure#0}
[INFO] [stdout]    4:     0x63a431c5c549 - std[617be2ca0a6fd877]::panicking::default_hook
[INFO] [stdout]    5:     0x63a431bb2270 - test[aada8e7e76ba119b]::test_main_inner::{closure#0}
[INFO] [stdout]    6:     0x63a431c5c702 - std[617be2ca0a6fd877]::panicking::panic_with_hook
[INFO] [stdout]    7:     0x63a431c403c2 - std[617be2ca0a6fd877]::panicking::panic_handler::{closure#0}
[INFO] [stdout]    8:     0x63a431c38f49 - std[617be2ca0a6fd877]::sys::backtrace::__rust_end_short_backtrace::<std[617be2ca0a6fd877]::panicking::panic_handler::{closure#0}, !>
[INFO] [stdout]    9:     0x63a431c40fcd - __rustc[ea4f61d10b84890b]::rust_begin_unwind
[INFO] [stdout]   10:     0x63a431c7a14c - core[a373ad73a504971]::panicking::panic_fmt
[INFO] [stdout]   11:     0x63a431b8f3ea - vectors[da31ca45a8498404]::load::{closure#0}
[INFO] [stdout]   12:     0x63a431b9257c - vectors[da31ca45a8498404]::load
[INFO] [stdout]   13:     0x63a431b96820 - <vectors[da31ca45a8498404]::keys_and_addresses::{closure#0} as core[a373ad73a504971]::ops::function::FnOnce<()>>::call_once
[INFO] [stdout]   14:     0x63a431ba56bb - test[aada8e7e76ba119b]::__rust_begin_short_backtrace::<core[a373ad73a504971]::result::Result<(), alloc[2e1b2a31b91974c5]::string::String>, fn() -> core[a373ad73a504971]::result::Result<(), alloc[2e1b2a31b91974c5]::string::String>>
[INFO] [stdout]   15:     0x63a431bb2895 - test[aada8e7e76ba119b]::run_test::{closure#0}
[INFO] [stdout]   16:     0x63a431bac184 - std[617be2ca0a6fd877]::sys::backtrace::__rust_begin_short_backtrace::<test[aada8e7e76ba119b]::run_test::{closure#1}, ()>
[INFO] [stdout]   17:     0x63a431bb5922 - <std[617be2ca0a6fd877]::thread::lifecycle::spawn_unchecked<test[aada8e7e76ba119b]::run_test::{closure#1}, ()>::{closure#1} as core[a373ad73a504971]::ops::function::FnOnce<()>>::call_once::{shim:vtable#0}
[INFO] [stdout]   18:     0x63a431c6370f - <std[617be2ca0a6fd877]::sys::thread::unix::Thread>::new::thread_start
[INFO] [stdout]   19:     0x7b52cdc0edfa - <unknown>
[INFO] [stdout]   20:     0x7b52cdca23d4 - clone
[INFO] [stdout]   21:                0x0 - <unknown>
[INFO] [stdout] 
[INFO] [stdout] ---- testnet_invalid_addresses_rejected_with_node_error stdout ----
[INFO] [stdout] 
[INFO] [stdout] thread 'testnet_invalid_addresses_rejected_with_node_error' (656) panicked at tests/vectors.rs:17:66:
[INFO] [stdout] /opt/rustwide/workdir/../../spec/vectors/address_invalid_testnet.json: No such file or directory (os error 2)
[INFO] [stdout] stack backtrace:
[INFO] [stdout]    0:     0x63a431c64211 - <<std[617be2ca0a6fd877]::sys::backtrace::BacktraceLock>::print::DisplayBacktrace as core[a373ad73a504971]::fmt::Display>::fmt
[INFO] [stdout]    1:     0x63a431c79a1a - core[a373ad73a504971]::fmt::write
[INFO] [stdout]    2:     0x63a431c6842c - <alloc[2e1b2a31b91974c5]::vec::Vec<u8> as core[a373ad73a504971]::io::write::Write>::write_fmt
[INFO] [stdout]    3:     0x63a431c40316 - std[617be2ca0a6fd877]::panicking::default_hook::{closure#0}
[INFO] [stdout]    4:     0x63a431c5c549 - std[617be2ca0a6fd877]::panicking::default_hook
[INFO] [stdout]    5:     0x63a431bb2270 - test[aada8e7e76ba119b]::test_main_inner::{closure#0}
[INFO] [stdout]    6:     0x63a431c5c702 - std[617be2ca0a6fd877]::panicking::panic_with_hook
[INFO] [stdout]    7:     0x63a431c403c2 - std[617be2ca0a6fd877]::panicking::panic_handler::{closure#0}
[INFO] [stdout]    8:     0x63a431c38f49 - std[617be2ca0a6fd877]::sys::backtrace::__rust_end_short_backtrace::<std[617be2ca0a6fd877]::panicking::panic_handler::{closure#0}, !>
[INFO] [stdout]    9:     0x63a431c40fcd - __rustc[ea4f61d10b84890b]::rust_begin_unwind
[INFO] [stdout]   10:     0x63a431c7a14c - core[a373ad73a504971]::panicking::panic_fmt
[INFO] [stdout]   11:     0x63a431b8f3ea - vectors[da31ca45a8498404]::load::{closure#0}
[INFO] [stdout]   12:     0x63a431b9257c - vectors[da31ca45a8498404]::load
[INFO] [stdout]   13:     0x63a431b9a020 - <vectors[da31ca45a8498404]::testnet_invalid_addresses_rejected_with_node_error::{closure#0} as core[a373ad73a504971]::ops::function::FnOnce<()>>::call_once
[INFO] [stdout]   14:     0x63a431ba56bb - test[aada8e7e76ba119b]::__rust_begin_short_backtrace::<core[a373ad73a504971]::result::Result<(), alloc[2e1b2a31b91974c5]::string::String>, fn() -> core[a373ad73a504971]::result::Result<(), alloc[2e1b2a31b91974c5]::string::String>>
[INFO] [stdout]   15:     0x63a431bb2895 - test[aada8e7e76ba119b]::run_test::{closure#0}
[INFO] [stdout]   16:     0x63a431bac184 - std[617be2ca0a6fd877]::sys::backtrace::__rust_begin_short_backtrace::<test[aada8e7e76ba119b]::run_test::{closure#1}, ()>
[INFO] [stdout]   17:     0x63a431bb5922 - <std[617be2ca0a6fd877]::thread::lifecycle::spawn_unchecked<test[aada8e7e76ba119b]::run_test::{closure#1}, ()>::{closure#1} as core[a373ad73a504971]::ops::function::FnOnce<()>>::call_once::{shim:vtable#0}
[INFO] [stdout]   18:     0x63a431c6370f - <std[617be2ca0a6fd877]::sys::thread::unix::Thread>::new::thread_start
[INFO] [stdout]   19:     0x7b52cdc0edfa - <unknown>
[INFO] [stdout]   20:     0x7b52cdca23d4 - clone
[INFO] [stdout]   21:                0x0 - <unknown>
[INFO] [stdout] 
[INFO] [stdout] ---- invalid_addresses_rejected_with_node_error stdout ----
[INFO] [stdout] 
[INFO] [stdout] thread 'invalid_addresses_rejected_with_node_error' (651) panicked at tests/vectors.rs:17:66:
[INFO] [stdout] /opt/rustwide/workdir/../../spec/vectors/address_invalid.json: No such file or directory (os error 2)
[INFO] [stdout] stack backtrace:
[INFO] [stdout]    0:     0x63a431c64211 - <<std[617be2ca0a6fd877]::sys::backtrace::BacktraceLock>::print::DisplayBacktrace as core[a373ad73a504971]::fmt::Display>::fmt
[INFO] [stdout]    1:     0x63a431c79a1a - core[a373ad73a504971]::fmt::write
[INFO] [stdout]    2:     0x63a431c6842c - <alloc[2e1b2a31b91974c5]::vec::Vec<u8> as core[a373ad73a504971]::io::write::Write>::write_fmt
[INFO] [stdout]    3:     0x63a431c40316 - std[617be2ca0a6fd877]::panicking::default_hook::{closure#0}
[INFO] [stdout]    4:     0x63a431c5c549 - std[617be2ca0a6fd877]::panicking::default_hook
[INFO] [stdout]    5:     0x63a431bb2270 - test[aada8e7e76ba119b]::test_main_inner::{closure#0}
[INFO] [stdout]    6:     0x63a431c5c702 - std[617be2ca0a6fd877]::panicking::panic_with_hook
[INFO] [stdout]    7:     0x63a431c403c2 - std[617be2ca0a6fd877]::panicking::panic_handler::{closure#0}
[INFO] [stdout]    8:     0x63a431c38f49 - std[617be2ca0a6fd877]::sys::backtrace::__rust_end_short_backtrace::<std[617be2ca0a6fd877]::panicking::panic_handler::{closure#0}, !>
[INFO] [stdout]    9:     0x63a431c40fcd - __rustc[ea4f61d10b84890b]::rust_begin_unwind
[INFO] [stdout]   10:     0x63a431c7a14c - core[a373ad73a504971]::panicking::panic_fmt
[INFO] [stdout]   11:     0x63a431b8f3ea - vectors[da31ca45a8498404]::load::{closure#0}
[INFO] [stdout]   12:     0x63a431b9257c - vectors[da31ca45a8498404]::load
[INFO] [stdout]   13:     0x63a431b99120 - <vectors[da31ca45a8498404]::invalid_addresses_rejected_with_node_error::{closure#0} as core[a373ad73a504971]::ops::function::FnOnce<()>>::call_once
[INFO] [stdout]   14:     0x63a431ba56bb - test[aada8e7e76ba119b]::__rust_begin_short_backtrace::<core[a373ad73a504971]::result::Result<(), alloc[2e1b2a31b91974c5]::string::String>, fn() -> core[a373ad73a504971]::result::Result<(), alloc[2e1b2a31b91974c5]::string::String>>
[INFO] [stdout]   15:     0x63a431bb2895 - test[aada8e7e76ba119b]::run_test::{closure#0}
[INFO] [stdout]   16:     0x63a431bac184 - std[617be2ca0a6fd877]::sys::backtrace::__rust_begin_short_backtrace::<test[aada8e7e76ba119b]::run_test::{closure#1}, ()>
[INFO] [stdout]   17:     0x63a431bb5922 - <std[617be2ca0a6fd877]::thread::lifecycle::spawn_unchecked<test[aada8e7e76ba119b]::run_test::{closure#1}, ()>::{closure#1} as core[a373ad73a504971]::ops::function::FnOnce<()>>::call_once::{shim:vtable#0}
[INFO] [stdout]   18:     0x63a431c6370f - <std[617be2ca0a6fd877]::sys::thread::unix::Thread>::new::thread_start
[INFO] [stdout]   19:     0x7b52cdc0edfa - <unknown>
[INFO] [stdout]   20:     0x7b52cdca23d4 - clone
[INFO] [stdout]   21:                0x0 - <unknown>
[INFO] [stdout] 
[INFO] [stdout] ---- condition_templates_compose_primitives stdout ----
[INFO] [stdout] 
[INFO] [stdout] thread 'condition_templates_compose_primitives' (649) panicked at tests/vectors.rs:17:66:
[INFO] [stdout] /opt/rustwide/workdir/../../spec/vectors/keys.json: No such file or directory (os error 2)
[INFO] [stdout] stack backtrace:
[INFO] [stdout]    0:     0x63a431c64211 - <<std[617be2ca0a6fd877]::sys::backtrace::BacktraceLock>::print::DisplayBacktrace as core[a373ad73a504971]::fmt::Display>::fmt
[INFO] [stdout]    1:     0x63a431c79a1a - core[a373ad73a504971]::fmt::write
[INFO] [stdout]    2:     0x63a431c6842c - <alloc[2e1b2a31b91974c5]::vec::Vec<u8> as core[a373ad73a504971]::io::write::Write>::write_fmt
[INFO] [stdout]    3:     0x63a431c40316 - std[617be2ca0a6fd877]::panicking::default_hook::{closure#0}
[INFO] [stdout]    4:     0x63a431c5c549 - std[617be2ca0a6fd877]::panicking::default_hook
[INFO] [stdout]    5:     0x63a431bb2270 - test[aada8e7e76ba119b]::test_main_inner::{closure#0}
[INFO] [stdout]    6:     0x63a431c5c702 - std[617be2ca0a6fd877]::panicking::panic_with_hook
[INFO] [stdout]    7:     0x63a431c403c2 - std[617be2ca0a6fd877]::panicking::panic_handler::{closure#0}
[INFO] [stdout]    8:     0x63a431c38f49 - std[617be2ca0a6fd877]::sys::backtrace::__rust_end_short_backtrace::<std[617be2ca0a6fd877]::panicking::panic_handler::{closure#0}, !>
[INFO] [stdout]    9:     0x63a431c40fcd - __rustc[ea4f61d10b84890b]::rust_begin_unwind
[INFO] [stdout]   10:     0x63a431c7a14c - core[a373ad73a504971]::panicking::panic_fmt
[INFO] [stdout]   11:     0x63a431b8f3ea - vectors[da31ca45a8498404]::load::{closure#0}
[INFO] [stdout]   12:     0x63a431b9257c - vectors[da31ca45a8498404]::load
[INFO] [stdout]   13:     0x63a431b98090 - <vectors[da31ca45a8498404]::condition_templates_compose_primitives::{closure#0} as core[a373ad73a504971]::ops::function::FnOnce<()>>::call_once
[INFO] [stdout]   14:     0x63a431ba56bb - test[aada8e7e76ba119b]::__rust_begin_short_backtrace::<core[a373ad73a504971]::result::Result<(), alloc[2e1b2a31b91974c5]::string::String>, fn() -> core[a373ad73a504971]::result::Result<(), alloc[2e1b2a31b91974c5]::string::String>>
[INFO] [stdout]   15:     0x63a431bb2895 - test[aada8e7e76ba119b]::run_test::{closure#0}
[INFO] [stdout]   16:     0x63a431bac184 - std[617be2ca0a6fd877]::sys::backtrace::__rust_begin_short_backtrace::<test[aada8e7e76ba119b]::run_test::{closure#1}, ()>
[INFO] [stdout]   17:     0x63a431bb5922 - <std[617be2ca0a6fd877]::thread::lifecycle::spawn_unchecked<test[aada8e7e76ba119b]::run_test::{closure#1}, ()>::{closure#1} as core[a373ad73a504971]::ops::function::FnOnce<()>>::call_once::{shim:vtable#0}
[INFO] [stdout]   18:     0x63a431c6370f - <std[617be2ca0a6fd877]::sys::thread::unix::Thread>::new::thread_start
[INFO] [stdout]   19:     0x7b52cdc0edfa - <unknown>
[INFO] [stdout]   20:     0x7b52cdca23d4 - clone
[INFO] [stdout]   21:                0x0 - <unknown>
[INFO] [stdout] 
[INFO] [stdout] ---- v3_utxo_transactions stdout ----
[INFO] [stdout] 
[INFO] [stdout] thread 'v3_utxo_transactions' (659) panicked at tests/vectors.rs:17:66:
[INFO] [stdout] /opt/rustwide/workdir/../../spec/vectors/tx_v3_utxo.json: No such file or directory (os error 2)
[INFO] [stdout] stack backtrace:
[INFO] [stdout]    0:     0x63a431c64211 - <<std[617be2ca0a6fd877]::sys::backtrace::BacktraceLock>::print::DisplayBacktrace as core[a373ad73a504971]::fmt::Display>::fmt
[INFO] [stdout]    1:     0x63a431c79a1a - core[a373ad73a504971]::fmt::write
[INFO] [stdout]    2:     0x63a431c6842c - <alloc[2e1b2a31b91974c5]::vec::Vec<u8> as core[a373ad73a504971]::io::write::Write>::write_fmt
[INFO] [stdout]    3:     0x63a431c40316 - std[617be2ca0a6fd877]::panicking::default_hook::{closure#0}
[INFO] [stdout]    4:     0x63a431c5c549 - std[617be2ca0a6fd877]::panicking::default_hook
[INFO] [stdout]    5:     0x63a431bb2270 - test[aada8e7e76ba119b]::test_main_inner::{closure#0}
[INFO] [stdout]    6:     0x63a431c5c702 - std[617be2ca0a6fd877]::panicking::panic_with_hook
[INFO] [stdout]    7:     0x63a431c403c2 - std[617be2ca0a6fd877]::panicking::panic_handler::{closure#0}
[INFO] [stdout]    8:     0x63a431c38f49 - std[617be2ca0a6fd877]::sys::backtrace::__rust_end_short_backtrace::<std[617be2ca0a6fd877]::panicking::panic_handler::{closure#0}, !>
[INFO] [stdout]    9:     0x63a431c40fcd - __rustc[ea4f61d10b84890b]::rust_begin_unwind
[INFO] [stdout]   10:     0x63a431c7a14c - core[a373ad73a504971]::panicking::panic_fmt
[INFO] [stdout]   11:     0x63a431b8f3ea - vectors[da31ca45a8498404]::load::{closure#0}
[INFO] [stdout]   12:     0x63a431b9257c - vectors[da31ca45a8498404]::load
[INFO] [stdout]   13:     0x63a431b8f9c9 - vectors[da31ca45a8498404]::check_v3_file
[INFO] [stdout]   14:     0x63a431b97467 - <vectors[da31ca45a8498404]::v3_utxo_transactions::{closure#0} as core[a373ad73a504971]::ops::function::FnOnce<()>>::call_once
[INFO] [stdout]   15:     0x63a431ba56bb - test[aada8e7e76ba119b]::__rust_begin_short_backtrace::<core[a373ad73a504971]::result::Result<(), alloc[2e1b2a31b91974c5]::string::String>, fn() -> core[a373ad73a504971]::result::Result<(), alloc[2e1b2a31b91974c5]::string::String>>
[INFO] [stdout]   16:     0x63a431bb2895 - test[aada8e7e76ba119b]::run_test::{closure#0}
[INFO] [stdout]   17:     0x63a431bac184 - std[617be2ca0a6fd877]::sys::backtrace::__rust_begin_short_backtrace::<test[aada8e7e76ba119b]::run_test::{closure#1}, ()>
[INFO] [stdout]   18:     0x63a431bb5922 - <std[617be2ca0a6fd877]::thread::lifecycle::spawn_unchecked<test[aada8e7e76ba119b]::run_test::{closure#1}, ()>::{closure#1} as core[a373ad73a504971]::ops::function::FnOnce<()>>::call_once::{shim:vtable#0}
[INFO] [stdout]   19:     0x63a431c6370f - <std[617be2ca0a6fd877]::sys::thread::unix::Thread>::new::thread_start
[INFO] [stdout]   20:     0x7b52cdc0edfa - <unknown>
[INFO] [stdout]   21:     0x7b52cdca23d4 - clone
[INFO] [stdout]   22:                0x0 - <unknown>
[INFO] [stdout] 
[INFO] [stdout] ---- testnet_invalid_transactions_rejected_with_node_error stdout ----
[INFO] [stdout] 
[INFO] [stdout] thread 'testnet_invalid_transactions_rejected_with_node_error' (657) panicked at tests/vectors.rs:17:66:
[INFO] [stdout] /opt/rustwide/workdir/../../spec/vectors/tx_invalid_testnet.json: No such file or directory (os error 2)
[INFO] [stdout] stack backtrace:
[INFO] [stdout]    0:     0x63a431c64211 - <<std[617be2ca0a6fd877]::sys::backtrace::BacktraceLock>::print::DisplayBacktrace as core[a373ad73a504971]::fmt::Display>::fmt
[INFO] [stdout]    1:     0x63a431c79a1a - core[a373ad73a504971]::fmt::write
[INFO] [stdout]    2:     0x63a431c6842c - <alloc[2e1b2a31b91974c5]::vec::Vec<u8> as core[a373ad73a504971]::io::write::Write>::write_fmt
[INFO] [stdout]    3:     0x63a431c40316 - std[617be2ca0a6fd877]::panicking::default_hook::{closure#0}
[INFO] [stdout]    4:     0x63a431c5c549 - std[617be2ca0a6fd877]::panicking::default_hook
[INFO] [stdout]    5:     0x63a431bb2270 - test[aada8e7e76ba119b]::test_main_inner::{closure#0}
[INFO] [stdout]    6:     0x63a431c5c702 - std[617be2ca0a6fd877]::panicking::panic_with_hook
[INFO] [stdout]    7:     0x63a431c403c2 - std[617be2ca0a6fd877]::panicking::panic_handler::{closure#0}
[INFO] [stdout]    8:     0x63a431c38f49 - std[617be2ca0a6fd877]::sys::backtrace::__rust_end_short_backtrace::<std[617be2ca0a6fd877]::panicking::panic_handler::{closure#0}, !>
[INFO] [stdout]    9:     0x63a431c40fcd - __rustc[ea4f61d10b84890b]::rust_begin_unwind
[INFO] [stdout]   10:     0x63a431c7a14c - core[a373ad73a504971]::panicking::panic_fmt
[INFO] [stdout]   11:     0x63a431b8f3ea - vectors[da31ca45a8498404]::load::{closure#0}
[INFO] [stdout]   12:     0x63a431b9257c - vectors[da31ca45a8498404]::load
[INFO] [stdout]   13:     0x63a431b9a770 - <vectors[da31ca45a8498404]::testnet_invalid_transactions_rejected_with_node_error::{closure#0} as core[a373ad73a504971]::ops::function::FnOnce<()>>::call_once
[INFO] [stdout]   14:     0x63a431ba56bb - test[aada8e7e76ba119b]::__rust_begin_short_backtrace::<core[a373ad73a504971]::result::Result<(), alloc[2e1b2a31b91974c5]::string::String>, fn() -> core[a373ad73a504971]::result::Result<(), alloc[2e1b2a31b91974c5]::string::String>>
[INFO] [stdout]   15:     0x63a431bb2895 - test[aada8e7e76ba119b]::run_test::{closure#0}
[INFO] [stdout]   16:     0x63a431bac184 - std[617be2ca0a6fd877]::sys::backtrace::__rust_begin_short_backtrace::<test[aada8e7e76ba119b]::run_test::{closure#1}, ()>
[INFO] [stdout]   17:     0x63a431bb5922 - <std[617be2ca0a6fd877]::thread::lifecycle::spawn_unchecked<test[aada8e7e76ba119b]::run_test::{closure#1}, ()>::{closure#1} as core[a373ad73a504971]::ops::function::FnOnce<()>>::call_once::{shim:vtable#0}
[INFO] [stdout]   18:     0x63a431c6370f - <std[617be2ca0a6fd877]::sys::thread::unix::Thread>::new::thread_start
[INFO] [stdout]   19:     0x7b52cdc0edfa - <unknown>
[INFO] [stdout]   20:     0x7b52cdca23d4 - clone
[INFO] [stdout]   21:                0x0 - <unknown>
[INFO] [stdout] 
[INFO] [stdout] ---- v3_utxo_transactions_testnet stdout ----
[INFO] [stdout] 
[INFO] [stdout] thread 'v3_utxo_transactions_testnet' (660) panicked at tests/vectors.rs:17:66:
[INFO] [stdout] /opt/rustwide/workdir/../../spec/vectors/tx_v3_utxo_testnet.json: No such file or directory (os error 2)
[INFO] [stdout] stack backtrace:
[INFO] [stdout]    0:     0x63a431c64211 - <<std[617be2ca0a6fd877]::sys::backtrace::BacktraceLock>::print::DisplayBacktrace as core[a373ad73a504971]::fmt::Display>::fmt
[INFO] [stdout]    1:     0x63a431c79a1a - core[a373ad73a504971]::fmt::write
[INFO] [stdout]    2:     0x63a431c6842c - <alloc[2e1b2a31b91974c5]::vec::Vec<u8> as core[a373ad73a504971]::io::write::Write>::write_fmt
[INFO] [stdout]    3:     0x63a431c40316 - std[617be2ca0a6fd877]::panicking::default_hook::{closure#0}
[INFO] [stdout]    4:     0x63a431c5c549 - std[617be2ca0a6fd877]::panicking::default_hook
[INFO] [stdout]    5:     0x63a431bb2270 - test[aada8e7e76ba119b]::test_main_inner::{closure#0}
[INFO] [stdout]    6:     0x63a431c5c702 - std[617be2ca0a6fd877]::panicking::panic_with_hook
[INFO] [stdout]    7:     0x63a431c403c2 - std[617be2ca0a6fd877]::panicking::panic_handler::{closure#0}
[INFO] [stdout]    8:     0x63a431c38f49 - std[617be2ca0a6fd877]::sys::backtrace::__rust_end_short_backtrace::<std[617be2ca0a6fd877]::panicking::panic_handler::{closure#0}, !>
[INFO] [stdout]    9:     0x63a431c40fcd - __rustc[ea4f61d10b84890b]::rust_begin_unwind
[INFO] [stdout]   10:     0x63a431c7a14c - core[a373ad73a504971]::panicking::panic_fmt
[INFO] [stdout]   11:     0x63a431b8f3ea - vectors[da31ca45a8498404]::load::{closure#0}
[INFO] [stdout]   12:     0x63a431b9257c - vectors[da31ca45a8498404]::load
[INFO] [stdout]   13:     0x63a431b8f9c9 - vectors[da31ca45a8498404]::check_v3_file
[INFO] [stdout]   14:     0x63a431b97f6a - <vectors[da31ca45a8498404]::v3_utxo_transactions_testnet::{closure#0} as core[a373ad73a504971]::ops::function::FnOnce<()>>::call_once
[INFO] [stdout]   15:     0x63a431ba56bb - test[aada8e7e76ba119b]::__rust_begin_short_backtrace::<core[a373ad73a504971]::result::Result<(), alloc[2e1b2a31b91974c5]::string::String>, fn() -> core[a373ad73a504971]::result::Result<(), alloc[2e1b2a31b91974c5]::string::String>>
[INFO] [stdout]   16:     0x63a431bb2895 - test[aada8e7e76ba119b]::run_test::{closure#0}
[INFO] [stdout]   17:     0x63a431bac184 - std[617be2ca0a6fd877]::sys::backtrace::__rust_begin_short_backtrace::<test[aada8e7e76ba119b]::run_test::{closure#1}, ()>
[INFO] [stdout]   18:     0x63a431bb5922 - <std[617be2ca0a6fd877]::thread::lifecycle::spawn_unchecked<test[aada8e7e76ba119b]::run_test::{closure#1}, ()>::{closure#1} as core[a373ad73a504971]::ops::function::FnOnce<()>>::call_once::{shim:vtable#0}
[INFO] [stdout]   19:     0x63a431c6370f - <std[617be2ca0a6fd877]::sys::thread::unix::Thread>::new::thread_start
[INFO] [stdout]   20:     0x7b52cdc0edfa - <unknown>
[INFO] [stdout]   21:     0x7b52cdca23d4 - clone
[INFO] [stdout]   22:                0x0 - <unknown>
[INFO] [stdout] 
[INFO] [stdout] ---- v4_condition_vectors_testnet stdout ----
[INFO] [stdout] 
[INFO] [stdout] thread 'v4_condition_vectors_testnet' (661) panicked at tests/vectors.rs:17:66:
[INFO] [stdout] /opt/rustwide/workdir/../../spec/vectors/keys.json: No such file or directory (os error 2)
[INFO] [stdout] stack backtrace:
[INFO] [stdout]    0:     0x63a431c64211 - <<std[617be2ca0a6fd877]::sys::backtrace::BacktraceLock>::print::DisplayBacktrace as core[a373ad73a504971]::fmt::Display>::fmt
[INFO] [stdout]    1:     0x63a431c79a1a - core[a373ad73a504971]::fmt::write
[INFO] [stdout]    2:     0x63a431c6842c - <alloc[2e1b2a31b91974c5]::vec::Vec<u8> as core[a373ad73a504971]::io::write::Write>::write_fmt
[INFO] [stdout]    3:     0x63a431c40316 - std[617be2ca0a6fd877]::panicking::default_hook::{closure#0}
[INFO] [stdout]    4:     0x63a431c5c549 - std[617be2ca0a6fd877]::panicking::default_hook
[INFO] [stdout]    5:     0x63a431bb2270 - test[aada8e7e76ba119b]::test_main_inner::{closure#0}
[INFO] [stdout]    6:     0x63a431c5c702 - std[617be2ca0a6fd877]::panicking::panic_with_hook
[INFO] [stdout]    7:     0x63a431c403c2 - std[617be2ca0a6fd877]::panicking::panic_handler::{closure#0}
[INFO] [stdout]    8:     0x63a431c38f49 - std[617be2ca0a6fd877]::sys::backtrace::__rust_end_short_backtrace::<std[617be2ca0a6fd877]::panicking::panic_handler::{closure#0}, !>
[INFO] [stdout]    9:     0x63a431c40fcd - __rustc[ea4f61d10b84890b]::rust_begin_unwind
[INFO] [stdout]   10:     0x63a431c7a14c - core[a373ad73a504971]::panicking::panic_fmt
[INFO] [stdout]   11:     0x63a431b8f3ea - vectors[da31ca45a8498404]::load::{closure#0}
[INFO] [stdout]   12:     0x63a431b9257c - vectors[da31ca45a8498404]::load
[INFO] [stdout]   13:     0x63a431b926cd - vectors[da31ca45a8498404]::v4_condition_vectors_testnet
[INFO] [stdout]   14:     0x63a431b97f89 - <vectors[da31ca45a8498404]::v4_condition_vectors_testnet::{closure#0} as core[a373ad73a504971]::ops::function::FnOnce<()>>::call_once
[INFO] [stdout]   15:     0x63a431ba56bb - test[aada8e7e76ba119b]::__rust_begin_short_backtrace::<core[a373ad73a504971]::result::Result<(), alloc[2e1b2a31b91974c5]::string::String>, fn() -> core[a373ad73a504971]::result::Result<(), alloc[2e1b2a31b91974c5]::string::String>>
[INFO] [stdout]   16:     0x63a431bb2895 - test[aada8e7e76ba119b]::run_test::{closure#0}
[INFO] [stdout]   17:     0x63a431bac184 - std[617be2ca0a6fd877]::sys::backtrace::__rust_begin_short_backtrace::<test[aada8e7e76ba119b]::run_test::{closure#1}, ()>
[INFO] [stdout]   18:     0x63a431bb5922 - <std[617be2ca0a6fd877]::thread::lifecycle::spawn_unchecked<test[aada8e7e76ba119b]::run_test::{closure#1}, ()>::{closure#1} as core[a373ad73a504971]::ops::function::FnOnce<()>>::call_once::{shim:vtable#0}
[INFO] [stdout]   19:     0x63a431c6370f - <std[617be2ca0a6fd877]::sys::thread::unix::Thread>::new::thread_start
[INFO] [stdout]   20:     0x7b52cdc0edfa - <unknown>
[INFO] [stdout]   21:     0x7b52cdca23d4 - clone
[INFO] [stdout]   22:                0x0 - <unknown>
[INFO] [stdout] 
[INFO] [stdout] ---- testnet_keys_and_addresses stdout ----
[INFO] [stdout] 
[INFO] [stdout] thread 'testnet_keys_and_addresses' (658) panicked at tests/vectors.rs:17:66:
[INFO] [stdout] /opt/rustwide/workdir/../../spec/vectors/keys_testnet.json: No such file or directory (os error 2)
[INFO] [stdout] stack backtrace:
[INFO] [stdout]    0:     0x63a431c64211 - <<std[617be2ca0a6fd877]::sys::backtrace::BacktraceLock>::print::DisplayBacktrace as core[a373ad73a504971]::fmt::Display>::fmt
[INFO] [stdout]    1:     0x63a431c79a1a - core[a373ad73a504971]::fmt::write
[INFO] [stdout]    2:     0x63a431c6842c - <alloc[2e1b2a31b91974c5]::vec::Vec<u8> as core[a373ad73a504971]::io::write::Write>::write_fmt
[INFO] [stdout]    3:     0x63a431c40316 - std[617be2ca0a6fd877]::panicking::default_hook::{closure#0}
[INFO] [stdout]    4:     0x63a431c5c549 - std[617be2ca0a6fd877]::panicking::default_hook
[INFO] [stdout]    5:     0x63a431bb2270 - test[aada8e7e76ba119b]::test_main_inner::{closure#0}
[INFO] [stdout]    6:     0x63a431c5c702 - std[617be2ca0a6fd877]::panicking::panic_with_hook
[INFO] [stdout]    7:     0x63a431c403c2 - std[617be2ca0a6fd877]::panicking::panic_handler::{closure#0}
[INFO] [stdout]    8:     0x63a431c38f49 - std[617be2ca0a6fd877]::sys::backtrace::__rust_end_short_backtrace::<std[617be2ca0a6fd877]::panicking::panic_handler::{closure#0}, !>
[INFO] [stdout]    9:     0x63a431c40fcd - __rustc[ea4f61d10b84890b]::rust_begin_unwind
[INFO] [stdout]   10:     0x63a431c7a14c - core[a373ad73a504971]::panicking::panic_fmt
[INFO] [stdout]   11:     0x63a431b8f3ea - vectors[da31ca45a8498404]::load::{closure#0}
[INFO] [stdout]   12:     0x63a431b9257c - vectors[da31ca45a8498404]::load
[INFO] [stdout]   13:     0x63a431b974b5 - <vectors[da31ca45a8498404]::testnet_keys_and_addresses::{closure#0} as core[a373ad73a504971]::ops::function::FnOnce<()>>::call_once
[INFO] [stdout]   14:     0x63a431ba56bb - test[aada8e7e76ba119b]::__rust_begin_short_backtrace::<core[a373ad73a504971]::result::Result<(), alloc[2e1b2a31b91974c5]::string::String>, fn() -> core[a373ad73a504971]::result::Result<(), alloc[2e1b2a31b91974c5]::string::String>>
[INFO] [stdout]   15:     0x63a431bb2895 - test[aada8e7e76ba119b]::run_test::{closure#0}
[INFO] [stdout]   16:     0x63a431bac184 - std[617be2ca0a6fd877]::sys::backtrace::__rust_begin_short_backtrace::<test[aada8e7e76ba119b]::run_test::{closure#1}, ()>
[INFO] [stdout]   17:     0x63a431bb5922 - <std[617be2ca0a6fd877]::thread::lifecycle::spawn_unchecked<test[aada8e7e76ba119b]::run_test::{closure#1}, ()>::{closure#1} as core[a373ad73a504971]::ops::function::FnOnce<()>>::call_once::{shim:vtable#0}
[INFO] [stdout]   18:     0x63a431c6370f - <std[617be2ca0a6fd877]::sys::thread::unix::Thread>::new::thread_start
[INFO] [stdout]   19:     0x7b52cdc0edfa - <unknown>
[INFO] [stdout]   20:     0x7b52cdca23d4 - clone
[INFO] [stdout]   21:                0x0 - <unknown>
[INFO] [stdout] 
[INFO] [stdout] ---- mnemonics stdout ----
[INFO] [stdout] 
[INFO] [stdout] thread 'mnemonics' (654) panicked at tests/vectors.rs:17:66:
[INFO] [stdout] /opt/rustwide/workdir/../../spec/vectors/mnemonic.json: No such file or directory (os error 2)
[INFO] [stdout] stack backtrace:
[INFO] [stdout]    0:     0x63a431c64211 - <<std[617be2ca0a6fd877]::sys::backtrace::BacktraceLock>::print::DisplayBacktrace as core[a373ad73a504971]::fmt::Display>::fmt
[INFO] [stdout]    1:     0x63a431c79a1a - core[a373ad73a504971]::fmt::write
[INFO] [stdout]    2:     0x63a431c6842c - <alloc[2e1b2a31b91974c5]::vec::Vec<u8> as core[a373ad73a504971]::io::write::Write>::write_fmt
[INFO] [stdout]    3:     0x63a431c40316 - std[617be2ca0a6fd877]::panicking::default_hook::{closure#0}
[INFO] [stdout]    4:     0x63a431c5c549 - std[617be2ca0a6fd877]::panicking::default_hook
[INFO] [stdout]    5:     0x63a431bb2270 - test[aada8e7e76ba119b]::test_main_inner::{closure#0}
[INFO] [stdout]    6:     0x63a431c5c702 - std[617be2ca0a6fd877]::panicking::panic_with_hook
[INFO] [stdout]    7:     0x63a431c403c2 - std[617be2ca0a6fd877]::panicking::panic_handler::{closure#0}
[INFO] [stdout]    8:     0x63a431c38f49 - std[617be2ca0a6fd877]::sys::backtrace::__rust_end_short_backtrace::<std[617be2ca0a6fd877]::panicking::panic_handler::{closure#0}, !>
[INFO] [stdout]    9:     0x63a431c40fcd - __rustc[ea4f61d10b84890b]::rust_begin_unwind
[INFO] [stdout]   10:     0x63a431c7a14c - core[a373ad73a504971]::panicking::panic_fmt
[INFO] [stdout]   11:     0x63a431b8f3ea - vectors[da31ca45a8498404]::load::{closure#0}
[INFO] [stdout]   12:     0x63a431b9257c - vectors[da31ca45a8498404]::load
[INFO] [stdout]   13:     0x63a431b9baa2 - <vectors[da31ca45a8498404]::mnemonics::{closure#0} as core[a373ad73a504971]::ops::function::FnOnce<()>>::call_once
[INFO] [stdout]   14:     0x63a431ba56bb - test[aada8e7e76ba119b]::__rust_begin_short_backtrace::<core[a373ad73a504971]::result::Result<(), alloc[2e1b2a31b91974c5]::string::String>, fn() -> core[a373ad73a504971]::result::Result<(), alloc[2e1b2a31b91974c5]::string::String>>
[INFO] [stdout]   15:     0x63a431bb2895 - test[aada8e7e76ba119b]::run_test::{closure#0}
[INFO] [stdout]   16:     0x63a431bac184 - std[617be2ca0a6fd877]::sys::backtrace::__rust_begin_short_backtrace::<test[aada8e7e76ba119b]::run_test::{closure#1}, ()>
[INFO] [stdout]   17:     0x63a431bb5922 - <std[617be2ca0a6fd877]::thread::lifecycle::spawn_unchecked<test[aada8e7e76ba119b]::run_test::{closure#1}, ()>::{closure#1} as core[a373ad73a504971]::ops::function::FnOnce<()>>::call_once::{shim:vtable#0}
[INFO] [stdout]   18:     0x63a431c6370f - <std[617be2ca0a6fd877]::sys::thread::unix::Thread>::new::thread_start
[INFO] [stdout]   19:     0x7b52cdc0edfa - <unknown>
[INFO] [stdout]   20:     0x7b52cdca23d4 - clone
[INFO] [stdout]   21:                0x0 - <unknown>
[INFO] [stdout] 
[INFO] [stdout] 
[INFO] [stdout] failures:
[INFO] [stdout]     condition_templates_compose_primitives
[INFO] [stdout]     historical_account_transactions
[INFO] [stdout]     invalid_addresses_rejected_with_node_error
[INFO] [stdout]     invalid_transactions_rejected_with_node_error
[INFO] [stdout]     keys_and_addresses
[INFO] [stdout]     mnemonics
[INFO] [stdout]     schnorr
[INFO] [stdout]     testnet_invalid_addresses_rejected_with_node_error
[INFO] [stdout]     testnet_invalid_transactions_rejected_with_node_error
[INFO] [stdout]     testnet_keys_and_addresses
[INFO] [stdout]     v3_utxo_transactions
[INFO] [stdout]     v3_utxo_transactions_testnet
[INFO] [stdout]     v4_condition_vectors_testnet
[INFO] [stdout] 
[INFO] [stdout] test result: FAILED. 0 passed; 13 failed; 0 ignored; 0 measured; 0 filtered out; finished in 0.01s
[INFO] [stdout] 
[INFO] running `Command { std: "docker" "inspect" "21ec2f22ee4614138b4140a62f4ee9e3b4ad28afa9b6edc7f74ae5d731ff5c70", kill_on_drop: false }`
[INFO] running `Command { std: "docker" "rm" "-f" "21ec2f22ee4614138b4140a62f4ee9e3b4ad28afa9b6edc7f74ae5d731ff5c70", kill_on_drop: false }`
[INFO] [stdout] 21ec2f22ee4614138b4140a62f4ee9e3b4ad28afa9b6edc7f74ae5d731ff5c70
