[INFO] fetching crate tortank 0.32.0...
[INFO] testing tortank-0.32.0 against 1.99.0-beta.8+cargoflags=--release for beta-release-1.100-2
[INFO] extracting crate tortank 0.32.0 into /workspace/builds/worker-1-tc1/source
[INFO] started tweaking crates.io crate tortank 0.32.0
[INFO] finished tweaking crates.io crate tortank 0.32.0
[INFO] tweaked toml for crates.io crate tortank 0.32.0 written to /workspace/builds/worker-1-tc1/source/Cargo.toml
[INFO] validating manifest of crates.io crate tortank 0.32.0 on toolchain 1.99.0-beta.8
[INFO] running `Command { std: CARGO_HOME="/workspace/cargo-home" RUSTUP_HOME="/workspace/rustup-home" "/workspace/cargo-home/bin/cargo" "+1.99.0-beta.8" "metadata" "--manifest-path" "Cargo.toml" "--no-deps", kill_on_drop: false }`
[INFO] crate crates.io crate tortank 0.32.0 already has a lockfile, it will not be regenerated
[INFO] running `Command { std: CARGO_HOME="/workspace/cargo-home" RUSTUP_HOME="/workspace/rustup-home" "/workspace/cargo-home/bin/cargo" "+1.99.0-beta.8" "fetch" "--manifest-path" "Cargo.toml", kill_on_drop: false }`
[INFO] [stderr]     Blocking waiting for file lock on package cache
[INFO] [stderr]     Updating crates.io index
[INFO] [stderr]     Blocking waiting for file lock on package cache
[INFO] [stderr]  Downloading crates ...
[INFO] [stderr]   Downloaded test-case-core v3.4.0
[INFO] [stderr]   Downloaded test-case-macros v3.4.0
[INFO] [stderr]   Downloaded nom-language v0.1.0
[INFO] [stderr]   Downloaded test-case v3.4.0
[INFO] running `Command { std: "docker" "create" "-v" "/var/lib/crater-agent-workspace/builds/worker-1-tc1/source:/opt/rustwide/workdir:ro,Z" "-v" "/var/lib/crater-agent-workspace/builds/worker-1-tc1/target:/opt/rustwide/target:rw,Z" "-v" "/var/lib/crater-agent-workspace/cargo-home:/opt/rustwide/cargo-home:ro,Z" "-v" "/var/lib/crater-agent-workspace/rustup-home:/opt/rustwide/rustup-home:ro,Z" "-m" "1610612736" "--network" "none" "ghcr.io/rust-lang/crates-build-env/linux@sha256:77db811e55d90add9212f6832c23229e3de5f1c1f9905e8cb07319ea15df73ac" "sleep" "infinity", kill_on_drop: false }`
[INFO] [stdout] 76c95e697650f5d4e494e3709a7a47e4e20ab0e25030054f635a47af819c6e80
[INFO] running `Command { std: "docker" "start" "76c95e697650f5d4e494e3709a7a47e4e20ab0e25030054f635a47af819c6e80", kill_on_drop: false }`
[INFO] running `Command { std: "docker" "inspect" "76c95e697650f5d4e494e3709a7a47e4e20ab0e25030054f635a47af819c6e80", kill_on_drop: false }`
[INFO] running `Command { std: "docker" "exec" "-e" "SOURCE_DIR=/opt/rustwide/workdir" "-e" "CARGO_HOME=/opt/rustwide/cargo-home" "-e" "RUSTUP_HOME=/opt/rustwide/rustup-home" "-e" "CARGO_TARGET_DIR=/opt/rustwide/target" "-w" "/opt/rustwide/workdir" "--user" "0:0" "76c95e697650f5d4e494e3709a7a47e4e20ab0e25030054f635a47af819c6e80" "/opt/rustwide/cargo-home/bin/cargo" "+1.99.0-beta.8" "metadata" "--no-deps" "--format-version=1", kill_on_drop: false }`
[INFO] running `Command { std: "docker" "inspect" "76c95e697650f5d4e494e3709a7a47e4e20ab0e25030054f635a47af819c6e80", kill_on_drop: false }`
[INFO] running `Command { std: "docker" "exec" "-e" "SOURCE_DIR=/opt/rustwide/workdir" "-e" "CARGO_HOME=/opt/rustwide/cargo-home" "-e" "RUSTUP_HOME=/opt/rustwide/rustup-home" "-e" "CARGO_TARGET_DIR=/opt/rustwide/target" "-e" "CARGO_INCREMENTAL=0" "-e" "RUST_BACKTRACE=full" "-e" "RUSTFLAGS=--cap-lints=warn" "-e" "RUSTDOCFLAGS=--cap-lints=warn" "-w" "/opt/rustwide/workdir" "--user" "0:0" "76c95e697650f5d4e494e3709a7a47e4e20ab0e25030054f635a47af819c6e80" "/opt/rustwide/cargo-home/bin/cargo" "+1.99.0-beta.8" "build" "--frozen" "--message-format=json" "--release", kill_on_drop: false }`
[INFO] [stderr]    Compiling quote v1.0.47
[INFO] [stderr]    Compiling proc-macro2 v1.0.107
[INFO] [stderr]    Compiling libc v0.2.189
[INFO] [stderr]    Compiling nom v8.0.0
[INFO] [stderr]    Compiling syn v3.0.6
[INFO] [stderr]    Compiling getrandom v0.4.3
[INFO] [stderr]    Compiling uuid v1.26.1
[INFO] [stderr]    Compiling serde_derive v1.0.229
[INFO] [stderr]    Compiling nom-language v0.1.0
[INFO] [stderr]    Compiling tortank v0.32.0 (/opt/rustwide/workdir)
[INFO] [stderr]     Finished `release` profile [optimized] target(s) in 17.92s
[INFO] running `Command { std: "docker" "inspect" "76c95e697650f5d4e494e3709a7a47e4e20ab0e25030054f635a47af819c6e80", kill_on_drop: false }`
[INFO] running `Command { std: "docker" "exec" "-e" "SOURCE_DIR=/opt/rustwide/workdir" "-e" "CARGO_HOME=/opt/rustwide/cargo-home" "-e" "RUSTUP_HOME=/opt/rustwide/rustup-home" "-e" "CARGO_TARGET_DIR=/opt/rustwide/target" "-e" "CARGO_INCREMENTAL=0" "-e" "RUST_BACKTRACE=full" "-e" "RUSTFLAGS=--cap-lints=warn" "-e" "RUSTDOCFLAGS=--cap-lints=warn" "-w" "/opt/rustwide/workdir" "--user" "0:0" "76c95e697650f5d4e494e3709a7a47e4e20ab0e25030054f635a47af819c6e80" "/opt/rustwide/cargo-home/bin/cargo" "+1.99.0-beta.8" "test" "--frozen" "--no-run" "--message-format=json" "--release", kill_on_drop: false }`
[INFO] [stderr]    Compiling syn v3.0.6
[INFO] [stderr]    Compiling cfg-if v1.0.5
[INFO] [stderr]    Compiling futures-util v0.3.34
[INFO] [stderr]    Compiling syn v2.0.119
[INFO] [stderr]    Compiling parking_lot_core v0.9.12
[INFO] [stderr]    Compiling getrandom v0.4.3
[INFO] [stderr]    Compiling uuid v1.26.1
[INFO] [stderr]    Compiling parking_lot v0.12.5
[INFO] [stderr]    Compiling futures-executor v0.3.34
[INFO] [stderr]    Compiling serial_test_derive v3.5.0
[INFO] [stderr]    Compiling test-case-core v3.4.0
[INFO] [stderr]    Compiling serial_test v3.5.0
[INFO] [stderr]    Compiling serde_derive v1.0.229
[INFO] [stderr]    Compiling test-case-macros v3.4.0
[INFO] [stderr]    Compiling test-case v3.4.0
[INFO] [stderr]    Compiling tortank v0.32.0 (/opt/rustwide/workdir)
[INFO] [stderr]     Finished `release` profile [optimized] target(s) in 28.34s
[INFO] running `Command { std: "docker" "inspect" "76c95e697650f5d4e494e3709a7a47e4e20ab0e25030054f635a47af819c6e80", kill_on_drop: false }`
[INFO] running `Command { std: "docker" "exec" "-e" "SOURCE_DIR=/opt/rustwide/workdir" "-e" "CARGO_HOME=/opt/rustwide/cargo-home" "-e" "RUSTUP_HOME=/opt/rustwide/rustup-home" "-e" "CARGO_TARGET_DIR=/opt/rustwide/target" "-e" "CARGO_INCREMENTAL=0" "-e" "RUST_BACKTRACE=full" "-e" "RUSTFLAGS=--cap-lints=warn" "-e" "RUSTDOCFLAGS=--cap-lints=warn" "-w" "/opt/rustwide/workdir" "--user" "0:0" "76c95e697650f5d4e494e3709a7a47e4e20ab0e25030054f635a47af819c6e80" "/opt/rustwide/cargo-home/bin/cargo" "+1.99.0-beta.8" "test" "--frozen" "--release", kill_on_drop: false }`
[INFO] [stderr]     Finished `release` profile [optimized] target(s) in 0.10s
[INFO] [stderr]      Running unittests src/lib.rs (/opt/rustwide/target/release/deps/tortank-d82f0f393691544b)
[INFO] [stdout] 
[INFO] [stdout] running 66 tests
[INFO] [stdout] test tests::iri_test::parse_ip_v4_test ... ok
[INFO] [stdout] test tests::iri_test::test_iris ... ok
[INFO] [stdout] test tests::turtle_doc_bugs::json_literals_match_parsed_turtle ... ok
[INFO] [stdout] test tests::turtle_doc_test::test_turtle_doc::test_case_11_eq_test_simple_parsing ... ok
[INFO] [stdout] test tests::turtle_doc_bugs::test_well_known_prefixed ... ok
[INFO] [stdout] test tests::turtle_doc_test::test_turtle_doc::test_case_13_eq_test_labeled_bnode_error ... ok
[INFO] [stdout] test tests::triple_common_parser_test_misc::test_parse_iri_escaped ... ok
[INFO] [stdout] test tests::triple_common_parser_test_misc::test_empty_string ... ok
[INFO] [stdout] test tests::triple_common_parser_test_misc::number_followed_by_terminator ... ok
[INFO] [stdout] test tests::turtle_doc_test::test_turtle_doc::test_case_14_eq_a_bit_of_everything_list_bnode_nested_unlabeled_bnode_etc_ ... ok
[INFO] [stdout] test tests::iri_test::parse_ip_v6_test ... ok
[INFO] [stdout] test tests::triple_common_parser_test_misc::test_string_delimit_bugs ... ok
[INFO] [stdout] test tests::turtle_doc_test::test_turtle_doc::test_case_10_eq_test_simple_xsd_time ... ok
[INFO] [stdout] test string_parser::test::parse_escaped_string_with_tab ... ok
[INFO] [stdout] test tests::turtle_doc_test::test_turtle_doc::test_case_1_eq_complex_document_with_blank_nodes_nested_objects_etc ... ok
[INFO] [stdout] test tests::query::test_query_uuid ... ok
[INFO] [stdout] test tests::turtle_doc_test::test_turtle_doc::test_case_15_eq_test_simple_collections ... ok
[INFO] [stdout] test tests::turtle_doc_test::test_turtle_doc::test_case_12_eq_test_simple_parsing_multi_comments ... ok
[INFO] [stdout] test tests::turtle_doc_test::test_turtle_doc::test_case_16_eq_test_date_2000_01_12t12_13_14z ... ok
[INFO] [stdout] test tests::iri_test::test_hex_st_to_char ... ok
[INFO] [stdout] test tests::turtle_doc_test::test_turtle_doc::test_case_18_eq_test_date_2002_10_10t00_00_00_13 ... ok
[INFO] [stdout] test tests::turtle_doc_test::test_turtle_doc::test_case_17_eq_test_date_2002_10_10_13_00 ... ok
[INFO] [stdout] test tests::turtle_doc_test::test_turtle_doc::test_case_21_eq_test_date_2002_10_09t19_00_00z ... ok
[INFO] [stdout] test tests::turtle_doc_test::test_turtle_doc::test_case_23_eq_test_date_20_09_2021 ... ok
[INFO] [stdout] test tests::turtle_doc_test::test_turtle_doc::test_case_24_eq_test_date_09_20_2021 ... ok
[INFO] [stdout] test tests::turtle_doc_test::test_turtle_doc::test_case_26_eq_test_date_2023_08_30t10_31_00_080z ... ok
[INFO] [stdout] test tests::turtle_doc_test::test_turtle_doc::test_case_27_json_test_simple_json_result_with_bnode ... ok
[INFO] [stdout] test tests::turtle_doc_test::test_turtle_doc::test_case_25_eq_test_date_20_09_2012 ... ok
[INFO] [stdout] test tests::turtle_doc_test::test_turtle_doc::test_case_2_eq_another_complex_document ... ok
[INFO] [stdout] test tests::turtle_doc_test::test_turtle_doc::test_case_6_eq_complex_string_with_spaces ... ok
[INFO] [stdout] test tests::turtle_doc_test::test_turtle_doc::test_case_9_eq_test_simple_blank_nodes_unlabeled_ ... ok
[INFO] [stdout] test tests::turtle_doc_test::test_turtle_doc::test_case_20_eq_test_date_2002_10_10t00_00_00_05_00 ... ok
[INFO] [stdout] test tests::turtle_doc_test::test_turtle_doc::test_case_19_eq_test_date_2002_10_09t11_00_00z ... ok
[INFO] [stdout] test tests::turtle_doc_test::test_turtle_doc::test_case_4_diff_diff_is_buggy ... ok
[INFO] [stdout] test tests::turtle_parser_test_misc::base_test ... ok
[INFO] [stdout] test tests::turtle_doc_test_misc::test_as_turtle_basic ... ok
[INFO] [stdout] test tests::turtle_parser_test_misc::labeled_bnode_test ... ok
[INFO] [stdout] test tests::turtle_parser_test_misc::collection_test_from_other ... ok
[INFO] [stdout] test tests::turtle_parser_test_misc::labeled_bnode_using_proper_rules_test1 ... ok
[INFO] [stdout] test tests::turtle_doc_test_misc::turtle_doc_list_statements_test ... FAILED
[INFO] [stdout] test tests::turtle_doc_test_misc::turtle_doc_add_test ... ok
[INFO] [stdout] test tests::turtle_parser_test_misc::labeled_bnode_using_proper_rules_test2 ... ok
[INFO] [stdout] test tests::turtle_parser_test_misc::labeled_bnode_using_proper_rules_test4 ... ok
[INFO] [stdout] test tests::turtle_parser_test_misc::labeled_bnode_using_proper_rules_test5 ... ok
[INFO] [stdout] test tests::turtle_parser_test_misc::labeled_bnode_using_proper_rules_test3 ... ok
[INFO] [stdout] test tests::turtle_parser_test_misc::predicate_lists_testx ... ok
[INFO] [stdout] test tests::turtle_parser_test_misc::list_with_nested_collection ... ok
[INFO] [stdout] test tests::turtle_parser_test_misc::predicate_labeled_bnode_test ... ok
[INFO] [stdout] test tests::turtle_parser_test_misc::prefixed_iri_test ... ok
[INFO] [stdout] test tests::turtle_parser_test_misc::test_object_list ... ok
[INFO] [stdout] test tests::turtle_parser_test_misc::prefix_test ... ok
[INFO] [stdout] test tests::turtle_parser_test_misc::unlabeled_nested_bnodes ... ok
[INFO] [stdout] test tests::turtle_parser_test_misc::simple_collection_test ... ok
[INFO] [stdout] test tests::turtle_parser_test_misc::with_unlabeled_type_bnode_test ... ok
[INFO] [stdout] test tests::turtle_doc_test::test_turtle_doc::test_case_7_eq_complex_string_with_spaces_but_more_complex ... ok
[INFO] [stdout] test tests::turtle_doc_test::test_turtle_doc::test_case_31_eq_alt_quotes ... ok
[INFO] [stdout] test tests::turtle_doc_test::test_turtle_doc::test_case_8_eq_simple_doc_with_comments_etc ... ok
[INFO] [stdout] test tests::turtle_doc_test::test_turtle_doc::test_case_30_eq_empty_string_literal_long_quote ... ok
[INFO] [stdout] test tests::turtle_doc_test::test_turtle_doc::test_case_3_eq_could_not_parse_completely ... ok
[INFO] [stdout] test tests::turtle_doc_test::test_turtle_doc::test_case_28_eq_the_following_turtle_document_contains_examples_of_all_the_different_ways_of_writing_iris_in_turtle_ ... ok
[INFO] [stdout] test tests::turtle_doc_test::test_turtle_doc::test_case_22_eq_test_date_2002_09_29 ... ok
[INFO] [stdout] test tests::turtle_doc_test_misc::test_convert_rdf_triple_to_doc ... ok
[INFO] [stdout] test tests::turtle_doc_test::test_turtle_doc::test_case_29_eq_simple_base_example ... ok
[INFO] [stdout] test tests::turtle_doc_test::test_turtle_doc::test_case_32_eq_test_datetime_2025_04_15t12_00_00z ... ok
[INFO] [stdout] test tests::turtle_doc_test::test_turtle_doc::test_case_33_could_not_parse ... ok
[INFO] [stderr] error: test failed, to rerun pass `--lib`
[INFO] [stdout] test tests::turtle_doc_test::test_turtle_doc::test_case_5_diff_simple_diff ... ok
[INFO] [stdout] 
[INFO] [stdout] failures:
[INFO] [stdout] 
[INFO] [stdout] ---- tests::turtle_doc_test_misc::turtle_doc_list_statements_test stdout ----
[INFO] [stdout] 
[INFO] [stdout] thread 'tests::turtle_doc_test_misc::turtle_doc_list_statements_test' (696) panicked at src/tests/turtle_doc_test_misc.rs:63:5:
[INFO] [stdout] assertion `left == right` failed
[INFO] [stdout]   left: [Statement { subject: Ref(LabeledBlankNode("2")), predicate: Iri("http://foaf.com/mbox"), object: Iri("bob@example.com") }]
[INFO] [stdout]  right: [Statement { subject: Ref(LabeledBlankNode("10")), predicate: Iri("http://foaf.com/mbox"), object: Iri("bob@example.com") }]
[INFO] [stdout] stack backtrace:
[INFO] [stdout]    0:     0x62e7f4b73771 - <<std[70759c8f55707aa4]::sys::backtrace::BacktraceLock>::print::DisplayBacktrace as core[df12db4294e9bfd3]::fmt::Display>::fmt
[INFO] [stdout]    1:     0x62e7f4b8a42a - core[df12db4294e9bfd3]::fmt::write
[INFO] [stdout]    2:     0x62e7f4b77c2c - <alloc[2182bb758b4b3781]::vec::Vec<u8> as core[df12db4294e9bfd3]::io::write::Write>::write_fmt
[INFO] [stdout]    3:     0x62e7f4b4f0b6 - std[70759c8f55707aa4]::panicking::default_hook::{closure#0}
[INFO] [stdout]    4:     0x62e7f4b6b4a9 - std[70759c8f55707aa4]::panicking::default_hook
[INFO] [stdout]    5:     0x62e7f4aefe20 - test[9d35eded1c95d3be]::test_main_inner::<test[9d35eded1c95d3be]::test_main_static::{closure#0}>::{closure#0}
[INFO] [stdout]    6:     0x62e7f4b6b662 - std[70759c8f55707aa4]::panicking::panic_with_hook
[INFO] [stdout]    7:     0x62e7f4b4f162 - std[70759c8f55707aa4]::panicking::panic_handler::{closure#0}
[INFO] [stdout]    8:     0x62e7f4b47d59 - std[70759c8f55707aa4]::sys::backtrace::__rust_end_short_backtrace::<std[70759c8f55707aa4]::panicking::panic_handler::{closure#0}, !>
[INFO] [stdout]    9:     0x62e7f4b4fd5d - __rustc[8fa7c3cbc660c2b3]::rust_begin_unwind
[INFO] [stdout]   10:     0x62e7f4b8ab5c - core[df12db4294e9bfd3]::panicking::panic_fmt
[INFO] [stdout]   11:     0x62e7f4b8aa73 - core[df12db4294e9bfd3]::panicking::assert_failed_inner
[INFO] [stdout]   12:     0x62e7f4ad6cea - core[df12db4294e9bfd3]::panicking::assert_failed::<alloc[2182bb758b4b3781]::vec::Vec<&tortank[6c23c03629ae21ae]::turtle::turtle_doc::Statement>, alloc[2182bb758b4b3781]::vec::Vec<&tortank[6c23c03629ae21ae]::turtle::turtle_doc::Statement>>
[INFO] [stdout]   13:     0x62e7f4ad540b - <tortank[6c23c03629ae21ae]::tests::turtle_doc_test_misc::turtle_doc_list_statements_test::{closure#0} as core[df12db4294e9bfd3]::ops::function::FnOnce<()>>::call_once
[INFO] [stdout]   14:     0x62e7f4b252a3 - serial_test[58bf2f5a4f76113e]::serial_code_lock::local_serial_core
[INFO] [stdout]   15:     0x62e7f4ab01ad - <tortank[6c23c03629ae21ae]::tests::turtle_doc_test_misc::turtle_doc_list_statements_test::{closure#0} as core[df12db4294e9bfd3]::ops::function::FnOnce<()>>::call_once
[INFO] [stdout]   16:     0x62e7f4ae310b - test[9d35eded1c95d3be]::__rust_begin_short_backtrace::<core[df12db4294e9bfd3]::result::Result<(), alloc[2182bb758b4b3781]::string::String>, fn() -> core[df12db4294e9bfd3]::result::Result<(), alloc[2182bb758b4b3781]::string::String>>
[INFO] [stdout]   17:     0x62e7f4af0775 - test[9d35eded1c95d3be]::run_test::{closure#0}
[INFO] [stdout]   18:     0x62e7f4aea034 - std[70759c8f55707aa4]::sys::backtrace::__rust_begin_short_backtrace::<test[9d35eded1c95d3be]::run_test::{closure#1}, ()>
[INFO] [stdout]   19:     0x62e7f4af38d2 - <std[70759c8f55707aa4]::thread::lifecycle::spawn_unchecked<test[9d35eded1c95d3be]::run_test::{closure#1}, ()>::{closure#1} as core[df12db4294e9bfd3]::ops::function::FnOnce<()>>::call_once::{shim:vtable#0}
[INFO] [stdout]   20:     0x62e7f4b72989 - <std[70759c8f55707aa4]::sys::thread::unix::Thread>::new::thread_start
[INFO] [stdout]   21:     0x7c2af64b3dfa - <unknown>
[INFO] [stdout]   22:     0x7c2af65473d4 - clone
[INFO] [stdout]   23:                0x0 - <unknown>
[INFO] [stdout] 
[INFO] [stdout] 
[INFO] [stdout] failures:
[INFO] [stdout]     tests::turtle_doc_test_misc::turtle_doc_list_statements_test
[INFO] [stdout] 
[INFO] [stdout] test result: FAILED. 65 passed; 1 failed; 0 ignored; 0 measured; 0 filtered out; finished in 2.04s
[INFO] [stdout] 
[INFO] running `Command { std: "docker" "inspect" "76c95e697650f5d4e494e3709a7a47e4e20ab0e25030054f635a47af819c6e80", kill_on_drop: false }`
[INFO] running `Command { std: "docker" "rm" "-f" "76c95e697650f5d4e494e3709a7a47e4e20ab0e25030054f635a47af819c6e80", kill_on_drop: false }`
[INFO] [stdout] 76c95e697650f5d4e494e3709a7a47e4e20ab0e25030054f635a47af819c6e80
