[INFO] fetching crate torrust-tracker-deployer-dependency-installer 0.1.0...
[INFO] testing torrust-tracker-deployer-dependency-installer-0.1.0 against 1.99.0-beta.8+cargoflags=--release for beta-release-1.100-2
[INFO] extracting crate torrust-tracker-deployer-dependency-installer 0.1.0 into /workspace/builds/worker-2-tc1/source
[INFO] started tweaking crates.io crate torrust-tracker-deployer-dependency-installer 0.1.0
[INFO] removed 0 missing examples
[INFO] removed 0 missing tests
[INFO] finished tweaking crates.io crate torrust-tracker-deployer-dependency-installer 0.1.0
[INFO] tweaked toml for crates.io crate torrust-tracker-deployer-dependency-installer 0.1.0 written to /workspace/builds/worker-2-tc1/source/Cargo.toml
[INFO] validating manifest of crates.io crate torrust-tracker-deployer-dependency-installer 0.1.0 on toolchain 1.99.0-beta.8
[INFO] running `Command { std: CARGO_HOME="/workspace/cargo-home" RUSTUP_HOME="/workspace/rustup-home" "/workspace/cargo-home/bin/cargo" "+1.99.0-beta.8" "metadata" "--manifest-path" "Cargo.toml" "--no-deps", kill_on_drop: false }`
[INFO] crate crates.io crate torrust-tracker-deployer-dependency-installer 0.1.0 already has a lockfile, it will not be regenerated
[INFO] running `Command { std: CARGO_HOME="/workspace/cargo-home" RUSTUP_HOME="/workspace/rustup-home" "/workspace/cargo-home/bin/cargo" "+1.99.0-beta.8" "fetch" "--manifest-path" "Cargo.toml", kill_on_drop: false }`
[INFO] [stderr]     Updating crates.io index
[INFO] [stderr]  Downloading crates ...
[INFO] [stderr]   Downloaded parse-display v0.9.1
[INFO] [stderr]   Downloaded parse-display-derive v0.9.1
[INFO] [stderr]   Downloaded docker_credential v1.3.2
[INFO] [stderr]   Downloaded serde_with_macros v3.18.0
[INFO] [stderr]   Downloaded ferroid v0.8.9
[INFO] [stderr]   Downloaded serde_with v3.18.0
[INFO] [stderr]   Downloaded rustls-webpki v0.103.12
[INFO] [stderr]   Downloaded testcontainers v0.27.2
[INFO] [stderr]   Downloaded rustls v0.23.38
[INFO] [stderr]   Downloaded astral-tokio-tar v0.6.0
[INFO] running `Command { std: "docker" "create" "-v" "/var/lib/crater-agent-workspace/builds/worker-2-tc1/source:/opt/rustwide/workdir:ro,Z" "-v" "/var/lib/crater-agent-workspace/builds/worker-2-tc1/target:/opt/rustwide/target:rw,Z" "-v" "/var/lib/crater-agent-workspace/cargo-home:/opt/rustwide/cargo-home:ro,Z" "-v" "/var/lib/crater-agent-workspace/rustup-home:/opt/rustwide/rustup-home:ro,Z" "-m" "1610612736" "--network" "none" "ghcr.io/rust-lang/crates-build-env/linux@sha256:77db811e55d90add9212f6832c23229e3de5f1c1f9905e8cb07319ea15df73ac" "sleep" "infinity", kill_on_drop: false }`
[INFO] [stdout] d876a0f4218ef67ac6745ead0f46abc64107934a61278150bb8ce0c2eb8e053a
[INFO] running `Command { std: "docker" "start" "d876a0f4218ef67ac6745ead0f46abc64107934a61278150bb8ce0c2eb8e053a", kill_on_drop: false }`
[INFO] running `Command { std: "docker" "inspect" "d876a0f4218ef67ac6745ead0f46abc64107934a61278150bb8ce0c2eb8e053a", kill_on_drop: false }`
[INFO] running `Command { std: "docker" "exec" "-e" "SOURCE_DIR=/opt/rustwide/workdir" "-e" "CARGO_HOME=/opt/rustwide/cargo-home" "-e" "RUSTUP_HOME=/opt/rustwide/rustup-home" "-e" "CARGO_TARGET_DIR=/opt/rustwide/target" "-w" "/opt/rustwide/workdir" "--user" "0:0" "d876a0f4218ef67ac6745ead0f46abc64107934a61278150bb8ce0c2eb8e053a" "/opt/rustwide/cargo-home/bin/cargo" "+1.99.0-beta.8" "metadata" "--no-deps" "--format-version=1", kill_on_drop: false }`
[INFO] running `Command { std: "docker" "inspect" "d876a0f4218ef67ac6745ead0f46abc64107934a61278150bb8ce0c2eb8e053a", kill_on_drop: false }`
[INFO] running `Command { std: "docker" "exec" "-e" "SOURCE_DIR=/opt/rustwide/workdir" "-e" "CARGO_HOME=/opt/rustwide/cargo-home" "-e" "RUSTUP_HOME=/opt/rustwide/rustup-home" "-e" "CARGO_TARGET_DIR=/opt/rustwide/target" "-e" "CARGO_INCREMENTAL=0" "-e" "RUST_BACKTRACE=full" "-e" "RUSTFLAGS=--cap-lints=warn" "-e" "RUSTDOCFLAGS=--cap-lints=warn" "-w" "/opt/rustwide/workdir" "--user" "0:0" "d876a0f4218ef67ac6745ead0f46abc64107934a61278150bb8ce0c2eb8e053a" "/opt/rustwide/cargo-home/bin/cargo" "+1.99.0-beta.8" "build" "--frozen" "--message-format=json" "--release", kill_on_drop: false }`
[INFO] [stderr]    Compiling libc v0.2.185
[INFO] [stderr]    Compiling anstyle-parse v1.0.0
[INFO] [stderr]    Compiling tracing-core v0.1.36
[INFO] [stderr]    Compiling colorchoice v1.0.5
[INFO] [stderr]    Compiling syn v2.0.117
[INFO] [stderr]    Compiling regex-syntax v0.8.10
[INFO] [stderr]    Compiling anstream v1.0.0
[INFO] [stderr]    Compiling clap_builder v4.6.0
[INFO] [stderr]    Compiling tracing-log v0.2.0
[INFO] [stderr]    Compiling parking_lot_core v0.9.12
[INFO] [stderr]    Compiling errno v0.3.14
[INFO] [stderr]    Compiling socket2 v0.6.3
[INFO] [stderr]    Compiling mio v1.2.0
[INFO] [stderr]    Compiling signal-hook-registry v1.4.8
[INFO] [stderr]    Compiling parking_lot v0.12.5
[INFO] [stderr]    Compiling regex-automata v0.4.14
[INFO] [stderr]    Compiling matchers v0.2.0
[INFO] [stderr]    Compiling tracing-attributes v0.1.31
[INFO] [stderr]    Compiling thiserror-impl v1.0.69
[INFO] [stderr]    Compiling tokio-macros v2.7.0
[INFO] [stderr]    Compiling clap_derive v4.6.0
[INFO] [stderr]    Compiling async-trait v0.1.89
[INFO] [stderr]    Compiling tokio v1.52.0
[INFO] [stderr]    Compiling tracing v0.1.44
[INFO] [stderr]    Compiling thiserror v1.0.69
[INFO] [stderr]    Compiling tracing-subscriber v0.3.23
[INFO] [stderr]    Compiling clap v4.6.0
[INFO] [stderr]    Compiling torrust-tracker-deployer-dependency-installer v0.1.0 (/opt/rustwide/workdir)
[INFO] [stderr]     Finished `release` profile [optimized] target(s) in 1m 17s
[INFO] running `Command { std: "docker" "inspect" "d876a0f4218ef67ac6745ead0f46abc64107934a61278150bb8ce0c2eb8e053a", kill_on_drop: false }`
[INFO] running `Command { std: "docker" "exec" "-e" "SOURCE_DIR=/opt/rustwide/workdir" "-e" "CARGO_HOME=/opt/rustwide/cargo-home" "-e" "RUSTUP_HOME=/opt/rustwide/rustup-home" "-e" "CARGO_TARGET_DIR=/opt/rustwide/target" "-e" "CARGO_INCREMENTAL=0" "-e" "RUST_BACKTRACE=full" "-e" "RUSTFLAGS=--cap-lints=warn" "-e" "RUSTDOCFLAGS=--cap-lints=warn" "-w" "/opt/rustwide/workdir" "--user" "0:0" "d876a0f4218ef67ac6745ead0f46abc64107934a61278150bb8ce0c2eb8e053a" "/opt/rustwide/cargo-home/bin/cargo" "+1.99.0-beta.8" "test" "--frozen" "--no-run" "--message-format=json" "--release", kill_on_drop: false }`
[INFO] [stderr]    Compiling smallvec v1.15.1
[INFO] [stderr]    Compiling futures-core v0.3.32
[INFO] [stderr]    Compiling syn v2.0.117
[INFO] [stderr]    Compiling futures-sink v0.3.32
[INFO] [stderr]    Compiling http v1.4.0
[INFO] [stderr]    Compiling serde_core v1.0.228
[INFO] [stderr]    Compiling hashbrown v0.17.0
[INFO] [stderr]    Compiling futures-io v0.3.32
[INFO] [stderr]    Compiling futures-task v0.3.32
[INFO] [stderr]    Compiling futures-channel v0.3.32
[INFO] [stderr]    Compiling ring v0.17.14
[INFO] [stderr]    Compiling want v0.3.1
[INFO] [stderr]    Compiling parking_lot_core v0.9.12
[INFO] [stderr]    Compiling zeroize v1.8.2
[INFO] [stderr]    Compiling num-traits v0.2.19
[INFO] [stderr]    Compiling rustls-pki-types v1.14.0
[INFO] [stderr]    Compiling getrandom v0.2.17
[INFO] [stderr]    Compiling parking_lot v0.12.5
[INFO] [stderr]    Compiling anyhow v1.0.102
[INFO] [stderr]    Compiling indexmap v2.14.0
[INFO] [stderr]    Compiling rustls v0.23.38
[INFO] [stderr]    Compiling writeable v0.6.3
[INFO] [stderr]    Compiling litemap v0.8.2
[INFO] [stderr]    Compiling sync_wrapper v1.0.2
[INFO] [stderr]    Compiling itertools v0.14.0
[INFO] [stderr]    Compiling http-body v1.0.1
[INFO] [stderr]    Compiling http-body-util v0.1.3
[INFO] [stderr]    Compiling icu_properties_data v2.2.0
[INFO] [stderr]    Compiling zerocopy v0.8.48
[INFO] [stderr]    Compiling mime v0.3.17
[INFO] [stderr]    Compiling icu_normalizer_data v2.2.0
[INFO] [stderr]    Compiling regex-syntax v0.8.10
[INFO] [stderr]    Compiling axum-core v0.5.6
[INFO] [stderr]    Compiling matchit v0.8.4
[INFO] [stderr]    Compiling num-integer v0.1.46
[INFO] [stderr]    Compiling getrandom v0.3.4
[INFO] [stderr]    Compiling aho-corasick v1.1.4
[INFO] [stderr]    Compiling rand_core v0.9.5
[INFO] [stderr]    Compiling ureq-proto v0.6.0
[INFO] [stderr]    Compiling synstructure v0.13.2
[INFO] [stderr]    Compiling regex-automata v0.4.14
[INFO] [stderr]    Compiling darling_core v0.23.0
[INFO] [stderr]    Compiling portable-atomic v1.13.1
[INFO] [stderr]    Compiling tokio-macros v2.7.0
[INFO] [stderr]    Compiling tracing-attributes v0.1.31
[INFO] [stderr]    Compiling zerofrom-derive v0.1.7
[INFO] [stderr]    Compiling tokio v1.52.0
[INFO] [stderr]    Compiling tracing v0.1.44
[INFO] [stderr]    Compiling zerofrom v0.1.7
[INFO] [stderr]    Compiling yoke-derive v0.8.2
[INFO] [stderr]    Compiling futures-macro v0.3.32
[INFO] [stderr]    Compiling zerovec-derive v0.11.3
[INFO] [stderr]    Compiling displaydoc v0.2.5
[INFO] [stderr]    Compiling yoke v0.8.2
[INFO] [stderr]    Compiling futures-util v0.3.32
[INFO] [stderr]    Compiling async-trait v0.1.89
[INFO] [stderr]    Compiling zerotrie v0.2.4
[INFO] [stderr]    Compiling zerovec v0.11.6
[INFO] [stderr]    Compiling pin-project-internal v1.1.11
[INFO] [stderr]    Compiling serde_derive v1.0.228
[INFO] [stderr]    Compiling tinystr v0.8.3
[INFO] [stderr]    Compiling icu_locale_core v2.2.0
[INFO] [stderr]    Compiling potential_utf v0.1.5
[INFO] [stderr]    Compiling icu_collections v2.2.0
[INFO] [stderr]    Compiling prost-derive v0.14.3
[INFO] [stderr]    Compiling icu_provider v2.2.0
[INFO] [stderr]    Compiling pin-project v1.1.11
[INFO] [stderr]    Compiling icu_properties v2.2.0
[INFO] [stderr]    Compiling prost v0.14.3
[INFO] [stderr]    Compiling icu_normalizer v2.2.0
[INFO] [stderr]    Compiling serde v1.0.228
[INFO] [stderr]    Compiling ppv-lite86 v0.2.21
[INFO] [stderr]    Compiling tokio-util v0.7.18
[INFO] [stderr]    Compiling tokio-stream v0.1.18
[INFO] [stderr]    Compiling utf8-zero v0.8.1
[INFO] [stderr]    Compiling rustls-webpki v0.103.12
[INFO] [stderr]    Compiling rustix v1.1.4
[INFO] [stderr]    Compiling h2 v0.4.13
[INFO] [stderr]    Compiling tower v0.5.3
[INFO] [stderr]    Compiling bitflags v2.11.1
[INFO] [stderr]    Compiling bollard-buildkit-proto v0.7.0
[INFO] [stderr]    Compiling deranged v0.5.8
[INFO] [stderr]    Compiling axum v0.8.9
[INFO] [stderr]    Compiling idna_adapter v1.2.1
[INFO] [stderr]    Compiling rand_chacha v0.9.0
[INFO] [stderr]    Compiling prost-types v0.14.3
[INFO] [stderr]    Compiling darling_macro v0.23.0
[INFO] [stderr]    Compiling structmeta-derive v0.3.0
[INFO] [stderr]    Compiling hyper v1.9.0
[INFO] [stderr]    Compiling serde_json v1.0.149
[INFO] [stderr]    Compiling hyper-util v0.1.20
[INFO] [stderr]    Compiling ureq v3.3.0
[INFO] [stderr]    Compiling num-bigint v0.4.6
[INFO] [stderr]    Compiling clap_derive v4.6.0
[INFO] [stderr]    Compiling time v0.3.47
[INFO] [stderr]    Compiling hyper-timeout v0.5.2
[INFO] [stderr]    Compiling num-rational v0.4.2
[INFO] [stderr]    Compiling tonic v0.14.5
[INFO] [stderr]    Compiling regex v1.12.3
[INFO] [stderr]    Compiling tokio-rustls v0.26.4
[INFO] [stderr]    Compiling structmeta v0.3.0
[INFO] [stderr]    Compiling darling v0.23.0
[INFO] [stderr]    Compiling rand v0.9.4
[INFO] [stderr]    Compiling idna v1.1.0
[INFO] [stderr]    Compiling tonic-prost v0.14.5
[INFO] [stderr]    Compiling matchers v0.2.0
[INFO] [stderr]    Compiling thiserror-impl v1.0.69
[INFO] [stderr]    Compiling serde_repr v0.1.20
[INFO] [stderr]    Compiling thiserror-impl v2.0.18
[INFO] [stderr]    Compiling async-stream-impl v0.3.6
[INFO] [stderr]    Compiling num-iter v0.1.45
[INFO] [stderr]    Compiling num-complex v0.4.6
[INFO] [stderr]    Compiling openssl-probe v0.2.1
[INFO] [stderr]    Compiling tracing-subscriber v0.3.23
[INFO] [stderr]    Compiling thiserror v2.0.18
[INFO] [stderr]    Compiling rustls-native-certs v0.8.3
[INFO] [stderr]    Compiling num v0.4.3
[INFO] [stderr]    Compiling serde_urlencoded v0.7.1
[INFO] [stderr]    Compiling hyperlocal v0.9.1
[INFO] [stderr]    Compiling async-stream v0.3.6
[INFO] [stderr]    Compiling thiserror v1.0.69
[INFO] [stderr]    Compiling url v2.5.8
[INFO] [stderr]    Compiling xattr v1.6.1
[INFO] [stderr]    Compiling serde_with_macros v3.18.0
[INFO] [stderr]    Compiling parse-display-derive v0.9.1
[INFO] [stderr]    Compiling hyper-rustls v0.27.9
[INFO] [stderr]    Compiling clap v4.6.0
[INFO] [stderr]    Compiling futures-executor v0.3.32
[INFO] [stderr]    Compiling bollard-stubs v1.52.1-rc.29.1.3
[INFO] [stderr]    Compiling filetime v0.2.27
[INFO] [stderr]    Compiling either v1.15.0
[INFO] [stderr]    Compiling parse-display v0.9.1
[INFO] [stderr]    Compiling astral-tokio-tar v0.6.0
[INFO] [stderr]    Compiling docker_credential v1.3.2
[INFO] [stderr]    Compiling futures v0.3.32
[INFO] [stderr]    Compiling serde_with v3.18.0
[INFO] [stderr]    Compiling ferroid v0.8.9
[INFO] [stderr]    Compiling etcetera v0.11.0
[INFO] [stderr]    Compiling torrust-tracker-deployer-dependency-installer v0.1.0 (/opt/rustwide/workdir)
[INFO] [stderr]    Compiling bollard v0.20.2
[INFO] [stderr]    Compiling testcontainers v0.27.2
[INFO] [stderr]     Finished `release` profile [optimized] target(s) in 7m 43s
[INFO] running `Command { std: "docker" "inspect" "d876a0f4218ef67ac6745ead0f46abc64107934a61278150bb8ce0c2eb8e053a", kill_on_drop: false }`
[INFO] running `Command { std: "docker" "exec" "-e" "SOURCE_DIR=/opt/rustwide/workdir" "-e" "CARGO_HOME=/opt/rustwide/cargo-home" "-e" "RUSTUP_HOME=/opt/rustwide/rustup-home" "-e" "CARGO_TARGET_DIR=/opt/rustwide/target" "-e" "CARGO_INCREMENTAL=0" "-e" "RUST_BACKTRACE=full" "-e" "RUSTFLAGS=--cap-lints=warn" "-e" "RUSTDOCFLAGS=--cap-lints=warn" "-w" "/opt/rustwide/workdir" "--user" "0:0" "d876a0f4218ef67ac6745ead0f46abc64107934a61278150bb8ce0c2eb8e053a" "/opt/rustwide/cargo-home/bin/cargo" "+1.99.0-beta.8" "test" "--frozen" "--release", kill_on_drop: false }`
[INFO] [stderr]     Finished `release` profile [optimized] target(s) in 0.33s
[INFO] [stderr]      Running unittests src/lib.rs (/opt/rustwide/target/release/deps/torrust_tracker_deployer_dependency_installer-ba119d7dbdb480de)
[INFO] [stdout] 
[INFO] [stdout] running 0 tests
[INFO] [stdout] 
[INFO] [stdout] test result: ok. 0 passed; 0 failed; 0 ignored; 0 measured; 0 filtered out; finished in 0.00s
[INFO] [stdout] 
[INFO] [stderr]      Running unittests src/bin/dependency-installer.rs (/opt/rustwide/target/release/deps/dependency_installer-42f0a3d847dac6bc)
[INFO] [stderr]      Running tests/check_command_docker_integration.rs (/opt/rustwide/target/release/deps/check_command_docker_integration-fc4a3ad6d26189cb)
[INFO] [stdout] 
[INFO] [stdout] running 0 tests
[INFO] [stdout] 
[INFO] [stdout] test result: ok. 0 passed; 0 failed; 0 ignored; 0 measured; 0 filtered out; finished in 0.00s
[INFO] [stdout] 
[INFO] [stdout] 
[INFO] [stdout] running 10 tests
[INFO] [stdout] test containers::command_output::tests::it_should_find_text_in_either_stream_when_checking_contains ... ok
[INFO] [stderr] error: test failed, to rerun pass `--test check_command_docker_integration`
[INFO] [stdout] test containers::command_output::tests::it_should_find_text_in_stdout_when_checking_contains ... ok
[INFO] [stdout] test containers::command_output::tests::it_should_create_command_output_with_separate_stdout_and_stderr ... ok
[INFO] [stdout] test containers::image_builder::tests::it_should_create_builder_with_defaults ... ok
[INFO] [stdout] test it_should_exit_with_error_code_when_checking_missing_specific_dependency ... FAILED
[INFO] [stdout] test it_should_list_all_dependencies_with_their_installation_status ... FAILED
[INFO] [stdout] test it_should_display_debug_logs_when_verbose_flag_is_enabled ... FAILED
[INFO] [stdout] test containers::command_output::tests::it_should_combine_stderr_and_stdout_with_stderr_first ... ok
[INFO] [stdout] test containers::command_output::tests::it_should_find_text_in_stderr_when_checking_contains ... ok
[INFO] [stdout] test it_should_report_missing_dependencies_when_checking_all_in_fresh_ubuntu_container ... FAILED
[INFO] [stdout] 
[INFO] [stdout] failures:
[INFO] [stdout] 
[INFO] [stdout] ---- it_should_exit_with_error_code_when_checking_missing_specific_dependency stdout ----
[INFO] [stdout] 
[INFO] [stdout] thread 'it_should_exit_with_error_code_when_checking_missing_specific_dependency' (3546) panicked at tests/check_command_docker_integration.rs:137:5:
[INFO] [stdout] Binary not found at /opt/target/debug/dependency-installer. Run 'cargo build --bin dependency-installer' first
[INFO] [stdout] stack backtrace:
[INFO] [stdout]    0:     0x64bf5a08d181 - <<std[70759c8f55707aa4]::sys::backtrace::BacktraceLock>::print::DisplayBacktrace as core[df12db4294e9bfd3]::fmt::Display>::fmt
[INFO] [stdout]    1:     0x64bf5a0a3daa - core[df12db4294e9bfd3]::fmt::write
[INFO] [stdout]    2:     0x64bf5a0920dc - <alloc[2182bb758b4b3781]::vec::Vec<u8> as core[df12db4294e9bfd3]::io::write::Write>::write_fmt
[INFO] [stdout]    3:     0x64bf5a066d26 - std[70759c8f55707aa4]::panicking::default_hook::{closure#0}
[INFO] [stdout]    4:     0x64bf5a0845e9 - std[70759c8f55707aa4]::panicking::default_hook
[INFO] [stdout]    5:     0x64bf59c980b0 - test[9d35eded1c95d3be]::test_main_inner::<test[9d35eded1c95d3be]::test_main_static::{closure#0}>::{closure#0}
[INFO] [stdout]    6:     0x64bf5a084912 - std[70759c8f55707aa4]::panicking::panic_with_hook
[INFO] [stdout]    7:     0x64bf5a066dd2 - std[70759c8f55707aa4]::panicking::panic_handler::{closure#0}
[INFO] [stdout]    8:     0x64bf5a05f849 - std[70759c8f55707aa4]::sys::backtrace::__rust_end_short_backtrace::<std[70759c8f55707aa4]::panicking::panic_handler::{closure#0}, !>
[INFO] [stdout]    9:     0x64bf5a067bbd - __rustc[8fa7c3cbc660c2b3]::rust_begin_unwind
[INFO] [stdout]   10:     0x64bf5a0a458c - core[df12db4294e9bfd3]::panicking::panic_fmt
[INFO] [stdout]   11:     0x64bf59c0d843 - check_command_docker_integration[4bcf756177232a80]::get_binary_path
[INFO] [stdout]   12:     0x64bf59c0a01f - check_command_docker_integration[4bcf756177232a80]::it_should_exit_with_error_code_when_checking_missing_specific_dependency::{closure#0}
[INFO] [stdout]   13:     0x64bf59c00dcb - <tokio[628575a182410bb5]::runtime::scheduler::current_thread::CurrentThread>::block_on::<core[df12db4294e9bfd3]::pin::Pin<&mut dyn core[df12db4294e9bfd3]::future::future::Future<Output = ()>>>
[INFO] [stdout]   14:     0x64bf59bdc072 - <tokio[628575a182410bb5]::runtime::runtime::Runtime>::block_on::<core[df12db4294e9bfd3]::pin::Pin<&mut dyn core[df12db4294e9bfd3]::future::future::Future<Output = ()>>>
[INFO] [stdout]   15:     0x64bf59c1506e - <check_command_docker_integration[4bcf756177232a80]::it_should_exit_with_error_code_when_checking_missing_specific_dependency::{closure#0} as core[df12db4294e9bfd3]::ops::function::FnOnce<()>>::call_once
[INFO] [stdout]   16:     0x64bf59c8b39b - test[9d35eded1c95d3be]::__rust_begin_short_backtrace::<core[df12db4294e9bfd3]::result::Result<(), alloc[2182bb758b4b3781]::string::String>, fn() -> core[df12db4294e9bfd3]::result::Result<(), alloc[2182bb758b4b3781]::string::String>>
[INFO] [stdout]   17:     0x64bf59c98a05 - test[9d35eded1c95d3be]::run_test::{closure#0}
[INFO] [stdout]   18:     0x64bf59c922c4 - std[70759c8f55707aa4]::sys::backtrace::__rust_begin_short_backtrace::<test[9d35eded1c95d3be]::run_test::{closure#1}, ()>
[INFO] [stdout]   19:     0x64bf59c9bb62 - <std[70759c8f55707aa4]::thread::lifecycle::spawn_unchecked<test[9d35eded1c95d3be]::run_test::{closure#1}, ()>::{closure#1} as core[df12db4294e9bfd3]::ops::function::FnOnce<()>>::call_once::{shim:vtable#0}
[INFO] [stdout]   20:     0x64bf5a08c019 - <std[70759c8f55707aa4]::sys::thread::unix::Thread>::new::thread_start
[INFO] [stdout]   21:     0x74218c839dfa - <unknown>
[INFO] [stdout]   22:     0x74218c8cd3d4 - clone
[INFO] [stdout]   23:                0x0 - <unknown>
[INFO] [stdout] 
[INFO] [stdout] ---- it_should_list_all_dependencies_with_their_installation_status stdout ----
[INFO] [stdout] 
[INFO] [stdout] thread 'it_should_list_all_dependencies_with_their_installation_status' (3547) panicked at tests/check_command_docker_integration.rs:137:5:
[INFO] [stdout] Binary not found at /opt/target/debug/dependency-installer. Run 'cargo build --bin dependency-installer' first
[INFO] [stdout] stack backtrace:
[INFO] [stdout]    0:     0x64bf5a08d181 - <<std[70759c8f55707aa4]::sys::backtrace::BacktraceLock>::print::DisplayBacktrace as core[df12db4294e9bfd3]::fmt::Display>::fmt
[INFO] [stdout]    1:     0x64bf5a0a3daa - core[df12db4294e9bfd3]::fmt::write
[INFO] [stdout]    2:     0x64bf5a0920dc - <alloc[2182bb758b4b3781]::vec::Vec<u8> as core[df12db4294e9bfd3]::io::write::Write>::write_fmt
[INFO] [stdout]    3:     0x64bf5a066d26 - std[70759c8f55707aa4]::panicking::default_hook::{closure#0}
[INFO] [stdout]    4:     0x64bf5a0845e9 - std[70759c8f55707aa4]::panicking::default_hook
[INFO] [stdout]    5:     0x64bf59c980b0 - test[9d35eded1c95d3be]::test_main_inner::<test[9d35eded1c95d3be]::test_main_static::{closure#0}>::{closure#0}
[INFO] [stdout]    6:     0x64bf5a084912 - std[70759c8f55707aa4]::panicking::panic_with_hook
[INFO] [stdout]    7:     0x64bf5a066dd2 - std[70759c8f55707aa4]::panicking::panic_handler::{closure#0}
[INFO] [stdout]    8:     0x64bf5a05f849 - std[70759c8f55707aa4]::sys::backtrace::__rust_end_short_backtrace::<std[70759c8f55707aa4]::panicking::panic_handler::{closure#0}, !>
[INFO] [stdout]    9:     0x64bf5a067bbd - __rustc[8fa7c3cbc660c2b3]::rust_begin_unwind
[INFO] [stdout]   10:     0x64bf5a0a458c - core[df12db4294e9bfd3]::panicking::panic_fmt
[INFO] [stdout]   11:     0x64bf59c0d843 - check_command_docker_integration[4bcf756177232a80]::get_binary_path
[INFO] [stdout]   12:     0x64bf59c09bc1 - check_command_docker_integration[4bcf756177232a80]::it_should_list_all_dependencies_with_their_installation_status::{closure#0}
[INFO] [stdout]   13:     0x64bf59c00dcb - <tokio[628575a182410bb5]::runtime::scheduler::current_thread::CurrentThread>::block_on::<core[df12db4294e9bfd3]::pin::Pin<&mut dyn core[df12db4294e9bfd3]::future::future::Future<Output = ()>>>
[INFO] [stdout]   14:     0x64bf59bdc072 - <tokio[628575a182410bb5]::runtime::runtime::Runtime>::block_on::<core[df12db4294e9bfd3]::pin::Pin<&mut dyn core[df12db4294e9bfd3]::future::future::Future<Output = ()>>>
[INFO] [stdout]   15:     0x64bf59c14ebe - <check_command_docker_integration[4bcf756177232a80]::it_should_list_all_dependencies_with_their_installation_status::{closure#0} as core[df12db4294e9bfd3]::ops::function::FnOnce<()>>::call_once
[INFO] [stdout]   16:     0x64bf59c8b39b - test[9d35eded1c95d3be]::__rust_begin_short_backtrace::<core[df12db4294e9bfd3]::result::Result<(), alloc[2182bb758b4b3781]::string::String>, fn() -> core[df12db4294e9bfd3]::result::Result<(), alloc[2182bb758b4b3781]::string::String>>
[INFO] [stdout]   17:     0x64bf59c98a05 - test[9d35eded1c95d3be]::run_test::{closure#0}
[INFO] [stdout]   18:     0x64bf59c922c4 - std[70759c8f55707aa4]::sys::backtrace::__rust_begin_short_backtrace::<test[9d35eded1c95d3be]::run_test::{closure#1}, ()>
[INFO] [stdout]   19:     0x64bf59c9bb62 - <std[70759c8f55707aa4]::thread::lifecycle::spawn_unchecked<test[9d35eded1c95d3be]::run_test::{closure#1}, ()>::{closure#1} as core[df12db4294e9bfd3]::ops::function::FnOnce<()>>::call_once::{shim:vtable#0}
[INFO] [stdout]   20:     0x64bf5a08c019 - <std[70759c8f55707aa4]::sys::thread::unix::Thread>::new::thread_start
[INFO] [stdout]   21:     0x74218c839dfa - <unknown>
[INFO] [stdout]   22:     0x74218c8cd3d4 - clone
[INFO] [stdout]   23:                0x0 - <unknown>
[INFO] [stdout] 
[INFO] [stdout] ---- it_should_display_debug_logs_when_verbose_flag_is_enabled stdout ----
[INFO] [stdout] 
[INFO] [stdout] thread 'it_should_display_debug_logs_when_verbose_flag_is_enabled' (3545) panicked at tests/check_command_docker_integration.rs:137:5:
[INFO] [stdout] Binary not found at /opt/target/debug/dependency-installer. Run 'cargo build --bin dependency-installer' first
[INFO] [stdout] stack backtrace:
[INFO] [stdout]    0:     0x64bf5a08d181 - <<std[70759c8f55707aa4]::sys::backtrace::BacktraceLock>::print::DisplayBacktrace as core[df12db4294e9bfd3]::fmt::Display>::fmt
[INFO] [stdout]    1:     0x64bf5a0a3daa - core[df12db4294e9bfd3]::fmt::write
[INFO] [stdout]    2:     0x64bf5a0920dc - <alloc[2182bb758b4b3781]::vec::Vec<u8> as core[df12db4294e9bfd3]::io::write::Write>::write_fmt
[INFO] [stdout]    3:     0x64bf5a066d26 - std[70759c8f55707aa4]::panicking::default_hook::{closure#0}
[INFO] [stdout]    4:     0x64bf5a0845e9 - std[70759c8f55707aa4]::panicking::default_hook
[INFO] [stdout]    5:     0x64bf59c980b0 - test[9d35eded1c95d3be]::test_main_inner::<test[9d35eded1c95d3be]::test_main_static::{closure#0}>::{closure#0}
[INFO] [stdout]    6:     0x64bf5a084912 - std[70759c8f55707aa4]::panicking::panic_with_hook
[INFO] [stdout]    7:     0x64bf5a066dd2 - std[70759c8f55707aa4]::panicking::panic_handler::{closure#0}
[INFO] [stdout]    8:     0x64bf5a05f849 - std[70759c8f55707aa4]::sys::backtrace::__rust_end_short_backtrace::<std[70759c8f55707aa4]::panicking::panic_handler::{closure#0}, !>
[INFO] [stdout]    9:     0x64bf5a067bbd - __rustc[8fa7c3cbc660c2b3]::rust_begin_unwind
[INFO] [stdout]   10:     0x64bf5a0a458c - core[df12db4294e9bfd3]::panicking::panic_fmt
[INFO] [stdout]   11:     0x64bf59c0d843 - check_command_docker_integration[4bcf756177232a80]::get_binary_path
[INFO] [stdout]   12:     0x64bf59c098e3 - check_command_docker_integration[4bcf756177232a80]::it_should_display_debug_logs_when_verbose_flag_is_enabled::{closure#0}
[INFO] [stdout]   13:     0x64bf59c00dcb - <tokio[628575a182410bb5]::runtime::scheduler::current_thread::CurrentThread>::block_on::<core[df12db4294e9bfd3]::pin::Pin<&mut dyn core[df12db4294e9bfd3]::future::future::Future<Output = ()>>>
[INFO] [stdout]   14:     0x64bf59bdc072 - <tokio[628575a182410bb5]::runtime::runtime::Runtime>::block_on::<core[df12db4294e9bfd3]::pin::Pin<&mut dyn core[df12db4294e9bfd3]::future::future::Future<Output = ()>>>
[INFO] [stdout]   15:     0x64bf59c14d0e - <check_command_docker_integration[4bcf756177232a80]::it_should_display_debug_logs_when_verbose_flag_is_enabled::{closure#0} as core[df12db4294e9bfd3]::ops::function::FnOnce<()>>::call_once
[INFO] [stdout]   16:     0x64bf59c8b39b - test[9d35eded1c95d3be]::__rust_begin_short_backtrace::<core[df12db4294e9bfd3]::result::Result<(), alloc[2182bb758b4b3781]::string::String>, fn() -> core[df12db4294e9bfd3]::result::Result<(), alloc[2182bb758b4b3781]::string::String>>
[INFO] [stdout]   17:     0x64bf59c98a05 - test[9d35eded1c95d3be]::run_test::{closure#0}
[INFO] [stdout]   18:     0x64bf59c922c4 - std[70759c8f55707aa4]::sys::backtrace::__rust_begin_short_backtrace::<test[9d35eded1c95d3be]::run_test::{closure#1}, ()>
[INFO] [stdout]   19:     0x64bf59c9bb62 - <std[70759c8f55707aa4]::thread::lifecycle::spawn_unchecked<test[9d35eded1c95d3be]::run_test::{closure#1}, ()>::{closure#1} as core[df12db4294e9bfd3]::ops::function::FnOnce<()>>::call_once::{shim:vtable#0}
[INFO] [stdout]   20:     0x64bf5a08c019 - <std[70759c8f55707aa4]::sys::thread::unix::Thread>::new::thread_start
[INFO] [stdout]   21:     0x74218c839dfa - <unknown>
[INFO] [stdout]   22:     0x74218c8cd3d4 - clone
[INFO] [stdout]   23:                0x0 - <unknown>
[INFO] [stdout] 
[INFO] [stdout] ---- it_should_report_missing_dependencies_when_checking_all_in_fresh_ubuntu_container stdout ----
[INFO] [stdout] 
[INFO] [stdout] thread 'it_should_report_missing_dependencies_when_checking_all_in_fresh_ubuntu_container' (3548) panicked at tests/check_command_docker_integration.rs:137:5:
[INFO] [stdout] Binary not found at /opt/target/debug/dependency-installer. Run 'cargo build --bin dependency-installer' first
[INFO] [stdout] stack backtrace:
[INFO] [stdout]    0:     0x64bf5a08d181 - <<std[70759c8f55707aa4]::sys::backtrace::BacktraceLock>::print::DisplayBacktrace as core[df12db4294e9bfd3]::fmt::Display>::fmt
[INFO] [stdout]    1:     0x64bf5a0a3daa - core[df12db4294e9bfd3]::fmt::write
[INFO] [stdout]    2:     0x64bf5a0920dc - <alloc[2182bb758b4b3781]::vec::Vec<u8> as core[df12db4294e9bfd3]::io::write::Write>::write_fmt
[INFO] [stdout]    3:     0x64bf5a066d26 - std[70759c8f55707aa4]::panicking::default_hook::{closure#0}
[INFO] [stdout]    4:     0x64bf5a0845e9 - std[70759c8f55707aa4]::panicking::default_hook
[INFO] [stdout]    5:     0x64bf59c980b0 - test[9d35eded1c95d3be]::test_main_inner::<test[9d35eded1c95d3be]::test_main_static::{closure#0}>::{closure#0}
[INFO] [stdout]    6:     0x64bf5a084912 - std[70759c8f55707aa4]::panicking::panic_with_hook
[INFO] [stdout]    7:     0x64bf5a066dd2 - std[70759c8f55707aa4]::panicking::panic_handler::{closure#0}
[INFO] [stdout]    8:     0x64bf5a05f849 - std[70759c8f55707aa4]::sys::backtrace::__rust_end_short_backtrace::<std[70759c8f55707aa4]::panicking::panic_handler::{closure#0}, !>
[INFO] [stdout]    9:     0x64bf5a067bbd - __rustc[8fa7c3cbc660c2b3]::rust_begin_unwind
[INFO] [stdout]   10:     0x64bf5a0a458c - core[df12db4294e9bfd3]::panicking::panic_fmt
[INFO] [stdout]   11:     0x64bf59c0d843 - check_command_docker_integration[4bcf756177232a80]::get_binary_path
[INFO] [stdout]   12:     0x64bf59c0a23f - check_command_docker_integration[4bcf756177232a80]::it_should_report_missing_dependencies_when_checking_all_in_fresh_ubuntu_container::{closure#0}
[INFO] [stdout]   13:     0x64bf59c00dcb - <tokio[628575a182410bb5]::runtime::scheduler::current_thread::CurrentThread>::block_on::<core[df12db4294e9bfd3]::pin::Pin<&mut dyn core[df12db4294e9bfd3]::future::future::Future<Output = ()>>>
[INFO] [stdout]   14:     0x64bf59bdc072 - <tokio[628575a182410bb5]::runtime::runtime::Runtime>::block_on::<core[df12db4294e9bfd3]::pin::Pin<&mut dyn core[df12db4294e9bfd3]::future::future::Future<Output = ()>>>
[INFO] [stdout]   15:     0x64bf59c1521e - <check_command_docker_integration[4bcf756177232a80]::it_should_report_missing_dependencies_when_checking_all_in_fresh_ubuntu_container::{closure#0} as core[df12db4294e9bfd3]::ops::function::FnOnce<()>>::call_once
[INFO] [stdout]   16:     0x64bf59c8b39b - test[9d35eded1c95d3be]::__rust_begin_short_backtrace::<core[df12db4294e9bfd3]::result::Result<(), alloc[2182bb758b4b3781]::string::String>, fn() -> core[df12db4294e9bfd3]::result::Result<(), alloc[2182bb758b4b3781]::string::String>>
[INFO] [stdout]   17:     0x64bf59c98a05 - test[9d35eded1c95d3be]::run_test::{closure#0}
[INFO] [stdout]   18:     0x64bf59c922c4 - std[70759c8f55707aa4]::sys::backtrace::__rust_begin_short_backtrace::<test[9d35eded1c95d3be]::run_test::{closure#1}, ()>
[INFO] [stdout]   19:     0x64bf59c9bb62 - <std[70759c8f55707aa4]::thread::lifecycle::spawn_unchecked<test[9d35eded1c95d3be]::run_test::{closure#1}, ()>::{closure#1} as core[df12db4294e9bfd3]::ops::function::FnOnce<()>>::call_once::{shim:vtable#0}
[INFO] [stdout]   20:     0x64bf5a08c019 - <std[70759c8f55707aa4]::sys::thread::unix::Thread>::new::thread_start
[INFO] [stdout]   21:     0x74218c839dfa - <unknown>
[INFO] [stdout]   22:     0x74218c8cd3d4 - clone
[INFO] [stdout]   23:                0x0 - <unknown>
[INFO] [stdout] 
[INFO] [stdout] 
[INFO] [stdout] failures:
[INFO] [stdout]     it_should_display_debug_logs_when_verbose_flag_is_enabled
[INFO] [stdout]     it_should_exit_with_error_code_when_checking_missing_specific_dependency
[INFO] [stdout]     it_should_list_all_dependencies_with_their_installation_status
[INFO] [stdout]     it_should_report_missing_dependencies_when_checking_all_in_fresh_ubuntu_container
[INFO] [stdout] 
[INFO] [stdout] test result: FAILED. 6 passed; 4 failed; 0 ignored; 0 measured; 0 filtered out; finished in 0.02s
[INFO] [stdout] 
[INFO] running `Command { std: "docker" "inspect" "d876a0f4218ef67ac6745ead0f46abc64107934a61278150bb8ce0c2eb8e053a", kill_on_drop: false }`
[INFO] running `Command { std: "docker" "rm" "-f" "d876a0f4218ef67ac6745ead0f46abc64107934a61278150bb8ce0c2eb8e053a", kill_on_drop: false }`
[INFO] [stdout] d876a0f4218ef67ac6745ead0f46abc64107934a61278150bb8ce0c2eb8e053a
