[INFO] fetching crate tork-governance 0.4.0...
[INFO] testing tork-governance-0.4.0 against 1.99.0-beta.8+cargoflags=--release for beta-release-1.100-2
[INFO] extracting crate tork-governance 0.4.0 into /workspace/builds/worker-1-tc1/source
[INFO] started tweaking crates.io crate tork-governance 0.4.0
[INFO] removed 0 missing tests
[INFO] finished tweaking crates.io crate tork-governance 0.4.0
[INFO] tweaked toml for crates.io crate tork-governance 0.4.0 written to /workspace/builds/worker-1-tc1/source/Cargo.toml
[INFO] validating manifest of crates.io crate tork-governance 0.4.0 on toolchain 1.99.0-beta.8
[INFO] running `Command { std: CARGO_HOME="/workspace/cargo-home" RUSTUP_HOME="/workspace/rustup-home" "/workspace/cargo-home/bin/cargo" "+1.99.0-beta.8" "metadata" "--manifest-path" "Cargo.toml" "--no-deps", kill_on_drop: false }`
[INFO] crate crates.io crate tork-governance 0.4.0 already has a lockfile, it will not be regenerated
[INFO] running `Command { std: CARGO_HOME="/workspace/cargo-home" RUSTUP_HOME="/workspace/rustup-home" "/workspace/cargo-home/bin/cargo" "+1.99.0-beta.8" "fetch" "--manifest-path" "Cargo.toml", kill_on_drop: false }`
[INFO] running `Command { std: "docker" "create" "-v" "/var/lib/crater-agent-workspace/builds/worker-1-tc1/source:/opt/rustwide/workdir:ro,Z" "-v" "/var/lib/crater-agent-workspace/builds/worker-1-tc1/target:/opt/rustwide/target:rw,Z" "-v" "/var/lib/crater-agent-workspace/cargo-home:/opt/rustwide/cargo-home:ro,Z" "-v" "/var/lib/crater-agent-workspace/rustup-home:/opt/rustwide/rustup-home:ro,Z" "-m" "1610612736" "--network" "none" "ghcr.io/rust-lang/crates-build-env/linux@sha256:77db811e55d90add9212f6832c23229e3de5f1c1f9905e8cb07319ea15df73ac" "sleep" "infinity", kill_on_drop: false }`
[INFO] [stdout] aff1db6e6f35d4350346f08855e4329bc4436db0432ca6ac8fe0f9d28c38e345
[INFO] running `Command { std: "docker" "start" "aff1db6e6f35d4350346f08855e4329bc4436db0432ca6ac8fe0f9d28c38e345", kill_on_drop: false }`
[INFO] running `Command { std: "docker" "inspect" "aff1db6e6f35d4350346f08855e4329bc4436db0432ca6ac8fe0f9d28c38e345", kill_on_drop: false }`
[INFO] running `Command { std: "docker" "exec" "-e" "SOURCE_DIR=/opt/rustwide/workdir" "-e" "CARGO_HOME=/opt/rustwide/cargo-home" "-e" "RUSTUP_HOME=/opt/rustwide/rustup-home" "-e" "CARGO_TARGET_DIR=/opt/rustwide/target" "-w" "/opt/rustwide/workdir" "--user" "0:0" "aff1db6e6f35d4350346f08855e4329bc4436db0432ca6ac8fe0f9d28c38e345" "/opt/rustwide/cargo-home/bin/cargo" "+1.99.0-beta.8" "metadata" "--no-deps" "--format-version=1", kill_on_drop: false }`
[INFO] running `Command { std: "docker" "inspect" "aff1db6e6f35d4350346f08855e4329bc4436db0432ca6ac8fe0f9d28c38e345", kill_on_drop: false }`
[INFO] running `Command { std: "docker" "exec" "-e" "SOURCE_DIR=/opt/rustwide/workdir" "-e" "CARGO_HOME=/opt/rustwide/cargo-home" "-e" "RUSTUP_HOME=/opt/rustwide/rustup-home" "-e" "CARGO_TARGET_DIR=/opt/rustwide/target" "-e" "CARGO_INCREMENTAL=0" "-e" "RUST_BACKTRACE=full" "-e" "RUSTFLAGS=--cap-lints=warn" "-e" "RUSTDOCFLAGS=--cap-lints=warn" "-w" "/opt/rustwide/workdir" "--user" "0:0" "aff1db6e6f35d4350346f08855e4329bc4436db0432ca6ac8fe0f9d28c38e345" "/opt/rustwide/cargo-home/bin/cargo" "+1.99.0-beta.8" "build" "--frozen" "--message-format=json" "--release", kill_on_drop: false }`
[INFO] [stderr]    Compiling quote v1.0.44
[INFO] [stderr]    Compiling proc-macro2 v1.0.106
[INFO] [stderr]    Compiling libc v0.2.180
[INFO] [stderr]    Compiling zmij v1.0.17
[INFO] [stderr]    Compiling aho-corasick v1.1.4
[INFO] [stderr]    Compiling serde_json v1.0.149
[INFO] [stderr]    Compiling syn v2.0.114
[INFO] [stderr]    Compiling getrandom v0.3.4
[INFO] [stderr]    Compiling regex-automata v0.4.13
[INFO] [stderr]    Compiling uuid v1.20.0
[INFO] [stderr]    Compiling serde_derive v1.0.228
[INFO] [stderr]    Compiling regex v1.12.2
[INFO] [stderr]    Compiling serde v1.0.228
[INFO] [stderr]    Compiling chrono v0.4.43
[INFO] [stderr]    Compiling tork-governance v0.4.0 (/opt/rustwide/workdir)
[INFO] [stderr]     Finished `release` profile [optimized] target(s) in 23.45s
[INFO] running `Command { std: "docker" "inspect" "aff1db6e6f35d4350346f08855e4329bc4436db0432ca6ac8fe0f9d28c38e345", kill_on_drop: false }`
[INFO] running `Command { std: "docker" "exec" "-e" "SOURCE_DIR=/opt/rustwide/workdir" "-e" "CARGO_HOME=/opt/rustwide/cargo-home" "-e" "RUSTUP_HOME=/opt/rustwide/rustup-home" "-e" "CARGO_TARGET_DIR=/opt/rustwide/target" "-e" "CARGO_INCREMENTAL=0" "-e" "RUST_BACKTRACE=full" "-e" "RUSTFLAGS=--cap-lints=warn" "-e" "RUSTDOCFLAGS=--cap-lints=warn" "-w" "/opt/rustwide/workdir" "--user" "0:0" "aff1db6e6f35d4350346f08855e4329bc4436db0432ca6ac8fe0f9d28c38e345" "/opt/rustwide/cargo-home/bin/cargo" "+1.99.0-beta.8" "test" "--frozen" "--no-run" "--message-format=json" "--release", kill_on_drop: false }`
[INFO] [stderr]    Compiling tork-governance v0.4.0 (/opt/rustwide/workdir)
[INFO] [stdout] warning: unused imports: `PIIDetectionResult` and `PIIMatch`
[INFO] [stdout]  --> tests/comprehensive_tests.rs:5:67
[INFO] [stdout]   |
[INFO] [stdout] 5 |     detect_pii, generate_receipt_id, hash_text, GovernanceAction, PIIDetectionResult, PIIMatch,
[INFO] [stdout]   |                                                                   ^^^^^^^^^^^^^^^^^^  ^^^^^^^^
[INFO] [stdout]   |
[INFO] [stdout]   = note: `#[warn(unused_imports)]` (part of `#[warn(unused)]`) on by default
[INFO] [stdout] 
[INFO] [stdout] 
[INFO] [stdout] warning: comparison is useless due to type limits
[INFO] [stdout]    --> tests/comprehensive_tests.rs:527:13
[INFO] [stdout]     |
[INFO] [stdout] 527 |     assert!(result.receipt.processing_time_ns >= 0);
[INFO] [stdout]     |             ^^^^^^^^^^^^^^^^^^^^^^^^^^^^^^^^^^^^^^
[INFO] [stdout]     |
[INFO] [stdout]     = note: `#[warn(unused_comparisons)]` on by default
[INFO] [stdout] 
[INFO] [stdout] 
[INFO] [stderr]     Finished `release` profile [optimized] target(s) in 7.22s
[INFO] running `Command { std: "docker" "inspect" "aff1db6e6f35d4350346f08855e4329bc4436db0432ca6ac8fe0f9d28c38e345", kill_on_drop: false }`
[INFO] running `Command { std: "docker" "exec" "-e" "SOURCE_DIR=/opt/rustwide/workdir" "-e" "CARGO_HOME=/opt/rustwide/cargo-home" "-e" "RUSTUP_HOME=/opt/rustwide/rustup-home" "-e" "CARGO_TARGET_DIR=/opt/rustwide/target" "-e" "CARGO_INCREMENTAL=0" "-e" "RUST_BACKTRACE=full" "-e" "RUSTFLAGS=--cap-lints=warn" "-e" "RUSTDOCFLAGS=--cap-lints=warn" "-w" "/opt/rustwide/workdir" "--user" "0:0" "aff1db6e6f35d4350346f08855e4329bc4436db0432ca6ac8fe0f9d28c38e345" "/opt/rustwide/cargo-home/bin/cargo" "+1.99.0-beta.8" "test" "--frozen" "--release", kill_on_drop: false }`
[INFO] [stderr] warning: unused imports: `PIIDetectionResult` and `PIIMatch`
[INFO] [stderr]  --> tests/comprehensive_tests.rs:5:67
[INFO] [stderr]   |
[INFO] [stderr] 5 |     detect_pii, generate_receipt_id, hash_text, GovernanceAction, PIIDetectionResult, PIIMatch,
[INFO] [stderr]   |                                                                   ^^^^^^^^^^^^^^^^^^  ^^^^^^^^
[INFO] [stderr]   |
[INFO] [stderr]   = note: `#[warn(unused_imports)]` (part of `#[warn(unused)]`) on by default
[INFO] [stderr] 
[INFO] [stderr] warning: comparison is useless due to type limits
[INFO] [stderr]    --> tests/comprehensive_tests.rs:527:13
[INFO] [stderr]     |
[INFO] [stderr] 527 |     assert!(result.receipt.processing_time_ns >= 0);
[INFO] [stderr]     |             ^^^^^^^^^^^^^^^^^^^^^^^^^^^^^^^^^^^^^^
[INFO] [stderr]     |
[INFO] [stderr]     = note: `#[warn(unused_comparisons)]` on by default
[INFO] [stderr] 
[INFO] [stderr] warning: `tork-governance` (test "comprehensive_tests") generated 2 warnings (run `cargo fix --test "comprehensive_tests" -p tork-governance` to apply 1 suggestion)
[INFO] [stderr]     Finished `release` profile [optimized] target(s) in 0.06s
[INFO] [stderr]      Running unittests src/lib.rs (/opt/rustwide/target/release/deps/tork_governance-c8a965896cb9f17c)
[INFO] [stdout] 
[INFO] [stdout] running 25 tests
[INFO] [stdout] test middleware::rocket::tests::test_guard_empty ... ok
[INFO] [stdout] test middleware::axum::tests::test_layer_creation ... ok
[INFO] [stdout] test middleware::axum::tests::test_skip_get_request ... ok
[INFO] [stdout] test middleware::actix::tests::test_middleware_creation ... ok
[INFO] [stdout] test tests::test_hash_text_consistency ... ok
[INFO] [stdout] test middleware::rocket::tests::test_fairing_creation ... ok
[INFO] [stdout] test tests::test_receipt_id_uniqueness ... ok
[INFO] [stdout] test middleware::actix::tests::test_skip_get_request ... ok
[INFO] [stdout] test middleware::actix::tests::test_skip_unprotected_path ... ok
[INFO] [stdout] test tests::test_parity_all_declared_pii_types_have_live_patterns ... ok
[INFO] [stdout] test tests::test_tork_govern_without_pii ... ok
[INFO] [stdout] test tests::test_detect_credit_card ... ok
[INFO] [stdout] test tests::test_tork_receipt_generation ... ok
[INFO] [stdout] test tests::test_detect_ssn ... ok
[INFO] [stdout] test tests::test_tork_govern_with_pii ... ok
[INFO] [stdout] test middleware::actix::tests::test_process_post_with_pii ... ok
[INFO] [stdout] test middleware::axum::tests::test_custom_config ... ok
[INFO] [stdout] test tests::test_detect_phone ... ok
[INFO] [stdout] test middleware::rocket::tests::test_process_post_with_pii ... ok
[INFO] [stdout] test tests::test_no_pii ... ok
[INFO] [stdout] test tests::test_multiple_pii_types ... ok
[INFO] [stdout] test middleware::axum::tests::test_process_post_with_pii ... ok
[INFO] [stdout] test tests::test_detect_email ... ok
[INFO] [stdout] test middleware::rocket::tests::test_guard_methods ... ok
[INFO] [stdout] test tests::test_tork_statistics ... ok
[INFO] [stdout] 
[INFO] [stdout] test result: ok. 25 passed; 0 failed; 0 ignored; 0 measured; 0 filtered out; finished in 0.24s
[INFO] [stdout] 
[INFO] [stderr]      Running tests/comprehensive_tests.rs (/opt/rustwide/target/release/deps/comprehensive_tests-c6651d90a41610d7)
[INFO] [stdout] 
[INFO] [stdout] running 73 tests
[INFO] [stdout] test test_generate_receipt_id_multiple_unique ... ok
[INFO] [stdout] test test_generate_receipt_id_unique ... ok
[INFO] [stdout] test test_governance_action_allow ... ok
[INFO] [stdout] test test_governance_action_default ... ok
[INFO] [stdout] test test_governance_action_deny ... ok
[INFO] [stdout] test test_governance_action_escalate ... ok
[INFO] [stdout] test test_governance_action_redact ... ok
[INFO] [stdout] test test_generate_receipt_id_prefix ... ok
[INFO] [stdout] test test_governance_action_serialize ... ok
[INFO] [stdout] test test_hash_text_consistent ... ok
[INFO] [stdout] test test_hash_text_different_inputs ... ok
[INFO] [stdout] test test_detect_pii_match_indices ... ok
[INFO] [stdout] test test_detect_pii_multiple_types ... ok
[INFO] [stdout] test test_detect_pii_email ... ok
[INFO] [stdout] test test_detect_pii_dob ... ok
[INFO] [stdout] test test_hash_text_length ... ok
[INFO] [stdout] test test_detect_pii_empty_string ... ok
[INFO] [stdout] test test_pii_type_address ... ok
[INFO] [stdout] test test_pii_type_bank_account ... ok
[INFO] [stdout] test test_detect_pii_ip_address ... ok
[INFO] [stdout] test test_hash_text_prefix ... ok
[INFO] [stdout] test test_pii_type_credit_card ... ok
[INFO] [stdout] test test_hash_text_unicode ... ok
[INFO] [stdout] test test_pii_type_dob ... ok
[INFO] [stdout] test test_pii_type_drivers_license ... ok
[INFO] [stdout] test test_pii_type_passport ... ok
[INFO] [stdout] test test_pii_type_serialize ... ok
[INFO] [stdout] test test_pii_type_email ... ok
[INFO] [stdout] test test_pii_type_ip_address ... ok
[INFO] [stdout] test test_pii_type_ssn ... ok
[INFO] [stdout] test test_pii_type_phone ... ok
[INFO] [stdout] test test_hash_text_empty ... ok
[INFO] [stdout] test test_governance_result_serialize ... ok
[INFO] [stdout] test test_tork_config_default ... ok
[INFO] [stdout] test test_tork_config_serialize ... ok
[INFO] [stdout] test test_detect_pii_redacts_credit_card ... ok
[INFO] [stdout] test test_receipt_has_policy_version ... ok
[INFO] [stdout] test test_tork_default ... ok
[INFO] [stdout] test test_receipt_has_action ... ok
[INFO] [stdout] test test_tork_get_config ... ok
[INFO] [stdout] test test_detect_pii_credit_card ... ok
[INFO] [stdout] test test_detect_pii_redacts_email ... ok
[INFO] [stdout] test test_detect_pii_no_pii ... ok
[INFO] [stdout] test test_detect_pii_redacts_ssn ... ok
[INFO] [stdout] test test_tork_govern_no_pii ... ok
[INFO] [stdout] test test_detect_pii_ssn ... ok
[INFO] [stdout] test test_detect_pii_redacts_multiple ... ok
[INFO] [stdout] test test_detect_pii_phone ... ok
[INFO] [stdout] test test_receipt_has_timestamp ... ok
[INFO] [stdout] test test_receipt_has_processing_time ... ok
[INFO] [stdout] test test_tork_new ... ok
[INFO] [stdout] test test_tork_govern_empty ... ok
[INFO] [stdout] test test_tork_set_config ... ok
[INFO] [stdout] test test_tork_govern_newlines ... ok
[INFO] [stdout] test test_tork_stats_initial ... ok
[INFO] [stdout] test test_receipt_unique_ids ... ok
[INFO] [stdout] test test_tork_govern_has_receipt ... ok
[INFO] [stdout] test test_tork_with_config ... ok
[INFO] [stdout] test test_tork_govern_receipt_hashes ... ok
[INFO] [stdout] test test_tork_govern_deny_action ... ok
[INFO] [stdout] test test_tork_govern_with_pii ... ok
[INFO] [stdout] test test_tork_govern_has_pii_result ... ok
[INFO] [stdout] test test_tork_govern_tabs ... ok
[INFO] [stdout] test test_tork_govern_unicode ... ok
[INFO] [stdout] test test_tork_reset_stats_action_counts ... ok
[INFO] [stdout] test test_tork_govern_long_text ... ok
[INFO] [stdout] test test_tork_govern_multiple ... ok
[INFO] [stdout] test test_tork_stats_tracks_action_counts ... ok
[INFO] [stdout] test test_tork_stats_tracks_calls ... ok
[INFO] [stdout] test test_tork_govern_special_chars ... ok
[INFO] [stdout] test test_tork_stats_tracks_pii_detected ... ok
[INFO] [stdout] test test_tork_reset_stats ... ok
[INFO] [stdout] test test_tork_govern_repeated ... ok
[INFO] [stdout] 
[INFO] [stdout] test result: ok. 73 passed; 0 failed; 0 ignored; 0 measured; 0 filtered out; finished in 1.03s
[INFO] [stdout] 
[INFO] [stderr]      Running tests/pii_country_tests.rs (/opt/rustwide/target/release/deps/pii_country_tests-aef512d5422d790b)
[INFO] [stdout] 
[INFO] [stdout] running 28 tests
[INFO] [stdout] test names_a_checksum_function_for_every_pattern_that_declares_one ... ok
[INFO] [stdout] test adds_no_false_positive_to_the_business_corpus ... FAILED
[INFO] [stdout] test carries_54_patterns_across_24_profiles_with_51_signals ... ok
[INFO] [stdout] test nothing_is_ever_partially_redacted ... FAILED
[INFO] [stdout] test reads_its_windows_from_the_bundle_and_they_are_not_all_the_same ... ok
[INFO] [stdout] test reproduces_the_cloud_on_every_corpus_vector ... FAILED
[INFO] [stdout] test covers_indonesia_added_in_1_1_0 ... ok
[INFO] [stdout] test diverges_from_the_cloud_only_for_l0_reasons_the_au_bundle_gap_is_closed ... FAILED
[INFO] [stdout] test is_the_version_and_content_the_fixtures_were_generated_from ... FAILED
[INFO] [stdout] test au_medicare_checksum_is_advisory_and_never_rejects_a_match ... ok
[INFO] [stdout] test rule_7_a_generic_header_does_not_act_as_context ... ok
[INFO] [stdout] test au_tfn_with_a_failing_checksum_is_redacted_as_a_near_miss_not_released ... ok
[INFO] [stdout] test rule_6_a_checksum_failing_identifier_is_redacted_generically ... ok
[INFO] [stdout] test detects_the_short_spelling_which_is_a_whole_word_keyword_only ... ok
[INFO] [stdout] test nik_inside_an_ordinary_indonesian_word_does_not_open_the_gate ... ok
[INFO] [stdout] test rule_7_a_column_header_is_the_context_for_a_bare_value_cell ... ok
[INFO] [stdout] test uses_only_the_portable_regex_subset ... ok
[INFO] [stdout] test au_abn_is_detected_even_though_its_own_sentence_activates_no_region ... ok
[INFO] [stdout] test whole_word_matching_respects_boundaries ... ok
[INFO] [stdout] test au_medicare_is_detected_with_its_keyword ... ok
[INFO] [stdout] test au_abn_with_a_failing_checksum_is_dropped_not_near_missed ... ok
[INFO] [stdout] test rule_5_a_country_match_supersedes_a_wider_l0_range_it_contains ... ok
[INFO] [stdout] test a_bare_nik_is_not_redacted ... ok
[INFO] [stdout] test rule_7b_a_closer_commercial_label_closes_the_gate ... ok
[INFO] [stdout] test detects_the_long_spelling_which_is_an_ordinary_substring_keyword ... ok
[INFO] [stdout] test au_tfn_is_detected_in_context_with_a_valid_checksum ... ok
[INFO] [stdout] test per_pattern_unit_cases ... ok
[INFO] [stdout] test rule_7b_can_only_close_a_gate_never_open_one ... ok
[INFO] [stdout] 
[INFO] [stdout] failures:
[INFO] [stdout] 
[INFO] [stdout] ---- adds_no_false_positive_to_the_business_corpus stdout ----
[INFO] [stdout] 
[INFO] [stdout] thread 'adds_no_false_positive_to_the_business_corpus' (776) panicked at tests/pii_country_tests.rs:37:53:
[INFO] [stdout] fixture: Os { code: 2, kind: NotFound, message: "No such file or directory" }
[INFO] [stdout] stack backtrace:
[INFO] [stdout]    0:     0x5eab16c38ba1 - <<std[70759c8f55707aa4]::sys::backtrace::BacktraceLock>::print::DisplayBacktrace as core[df12db4294e9bfd3]::fmt::Display>::fmt
[INFO] [stdout]    1:     0x5eab16c4f98a - core[df12db4294e9bfd3]::fmt::write
[INFO] [stdout]    2:     0x5eab16c3d03c - <alloc[2182bb758b4b3781]::vec::Vec<u8> as core[df12db4294e9bfd3]::io::write::Write>::write_fmt
[INFO] [stdout]    3:     0x5eab16c14e26 - std[70759c8f55707aa4]::panicking::default_hook::{closure#0}
[INFO] [stdout]    4:     0x5eab16c30f99 - std[70759c8f55707aa4]::panicking::default_hook
[INFO] [stdout]    5:     0x5eab16af14c0 - test[9d35eded1c95d3be]::test_main_inner::<test[9d35eded1c95d3be]::test_main_static::{closure#0}>::{closure#0}
[INFO] [stdout]    6:     0x5eab16c31152 - std[70759c8f55707aa4]::panicking::panic_with_hook
[INFO] [stdout]    7:     0x5eab16c14ed2 - std[70759c8f55707aa4]::panicking::panic_handler::{closure#0}
[INFO] [stdout]    8:     0x5eab16c0dac9 - std[70759c8f55707aa4]::sys::backtrace::__rust_end_short_backtrace::<std[70759c8f55707aa4]::panicking::panic_handler::{closure#0}, !>
[INFO] [stdout]    9:     0x5eab16c15acd - __rustc[8fa7c3cbc660c2b3]::rust_begin_unwind
[INFO] [stdout]   10:     0x5eab16c5016c - core[df12db4294e9bfd3]::panicking::panic_fmt
[INFO] [stdout]   11:     0x5eab16c4ff42 - core[df12db4294e9bfd3]::result::unwrap_failed
[INFO] [stdout]   12:     0x5eab16adaa61 - pii_country_tests[65411d59cfd1ef2f]::fixture
[INFO] [stdout]   13:     0x5eab16add360 - <pii_country_tests[65411d59cfd1ef2f]::adds_no_false_positive_to_the_business_corpus::{closure#0} as core[df12db4294e9bfd3]::ops::function::FnOnce<()>>::call_once
[INFO] [stdout]   14:     0x5eab16ae47ab - test[9d35eded1c95d3be]::__rust_begin_short_backtrace::<core[df12db4294e9bfd3]::result::Result<(), alloc[2182bb758b4b3781]::string::String>, fn() -> core[df12db4294e9bfd3]::result::Result<(), alloc[2182bb758b4b3781]::string::String>>
[INFO] [stdout]   15:     0x5eab16af1e15 - test[9d35eded1c95d3be]::run_test::{closure#0}
[INFO] [stdout]   16:     0x5eab16aeb6d4 - std[70759c8f55707aa4]::sys::backtrace::__rust_begin_short_backtrace::<test[9d35eded1c95d3be]::run_test::{closure#1}, ()>
[INFO] [stdout]   17:     0x5eab16af4f72 - <std[70759c8f55707aa4]::thread::lifecycle::spawn_unchecked<test[9d35eded1c95d3be]::run_test::{closure#1}, ()>::{closure#1} as core[df12db4294e9bfd3]::ops::function::FnOnce<()>>::call_once::{shim:vtable#0}
[INFO] [stdout]   18:     0x5eab16c38109 - <std[70759c8f55707aa4]::sys::thread::unix::Thread>::new::thread_start
[INFO] [stdout]   19:     0x712bace9edfa - <unknown>
[INFO] [stdout]   20:     0x712bacf323d4 - clone
[INFO] [stdout]   21:                0x0 - <unknown>
[INFO] [stdout] 
[INFO] [stdout] ---- nothing_is_ever_partially_redacted stdout ----
[INFO] [stdout] 
[INFO] [stdout] thread 'nothing_is_ever_partially_redacted' (791) panicked at tests/pii_country_tests.rs:37:53:
[INFO] [stdout] fixture: Os { code: 2, kind: NotFound, message: "No such file or directory" }
[INFO] [stdout] stack backtrace:
[INFO] [stdout]    0:     0x5eab16c38ba1 - <<std[70759c8f55707aa4]::sys::backtrace::BacktraceLock>::print::DisplayBacktrace as core[df12db4294e9bfd3]::fmt::Display>::fmt
[INFO] [stdout]    1:     0x5eab16c4f98a - core[df12db4294e9bfd3]::fmt::write
[INFO] [stdout]    2:     0x5eab16c3d03c - <alloc[2182bb758b4b3781]::vec::Vec<u8> as core[df12db4294e9bfd3]::io::write::Write>::write_fmt
[INFO] [stdout]    3:     0x5eab16c14e26 - std[70759c8f55707aa4]::panicking::default_hook::{closure#0}
[INFO] [stdout]    4:     0x5eab16c30f99 - std[70759c8f55707aa4]::panicking::default_hook
[INFO] [stdout]    5:     0x5eab16af14c0 - test[9d35eded1c95d3be]::test_main_inner::<test[9d35eded1c95d3be]::test_main_static::{closure#0}>::{closure#0}
[INFO] [stdout]    6:     0x5eab16c31152 - std[70759c8f55707aa4]::panicking::panic_with_hook
[INFO] [stdout]    7:     0x5eab16c14ed2 - std[70759c8f55707aa4]::panicking::panic_handler::{closure#0}
[INFO] [stdout]    8:     0x5eab16c0dac9 - std[70759c8f55707aa4]::sys::backtrace::__rust_end_short_backtrace::<std[70759c8f55707aa4]::panicking::panic_handler::{closure#0}, !>
[INFO] [stdout]    9:     0x5eab16c15acd - __rustc[8fa7c3cbc660c2b3]::rust_begin_unwind
[INFO] [stdout]   10:     0x5eab16c5016c - core[df12db4294e9bfd3]::panicking::panic_fmt
[INFO] [stdout]   11:     0x5eab16c4ff42 - core[df12db4294e9bfd3]::result::unwrap_failed
[INFO] [stdout]   12:     0x5eab16adaa61 - pii_country_tests[65411d59cfd1ef2f]::fixture
[INFO] [stdout]   13:     0x5eab16adbd22 - <pii_country_tests[65411d59cfd1ef2f]::nothing_is_ever_partially_redacted::{closure#0} as core[df12db4294e9bfd3]::ops::function::FnOnce<()>>::call_once
[INFO] [stdout]   14:     0x5eab16ae47ab - test[9d35eded1c95d3be]::__rust_begin_short_backtrace::<core[df12db4294e9bfd3]::result::Result<(), alloc[2182bb758b4b3781]::string::String>, fn() -> core[df12db4294e9bfd3]::result::Result<(), alloc[2182bb758b4b3781]::string::String>>
[INFO] [stdout]   15:     0x5eab16af1e15 - test[9d35eded1c95d3be]::run_test::{closure#0}
[INFO] [stdout]   16:     0x5eab16aeb6d4 - std[70759c8f55707aa4]::sys::backtrace::__rust_begin_short_backtrace::<test[9d35eded1c95d3be]::run_test::{closure#1}, ()>
[INFO] [stdout]   17:     0x5eab16af4f72 - <std[70759c8f55707aa4]::thread::lifecycle::spawn_unchecked<test[9d35eded1c95d3be]::run_test::{closure#1}, ()>::{closure#1} as core[df12db4294e9bfd3]::ops::function::FnOnce<()>>::call_once::{shim:vtable#0}
[INFO] [stdout]   18:     0x5eab16c38109 - <std[70759c8f55707aa4]::sys::thread::unix::Thread>::new::thread_start
[INFO] [stdout]   19:     0x712bace9edfa - <unknown>
[INFO] [stdout]   20:     0x712bacf323d4 - clone
[INFO] [stdout]   21:                0x0 - <unknown>
[INFO] [stdout] 
[INFO] [stdout] ---- reproduces_the_cloud_on_every_corpus_vector stdout ----
[INFO] [stdout] 
[INFO] [stdout] thread 'reproduces_the_cloud_on_every_corpus_vector' (794) panicked at tests/pii_country_tests.rs:37:53:
[INFO] [stdout] fixture: Os { code: 2, kind: NotFound, message: "No such file or directory" }
[INFO] [stdout] stack backtrace:
[INFO] [stdout]    0:     0x5eab16c38ba1 - <<std[70759c8f55707aa4]::sys::backtrace::BacktraceLock>::print::DisplayBacktrace as core[df12db4294e9bfd3]::fmt::Display>::fmt
[INFO] [stdout]    1:     0x5eab16c4f98a - core[df12db4294e9bfd3]::fmt::write
[INFO] [stdout]    2:     0x5eab16c3d03c - <alloc[2182bb758b4b3781]::vec::Vec<u8> as core[df12db4294e9bfd3]::io::write::Write>::write_fmt
[INFO] [stdout]    3:     0x5eab16c14e26 - std[70759c8f55707aa4]::panicking::default_hook::{closure#0}
[INFO] [stdout]    4:     0x5eab16c30f99 - std[70759c8f55707aa4]::panicking::default_hook
[INFO] [stdout]    5:     0x5eab16af14c0 - test[9d35eded1c95d3be]::test_main_inner::<test[9d35eded1c95d3be]::test_main_static::{closure#0}>::{closure#0}
[INFO] [stdout]    6:     0x5eab16c31152 - std[70759c8f55707aa4]::panicking::panic_with_hook
[INFO] [stdout]    7:     0x5eab16c14ed2 - std[70759c8f55707aa4]::panicking::panic_handler::{closure#0}
[INFO] [stdout]    8:     0x5eab16c0dac9 - std[70759c8f55707aa4]::sys::backtrace::__rust_end_short_backtrace::<std[70759c8f55707aa4]::panicking::panic_handler::{closure#0}, !>
[INFO] [stdout]    9:     0x5eab16c15acd - __rustc[8fa7c3cbc660c2b3]::rust_begin_unwind
[INFO] [stdout]   10:     0x5eab16c5016c - core[df12db4294e9bfd3]::panicking::panic_fmt
[INFO] [stdout]   11:     0x5eab16c4ff42 - core[df12db4294e9bfd3]::result::unwrap_failed
[INFO] [stdout]   12:     0x5eab16adaa61 - pii_country_tests[65411d59cfd1ef2f]::fixture
[INFO] [stdout]   13:     0x5eab16adc4d0 - <pii_country_tests[65411d59cfd1ef2f]::reproduces_the_cloud_on_every_corpus_vector::{closure#0} as core[df12db4294e9bfd3]::ops::function::FnOnce<()>>::call_once
[INFO] [stdout]   14:     0x5eab16ae47ab - test[9d35eded1c95d3be]::__rust_begin_short_backtrace::<core[df12db4294e9bfd3]::result::Result<(), alloc[2182bb758b4b3781]::string::String>, fn() -> core[df12db4294e9bfd3]::result::Result<(), alloc[2182bb758b4b3781]::string::String>>
[INFO] [stdout]   15:     0x5eab16af1e15 - test[9d35eded1c95d3be]::run_test::{closure#0}
[INFO] [stdout]   16:     0x5eab16aeb6d4 - std[70759c8f55707aa4]::sys::backtrace::__rust_begin_short_backtrace::<test[9d35eded1c95d3be]::run_test::{closure#1}, ()>
[INFO] [stdout]   17:     0x5eab16af4f72 - <std[70759c8f55707aa4]::thread::lifecycle::spawn_unchecked<test[9d35eded1c95d3be]::run_test::{closure#1}, ()>::{closure#1} as core[df12db4294e9bfd3]::ops::function::FnOnce<()>>::call_once::{shim:vtable#0}
[INFO] [stdout]   18:     0x5eab16c38109 - <std[70759c8f55707aa4]::sys::thread::unix::Thread>::new::thread_start
[INFO] [stdout]   19:     0x712bace9edfa - <unknown>
[INFO] [stdout]   20:     0x712bacf323d4 - clone
[INFO] [stdout]   21:                0x0 - <unknown>
[INFO] [stdout] 
[INFO] [stdout] ---- diverges_from_the_cloud_only_for_l0_reasons_the_au_bundle_gap_is_closed stdout ----
[INFO] [stdout] 
[INFO] [stdout] thread 'diverges_from_the_cloud_only_for_l0_reasons_the_au_bundle_gap_is_closed' (787) panicked at tests/pii_country_tests.rs:37:53:
[INFO] [stdout] fixture: Os { code: 2, kind: NotFound, message: "No such file or directory" }
[INFO] [stdout] stack backtrace:
[INFO] [stdout]    0:     0x5eab16c38ba1 - <<std[70759c8f55707aa4]::sys::backtrace::BacktraceLock>::print::DisplayBacktrace as core[df12db4294e9bfd3]::fmt::Display>::fmt
[INFO] [stdout]    1:     0x5eab16c4f98a - core[df12db4294e9bfd3]::fmt::write
[INFO] [stdout]    2:     0x5eab16c3d03c - <alloc[2182bb758b4b3781]::vec::Vec<u8> as core[df12db4294e9bfd3]::io::write::Write>::write_fmt
[INFO] [stdout]    3:     0x5eab16c14e26 - std[70759c8f55707aa4]::panicking::default_hook::{closure#0}
[INFO] [stdout]    4:     0x5eab16c30f99 - std[70759c8f55707aa4]::panicking::default_hook
[INFO] [stdout]    5:     0x5eab16af14c0 - test[9d35eded1c95d3be]::test_main_inner::<test[9d35eded1c95d3be]::test_main_static::{closure#0}>::{closure#0}
[INFO] [stdout]    6:     0x5eab16c31152 - std[70759c8f55707aa4]::panicking::panic_with_hook
[INFO] [stdout]    7:     0x5eab16c14ed2 - std[70759c8f55707aa4]::panicking::panic_handler::{closure#0}
[INFO] [stdout]    8:     0x5eab16c0dac9 - std[70759c8f55707aa4]::sys::backtrace::__rust_end_short_backtrace::<std[70759c8f55707aa4]::panicking::panic_handler::{closure#0}, !>
[INFO] [stdout]    9:     0x5eab16c15acd - __rustc[8fa7c3cbc660c2b3]::rust_begin_unwind
[INFO] [stdout]   10:     0x5eab16c5016c - core[df12db4294e9bfd3]::panicking::panic_fmt
[INFO] [stdout]   11:     0x5eab16c4ff42 - core[df12db4294e9bfd3]::result::unwrap_failed
[INFO] [stdout]   12:     0x5eab16adaa61 - pii_country_tests[65411d59cfd1ef2f]::fixture
[INFO] [stdout]   13:     0x5eab16adee9d - <pii_country_tests[65411d59cfd1ef2f]::diverges_from_the_cloud_only_for_l0_reasons_the_au_bundle_gap_is_closed::{closure#0} as core[df12db4294e9bfd3]::ops::function::FnOnce<()>>::call_once
[INFO] [stdout]   14:     0x5eab16ae47ab - test[9d35eded1c95d3be]::__rust_begin_short_backtrace::<core[df12db4294e9bfd3]::result::Result<(), alloc[2182bb758b4b3781]::string::String>, fn() -> core[df12db4294e9bfd3]::result::Result<(), alloc[2182bb758b4b3781]::string::String>>
[INFO] [stdout]   15:     0x5eab16af1e15 - test[9d35eded1c95d3be]::run_test::{closure#0}
[INFO] [stdout]   16:     0x5eab16aeb6d4 - std[70759c8f55707aa4]::sys::backtrace::__rust_begin_short_backtrace::<test[9d35eded1c95d3be]::run_test::{closure#1}, ()>
[INFO] [stdout]   17:     0x5eab16af4f72 - <std[70759c8f55707aa4]::thread::lifecycle::spawn_unchecked<test[9d35eded1c95d3be]::run_test::{closure#1}, ()>::{closure#1} as core[df12db4294e9bfd3]::ops::function::FnOnce<()>>::call_once::{shim:vtable#0}
[INFO] [stdout]   18:     0x5eab16c38109 - <std[70759c8f55707aa4]::sys::thread::unix::Thread>::new::thread_start
[INFO] [stdout]   19:     0x712bace9edfa - <unknown>
[INFO] [stdout]   20:     0x712bacf323d4 - clone
[INFO] [stdout]   21:                0x0 - <unknown>
[INFO] [stdout] 
[INFO] [stdout] ---- is_the_version_and_content_the_fixtures_were_generated_from stdout ----
[INFO] [stdout] 
[INFO] [stdout] thread 'is_the_version_and_content_the_fixtures_were_generated_from' (788) panicked at tests/pii_country_tests.rs:37:53:
[INFO] [stdout] fixture: Os { code: 2, kind: NotFound, message: "No such file or directory" }
[INFO] [stdout] stack backtrace:
[INFO] [stdout]    0:     0x5eab16c38ba1 - <<std[70759c8f55707aa4]::sys::backtrace::BacktraceLock>::print::DisplayBacktrace as core[df12db4294e9bfd3]::fmt::Display>::fmt
[INFO] [stdout]    1:     0x5eab16c4f98a - core[df12db4294e9bfd3]::fmt::write
[INFO] [stdout]    2:     0x5eab16c3d03c - <alloc[2182bb758b4b3781]::vec::Vec<u8> as core[df12db4294e9bfd3]::io::write::Write>::write_fmt
[INFO] [stdout]    3:     0x5eab16c14e26 - std[70759c8f55707aa4]::panicking::default_hook::{closure#0}
[INFO] [stdout]    4:     0x5eab16c30f99 - std[70759c8f55707aa4]::panicking::default_hook
[INFO] [stdout]    5:     0x5eab16af14c0 - test[9d35eded1c95d3be]::test_main_inner::<test[9d35eded1c95d3be]::test_main_static::{closure#0}>::{closure#0}
[INFO] [stdout]    6:     0x5eab16c31152 - std[70759c8f55707aa4]::panicking::panic_with_hook
[INFO] [stdout]    7:     0x5eab16c14ed2 - std[70759c8f55707aa4]::panicking::panic_handler::{closure#0}
[INFO] [stdout]    8:     0x5eab16c0dac9 - std[70759c8f55707aa4]::sys::backtrace::__rust_end_short_backtrace::<std[70759c8f55707aa4]::panicking::panic_handler::{closure#0}, !>
[INFO] [stdout]    9:     0x5eab16c15acd - __rustc[8fa7c3cbc660c2b3]::rust_begin_unwind
[INFO] [stdout]   10:     0x5eab16c5016c - core[df12db4294e9bfd3]::panicking::panic_fmt
[INFO] [stdout]   11:     0x5eab16c4ff42 - core[df12db4294e9bfd3]::result::unwrap_failed
[INFO] [stdout]   12:     0x5eab16adaa61 - pii_country_tests[65411d59cfd1ef2f]::fixture
[INFO] [stdout]   13:     0x5eab16addcc7 - <pii_country_tests[65411d59cfd1ef2f]::is_the_version_and_content_the_fixtures_were_generated_from::{closure#0} as core[df12db4294e9bfd3]::ops::function::FnOnce<()>>::call_once
[INFO] [stdout]   14:     0x5eab16ae47ab - test[9d35eded1c95d3be]::__rust_begin_short_backtrace::<core[df12db4294e9bfd3]::result::Result<(), alloc[2182bb758b4b3781]::string::String>, fn() -> core[df12db4294e9bfd3]::result::Result<(), alloc[2182bb758b4b3781]::string::String>>
[INFO] [stdout]   15:     0x5eab16af1e15 - test[9d35eded1c95d3be]::run_test::{closure#0}
[INFO] [stdout]   16:     0x5eab16aeb6d4 - std[70759c8f55707aa4]::sys::backtrace::__rust_begin_short_backtrace::<test[9d35eded1c95d3be]::run_test::{closure#1}, ()>
[INFO] [stdout]   17:     0x5eab16af4f72 - <std[70759c8f55707aa4]::thread::lifecycle::spawn_unchecked<test[9d35eded1c95d3be]::run_test::{closure#1}, ()>::{closure#1} as core[df12db4294e9bfd3]::ops::function::FnOnce<()>>::call_once::{shim:vtable#0}
[INFO] [stdout]   18:     0x5eab16c38109 - <std[70759c8f55707aa4]::sys::thread::unix::Thread>::new::thread_start
[INFO] [stdout]   19:     0x712bace9edfa - <unknown>
[INFO] [stdout]   20:     0x712bacf323d4 - clone
[INFO] [stdout]   21:                0x0 - <unknown>
[INFO] [stdout] 
[INFO] [stdout] 
[INFO] [stdout] failures:
[INFO] [stdout]     adds_no_false_positive_to_the_business_corpus
[INFO] [stdout]     diverges_from_the_cloud_only_for_l0_reasons_the_au_bundle_gap_is_closed
[INFO] [stdout]     is_the_version_and_content_the_fixtures_were_generated_from
[INFO] [stdout]     nothing_is_ever_partially_redacted
[INFO] [stdout]     reproduces_the_cloud_on_every_corpus_vector
[INFO] [stdout] 
[INFO] [stdout] test result: FAILED. 23 passed; 5 failed; 0 ignored; 0 measured; 0 filtered out; finished in 0.27s
[INFO] [stdout] 
[INFO] [stderr] error: test failed, to rerun pass `--test pii_country_tests`
[INFO] running `Command { std: "docker" "inspect" "aff1db6e6f35d4350346f08855e4329bc4436db0432ca6ac8fe0f9d28c38e345", kill_on_drop: false }`
[INFO] running `Command { std: "docker" "rm" "-f" "aff1db6e6f35d4350346f08855e4329bc4436db0432ca6ac8fe0f9d28c38e345", kill_on_drop: false }`
[INFO] [stdout] aff1db6e6f35d4350346f08855e4329bc4436db0432ca6ac8fe0f9d28c38e345
