[INFO] fetching crate torbox-torrent-rs 0.1.0...
[INFO] testing torbox-torrent-rs-0.1.0 against 1.99.0-beta.8+cargoflags=--release for beta-release-1.100-2
[INFO] extracting crate torbox-torrent-rs 0.1.0 into /workspace/builds/worker-7-tc1/source
[INFO] started tweaking crates.io crate torbox-torrent-rs 0.1.0
[INFO] finished tweaking crates.io crate torbox-torrent-rs 0.1.0
[INFO] tweaked toml for crates.io crate torbox-torrent-rs 0.1.0 written to /workspace/builds/worker-7-tc1/source/Cargo.toml
[INFO] validating manifest of crates.io crate torbox-torrent-rs 0.1.0 on toolchain 1.99.0-beta.8
[INFO] running `Command { std: CARGO_HOME="/workspace/cargo-home" RUSTUP_HOME="/workspace/rustup-home" "/workspace/cargo-home/bin/cargo" "+1.99.0-beta.8" "metadata" "--manifest-path" "Cargo.toml" "--no-deps", kill_on_drop: false }`
[INFO] crate crates.io crate torbox-torrent-rs 0.1.0 already has a lockfile, it will not be regenerated
[INFO] running `Command { std: CARGO_HOME="/workspace/cargo-home" RUSTUP_HOME="/workspace/rustup-home" "/workspace/cargo-home/bin/cargo" "+1.99.0-beta.8" "fetch" "--manifest-path" "Cargo.toml", kill_on_drop: false }`
[INFO] [stderr]     Updating crates.io index
[INFO] [stderr]  Downloading crates ...
[INFO] [stderr]   Downloaded tokio-macros v2.5.0
[INFO] [stderr]   Downloaded torbox-core-rs v0.1.0
[INFO] [stderr]   Downloaded quote v1.0.40
[INFO] [stderr]   Downloaded mio v1.0.4
[INFO] [stderr]   Downloaded Inflector v0.11.4
[INFO] [stderr]   Downloaded syn v2.0.104
[INFO] [stderr]   Downloaded windows-implement v0.60.0
[INFO] [stderr]   Downloaded openssl v0.10.73
[INFO] [stderr]   Downloaded gimli v0.31.1
[INFO] [stderr]   Downloaded zerovec-derive v0.11.1
[INFO] [stderr]   Downloaded icu_provider v2.0.0
[INFO] [stderr]   Downloaded tokio v1.45.1
[INFO] [stderr]   Downloaded object v0.36.7
[INFO] [stderr]   Downloaded thiserror v2.0.12
[INFO] [stderr]   Downloaded iana-time-zone v0.1.63
[INFO] [stderr]   Downloaded icu_properties_data v2.0.1
[INFO] [stderr]   Downloaded reqwest v0.12.20
[INFO] [stderr]   Downloaded bitflags v2.9.1
[INFO] [stderr]   Downloaded thiserror-impl v2.0.12
[INFO] [stderr]   Downloaded addr2line v0.24.2
[INFO] [stderr]   Downloaded tracing v0.1.41
[INFO] [stderr]   Downloaded backtrace v0.3.75
[INFO] [stderr]   Downloaded specta v2.0.0-rc.22
[INFO] [stderr]   Downloaded url v2.5.4
[INFO] [stderr]   Downloaded idna v1.0.3
[INFO] [stderr]   Downloaded errno v0.3.13
[INFO] [stderr]   Downloaded schannel v0.1.27
[INFO] [stderr]   Downloaded chrono v0.4.41
[INFO] [stderr]   Downloaded openssl-probe v0.1.6
[INFO] [stderr]   Downloaded native-tls v0.2.14
[INFO] [stderr]   Downloaded icu_normalizer_data v2.0.0
[INFO] [stderr]   Downloaded rustls-pki-types v1.12.0
[INFO] [stderr]   Downloaded tower-http v0.6.6
[INFO] [stderr]   Downloaded bytes v1.10.1
[INFO] [stderr]   Downloaded stable_deref_trait v1.2.0
[INFO] [stderr]   Downloaded yoke v0.8.0
[INFO] [stderr]   Downloaded zeroize v1.8.1
[INFO] [stderr]   Downloaded getrandom v0.3.3
[INFO] [stderr]   Downloaded security-framework-sys v2.14.0
[INFO] [stderr]   Downloaded slab v0.4.10
[INFO] [stderr]   Downloaded icu_collections v2.0.0
[INFO] [stderr]   Downloaded hyper-util v0.1.14
[INFO] [stderr]   Downloaded writeable v0.6.1
[INFO] [stderr]   Downloaded tempfile v3.20.0
[INFO] [stderr]   Downloaded tokio-rustls v0.26.2
[INFO] [stderr]   Downloaded yoke-derive v0.8.0
[INFO] [stderr]   Downloaded security-framework v2.11.1
[INFO] [stderr]   Downloaded potential_utf v0.1.2
[INFO] [stderr]   Downloaded tinystr v0.8.1
[INFO] [stderr]   Downloaded wit-bindgen-rt v0.39.0
[INFO] [stderr]   Downloaded log v0.4.27
[INFO] [stderr]   Downloaded wasm-bindgen-futures v0.4.50
[INFO] [stderr]   Downloaded tracing-core v0.1.34
[INFO] [stderr]   Downloaded rustc-demangle v0.1.25
[INFO] [stderr]   Downloaded openssl-sys v0.9.109
[INFO] [stderr]   Downloaded system-configuration v0.6.1
[INFO] [stderr]   Downloaded proc-macro2 v1.0.95
[INFO] [stderr]   Downloaded cc v1.2.27
[INFO] [stderr]   Downloaded litemap v0.8.0
[INFO] [stderr]   Downloaded indexmap v2.9.0
[INFO] [stderr]   Downloaded specta-macros v2.0.0-rc.18
[INFO] [stderr]   Downloaded icu_locale_core v2.0.0
[INFO] [stderr]   Downloaded tokio-util v0.7.15
[INFO] [stderr]   Downloaded hashbrown v0.15.4
[INFO] [stderr]   Downloaded zerovec v0.11.2
[INFO] [stderr]   Downloaded http v1.3.1
[INFO] [stderr]   Downloaded hyper v1.6.0
[INFO] [stderr]   Downloaded windows-interface v0.59.1
[INFO] [stderr]   Downloaded h2 v0.4.10
[INFO] [stderr]   Downloaded iri-string v0.7.8
[INFO] [stderr]   Downloaded zerotrie v0.2.2
[INFO] [stderr]   Downloaded windows-targets v0.53.2
[INFO] [stderr]   Downloaded rustls-webpki v0.103.3
[INFO] [stderr]   Downloaded windows-registry v0.5.3
[INFO] [stderr]   Downloaded tower v0.5.2
[INFO] [stderr]   Downloaded icu_properties v2.0.1
[INFO] [stderr]   Downloaded icu_normalizer v2.0.0
[INFO] [stderr]   Downloaded rustix v1.0.7
[INFO] [stderr]   Downloaded wasi v0.14.2+wasi-0.2.4
[INFO] [stderr]   Downloaded rustls v0.23.28
[INFO] [stderr]   Downloaded windows_x86_64_msvc v0.53.0
[INFO] [stderr]   Downloaded libc v0.2.174
[INFO] [stderr]   Downloaded windows_x86_64_gnullvm v0.53.0
[INFO] [stderr]   Downloaded windows_aarch64_gnullvm v0.53.0
[INFO] [stderr]   Downloaded windows_aarch64_msvc v0.53.0
[INFO] [stderr]   Downloaded windows_i686_gnullvm v0.53.0
[INFO] [stderr]   Downloaded windows_i686_msvc v0.53.0
[INFO] [stderr]   Downloaded windows_i686_gnu v0.53.0
[INFO] [stderr]   Downloaded windows_x86_64_gnu v0.53.0
[INFO] [stderr]   Downloaded linux-raw-sys v0.9.4
[INFO] running `Command { std: "docker" "create" "-v" "/var/lib/crater-agent-workspace/builds/worker-7-tc1/source:/opt/rustwide/workdir:ro,Z" "-v" "/var/lib/crater-agent-workspace/builds/worker-7-tc1/target:/opt/rustwide/target:rw,Z" "-v" "/var/lib/crater-agent-workspace/cargo-home:/opt/rustwide/cargo-home:ro,Z" "-v" "/var/lib/crater-agent-workspace/rustup-home:/opt/rustwide/rustup-home:ro,Z" "-m" "1610612736" "--network" "none" "ghcr.io/rust-lang/crates-build-env/linux@sha256:77db811e55d90add9212f6832c23229e3de5f1c1f9905e8cb07319ea15df73ac" "sleep" "infinity", kill_on_drop: false }`
[INFO] [stdout] db1157025d0234c3c8fd67d0e7f9976bfcc76cfe74761f13303f7987caa0354a
[INFO] running `Command { std: "docker" "start" "db1157025d0234c3c8fd67d0e7f9976bfcc76cfe74761f13303f7987caa0354a", kill_on_drop: false }`
[INFO] running `Command { std: "docker" "inspect" "db1157025d0234c3c8fd67d0e7f9976bfcc76cfe74761f13303f7987caa0354a", kill_on_drop: false }`
[INFO] running `Command { std: "docker" "exec" "-e" "SOURCE_DIR=/opt/rustwide/workdir" "-e" "CARGO_HOME=/opt/rustwide/cargo-home" "-e" "RUSTUP_HOME=/opt/rustwide/rustup-home" "-e" "CARGO_TARGET_DIR=/opt/rustwide/target" "-w" "/opt/rustwide/workdir" "--user" "0:0" "db1157025d0234c3c8fd67d0e7f9976bfcc76cfe74761f13303f7987caa0354a" "/opt/rustwide/cargo-home/bin/cargo" "+1.99.0-beta.8" "metadata" "--no-deps" "--format-version=1", kill_on_drop: false }`
[INFO] running `Command { std: "docker" "inspect" "db1157025d0234c3c8fd67d0e7f9976bfcc76cfe74761f13303f7987caa0354a", kill_on_drop: false }`
[INFO] running `Command { std: "docker" "exec" "-e" "SOURCE_DIR=/opt/rustwide/workdir" "-e" "CARGO_HOME=/opt/rustwide/cargo-home" "-e" "RUSTUP_HOME=/opt/rustwide/rustup-home" "-e" "CARGO_TARGET_DIR=/opt/rustwide/target" "-e" "CARGO_INCREMENTAL=0" "-e" "RUST_BACKTRACE=full" "-e" "RUSTFLAGS=--cap-lints=warn" "-e" "RUSTDOCFLAGS=--cap-lints=warn" "-w" "/opt/rustwide/workdir" "--user" "0:0" "db1157025d0234c3c8fd67d0e7f9976bfcc76cfe74761f13303f7987caa0354a" "/opt/rustwide/cargo-home/bin/cargo" "+1.99.0-beta.8" "build" "--frozen" "--message-format=json" "--release", kill_on_drop: false }`
[INFO] [stderr]    Compiling proc-macro2 v1.0.95
[INFO] [stderr]    Compiling unicode-ident v1.0.18
[INFO] [stderr]    Compiling libc v0.2.174
[INFO] [stderr]    Compiling stable_deref_trait v1.2.0
[INFO] [stderr]    Compiling bytes v1.10.1
[INFO] [stderr]    Compiling pin-project-lite v0.2.16
[INFO] [stderr]    Compiling itoa v1.0.15
[INFO] [stderr]    Compiling futures-core v0.3.31
[INFO] [stderr]    Compiling shlex v1.3.0
[INFO] [stderr]    Compiling once_cell v1.21.3
[INFO] [stderr]    Compiling vcpkg v0.2.15
[INFO] [stderr]    Compiling pkg-config v0.3.32
[INFO] [stderr]    Compiling smallvec v1.15.1
[INFO] [stderr]    Compiling writeable v0.6.1
[INFO] [stderr]    Compiling litemap v0.8.0
[INFO] [stderr]    Compiling serde v1.0.219
[INFO] [stderr]    Compiling pin-utils v0.1.0
[INFO] [stderr]    Compiling futures-task v0.3.31
[INFO] [stderr]    Compiling cc v1.2.27
[INFO] [stderr]    Compiling icu_properties_data v2.0.1
[INFO] [stderr]    Compiling icu_normalizer_data v2.0.0
[INFO] [stderr]    Compiling futures-sink v0.3.31
[INFO] [stderr]    Compiling bitflags v2.9.1
[INFO] [stderr]    Compiling foreign-types-shared v0.1.1
[INFO] [stderr]    Compiling openssl v0.10.73
[INFO] [stderr]    Compiling cfg-if v1.0.1
[INFO] [stderr]    Compiling hashbrown v0.15.4
[INFO] [stderr]    Compiling tracing-core v0.1.34
[INFO] [stderr]    Compiling futures-util v0.3.31
[INFO] [stderr]    Compiling percent-encoding v2.3.1
[INFO] [stderr]    Compiling foreign-types v0.3.2
[INFO] [stderr]    Compiling native-tls v0.2.14
[INFO] [stderr]    Compiling slab v0.4.10
[INFO] [stderr]    Compiling autocfg v1.5.0
[INFO] [stderr]    Compiling futures-channel v0.3.31
[INFO] [stderr]    Compiling log v0.4.27
[INFO] [stderr]    Compiling unicase v2.8.1
[INFO] [stderr]    Compiling ryu v1.0.20
[INFO] [stderr]    Compiling openssl-probe v0.1.6
[INFO] [stderr]    Compiling serde_json v1.0.140
[INFO] [stderr]    Compiling mime_guess v2.0.5
[INFO] [stderr]    Compiling num-traits v0.2.19
[INFO] [stderr]    Compiling form_urlencoded v1.2.1
[INFO] [stderr]    Compiling sync_wrapper v1.0.2
[INFO] [stderr]    Compiling tracing v0.1.41
[INFO] [stderr]    Compiling thiserror v1.0.69
[INFO] [stderr]    Compiling memchr v2.7.5
[INFO] [stderr]    Compiling ipnet v2.11.0
[INFO] [stderr]    Compiling iana-time-zone v0.1.63
[INFO] [stderr]    Compiling zeroize v1.8.1
[INFO] [stderr]    Compiling iri-string v0.7.8
[INFO] [stderr]    Compiling http v1.3.1
[INFO] [stderr]    Compiling quote v1.0.40
[INFO] [stderr]    Compiling thiserror v2.0.12
[INFO] [stderr]    Compiling Inflector v0.11.4
[INFO] [stderr]    Compiling syn v2.0.104
[INFO] [stderr]    Compiling rustls-pki-types v1.12.0
[INFO] [stderr]    Compiling encoding_rs v0.8.35
[INFO] [stderr]    Compiling dotenvy v0.15.7
[INFO] [stderr]    Compiling socket2 v0.5.10
[INFO] [stderr]    Compiling mio v1.0.4
[INFO] [stderr]    Compiling indexmap v2.9.0
[INFO] [stderr]    Compiling openssl-sys v0.9.109
[INFO] [stderr]    Compiling http-body v1.0.1
[INFO] [stderr]    Compiling http-body-util v0.1.3
[INFO] [stderr]    Compiling synstructure v0.13.2
[INFO] [stderr]    Compiling zerovec-derive v0.11.1
[INFO] [stderr]    Compiling displaydoc v0.2.5
[INFO] [stderr]    Compiling tokio-macros v2.5.0
[INFO] [stderr]    Compiling serde_derive v1.0.219
[INFO] [stderr]    Compiling openssl-macros v0.1.1
[INFO] [stderr]    Compiling thiserror-impl v1.0.69
[INFO] [stderr]    Compiling specta-macros v2.0.0-rc.18
[INFO] [stderr]    Compiling thiserror-impl v2.0.12
[INFO] [stderr]    Compiling async-trait v0.1.89
[INFO] [stderr]    Compiling zerofrom-derive v0.1.6
[INFO] [stderr]    Compiling yoke-derive v0.8.0
[INFO] [stderr]    Compiling tokio v1.45.1
[INFO] [stderr]    Compiling zerofrom v0.1.6
[INFO] [stderr]    Compiling yoke v0.8.0
[INFO] [stderr]    Compiling zerovec v0.11.2
[INFO] [stderr]    Compiling zerotrie v0.2.2
[INFO] [stderr]    Compiling tinystr v0.8.1
[INFO] [stderr]    Compiling potential_utf v0.1.2
[INFO] [stderr]    Compiling icu_collections v2.0.0
[INFO] [stderr]    Compiling icu_locale_core v2.0.0
[INFO] [stderr]    Compiling icu_provider v2.0.0
[INFO] [stderr]    Compiling icu_properties v2.0.1
[INFO] [stderr]    Compiling icu_normalizer v2.0.0
[INFO] [stderr]    Compiling idna_adapter v1.2.1
[INFO] [stderr]    Compiling idna v1.0.3
[INFO] [stderr]    Compiling url v2.5.4
[INFO] [stderr]    Compiling tokio-util v0.7.15
[INFO] [stderr]    Compiling tokio-native-tls v0.3.1
[INFO] [stderr]    Compiling tower v0.5.2
[INFO] [stderr]    Compiling tower-http v0.6.6
[INFO] [stderr]    Compiling chrono v0.4.41
[INFO] [stderr]    Compiling h2 v0.4.10
[INFO] [stderr]    Compiling serde_urlencoded v0.7.1
[INFO] [stderr]    Compiling specta v2.0.0-rc.22
[INFO] [stderr]    Compiling hyper v1.6.0
[INFO] [stderr]    Compiling hyper-util v0.1.14
[INFO] [stderr]    Compiling hyper-tls v0.6.0
[INFO] [stderr]    Compiling reqwest v0.12.20
[INFO] [stderr]    Compiling torbox-core-rs v0.1.0
[INFO] [stderr]    Compiling torbox-torrent-rs v0.1.0 (/opt/rustwide/workdir)
[INFO] [stdout] warning: unused import: `TorrentExportType`
[INFO] [stdout]  --> src/body.rs:6:42
[INFO] [stdout]   |
[INFO] [stdout] 6 | use crate::types::{TorrentControlSource, TorrentExportType, TorrentOperation, TorrentSource};
[INFO] [stdout]   |                                          ^^^^^^^^^^^^^^^^^
[INFO] [stdout]   |
[INFO] [stdout]   = note: `#[warn(unused_imports)]` (part of `#[warn(unused)]`) on by default
[INFO] [stdout] 
[INFO] [stdout] 
[INFO] [stdout] warning: unused imports: `TorrentExportResponse` and `TorrentSource`
[INFO] [stdout]   --> src/endpoint.rs:11:38
[INFO] [stdout]    |
[INFO] [stdout] 11 |     types::{TorrentDownloadResponse, TorrentExportResponse, TorrentSource},
[INFO] [stdout]    |                                      ^^^^^^^^^^^^^^^^^^^^^  ^^^^^^^^^^^^^
[INFO] [stdout] 
[INFO] [stdout] 
[INFO] [stdout] warning: unused import: `std::path::PathBuf`
[INFO] [stdout]  --> src/types.rs:1:5
[INFO] [stdout]   |
[INFO] [stdout] 1 | use std::path::PathBuf;
[INFO] [stdout]   |     ^^^^^^^^^^^^^^^^^^
[INFO] [stdout] 
[INFO] [stdout] 
[INFO] [stdout] warning: unused imports: `TorrentDownloadResponse` and `TorrentSource`
[INFO] [stdout]   --> src/lib.rs:27:13
[INFO] [stdout]    |
[INFO] [stdout] 27 |     types::{TorrentDownloadResponse, TorrentExportResponse, TorrentExportType, TorrentSource},
[INFO] [stdout]    |             ^^^^^^^^^^^^^^^^^^^^^^^                                            ^^^^^^^^^^^^^
[INFO] [stdout] 
[INFO] [stdout] 
[INFO] [stdout] warning: use of deprecated function `base64::decode`: Use Engine::decode
[INFO] [stdout]   --> src/types.rs:25:33
[INFO] [stdout]    |
[INFO] [stdout] 25 |             let bytes = base64::decode(&val)
[INFO] [stdout]    |                                 ^^^^^^
[INFO] [stdout]    |
[INFO] [stdout]    = note: `#[warn(deprecated)]` on by default
[INFO] [stdout] 
[INFO] [stdout] 
[INFO] [stderr]     Finished `release` profile [optimized] target(s) in 1m 14s
[INFO] running `Command { std: "docker" "inspect" "db1157025d0234c3c8fd67d0e7f9976bfcc76cfe74761f13303f7987caa0354a", kill_on_drop: false }`
[INFO] running `Command { std: "docker" "exec" "-e" "SOURCE_DIR=/opt/rustwide/workdir" "-e" "CARGO_HOME=/opt/rustwide/cargo-home" "-e" "RUSTUP_HOME=/opt/rustwide/rustup-home" "-e" "CARGO_TARGET_DIR=/opt/rustwide/target" "-e" "CARGO_INCREMENTAL=0" "-e" "RUST_BACKTRACE=full" "-e" "RUSTFLAGS=--cap-lints=warn" "-e" "RUSTDOCFLAGS=--cap-lints=warn" "-w" "/opt/rustwide/workdir" "--user" "0:0" "db1157025d0234c3c8fd67d0e7f9976bfcc76cfe74761f13303f7987caa0354a" "/opt/rustwide/cargo-home/bin/cargo" "+1.99.0-beta.8" "test" "--frozen" "--no-run" "--message-format=json" "--release", kill_on_drop: false }`
[INFO] [stdout] warning: unused import: `TorrentExportType`
[INFO] [stdout]  --> src/body.rs:6:42
[INFO] [stdout]   |
[INFO] [stdout] 6 | use crate::types::{TorrentControlSource, TorrentExportType, TorrentOperation, TorrentSource};
[INFO] [stdout]   |                                          ^^^^^^^^^^^^^^^^^
[INFO] [stdout]   |
[INFO] [stdout]   = note: `#[warn(unused_imports)]` (part of `#[warn(unused)]`) on by default
[INFO] [stdout] 
[INFO] [stdout] 
[INFO] [stdout] warning: unused imports: `TorrentExportResponse` and `TorrentSource`
[INFO] [stdout]   --> src/endpoint.rs:11:38
[INFO] [stdout]    |
[INFO] [stdout] 11 |     types::{TorrentDownloadResponse, TorrentExportResponse, TorrentSource},
[INFO] [stdout]    |                                      ^^^^^^^^^^^^^^^^^^^^^  ^^^^^^^^^^^^^
[INFO] [stdout] 
[INFO] [stdout] 
[INFO] [stdout] warning: unused import: `std::path::PathBuf`
[INFO] [stdout]  --> src/types.rs:1:5
[INFO] [stdout]   |
[INFO] [stdout] 1 | use std::path::PathBuf;
[INFO] [stdout]   |     ^^^^^^^^^^^^^^^^^^
[INFO] [stdout] 
[INFO] [stdout] 
[INFO] [stdout] warning: unused imports: `TorrentDownloadResponse` and `TorrentSource`
[INFO] [stdout]   --> src/lib.rs:27:13
[INFO] [stdout]    |
[INFO] [stdout] 27 |     types::{TorrentDownloadResponse, TorrentExportResponse, TorrentExportType, TorrentSource},
[INFO] [stdout]    |             ^^^^^^^^^^^^^^^^^^^^^^^                                            ^^^^^^^^^^^^^
[INFO] [stdout] 
[INFO] [stdout] 
[INFO] [stdout] warning: use of deprecated function `base64::decode`: Use Engine::decode
[INFO] [stdout]   --> src/types.rs:25:33
[INFO] [stdout]    |
[INFO] [stdout] 25 |             let bytes = base64::decode(&val)
[INFO] [stdout]    |                                 ^^^^^^
[INFO] [stdout]    |
[INFO] [stdout]    = note: `#[warn(deprecated)]` on by default
[INFO] [stdout] 
[INFO] [stdout] 
[INFO] [stderr]    Compiling torbox-torrent-rs v0.1.0 (/opt/rustwide/workdir)
[INFO] [stdout] warning: unused import: `TorrentExportType`
[INFO] [stdout]  --> src/body.rs:6:42
[INFO] [stdout]   |
[INFO] [stdout] 6 | use crate::types::{TorrentControlSource, TorrentExportType, TorrentOperation, TorrentSource};
[INFO] [stdout]   |                                          ^^^^^^^^^^^^^^^^^
[INFO] [stdout]   |
[INFO] [stdout]   = note: `#[warn(unused_imports)]` (part of `#[warn(unused)]`) on by default
[INFO] [stdout] 
[INFO] [stdout] 
[INFO] [stdout] warning: unused imports: `TorrentExportResponse` and `TorrentSource`
[INFO] [stdout]   --> src/endpoint.rs:11:38
[INFO] [stdout]    |
[INFO] [stdout] 11 |     types::{TorrentDownloadResponse, TorrentExportResponse, TorrentSource},
[INFO] [stdout]    |                                      ^^^^^^^^^^^^^^^^^^^^^  ^^^^^^^^^^^^^
[INFO] [stdout] 
[INFO] [stdout] 
[INFO] [stdout] warning: unused imports: `TorrentDownloadResponse`, `TorrentExportDataQuery`, `TorrentInfoQuery`, and `TorrentStatusQuery`
[INFO] [stdout]   --> src/tests/mod.rs:9:32
[INFO] [stdout]    |
[INFO] [stdout]  9 |             ListTorrentsQuery, TorrentExportDataQuery, TorrentInfoQuery, TorrentRequestLinkQuery,
[INFO] [stdout]    |                                ^^^^^^^^^^^^^^^^^^^^^^  ^^^^^^^^^^^^^^^^
[INFO] [stdout] 10 |             TorrentStatusQuery,
[INFO] [stdout]    |             ^^^^^^^^^^^^^^^^^^
[INFO] [stdout] 11 |         },
[INFO] [stdout] 12 |         types::{TorrentDownloadResponse, TorrentExportResponse, TorrentExportType, TorrentSource},
[INFO] [stdout]    |                 ^^^^^^^^^^^^^^^^^^^^^^^
[INFO] [stdout] 
[INFO] [stdout] 
[INFO] [stdout] warning: unused import: `std::path::PathBuf`
[INFO] [stdout]  --> src/types.rs:1:5
[INFO] [stdout]   |
[INFO] [stdout] 1 | use std::path::PathBuf;
[INFO] [stdout]   |     ^^^^^^^^^^^^^^^^^^
[INFO] [stdout] 
[INFO] [stdout] 
[INFO] [stdout] warning: unused imports: `TorrentDownloadResponse` and `TorrentSource`
[INFO] [stdout]   --> src/lib.rs:27:13
[INFO] [stdout]    |
[INFO] [stdout] 27 |     types::{TorrentDownloadResponse, TorrentExportResponse, TorrentExportType, TorrentSource},
[INFO] [stdout]    |             ^^^^^^^^^^^^^^^^^^^^^^^                                            ^^^^^^^^^^^^^
[INFO] [stdout] 
[INFO] [stdout] 
[INFO] [stdout] warning: use of deprecated function `base64::decode`: Use Engine::decode
[INFO] [stdout]   --> src/types.rs:25:33
[INFO] [stdout]    |
[INFO] [stdout] 25 |             let bytes = base64::decode(&val)
[INFO] [stdout]    |                                 ^^^^^^
[INFO] [stdout]    |
[INFO] [stdout]    = note: `#[warn(deprecated)]` on by default
[INFO] [stdout] 
[INFO] [stdout] 
[INFO] [stderr]     Finished `release` profile [optimized] target(s) in 5.71s
[INFO] running `Command { std: "docker" "inspect" "db1157025d0234c3c8fd67d0e7f9976bfcc76cfe74761f13303f7987caa0354a", kill_on_drop: false }`
[INFO] running `Command { std: "docker" "exec" "-e" "SOURCE_DIR=/opt/rustwide/workdir" "-e" "CARGO_HOME=/opt/rustwide/cargo-home" "-e" "RUSTUP_HOME=/opt/rustwide/rustup-home" "-e" "CARGO_TARGET_DIR=/opt/rustwide/target" "-e" "CARGO_INCREMENTAL=0" "-e" "RUST_BACKTRACE=full" "-e" "RUSTFLAGS=--cap-lints=warn" "-e" "RUSTDOCFLAGS=--cap-lints=warn" "-w" "/opt/rustwide/workdir" "--user" "0:0" "db1157025d0234c3c8fd67d0e7f9976bfcc76cfe74761f13303f7987caa0354a" "/opt/rustwide/cargo-home/bin/cargo" "+1.99.0-beta.8" "test" "--frozen" "--release", kill_on_drop: false }`
[INFO] [stderr] warning: unused import: `TorrentExportType`
[INFO] [stderr]  --> src/body.rs:6:42
[INFO] [stderr]   |
[INFO] [stderr] 6 | use crate::types::{TorrentControlSource, TorrentExportType, TorrentOperation, TorrentSource};
[INFO] [stderr]   |                                          ^^^^^^^^^^^^^^^^^
[INFO] [stderr]   |
[INFO] [stderr]   = note: `#[warn(unused_imports)]` (part of `#[warn(unused)]`) on by default
[INFO] [stderr] 
[INFO] [stderr] warning: unused imports: `TorrentExportResponse` and `TorrentSource`
[INFO] [stderr]   --> src/endpoint.rs:11:38
[INFO] [stderr]    |
[INFO] [stderr] 11 |     types::{TorrentDownloadResponse, TorrentExportResponse, TorrentSource},
[INFO] [stderr]    |                                      ^^^^^^^^^^^^^^^^^^^^^  ^^^^^^^^^^^^^
[INFO] [stderr] 
[INFO] [stderr] warning: unused import: `std::path::PathBuf`
[INFO] [stderr]  --> src/types.rs:1:5
[INFO] [stderr]   |
[INFO] [stderr] 1 | use std::path::PathBuf;
[INFO] [stderr]   |     ^^^^^^^^^^^^^^^^^^
[INFO] [stderr] 
[INFO] [stderr] warning: unused imports: `TorrentDownloadResponse` and `TorrentSource`
[INFO] [stderr]   --> src/lib.rs:27:13
[INFO] [stderr]    |
[INFO] [stderr] 27 |     types::{TorrentDownloadResponse, TorrentExportResponse, TorrentExportType, TorrentSource},
[INFO] [stderr]    |             ^^^^^^^^^^^^^^^^^^^^^^^                                            ^^^^^^^^^^^^^
[INFO] [stderr] 
[INFO] [stderr] warning: use of deprecated function `base64::decode`: Use Engine::decode
[INFO] [stderr]   --> src/types.rs:25:33
[INFO] [stderr]    |
[INFO] [stderr] 25 |             let bytes = base64::decode(&val)
[INFO] [stderr]    |                                 ^^^^^^
[INFO] [stderr]    |
[INFO] [stderr]    = note: `#[warn(deprecated)]` on by default
[INFO] [stderr] 
[INFO] [stderr] warning: unused imports: `TorrentDownloadResponse`, `TorrentExportDataQuery`, `TorrentInfoQuery`, and `TorrentStatusQuery`
[INFO] [stderr]   --> src/tests/mod.rs:9:32
[INFO] [stderr]    |
[INFO] [stderr]  9 |             ListTorrentsQuery, TorrentExportDataQuery, TorrentInfoQuery, TorrentRequestLinkQuery,
[INFO] [stderr]    |                                ^^^^^^^^^^^^^^^^^^^^^^  ^^^^^^^^^^^^^^^^
[INFO] [stderr] 10 |             TorrentStatusQuery,
[INFO] [stderr]    |             ^^^^^^^^^^^^^^^^^^
[INFO] [stderr] 11 |         },
[INFO] [stderr] 12 |         types::{TorrentDownloadResponse, TorrentExportResponse, TorrentExportType, TorrentSource},
[INFO] [stderr]    |                 ^^^^^^^^^^^^^^^^^^^^^^^
[INFO] [stderr] 
[INFO] [stderr] warning: `torbox-torrent-rs` (lib) generated 5 warnings (run `cargo fix --lib -p torbox-torrent-rs` to apply 4 suggestions)
[INFO] [stderr] warning: `torbox-torrent-rs` (lib test) generated 6 warnings (5 duplicates) (run `cargo fix --lib -p torbox-torrent-rs --tests` to apply 1 suggestion)
[INFO] [stderr]     Finished `release` profile [optimized] target(s) in 0.18s
[INFO] [stderr]      Running unittests src/lib.rs (/opt/rustwide/target/release/deps/torbox_torrent_rs-2689f264f4a6f011)
[INFO] [stdout] 
[INFO] [stdout] running 9 tests
[INFO] [stdout] test tests::torrent_test::test_torrent_info_body_success ... FAILED
[INFO] [stdout] test tests::torrent_test::test_torrent_info_query_success ... FAILED
[INFO] [stdout] test tests::torrent_test::test_torrent_export_data_query_file_success ... FAILED
[INFO] [stdout] test tests::torrent_test::test_torrent_export_data_query_magnet_success ... FAILED
[INFO] [stdout] test tests::torrent_test::test_torrent_request_download_link_success ... FAILED
[INFO] [stdout] test tests::torrent_test::test_create_torrent_success ... FAILED
[INFO] [stdout] test tests::torrent_test::test_list_torrents_with_query_success ... FAILED
[INFO] [stdout] test tests::torrent_test::test_torrent_status_query_success ... FAILED
[INFO] [stdout] test tests::torrent_test::test_torrent_control_success ... FAILED
[INFO] [stderr] error: test failed, to rerun pass `--lib`
[INFO] [stdout] 
[INFO] [stdout] failures:
[INFO] [stdout] 
[INFO] [stdout] ---- tests::torrent_test::test_torrent_info_body_success stdout ----
[INFO] [stdout] Could not load .token file, please create one before starting unit testing: path not found
[INFO] [stdout] 
[INFO] [stdout] thread 'tests::torrent_test::test_torrent_info_body_success' (2162) panicked at src/tests/mod.rs:60:44:
[INFO] [stdout] Missing TORBOX_TOKEN in .token file
[INFO] [stdout] stack backtrace:
[INFO] [stdout]    0:     0x5f458736b3b1 - <<std[70759c8f55707aa4]::sys::backtrace::BacktraceLock>::print::DisplayBacktrace as core[df12db4294e9bfd3]::fmt::Display>::fmt
[INFO] [stdout]    1:     0x5f4587381ada - core[df12db4294e9bfd3]::fmt::write
[INFO] [stdout]    2:     0x5f458736ff3c - <alloc[2182bb758b4b3781]::vec::Vec<u8> as core[df12db4294e9bfd3]::io::write::Write>::write_fmt
[INFO] [stdout]    3:     0x5f4587346426 - std[70759c8f55707aa4]::panicking::default_hook::{closure#0}
[INFO] [stdout]    4:     0x5f45873632c9 - std[70759c8f55707aa4]::panicking::default_hook
[INFO] [stdout]    5:     0x5f45871b2020 - test[9d35eded1c95d3be]::test_main_inner::<test[9d35eded1c95d3be]::test_main_static::{closure#0}>::{closure#0}
[INFO] [stdout]    6:     0x5f45873635f2 - std[70759c8f55707aa4]::panicking::panic_with_hook
[INFO] [stdout]    7:     0x5f45873464d2 - std[70759c8f55707aa4]::panicking::panic_handler::{closure#0}
[INFO] [stdout]    8:     0x5f458733ef39 - std[70759c8f55707aa4]::sys::backtrace::__rust_end_short_backtrace::<std[70759c8f55707aa4]::panicking::panic_handler::{closure#0}, !>
[INFO] [stdout]    9:     0x5f458734735d - __rustc[8fa7c3cbc660c2b3]::rust_begin_unwind
[INFO] [stdout]   10:     0x5f458738223c - core[df12db4294e9bfd3]::panicking::panic_fmt
[INFO] [stdout]   11:     0x5f4587381f94 - core[df12db4294e9bfd3]::option::expect_failed
[INFO] [stdout]   12:     0x5f4587181b67 - torbox_torrent_rs[fe0f73bb1a3df4b7]::tests::torrent_test::test_client
[INFO] [stdout]   13:     0x5f458717dbd3 - torbox_torrent_rs[fe0f73bb1a3df4b7]::tests::torrent_test::test_torrent_info_body_success::{closure#0}
[INFO] [stdout]   14:     0x5f458719d5d8 - <tokio[9ff1cf9115b3967f]::runtime::context::scoped::Scoped<tokio[9ff1cf9115b3967f]::runtime::scheduler::Context>>::set::<<tokio[9ff1cf9115b3967f]::runtime::scheduler::current_thread::CoreGuard>::enter<<tokio[9ff1cf9115b3967f]::runtime::scheduler::current_thread::CoreGuard>::block_on<core[df12db4294e9bfd3]::pin::Pin<&mut core[df12db4294e9bfd3]::pin::Pin<&mut dyn core[df12db4294e9bfd3]::future::future::Future<Output = ()>>>>::{closure#0}, core[df12db4294e9bfd3]::option::Option<()>>::{closure#0}, (alloc[2182bb758b4b3781]::boxed::Box<tokio[9ff1cf9115b3967f]::runtime::scheduler::current_thread::Core>, core[df12db4294e9bfd3]::option::Option<()>)>
[INFO] [stdout]   15:     0x5f458719dd73 - <tokio[9ff1cf9115b3967f]::runtime::scheduler::current_thread::CurrentThread>::block_on::<core[df12db4294e9bfd3]::pin::Pin<&mut dyn core[df12db4294e9bfd3]::future::future::Future<Output = ()>>>
[INFO] [stdout]   16:     0x5f458719be0d - <tokio[9ff1cf9115b3967f]::runtime::runtime::Runtime>::block_on::<core[df12db4294e9bfd3]::pin::Pin<&mut dyn core[df12db4294e9bfd3]::future::future::Future<Output = ()>>>
[INFO] [stdout]   17:     0x5f4587181ed8 - torbox_torrent_rs[fe0f73bb1a3df4b7]::tests::torrent_test::test_torrent_info_body_success
[INFO] [stdout]   18:     0x5f458719e589 - <torbox_torrent_rs[fe0f73bb1a3df4b7]::tests::torrent_test::test_torrent_info_body_success::{closure#0} as core[df12db4294e9bfd3]::ops::function::FnOnce<()>>::call_once
[INFO] [stdout]   19:     0x5f45871a530b - test[9d35eded1c95d3be]::__rust_begin_short_backtrace::<core[df12db4294e9bfd3]::result::Result<(), alloc[2182bb758b4b3781]::string::String>, fn() -> core[df12db4294e9bfd3]::result::Result<(), alloc[2182bb758b4b3781]::string::String>>
[INFO] [stdout]   20:     0x5f45871b2975 - test[9d35eded1c95d3be]::run_test::{closure#0}
[INFO] [stdout]   21:     0x5f45871ac234 - std[70759c8f55707aa4]::sys::backtrace::__rust_begin_short_backtrace::<test[9d35eded1c95d3be]::run_test::{closure#1}, ()>
[INFO] [stdout]   22:     0x5f45871b5ad2 - <std[70759c8f55707aa4]::thread::lifecycle::spawn_unchecked<test[9d35eded1c95d3be]::run_test::{closure#1}, ()>::{closure#1} as core[df12db4294e9bfd3]::ops::function::FnOnce<()>>::call_once::{shim:vtable#0}
[INFO] [stdout]   23:     0x5f458736a8d9 - <std[70759c8f55707aa4]::sys::thread::unix::Thread>::new::thread_start
[INFO] [stdout]   24:     0x7116d600bdfa - <unknown>
[INFO] [stdout]   25:     0x7116d609f3d4 - clone
[INFO] [stdout]   26:                0x0 - <unknown>
[INFO] [stdout] 
[INFO] [stdout] ---- tests::torrent_test::test_torrent_info_query_success stdout ----
[INFO] [stdout] Could not load .token file, please create one before starting unit testing: path not found
[INFO] [stdout] 
[INFO] [stdout] thread 'tests::torrent_test::test_torrent_info_query_success' (2163) panicked at src/tests/mod.rs:60:44:
[INFO] [stdout] Missing TORBOX_TOKEN in .token file
[INFO] [stdout] stack backtrace:
[INFO] [stdout]    0:     0x5f458736b3b1 - <<std[70759c8f55707aa4]::sys::backtrace::BacktraceLock>::print::DisplayBacktrace as core[df12db4294e9bfd3]::fmt::Display>::fmt
[INFO] [stdout]    1:     0x5f4587381ada - core[df12db4294e9bfd3]::fmt::write
[INFO] [stdout]    2:     0x5f458736ff3c - <alloc[2182bb758b4b3781]::vec::Vec<u8> as core[df12db4294e9bfd3]::io::write::Write>::write_fmt
[INFO] [stdout]    3:     0x5f4587346426 - std[70759c8f55707aa4]::panicking::default_hook::{closure#0}
[INFO] [stdout]    4:     0x5f45873632c9 - std[70759c8f55707aa4]::panicking::default_hook
[INFO] [stdout]    5:     0x5f45871b2020 - test[9d35eded1c95d3be]::test_main_inner::<test[9d35eded1c95d3be]::test_main_static::{closure#0}>::{closure#0}
[INFO] [stdout]    6:     0x5f45873635f2 - std[70759c8f55707aa4]::panicking::panic_with_hook
[INFO] [stdout]    7:     0x5f45873464d2 - std[70759c8f55707aa4]::panicking::panic_handler::{closure#0}
[INFO] [stdout]    8:     0x5f458733ef39 - std[70759c8f55707aa4]::sys::backtrace::__rust_end_short_backtrace::<std[70759c8f55707aa4]::panicking::panic_handler::{closure#0}, !>
[INFO] [stdout]    9:     0x5f458734735d - __rustc[8fa7c3cbc660c2b3]::rust_begin_unwind
[INFO] [stdout]   10:     0x5f458738223c - core[df12db4294e9bfd3]::panicking::panic_fmt
[INFO] [stdout]   11:     0x5f4587381f94 - core[df12db4294e9bfd3]::option::expect_failed
[INFO] [stdout]   12:     0x5f4587181b67 - torbox_torrent_rs[fe0f73bb1a3df4b7]::tests::torrent_test::test_client
[INFO] [stdout]   13:     0x5f458717eab3 - torbox_torrent_rs[fe0f73bb1a3df4b7]::tests::torrent_test::test_torrent_info_query_success::{closure#0}
[INFO] [stdout]   14:     0x5f458719d5d8 - <tokio[9ff1cf9115b3967f]::runtime::context::scoped::Scoped<tokio[9ff1cf9115b3967f]::runtime::scheduler::Context>>::set::<<tokio[9ff1cf9115b3967f]::runtime::scheduler::current_thread::CoreGuard>::enter<<tokio[9ff1cf9115b3967f]::runtime::scheduler::current_thread::CoreGuard>::block_on<core[df12db4294e9bfd3]::pin::Pin<&mut core[df12db4294e9bfd3]::pin::Pin<&mut dyn core[df12db4294e9bfd3]::future::future::Future<Output = ()>>>>::{closure#0}, core[df12db4294e9bfd3]::option::Option<()>>::{closure#0}, (alloc[2182bb758b4b3781]::boxed::Box<tokio[9ff1cf9115b3967f]::runtime::scheduler::current_thread::Core>, core[df12db4294e9bfd3]::option::Option<()>)>
[INFO] [stdout]   15:     0x5f458719dd73 - <tokio[9ff1cf9115b3967f]::runtime::scheduler::current_thread::CurrentThread>::block_on::<core[df12db4294e9bfd3]::pin::Pin<&mut dyn core[df12db4294e9bfd3]::future::future::Future<Output = ()>>>
[INFO] [stdout]   16:     0x5f458719be0d - <tokio[9ff1cf9115b3967f]::runtime::runtime::Runtime>::block_on::<core[df12db4294e9bfd3]::pin::Pin<&mut dyn core[df12db4294e9bfd3]::future::future::Future<Output = ()>>>
[INFO] [stdout]   17:     0x5f4587182018 - torbox_torrent_rs[fe0f73bb1a3df4b7]::tests::torrent_test::test_torrent_info_query_success
[INFO] [stdout]   18:     0x5f458719e5a9 - <torbox_torrent_rs[fe0f73bb1a3df4b7]::tests::torrent_test::test_torrent_info_query_success::{closure#0} as core[df12db4294e9bfd3]::ops::function::FnOnce<()>>::call_once
[INFO] [stdout]   19:     0x5f45871a530b - test[9d35eded1c95d3be]::__rust_begin_short_backtrace::<core[df12db4294e9bfd3]::result::Result<(), alloc[2182bb758b4b3781]::string::String>, fn() -> core[df12db4294e9bfd3]::result::Result<(), alloc[2182bb758b4b3781]::string::String>>
[INFO] [stdout]   20:     0x5f45871b2975 - test[9d35eded1c95d3be]::run_test::{closure#0}
[INFO] [stdout]   21:     0x5f45871ac234 - std[70759c8f55707aa4]::sys::backtrace::__rust_begin_short_backtrace::<test[9d35eded1c95d3be]::run_test::{closure#1}, ()>
[INFO] [stdout]   22:     0x5f45871b5ad2 - <std[70759c8f55707aa4]::thread::lifecycle::spawn_unchecked<test[9d35eded1c95d3be]::run_test::{closure#1}, ()>::{closure#1} as core[df12db4294e9bfd3]::ops::function::FnOnce<()>>::call_once::{shim:vtable#0}
[INFO] [stdout]   23:     0x5f458736a8d9 - <std[70759c8f55707aa4]::sys::thread::unix::Thread>::new::thread_start
[INFO] [stdout]   24:     0x7116d600bdfa - <unknown>
[INFO] [stdout]   25:     0x7116d609f3d4 - clone
[INFO] [stdout]   26:                0x0 - <unknown>
[INFO] [stdout] 
[INFO] [stdout] ---- tests::torrent_test::test_torrent_export_data_query_file_success stdout ----
[INFO] [stdout] Could not load .token file, please create one before starting unit testing: path not found
[INFO] [stdout] 
[INFO] [stdout] thread 'tests::torrent_test::test_torrent_export_data_query_file_success' (2160) panicked at src/tests/mod.rs:60:44:
[INFO] [stdout] Missing TORBOX_TOKEN in .token file
[INFO] [stdout] stack backtrace:
[INFO] [stdout]    0:     0x5f458736b3b1 - <<std[70759c8f55707aa4]::sys::backtrace::BacktraceLock>::print::DisplayBacktrace as core[df12db4294e9bfd3]::fmt::Display>::fmt
[INFO] [stdout]    1:     0x5f4587381ada - core[df12db4294e9bfd3]::fmt::write
[INFO] [stdout]    2:     0x5f458736ff3c - <alloc[2182bb758b4b3781]::vec::Vec<u8> as core[df12db4294e9bfd3]::io::write::Write>::write_fmt
[INFO] [stdout]    3:     0x5f4587346426 - std[70759c8f55707aa4]::panicking::default_hook::{closure#0}
[INFO] [stdout]    4:     0x5f45873632c9 - std[70759c8f55707aa4]::panicking::default_hook
[INFO] [stdout]    5:     0x5f45871b2020 - test[9d35eded1c95d3be]::test_main_inner::<test[9d35eded1c95d3be]::test_main_static::{closure#0}>::{closure#0}
[INFO] [stdout]    6:     0x5f45873635f2 - std[70759c8f55707aa4]::panicking::panic_with_hook
[INFO] [stdout]    7:     0x5f45873464d2 - std[70759c8f55707aa4]::panicking::panic_handler::{closure#0}
[INFO] [stdout]    8:     0x5f458733ef39 - std[70759c8f55707aa4]::sys::backtrace::__rust_end_short_backtrace::<std[70759c8f55707aa4]::panicking::panic_handler::{closure#0}, !>
[INFO] [stdout]    9:     0x5f458734735d - __rustc[8fa7c3cbc660c2b3]::rust_begin_unwind
[INFO] [stdout]   10:     0x5f458738223c - core[df12db4294e9bfd3]::panicking::panic_fmt
[INFO] [stdout]   11:     0x5f4587381f94 - core[df12db4294e9bfd3]::option::expect_failed
[INFO] [stdout]   12:     0x5f4587181b67 - torbox_torrent_rs[fe0f73bb1a3df4b7]::tests::torrent_test::test_client
[INFO] [stdout]   13:     0x5f4587181241 - torbox_torrent_rs[fe0f73bb1a3df4b7]::tests::torrent_test::test_torrent_export_data_query_file_success::{closure#0}
[INFO] [stdout]   14:     0x5f458719d5d8 - <tokio[9ff1cf9115b3967f]::runtime::context::scoped::Scoped<tokio[9ff1cf9115b3967f]::runtime::scheduler::Context>>::set::<<tokio[9ff1cf9115b3967f]::runtime::scheduler::current_thread::CoreGuard>::enter<<tokio[9ff1cf9115b3967f]::runtime::scheduler::current_thread::CoreGuard>::block_on<core[df12db4294e9bfd3]::pin::Pin<&mut core[df12db4294e9bfd3]::pin::Pin<&mut dyn core[df12db4294e9bfd3]::future::future::Future<Output = ()>>>>::{closure#0}, core[df12db4294e9bfd3]::option::Option<()>>::{closure#0}, (alloc[2182bb758b4b3781]::boxed::Box<tokio[9ff1cf9115b3967f]::runtime::scheduler::current_thread::Core>, core[df12db4294e9bfd3]::option::Option<()>)>
[INFO] [stdout]   15:     0x5f458719dd73 - <tokio[9ff1cf9115b3967f]::runtime::scheduler::current_thread::CurrentThread>::block_on::<core[df12db4294e9bfd3]::pin::Pin<&mut dyn core[df12db4294e9bfd3]::future::future::Future<Output = ()>>>
[INFO] [stdout]   16:     0x5f458719be0d - <tokio[9ff1cf9115b3967f]::runtime::runtime::Runtime>::block_on::<core[df12db4294e9bfd3]::pin::Pin<&mut dyn core[df12db4294e9bfd3]::future::future::Future<Output = ()>>>
[INFO] [stdout]   17:     0x5f4587182548 - torbox_torrent_rs[fe0f73bb1a3df4b7]::tests::torrent_test::test_torrent_export_data_query_file_success
[INFO] [stdout]   18:     0x5f458719e629 - <torbox_torrent_rs[fe0f73bb1a3df4b7]::tests::torrent_test::test_torrent_export_data_query_file_success::{closure#0} as core[df12db4294e9bfd3]::ops::function::FnOnce<()>>::call_once
[INFO] [stdout]   19:     0x5f45871a530b - test[9d35eded1c95d3be]::__rust_begin_short_backtrace::<core[df12db4294e9bfd3]::result::Result<(), alloc[2182bb758b4b3781]::string::String>, fn() -> core[df12db4294e9bfd3]::result::Result<(), alloc[2182bb758b4b3781]::string::String>>
[INFO] [stdout]   20:     0x5f45871b2975 - test[9d35eded1c95d3be]::run_test::{closure#0}
[INFO] [stdout]   21:     0x5f45871ac234 - std[70759c8f55707aa4]::sys::backtrace::__rust_begin_short_backtrace::<test[9d35eded1c95d3be]::run_test::{closure#1}, ()>
[INFO] [stdout]   22:     0x5f45871b5ad2 - <std[70759c8f55707aa4]::thread::lifecycle::spawn_unchecked<test[9d35eded1c95d3be]::run_test::{closure#1}, ()>::{closure#1} as core[df12db4294e9bfd3]::ops::function::FnOnce<()>>::call_once::{shim:vtable#0}
[INFO] [stdout]   23:     0x5f458736a8d9 - <std[70759c8f55707aa4]::sys::thread::unix::Thread>::new::thread_start
[INFO] [stdout]   24:     0x7116d600bdfa - <unknown>
[INFO] [stdout]   25:     0x7116d609f3d4 - clone
[INFO] [stdout]   26:                0x0 - <unknown>
[INFO] [stdout] 
[INFO] [stdout] ---- tests::torrent_test::test_torrent_export_data_query_magnet_success stdout ----
[INFO] [stdout] Could not load .token file, please create one before starting unit testing: path not found
[INFO] [stdout] 
[INFO] [stdout] thread 'tests::torrent_test::test_torrent_export_data_query_magnet_success' (2161) panicked at src/tests/mod.rs:60:44:
[INFO] [stdout] Missing TORBOX_TOKEN in .token file
[INFO] [stdout] stack backtrace:
[INFO] [stdout]    0:     0x5f458736b3b1 - <<std[70759c8f55707aa4]::sys::backtrace::BacktraceLock>::print::DisplayBacktrace as core[df12db4294e9bfd3]::fmt::Display>::fmt
[INFO] [stdout]    1:     0x5f4587381ada - core[df12db4294e9bfd3]::fmt::write
[INFO] [stdout]    2:     0x5f458736ff3c - <alloc[2182bb758b4b3781]::vec::Vec<u8> as core[df12db4294e9bfd3]::io::write::Write>::write_fmt
[INFO] [stdout]    3:     0x5f4587346426 - std[70759c8f55707aa4]::panicking::default_hook::{closure#0}
[INFO] [stdout]    4:     0x5f45873632c9 - std[70759c8f55707aa4]::panicking::default_hook
[INFO] [stdout]    5:     0x5f45871b2020 - test[9d35eded1c95d3be]::test_main_inner::<test[9d35eded1c95d3be]::test_main_static::{closure#0}>::{closure#0}
[INFO] [stdout]    6:     0x5f45873635f2 - std[70759c8f55707aa4]::panicking::panic_with_hook
[INFO] [stdout]    7:     0x5f45873464d2 - std[70759c8f55707aa4]::panicking::panic_handler::{closure#0}
[INFO] [stdout]    8:     0x5f458733ef39 - std[70759c8f55707aa4]::sys::backtrace::__rust_end_short_backtrace::<std[70759c8f55707aa4]::panicking::panic_handler::{closure#0}, !>
[INFO] [stdout]    9:     0x5f458734735d - __rustc[8fa7c3cbc660c2b3]::rust_begin_unwind
[INFO] [stdout]   10:     0x5f458738223c - core[df12db4294e9bfd3]::panicking::panic_fmt
[INFO] [stdout]   11:     0x5f4587381f94 - core[df12db4294e9bfd3]::option::expect_failed
[INFO] [stdout]   12:     0x5f4587181b67 - torbox_torrent_rs[fe0f73bb1a3df4b7]::tests::torrent_test::test_client
[INFO] [stdout]   13:     0x5f4587181571 - torbox_torrent_rs[fe0f73bb1a3df4b7]::tests::torrent_test::test_torrent_export_data_query_magnet_success::{closure#0}
[INFO] [stdout]   14:     0x5f458719d5d8 - <tokio[9ff1cf9115b3967f]::runtime::context::scoped::Scoped<tokio[9ff1cf9115b3967f]::runtime::scheduler::Context>>::set::<<tokio[9ff1cf9115b3967f]::runtime::scheduler::current_thread::CoreGuard>::enter<<tokio[9ff1cf9115b3967f]::runtime::scheduler::current_thread::CoreGuard>::block_on<core[df12db4294e9bfd3]::pin::Pin<&mut core[df12db4294e9bfd3]::pin::Pin<&mut dyn core[df12db4294e9bfd3]::future::future::Future<Output = ()>>>>::{closure#0}, core[df12db4294e9bfd3]::option::Option<()>>::{closure#0}, (alloc[2182bb758b4b3781]::boxed::Box<tokio[9ff1cf9115b3967f]::runtime::scheduler::current_thread::Core>, core[df12db4294e9bfd3]::option::Option<()>)>
[INFO] [stdout]   15:     0x5f458719dd73 - <tokio[9ff1cf9115b3967f]::runtime::scheduler::current_thread::CurrentThread>::block_on::<core[df12db4294e9bfd3]::pin::Pin<&mut dyn core[df12db4294e9bfd3]::future::future::Future<Output = ()>>>
[INFO] [stdout]   16:     0x5f458719be0d - <tokio[9ff1cf9115b3967f]::runtime::runtime::Runtime>::block_on::<core[df12db4294e9bfd3]::pin::Pin<&mut dyn core[df12db4294e9bfd3]::future::future::Future<Output = ()>>>
[INFO] [stdout]   17:     0x5f4587182688 - torbox_torrent_rs[fe0f73bb1a3df4b7]::tests::torrent_test::test_torrent_export_data_query_magnet_success
[INFO] [stdout]   18:     0x5f458719e649 - <torbox_torrent_rs[fe0f73bb1a3df4b7]::tests::torrent_test::test_torrent_export_data_query_magnet_success::{closure#0} as core[df12db4294e9bfd3]::ops::function::FnOnce<()>>::call_once
[INFO] [stdout]   19:     0x5f45871a530b - test[9d35eded1c95d3be]::__rust_begin_short_backtrace::<core[df12db4294e9bfd3]::result::Result<(), alloc[2182bb758b4b3781]::string::String>, fn() -> core[df12db4294e9bfd3]::result::Result<(), alloc[2182bb758b4b3781]::string::String>>
[INFO] [stdout]   20:     0x5f45871b2975 - test[9d35eded1c95d3be]::run_test::{closure#0}
[INFO] [stdout]   21:     0x5f45871ac234 - std[70759c8f55707aa4]::sys::backtrace::__rust_begin_short_backtrace::<test[9d35eded1c95d3be]::run_test::{closure#1}, ()>
[INFO] [stdout]   22:     0x5f45871b5ad2 - <std[70759c8f55707aa4]::thread::lifecycle::spawn_unchecked<test[9d35eded1c95d3be]::run_test::{closure#1}, ()>::{closure#1} as core[df12db4294e9bfd3]::ops::function::FnOnce<()>>::call_once::{shim:vtable#0}
[INFO] [stdout]   23:     0x5f458736a8d9 - <std[70759c8f55707aa4]::sys::thread::unix::Thread>::new::thread_start
[INFO] [stdout]   24:     0x7116d600bdfa - <unknown>
[INFO] [stdout]   25:     0x7116d609f3d4 - clone
[INFO] [stdout]   26:                0x0 - <unknown>
[INFO] [stdout] 
[INFO] [stdout] ---- tests::torrent_test::test_torrent_request_download_link_success stdout ----
[INFO] [stdout] Could not load .token file, please create one before starting unit testing: path not found
[INFO] [stdout] 
[INFO] [stdout] thread 'tests::torrent_test::test_torrent_request_download_link_success' (2164) panicked at src/tests/mod.rs:60:44:
[INFO] [stdout] Missing TORBOX_TOKEN in .token file
[INFO] [stdout] stack backtrace:
[INFO] [stdout]    0:     0x5f458736b3b1 - <<std[70759c8f55707aa4]::sys::backtrace::BacktraceLock>::print::DisplayBacktrace as core[df12db4294e9bfd3]::fmt::Display>::fmt
[INFO] [stdout]    1:     0x5f4587381ada - core[df12db4294e9bfd3]::fmt::write
[INFO] [stdout]    2:     0x5f458736ff3c - <alloc[2182bb758b4b3781]::vec::Vec<u8> as core[df12db4294e9bfd3]::io::write::Write>::write_fmt
[INFO] [stdout]    3:     0x5f4587346426 - std[70759c8f55707aa4]::panicking::default_hook::{closure#0}
[INFO] [stdout]    4:     0x5f45873632c9 - std[70759c8f55707aa4]::panicking::default_hook
[INFO] [stdout]    5:     0x5f45871b2020 - test[9d35eded1c95d3be]::test_main_inner::<test[9d35eded1c95d3be]::test_main_static::{closure#0}>::{closure#0}
[INFO] [stdout]    6:     0x5f45873635f2 - std[70759c8f55707aa4]::panicking::panic_with_hook
[INFO] [stdout]    7:     0x5f45873464d2 - std[70759c8f55707aa4]::panicking::panic_handler::{closure#0}
[INFO] [stdout]    8:     0x5f458733ef39 - std[70759c8f55707aa4]::sys::backtrace::__rust_end_short_backtrace::<std[70759c8f55707aa4]::panicking::panic_handler::{closure#0}, !>
[INFO] [stdout]    9:     0x5f458734735d - __rustc[8fa7c3cbc660c2b3]::rust_begin_unwind
[INFO] [stdout]   10:     0x5f458738223c - core[df12db4294e9bfd3]::panicking::panic_fmt
[INFO] [stdout]   11:     0x5f4587381f94 - core[df12db4294e9bfd3]::option::expect_failed
[INFO] [stdout]   12:     0x5f4587181b67 - torbox_torrent_rs[fe0f73bb1a3df4b7]::tests::torrent_test::test_client
[INFO] [stdout]   13:     0x5f45871803a3 - torbox_torrent_rs[fe0f73bb1a3df4b7]::tests::torrent_test::test_torrent_request_download_link_success::{closure#0}
[INFO] [stdout]   14:     0x5f458719d5d8 - <tokio[9ff1cf9115b3967f]::runtime::context::scoped::Scoped<tokio[9ff1cf9115b3967f]::runtime::scheduler::Context>>::set::<<tokio[9ff1cf9115b3967f]::runtime::scheduler::current_thread::CoreGuard>::enter<<tokio[9ff1cf9115b3967f]::runtime::scheduler::current_thread::CoreGuard>::block_on<core[df12db4294e9bfd3]::pin::Pin<&mut core[df12db4294e9bfd3]::pin::Pin<&mut dyn core[df12db4294e9bfd3]::future::future::Future<Output = ()>>>>::{closure#0}, core[df12db4294e9bfd3]::option::Option<()>>::{closure#0}, (alloc[2182bb758b4b3781]::boxed::Box<tokio[9ff1cf9115b3967f]::runtime::scheduler::current_thread::Core>, core[df12db4294e9bfd3]::option::Option<()>)>
[INFO] [stdout]   15:     0x5f458719dd73 - <tokio[9ff1cf9115b3967f]::runtime::scheduler::current_thread::CurrentThread>::block_on::<core[df12db4294e9bfd3]::pin::Pin<&mut dyn core[df12db4294e9bfd3]::future::future::Future<Output = ()>>>
[INFO] [stdout]   16:     0x5f458719be0d - <tokio[9ff1cf9115b3967f]::runtime::runtime::Runtime>::block_on::<core[df12db4294e9bfd3]::pin::Pin<&mut dyn core[df12db4294e9bfd3]::future::future::Future<Output = ()>>>
[INFO] [stdout]   17:     0x5f4587182408 - torbox_torrent_rs[fe0f73bb1a3df4b7]::tests::torrent_test::test_torrent_request_download_link_success
[INFO] [stdout]   18:     0x5f458719e609 - <torbox_torrent_rs[fe0f73bb1a3df4b7]::tests::torrent_test::test_torrent_request_download_link_success::{closure#0} as core[df12db4294e9bfd3]::ops::function::FnOnce<()>>::call_once
[INFO] [stdout]   19:     0x5f45871a530b - test[9d35eded1c95d3be]::__rust_begin_short_backtrace::<core[df12db4294e9bfd3]::result::Result<(), alloc[2182bb758b4b3781]::string::String>, fn() -> core[df12db4294e9bfd3]::result::Result<(), alloc[2182bb758b4b3781]::string::String>>
[INFO] [stdout]   20:     0x5f45871b2975 - test[9d35eded1c95d3be]::run_test::{closure#0}
[INFO] [stdout]   21:     0x5f45871ac234 - std[70759c8f55707aa4]::sys::backtrace::__rust_begin_short_backtrace::<test[9d35eded1c95d3be]::run_test::{closure#1}, ()>
[INFO] [stdout]   22:     0x5f45871b5ad2 - <std[70759c8f55707aa4]::thread::lifecycle::spawn_unchecked<test[9d35eded1c95d3be]::run_test::{closure#1}, ()>::{closure#1} as core[df12db4294e9bfd3]::ops::function::FnOnce<()>>::call_once::{shim:vtable#0}
[INFO] [stdout]   23:     0x5f458736a8d9 - <std[70759c8f55707aa4]::sys::thread::unix::Thread>::new::thread_start
[INFO] [stdout]   24:     0x7116d600bdfa - <unknown>
[INFO] [stdout]   25:     0x7116d609f3d4 - clone
[INFO] [stdout]   26:                0x0 - <unknown>
[INFO] [stdout] 
[INFO] [stdout] ---- tests::torrent_test::test_create_torrent_success stdout ----
[INFO] [stdout] Could not load .token file, please create one before starting unit testing: path not found
[INFO] [stdout] 
[INFO] [stdout] thread 'tests::torrent_test::test_create_torrent_success' (2157) panicked at src/tests/mod.rs:60:44:
[INFO] [stdout] Missing TORBOX_TOKEN in .token file
[INFO] [stdout] stack backtrace:
[INFO] [stdout]    0:     0x5f458736b3b1 - <<std[70759c8f55707aa4]::sys::backtrace::BacktraceLock>::print::DisplayBacktrace as core[df12db4294e9bfd3]::fmt::Display>::fmt
[INFO] [stdout]    1:     0x5f4587381ada - core[df12db4294e9bfd3]::fmt::write
[INFO] [stdout]    2:     0x5f458736ff3c - <alloc[2182bb758b4b3781]::vec::Vec<u8> as core[df12db4294e9bfd3]::io::write::Write>::write_fmt
[INFO] [stdout]    3:     0x5f4587346426 - std[70759c8f55707aa4]::panicking::default_hook::{closure#0}
[INFO] [stdout]    4:     0x5f45873632c9 - std[70759c8f55707aa4]::panicking::default_hook
[INFO] [stdout]    5:     0x5f45871b2020 - test[9d35eded1c95d3be]::test_main_inner::<test[9d35eded1c95d3be]::test_main_static::{closure#0}>::{closure#0}
[INFO] [stdout]    6:     0x5f45873635f2 - std[70759c8f55707aa4]::panicking::panic_with_hook
[INFO] [stdout]    7:     0x5f45873464d2 - std[70759c8f55707aa4]::panicking::panic_handler::{closure#0}
[INFO] [stdout]    8:     0x5f458733ef39 - std[70759c8f55707aa4]::sys::backtrace::__rust_end_short_backtrace::<std[70759c8f55707aa4]::panicking::panic_handler::{closure#0}, !>
[INFO] [stdout]    9:     0x5f458734735d - __rustc[8fa7c3cbc660c2b3]::rust_begin_unwind
[INFO] [stdout]   10:     0x5f458738223c - core[df12db4294e9bfd3]::panicking::panic_fmt
[INFO] [stdout]   11:     0x5f4587381f94 - core[df12db4294e9bfd3]::option::expect_failed
[INFO] [stdout]   12:     0x5f4587181b67 - torbox_torrent_rs[fe0f73bb1a3df4b7]::tests::torrent_test::test_client
[INFO] [stdout]   13:     0x5f458717c216 - torbox_torrent_rs[fe0f73bb1a3df4b7]::tests::torrent_test::test_create_torrent_success::{closure#0}
[INFO] [stdout]   14:     0x5f458719d5d8 - <tokio[9ff1cf9115b3967f]::runtime::context::scoped::Scoped<tokio[9ff1cf9115b3967f]::runtime::scheduler::Context>>::set::<<tokio[9ff1cf9115b3967f]::runtime::scheduler::current_thread::CoreGuard>::enter<<tokio[9ff1cf9115b3967f]::runtime::scheduler::current_thread::CoreGuard>::block_on<core[df12db4294e9bfd3]::pin::Pin<&mut core[df12db4294e9bfd3]::pin::Pin<&mut dyn core[df12db4294e9bfd3]::future::future::Future<Output = ()>>>>::{closure#0}, core[df12db4294e9bfd3]::option::Option<()>>::{closure#0}, (alloc[2182bb758b4b3781]::boxed::Box<tokio[9ff1cf9115b3967f]::runtime::scheduler::current_thread::Core>, core[df12db4294e9bfd3]::option::Option<()>)>
[INFO] [stdout]   15:     0x5f458719dd73 - <tokio[9ff1cf9115b3967f]::runtime::scheduler::current_thread::CurrentThread>::block_on::<core[df12db4294e9bfd3]::pin::Pin<&mut dyn core[df12db4294e9bfd3]::future::future::Future<Output = ()>>>
[INFO] [stdout]   16:     0x5f458719be0d - <tokio[9ff1cf9115b3967f]::runtime::runtime::Runtime>::block_on::<core[df12db4294e9bfd3]::pin::Pin<&mut dyn core[df12db4294e9bfd3]::future::future::Future<Output = ()>>>
[INFO] [stdout]   17:     0x5f4587181c2c - torbox_torrent_rs[fe0f73bb1a3df4b7]::tests::torrent_test::test_create_torrent_success
[INFO] [stdout]   18:     0x5f458719e549 - <torbox_torrent_rs[fe0f73bb1a3df4b7]::tests::torrent_test::test_create_torrent_success::{closure#0} as core[df12db4294e9bfd3]::ops::function::FnOnce<()>>::call_once
[INFO] [stdout]   19:     0x5f45871a530b - test[9d35eded1c95d3be]::__rust_begin_short_backtrace::<core[df12db4294e9bfd3]::result::Result<(), alloc[2182bb758b4b3781]::string::String>, fn() -> core[df12db4294e9bfd3]::result::Result<(), alloc[2182bb758b4b3781]::string::String>>
[INFO] [stdout]   20:     0x5f45871b2975 - test[9d35eded1c95d3be]::run_test::{closure#0}
[INFO] [stdout]   21:     0x5f45871ac234 - std[70759c8f55707aa4]::sys::backtrace::__rust_begin_short_backtrace::<test[9d35eded1c95d3be]::run_test::{closure#1}, ()>
[INFO] [stdout]   22:     0x5f45871b5ad2 - <std[70759c8f55707aa4]::thread::lifecycle::spawn_unchecked<test[9d35eded1c95d3be]::run_test::{closure#1}, ()>::{closure#1} as core[df12db4294e9bfd3]::ops::function::FnOnce<()>>::call_once::{shim:vtable#0}
[INFO] [stdout]   23:     0x5f458736a8d9 - <std[70759c8f55707aa4]::sys::thread::unix::Thread>::new::thread_start
[INFO] [stdout]   24:     0x7116d600bdfa - <unknown>
[INFO] [stdout]   25:     0x7116d609f3d4 - clone
[INFO] [stdout]   26:                0x0 - <unknown>
[INFO] [stdout] 
[INFO] [stdout] ---- tests::torrent_test::test_list_torrents_with_query_success stdout ----
[INFO] [stdout] Could not load .token file, please create one before starting unit testing: path not found
[INFO] [stdout] 
[INFO] [stdout] thread 'tests::torrent_test::test_list_torrents_with_query_success' (2158) panicked at src/tests/mod.rs:60:44:
[INFO] [stdout] Missing TORBOX_TOKEN in .token file
[INFO] [stdout] stack backtrace:
[INFO] [stdout]    0:     0x5f458736b3b1 - <<std[70759c8f55707aa4]::sys::backtrace::BacktraceLock>::print::DisplayBacktrace as core[df12db4294e9bfd3]::fmt::Display>::fmt
[INFO] [stdout]    1:     0x5f4587381ada - core[df12db4294e9bfd3]::fmt::write
[INFO] [stdout]    2:     0x5f458736ff3c - <alloc[2182bb758b4b3781]::vec::Vec<u8> as core[df12db4294e9bfd3]::io::write::Write>::write_fmt
[INFO] [stdout]    3:     0x5f4587346426 - std[70759c8f55707aa4]::panicking::default_hook::{closure#0}
[INFO] [stdout]    4:     0x5f45873632c9 - std[70759c8f55707aa4]::panicking::default_hook
[INFO] [stdout]    5:     0x5f45871b2020 - test[9d35eded1c95d3be]::test_main_inner::<test[9d35eded1c95d3be]::test_main_static::{closure#0}>::{closure#0}
[INFO] [stdout]    6:     0x5f45873635f2 - std[70759c8f55707aa4]::panicking::panic_with_hook
[INFO] [stdout]    7:     0x5f45873464d2 - std[70759c8f55707aa4]::panicking::panic_handler::{closure#0}
[INFO] [stdout]    8:     0x5f458733ef39 - std[70759c8f55707aa4]::sys::backtrace::__rust_end_short_backtrace::<std[70759c8f55707aa4]::panicking::panic_handler::{closure#0}, !>
[INFO] [stdout]    9:     0x5f458734735d - __rustc[8fa7c3cbc660c2b3]::rust_begin_unwind
[INFO] [stdout]   10:     0x5f458738223c - core[df12db4294e9bfd3]::panicking::panic_fmt
[INFO] [stdout]   11:     0x5f4587381f94 - core[df12db4294e9bfd3]::option::expect_failed
[INFO] [stdout]   12:     0x5f4587181b67 - torbox_torrent_rs[fe0f73bb1a3df4b7]::tests::torrent_test::test_client
[INFO] [stdout]   13:     0x5f4587180126 - torbox_torrent_rs[fe0f73bb1a3df4b7]::tests::torrent_test::test_list_torrents_with_query_success::{closure#0}
[INFO] [stdout]   14:     0x5f458719d5d8 - <tokio[9ff1cf9115b3967f]::runtime::context::scoped::Scoped<tokio[9ff1cf9115b3967f]::runtime::scheduler::Context>>::set::<<tokio[9ff1cf9115b3967f]::runtime::scheduler::current_thread::CoreGuard>::enter<<tokio[9ff1cf9115b3967f]::runtime::scheduler::current_thread::CoreGuard>::block_on<core[df12db4294e9bfd3]::pin::Pin<&mut core[df12db4294e9bfd3]::pin::Pin<&mut dyn core[df12db4294e9bfd3]::future::future::Future<Output = ()>>>>::{closure#0}, core[df12db4294e9bfd3]::option::Option<()>>::{closure#0}, (alloc[2182bb758b4b3781]::boxed::Box<tokio[9ff1cf9115b3967f]::runtime::scheduler::current_thread::Core>, core[df12db4294e9bfd3]::option::Option<()>)>
[INFO] [stdout]   15:     0x5f458719dd73 - <tokio[9ff1cf9115b3967f]::runtime::scheduler::current_thread::CurrentThread>::block_on::<core[df12db4294e9bfd3]::pin::Pin<&mut dyn core[df12db4294e9bfd3]::future::future::Future<Output = ()>>>
[INFO] [stdout]   16:     0x5f458719be0d - <tokio[9ff1cf9115b3967f]::runtime::runtime::Runtime>::block_on::<core[df12db4294e9bfd3]::pin::Pin<&mut dyn core[df12db4294e9bfd3]::future::future::Future<Output = ()>>>
[INFO] [stdout]   17:     0x5f458718229c - torbox_torrent_rs[fe0f73bb1a3df4b7]::tests::torrent_test::test_list_torrents_with_query_success
[INFO] [stdout]   18:     0x5f458719e5e9 - <torbox_torrent_rs[fe0f73bb1a3df4b7]::tests::torrent_test::test_list_torrents_with_query_success::{closure#0} as core[df12db4294e9bfd3]::ops::function::FnOnce<()>>::call_once
[INFO] [stdout]   19:     0x5f45871a530b - test[9d35eded1c95d3be]::__rust_begin_short_backtrace::<core[df12db4294e9bfd3]::result::Result<(), alloc[2182bb758b4b3781]::string::String>, fn() -> core[df12db4294e9bfd3]::result::Result<(), alloc[2182bb758b4b3781]::string::String>>
[INFO] [stdout]   20:     0x5f45871b2975 - test[9d35eded1c95d3be]::run_test::{closure#0}
[INFO] [stdout]   21:     0x5f45871ac234 - std[70759c8f55707aa4]::sys::backtrace::__rust_begin_short_backtrace::<test[9d35eded1c95d3be]::run_test::{closure#1}, ()>
[INFO] [stdout]   22:     0x5f45871b5ad2 - <std[70759c8f55707aa4]::thread::lifecycle::spawn_unchecked<test[9d35eded1c95d3be]::run_test::{closure#1}, ()>::{closure#1} as core[df12db4294e9bfd3]::ops::function::FnOnce<()>>::call_once::{shim:vtable#0}
[INFO] [stdout]   23:     0x5f458736a8d9 - <std[70759c8f55707aa4]::sys::thread::unix::Thread>::new::thread_start
[INFO] [stdout]   24:     0x7116d600bdfa - <unknown>
[INFO] [stdout]   25:     0x7116d609f3d4 - clone
[INFO] [stdout]   26:                0x0 - <unknown>
[INFO] [stdout] 
[INFO] [stdout] ---- tests::torrent_test::test_torrent_status_query_success stdout ----
[INFO] [stdout] Could not load .token file, please create one before starting unit testing: path not found
[INFO] [stdout] 
[INFO] [stdout] thread 'tests::torrent_test::test_torrent_status_query_success' (2165) panicked at src/tests/mod.rs:60:44:
[INFO] [stdout] Missing TORBOX_TOKEN in .token file
[INFO] [stdout] stack backtrace:
[INFO] [stdout]    0:     0x5f458736b3b1 - <<std[70759c8f55707aa4]::sys::backtrace::BacktraceLock>::print::DisplayBacktrace as core[df12db4294e9bfd3]::fmt::Display>::fmt
[INFO] [stdout]    1:     0x5f4587381ada - core[df12db4294e9bfd3]::fmt::write
[INFO] [stdout]    2:     0x5f458736ff3c - <alloc[2182bb758b4b3781]::vec::Vec<u8> as core[df12db4294e9bfd3]::io::write::Write>::write_fmt
[INFO] [stdout]    3:     0x5f4587346426 - std[70759c8f55707aa4]::panicking::default_hook::{closure#0}
[INFO] [stdout]    4:     0x5f45873632c9 - std[70759c8f55707aa4]::panicking::default_hook
[INFO] [stdout]    5:     0x5f45871b2020 - test[9d35eded1c95d3be]::test_main_inner::<test[9d35eded1c95d3be]::test_main_static::{closure#0}>::{closure#0}
[INFO] [stdout]    6:     0x5f45873635f2 - std[70759c8f55707aa4]::panicking::panic_with_hook
[INFO] [stdout]    7:     0x5f45873464d2 - std[70759c8f55707aa4]::panicking::panic_handler::{closure#0}
[INFO] [stdout]    8:     0x5f458733ef39 - std[70759c8f55707aa4]::sys::backtrace::__rust_end_short_backtrace::<std[70759c8f55707aa4]::panicking::panic_handler::{closure#0}, !>
[INFO] [stdout]    9:     0x5f458734735d - __rustc[8fa7c3cbc660c2b3]::rust_begin_unwind
[INFO] [stdout]   10:     0x5f458738223c - core[df12db4294e9bfd3]::panicking::panic_fmt
[INFO] [stdout]   11:     0x5f4587381f94 - core[df12db4294e9bfd3]::option::expect_failed
[INFO] [stdout]   12:     0x5f4587181b67 - torbox_torrent_rs[fe0f73bb1a3df4b7]::tests::torrent_test::test_client
[INFO] [stdout]   13:     0x5f458717f6f3 - torbox_torrent_rs[fe0f73bb1a3df4b7]::tests::torrent_test::test_torrent_status_query_success::{closure#0}
[INFO] [stdout]   14:     0x5f458719d5d8 - <tokio[9ff1cf9115b3967f]::runtime::context::scoped::Scoped<tokio[9ff1cf9115b3967f]::runtime::scheduler::Context>>::set::<<tokio[9ff1cf9115b3967f]::runtime::scheduler::current_thread::CoreGuard>::enter<<tokio[9ff1cf9115b3967f]::runtime::scheduler::current_thread::CoreGuard>::block_on<core[df12db4294e9bfd3]::pin::Pin<&mut core[df12db4294e9bfd3]::pin::Pin<&mut dyn core[df12db4294e9bfd3]::future::future::Future<Output = ()>>>>::{closure#0}, core[df12db4294e9bfd3]::option::Option<()>>::{closure#0}, (alloc[2182bb758b4b3781]::boxed::Box<tokio[9ff1cf9115b3967f]::runtime::scheduler::current_thread::Core>, core[df12db4294e9bfd3]::option::Option<()>)>
[INFO] [stdout]   15:     0x5f458719dd73 - <tokio[9ff1cf9115b3967f]::runtime::scheduler::current_thread::CurrentThread>::block_on::<core[df12db4294e9bfd3]::pin::Pin<&mut dyn core[df12db4294e9bfd3]::future::future::Future<Output = ()>>>
[INFO] [stdout]   16:     0x5f458719be0d - <tokio[9ff1cf9115b3967f]::runtime::runtime::Runtime>::block_on::<core[df12db4294e9bfd3]::pin::Pin<&mut dyn core[df12db4294e9bfd3]::future::future::Future<Output = ()>>>
[INFO] [stdout]   17:     0x5f4587182158 - torbox_torrent_rs[fe0f73bb1a3df4b7]::tests::torrent_test::test_torrent_status_query_success
[INFO] [stdout]   18:     0x5f458719e5c9 - <torbox_torrent_rs[fe0f73bb1a3df4b7]::tests::torrent_test::test_torrent_status_query_success::{closure#0} as core[df12db4294e9bfd3]::ops::function::FnOnce<()>>::call_once
[INFO] [stdout]   19:     0x5f45871a530b - test[9d35eded1c95d3be]::__rust_begin_short_backtrace::<core[df12db4294e9bfd3]::result::Result<(), alloc[2182bb758b4b3781]::string::String>, fn() -> core[df12db4294e9bfd3]::result::Result<(), alloc[2182bb758b4b3781]::string::String>>
[INFO] [stdout]   20:     0x5f45871b2975 - test[9d35eded1c95d3be]::run_test::{closure#0}
[INFO] [stdout]   21:     0x5f45871ac234 - std[70759c8f55707aa4]::sys::backtrace::__rust_begin_short_backtrace::<test[9d35eded1c95d3be]::run_test::{closure#1}, ()>
[INFO] [stdout]   22:     0x5f45871b5ad2 - <std[70759c8f55707aa4]::thread::lifecycle::spawn_unchecked<test[9d35eded1c95d3be]::run_test::{closure#1}, ()>::{closure#1} as core[df12db4294e9bfd3]::ops::function::FnOnce<()>>::call_once::{shim:vtable#0}
[INFO] [stdout]   23:     0x5f458736a8d9 - <std[70759c8f55707aa4]::sys::thread::unix::Thread>::new::thread_start
[INFO] [stdout]   24:     0x7116d600bdfa - <unknown>
[INFO] [stdout]   25:     0x7116d609f3d4 - clone
[INFO] [stdout]   26:                0x0 - <unknown>
[INFO] [stdout] 
[INFO] [stdout] ---- tests::torrent_test::test_torrent_control_success stdout ----
[INFO] [stdout] Could not load .token file, please create one before starting unit testing: path not found
[INFO] [stdout] 
[INFO] [stdout] thread 'tests::torrent_test::test_torrent_control_success' (2159) panicked at src/tests/mod.rs:60:44:
[INFO] [stdout] Missing TORBOX_TOKEN in .token file
[INFO] [stdout] stack backtrace:
[INFO] [stdout]    0:     0x5f458736b3b1 - <<std[70759c8f55707aa4]::sys::backtrace::BacktraceLock>::print::DisplayBacktrace as core[df12db4294e9bfd3]::fmt::Display>::fmt
[INFO] [stdout]    1:     0x5f4587381ada - core[df12db4294e9bfd3]::fmt::write
[INFO] [stdout]    2:     0x5f458736ff3c - <alloc[2182bb758b4b3781]::vec::Vec<u8> as core[df12db4294e9bfd3]::io::write::Write>::write_fmt
[INFO] [stdout]    3:     0x5f4587346426 - std[70759c8f55707aa4]::panicking::default_hook::{closure#0}
[INFO] [stdout]    4:     0x5f45873632c9 - std[70759c8f55707aa4]::panicking::default_hook
[INFO] [stdout]    5:     0x5f45871b2020 - test[9d35eded1c95d3be]::test_main_inner::<test[9d35eded1c95d3be]::test_main_static::{closure#0}>::{closure#0}
[INFO] [stdout]    6:     0x5f45873635f2 - std[70759c8f55707aa4]::panicking::panic_with_hook
[INFO] [stdout]    7:     0x5f45873464d2 - std[70759c8f55707aa4]::panicking::panic_handler::{closure#0}
[INFO] [stdout]    8:     0x5f458733ef39 - std[70759c8f55707aa4]::sys::backtrace::__rust_end_short_backtrace::<std[70759c8f55707aa4]::panicking::panic_handler::{closure#0}, !>
[INFO] [stdout]    9:     0x5f458734735d - __rustc[8fa7c3cbc660c2b3]::rust_begin_unwind
[INFO] [stdout]   10:     0x5f458738223c - core[df12db4294e9bfd3]::panicking::panic_fmt
[INFO] [stdout]   11:     0x5f4587381f94 - core[df12db4294e9bfd3]::option::expect_failed
[INFO] [stdout]   12:     0x5f4587181b67 - torbox_torrent_rs[fe0f73bb1a3df4b7]::tests::torrent_test::test_client
[INFO] [stdout]   13:     0x5f458717d113 - torbox_torrent_rs[fe0f73bb1a3df4b7]::tests::torrent_test::test_torrent_control_success::{closure#0}
[INFO] [stdout]   14:     0x5f458719d5d8 - <tokio[9ff1cf9115b3967f]::runtime::context::scoped::Scoped<tokio[9ff1cf9115b3967f]::runtime::scheduler::Context>>::set::<<tokio[9ff1cf9115b3967f]::runtime::scheduler::current_thread::CoreGuard>::enter<<tokio[9ff1cf9115b3967f]::runtime::scheduler::current_thread::CoreGuard>::block_on<core[df12db4294e9bfd3]::pin::Pin<&mut core[df12db4294e9bfd3]::pin::Pin<&mut dyn core[df12db4294e9bfd3]::future::future::Future<Output = ()>>>>::{closure#0}, core[df12db4294e9bfd3]::option::Option<()>>::{closure#0}, (alloc[2182bb758b4b3781]::boxed::Box<tokio[9ff1cf9115b3967f]::runtime::scheduler::current_thread::Core>, core[df12db4294e9bfd3]::option::Option<()>)>
[INFO] [stdout]   15:     0x5f458719dd73 - <tokio[9ff1cf9115b3967f]::runtime::scheduler::current_thread::CurrentThread>::block_on::<core[df12db4294e9bfd3]::pin::Pin<&mut dyn core[df12db4294e9bfd3]::future::future::Future<Output = ()>>>
[INFO] [stdout]   16:     0x5f458719be0d - <tokio[9ff1cf9115b3967f]::runtime::runtime::Runtime>::block_on::<core[df12db4294e9bfd3]::pin::Pin<&mut dyn core[df12db4294e9bfd3]::future::future::Future<Output = ()>>>
[INFO] [stdout]   17:     0x5f4587181d98 - torbox_torrent_rs[fe0f73bb1a3df4b7]::tests::torrent_test::test_torrent_control_success
[INFO] [stdout]   18:     0x5f458719e569 - <torbox_torrent_rs[fe0f73bb1a3df4b7]::tests::torrent_test::test_torrent_control_success::{closure#0} as core[df12db4294e9bfd3]::ops::function::FnOnce<()>>::call_once
[INFO] [stdout]   19:     0x5f45871a530b - test[9d35eded1c95d3be]::__rust_begin_short_backtrace::<core[df12db4294e9bfd3]::result::Result<(), alloc[2182bb758b4b3781]::string::String>, fn() -> core[df12db4294e9bfd3]::result::Result<(), alloc[2182bb758b4b3781]::string::String>>
[INFO] [stdout]   20:     0x5f45871b2975 - test[9d35eded1c95d3be]::run_test::{closure#0}
[INFO] [stdout]   21:     0x5f45871ac234 - std[70759c8f55707aa4]::sys::backtrace::__rust_begin_short_backtrace::<test[9d35eded1c95d3be]::run_test::{closure#1}, ()>
[INFO] [stdout]   22:     0x5f45871b5ad2 - <std[70759c8f55707aa4]::thread::lifecycle::spawn_unchecked<test[9d35eded1c95d3be]::run_test::{closure#1}, ()>::{closure#1} as core[df12db4294e9bfd3]::ops::function::FnOnce<()>>::call_once::{shim:vtable#0}
[INFO] [stdout]   23:     0x5f458736a8d9 - <std[70759c8f55707aa4]::sys::thread::unix::Thread>::new::thread_start
[INFO] [stdout]   24:     0x7116d600bdfa - <unknown>
[INFO] [stdout]   25:     0x7116d609f3d4 - clone
[INFO] [stdout]   26:                0x0 - <unknown>
[INFO] [stdout] 
[INFO] [stdout] 
[INFO] [stdout] failures:
[INFO] [stdout]     tests::torrent_test::test_create_torrent_success
[INFO] [stdout]     tests::torrent_test::test_list_torrents_with_query_success
[INFO] [stdout]     tests::torrent_test::test_torrent_control_success
[INFO] [stdout]     tests::torrent_test::test_torrent_export_data_query_file_success
[INFO] [stdout]     tests::torrent_test::test_torrent_export_data_query_magnet_success
[INFO] [stdout]     tests::torrent_test::test_torrent_info_body_success
[INFO] [stdout]     tests::torrent_test::test_torrent_info_query_success
[INFO] [stdout]     tests::torrent_test::test_torrent_request_download_link_success
[INFO] [stdout]     tests::torrent_test::test_torrent_status_query_success
[INFO] [stdout] 
[INFO] [stdout] test result: FAILED. 0 passed; 9 failed; 0 ignored; 0 measured; 0 filtered out; finished in 0.02s
[INFO] [stdout] 
[INFO] running `Command { std: "docker" "inspect" "db1157025d0234c3c8fd67d0e7f9976bfcc76cfe74761f13303f7987caa0354a", kill_on_drop: false }`
[INFO] running `Command { std: "docker" "rm" "-f" "db1157025d0234c3c8fd67d0e7f9976bfcc76cfe74761f13303f7987caa0354a", kill_on_drop: false }`
[INFO] [stdout] db1157025d0234c3c8fd67d0e7f9976bfcc76cfe74761f13303f7987caa0354a
