[INFO] fetching crate tor-client-lib 0.3.2...
[INFO] testing tor-client-lib-0.3.2 against 1.100.0-beta.1+cargoflags=--release for beta-release-1.100-2
[INFO] extracting crate tor-client-lib 0.3.2 into /workspace/builds/worker-3-tc2/source
[INFO] started tweaking crates.io crate tor-client-lib 0.3.2
[INFO] removed 0 missing tests
[INFO] finished tweaking crates.io crate tor-client-lib 0.3.2
[INFO] tweaked toml for crates.io crate tor-client-lib 0.3.2 written to /workspace/builds/worker-3-tc2/source/Cargo.toml
[INFO] validating manifest of crates.io crate tor-client-lib 0.3.2 on toolchain 1.100.0-beta.1
[INFO] running `Command { std: CARGO_HOME="/workspace/cargo-home" RUSTUP_HOME="/workspace/rustup-home" "/workspace/cargo-home/bin/cargo" "+1.100.0-beta.1" "metadata" "--manifest-path" "Cargo.toml" "--no-deps", kill_on_drop: false }`
[INFO] crate crates.io crate tor-client-lib 0.3.2 already has a lockfile, it will not be regenerated
[INFO] running `Command { std: CARGO_HOME="/workspace/cargo-home" RUSTUP_HOME="/workspace/rustup-home" "/workspace/cargo-home/bin/cargo" "+1.100.0-beta.1" "fetch" "--manifest-path" "Cargo.toml", kill_on_drop: false }`
[INFO] running `Command { std: "docker" "create" "-v" "/var/lib/crater-agent-workspace/builds/worker-3-tc2/source:/opt/rustwide/workdir:ro,Z" "-v" "/var/lib/crater-agent-workspace/builds/worker-3-tc2/target:/opt/rustwide/target:rw,Z" "-v" "/var/lib/crater-agent-workspace/cargo-home:/opt/rustwide/cargo-home:ro,Z" "-v" "/var/lib/crater-agent-workspace/rustup-home:/opt/rustwide/rustup-home:ro,Z" "-m" "1610612736" "--network" "none" "ghcr.io/rust-lang/crates-build-env/linux@sha256:77db811e55d90add9212f6832c23229e3de5f1c1f9905e8cb07319ea15df73ac" "sleep" "infinity", kill_on_drop: false }`
[INFO] [stdout] 5a02f8dbd9116935e59629242b751e6be412d876b9a91251cff98fcf87cc6440
[INFO] running `Command { std: "docker" "start" "5a02f8dbd9116935e59629242b751e6be412d876b9a91251cff98fcf87cc6440", kill_on_drop: false }`
[INFO] running `Command { std: "docker" "inspect" "5a02f8dbd9116935e59629242b751e6be412d876b9a91251cff98fcf87cc6440", kill_on_drop: false }`
[INFO] running `Command { std: "docker" "exec" "-e" "SOURCE_DIR=/opt/rustwide/workdir" "-e" "CARGO_HOME=/opt/rustwide/cargo-home" "-e" "RUSTUP_HOME=/opt/rustwide/rustup-home" "-e" "CARGO_TARGET_DIR=/opt/rustwide/target" "-w" "/opt/rustwide/workdir" "--user" "0:0" "5a02f8dbd9116935e59629242b751e6be412d876b9a91251cff98fcf87cc6440" "/opt/rustwide/cargo-home/bin/cargo" "+1.100.0-beta.1" "metadata" "--no-deps" "--format-version=1", kill_on_drop: false }`
[INFO] running `Command { std: "docker" "inspect" "5a02f8dbd9116935e59629242b751e6be412d876b9a91251cff98fcf87cc6440", kill_on_drop: false }`
[INFO] running `Command { std: "docker" "exec" "-e" "SOURCE_DIR=/opt/rustwide/workdir" "-e" "CARGO_HOME=/opt/rustwide/cargo-home" "-e" "RUSTUP_HOME=/opt/rustwide/rustup-home" "-e" "CARGO_TARGET_DIR=/opt/rustwide/target" "-e" "CARGO_INCREMENTAL=0" "-e" "RUST_BACKTRACE=full" "-e" "RUSTFLAGS=--cap-lints=warn" "-e" "RUSTDOCFLAGS=--cap-lints=warn" "-w" "/opt/rustwide/workdir" "--user" "0:0" "5a02f8dbd9116935e59629242b751e6be412d876b9a91251cff98fcf87cc6440" "/opt/rustwide/cargo-home/bin/cargo" "+1.100.0-beta.1" "build" "--frozen" "--message-format=json" "--release", kill_on_drop: false }`
[INFO] [stderr]    Compiling libc v0.2.186
[INFO] [stderr]    Compiling const-oid v0.9.6
[INFO] [stderr]    Compiling typenum v1.20.0
[INFO] [stderr]    Compiling base64ct v1.8.3
[INFO] [stderr]    Compiling libm v0.2.16
[INFO] [stderr]    Compiling zerocopy v0.8.48
[INFO] [stderr]    Compiling num-traits v0.2.19
[INFO] [stderr]    Compiling anstyle-parse v1.0.0
[INFO] [stderr]    Compiling regex-syntax v0.8.10
[INFO] [stderr]    Compiling syn v2.0.117
[INFO] [stderr]    Compiling semver v1.0.28
[INFO] [stderr]    Compiling cfg_aliases v0.2.1
[INFO] [stderr]    Compiling anstyle v1.0.14
[INFO] [stderr]    Compiling colorchoice v1.0.5
[INFO] [stderr]    Compiling futures-channel v0.3.32
[INFO] [stderr]    Compiling serde v1.0.228
[INFO] [stderr]    Compiling nix v0.31.2
[INFO] [stderr]    Compiling nibble_vec v0.1.0
[INFO] [stderr]    Compiling endian-type v0.2.0
[INFO] [stderr]    Compiling clap_lex v1.1.0
[INFO] [stderr]    Compiling bitflags v2.11.1
[INFO] [stderr]    Compiling spin v0.9.8
[INFO] [stderr]    Compiling anstream v1.0.0
[INFO] [stderr]    Compiling num-bigint-dig v0.8.6
[INFO] [stderr]    Compiling radix_trie v0.3.0
[INFO] [stderr]    Compiling serde_json v1.0.149
[INFO] [stderr]    Compiling unicode-segmentation v1.13.2
[INFO] [stderr]    Compiling home v0.5.12
[INFO] [stderr]    Compiling lazy_static v1.5.0
[INFO] [stderr]    Compiling pem-rfc7468 v0.7.0
[INFO] [stderr]    Compiling rustc_version v0.4.1
[INFO] [stderr]    Compiling unicode-width v0.2.2
[INFO] [stderr]    Compiling keccak v0.1.6
[INFO] [stderr]    Compiling jiff v0.2.24
[INFO] [stderr]    Compiling clap_builder v4.6.0
[INFO] [stderr]    Compiling yansi v1.0.1
[INFO] [stderr]    Compiling generic-array v0.14.7
[INFO] [stderr]    Compiling curve25519-dalek v4.1.3
[INFO] [stderr]    Compiling either v1.15.0
[INFO] [stderr]    Compiling base32 v0.5.1
[INFO] [stderr]    Compiling block-buffer v0.10.4
[INFO] [stderr]    Compiling crypto-common v0.1.7
[INFO] [stderr]    Compiling digest v0.10.7
[INFO] [stderr]    Compiling sha2 v0.10.9
[INFO] [stderr]    Compiling hmac v0.12.1
[INFO] [stderr]    Compiling sha3 v0.10.9
[INFO] [stderr]    Compiling sha1 v0.10.6
[INFO] [stderr]    Compiling regex-automata v0.4.14
[INFO] [stderr]    Compiling getrandom v0.2.17
[INFO] [stderr]    Compiling parking_lot_core v0.9.12
[INFO] [stderr]    Compiling rand_core v0.6.4
[INFO] [stderr]    Compiling mio v1.2.0
[INFO] [stderr]    Compiling socket2 v0.6.3
[INFO] [stderr]    Compiling num-integer v0.1.46
[INFO] [stderr]    Compiling rtoolbox v0.0.5
[INFO] [stderr]    Compiling rpassword v7.5.2
[INFO] [stderr]    Compiling parking_lot v0.12.5
[INFO] [stderr]    Compiling signature v2.2.0
[INFO] [stderr]    Compiling num-iter v0.1.45
[INFO] [stderr]    Compiling darling_core v0.23.0
[INFO] [stderr]    Compiling clap v4.6.1
[INFO] [stderr]    Compiling zeroize_derive v1.4.3
[INFO] [stderr]    Compiling tokio-macros v2.7.0
[INFO] [stderr]    Compiling futures-macro v0.3.32
[INFO] [stderr]    Compiling serde_derive v1.0.228
[INFO] [stderr]    Compiling thiserror-impl v1.0.69
[INFO] [stderr]    Compiling curve25519-dalek-derive v0.1.1
[INFO] [stderr]    Compiling regex v1.12.3
[INFO] [stderr]    Compiling zeroize v1.8.2
[INFO] [stderr]    Compiling tokio v1.52.1
[INFO] [stderr]    Compiling der v0.7.10
[INFO] [stderr]    Compiling ppv-lite86 v0.2.21
[INFO] [stderr]    Compiling futures-util v0.3.32
[INFO] [stderr]    Compiling thiserror v1.0.69
[INFO] [stderr]    Compiling rand_chacha v0.3.1
[INFO] [stderr]    Compiling env_filter v1.0.1
[INFO] [stderr]    Compiling rand v0.8.6
[INFO] [stderr]    Compiling rustyline v18.0.0
[INFO] [stderr]    Compiling rustyline-derive v0.12.0
[INFO] [stderr]    Compiling darling_macro v0.23.0
[INFO] [stderr]    Compiling strum_macros v0.28.0
[INFO] [stderr]    Compiling darling v0.23.0
[INFO] [stderr]    Compiling spki v0.7.3
[INFO] [stderr]    Compiling serde_with_macros v3.19.0
[INFO] [stderr]    Compiling env_logger v0.11.10
[INFO] [stderr]    Compiling pkcs8 v0.10.2
[INFO] [stderr]    Compiling pkcs1 v0.7.5
[INFO] [stderr]    Compiling serde_with v3.19.0
[INFO] [stderr]    Compiling repl-rs v0.2.11
[INFO] [stderr]    Compiling ed25519 v2.2.3
[INFO] [stderr]    Compiling rsa v0.9.10
[INFO] [stderr]    Compiling ed25519-dalek v2.2.0
[INFO] [stderr]    Compiling strum v0.28.0
[INFO] [stderr]    Compiling futures-executor v0.3.32
[INFO] [stderr]    Compiling futures v0.3.32
[INFO] [stderr]    Compiling tokio-util v0.7.18
[INFO] [stderr]    Compiling tokio-socks v0.5.2
[INFO] [stderr]    Compiling tokio-stream v0.1.18
[INFO] [stderr]    Compiling tor-client-lib v0.3.2 (/opt/rustwide/workdir)
[INFO] [stderr] warning: unused dependency `anyhow`
[INFO] [stderr]  --> Cargo.toml:5:15
[INFO] [stderr]   |
[INFO] [stderr] 5 | [dependencies.anyhow]
[INFO] [stderr]   |               ^^^^^^^
[INFO] [stderr]   |
[INFO] [stderr]   = note: `cargo::unused_dependencies` is set to `warn` by default
[INFO] [stderr] help: consider removing the dependency on `anyhow`
[INFO] [stderr] warning: unused dependency `rsa`
[INFO] [stderr]   --> Cargo.toml:51:15
[INFO] [stderr]    |
[INFO] [stderr] 51 | [dependencies.rsa]
[INFO] [stderr]    |               ^^^^
[INFO] [stderr]    |
[INFO] [stderr] help: consider removing the dependency on `rsa`
[INFO] [stderr] warning: unused dependency `serde_json`
[INFO] [stderr]   --> Cargo.toml:58:15
[INFO] [stderr]    |
[INFO] [stderr] 58 | [dependencies.serde_json]
[INFO] [stderr]    |               ^^^^^^^^^^^
[INFO] [stderr]    |
[INFO] [stderr] help: consider removing the dependency on `serde_json`
[INFO] [stderr] warning: unused dependency `sha1`
[INFO] [stderr]   --> Cargo.toml:65:15
[INFO] [stderr]    |
[INFO] [stderr] 65 | [dependencies.sha1]
[INFO] [stderr]    |               ^^^^^
[INFO] [stderr]    |
[INFO] [stderr] help: consider removing the dependency on `sha1`
[INFO] [stderr] warning: unused dependency `strum`
[INFO] [stderr]   --> Cargo.toml:74:15
[INFO] [stderr]    |
[INFO] [stderr] 74 | [dependencies.strum]
[INFO] [stderr]    |               ^^^^^^
[INFO] [stderr]    |
[INFO] [stderr] help: consider removing the dependency on `strum`
[INFO] [stderr] warning: `tor-client-lib` (manifest) generated 5 warnings
[INFO] [stderr]     Finished `release` profile [optimized] target(s) in 58.03s
[INFO] [stderr] warning: the following packages contain code that will be rejected by a future version of Rust: nix v0.31.2
[INFO] [stderr] note: to see what the problems were, use the option `--future-incompat-report`, or run `cargo report future-incompatibilities --id 4`
[INFO] running `Command { std: "docker" "inspect" "5a02f8dbd9116935e59629242b751e6be412d876b9a91251cff98fcf87cc6440", kill_on_drop: false }`
[INFO] running `Command { std: "docker" "exec" "-e" "SOURCE_DIR=/opt/rustwide/workdir" "-e" "CARGO_HOME=/opt/rustwide/cargo-home" "-e" "RUSTUP_HOME=/opt/rustwide/rustup-home" "-e" "CARGO_TARGET_DIR=/opt/rustwide/target" "-e" "CARGO_INCREMENTAL=0" "-e" "RUST_BACKTRACE=full" "-e" "RUSTFLAGS=--cap-lints=warn" "-e" "RUSTDOCFLAGS=--cap-lints=warn" "-w" "/opt/rustwide/workdir" "--user" "0:0" "5a02f8dbd9116935e59629242b751e6be412d876b9a91251cff98fcf87cc6440" "/opt/rustwide/cargo-home/bin/cargo" "+1.100.0-beta.1" "test" "--frozen" "--no-run" "--message-format=json" "--release", kill_on_drop: false }`
[INFO] [stderr]    Compiling tor-client-lib v0.3.2 (/opt/rustwide/workdir)
[INFO] [stderr] warning: unused dependency `anyhow`
[INFO] [stderr]  --> Cargo.toml:5:15
[INFO] [stderr]   |
[INFO] [stderr] 5 | [dependencies.anyhow]
[INFO] [stderr]   |               ^^^^^^^
[INFO] [stderr]   |
[INFO] [stderr]   = note: `cargo::unused_dependencies` is set to `warn` by default
[INFO] [stderr] help: consider removing the dependency on `anyhow`
[INFO] [stderr] help: to still use for development builds, move to `dev-dependencies`
[INFO] [stderr] warning: unused dependency `rsa`
[INFO] [stderr]   --> Cargo.toml:51:15
[INFO] [stderr]    |
[INFO] [stderr] 51 | [dependencies.rsa]
[INFO] [stderr]    |               ^^^^
[INFO] [stderr]    |
[INFO] [stderr] help: consider removing the dependency on `rsa`
[INFO] [stderr] warning: unused dependency `serde_json`
[INFO] [stderr]   --> Cargo.toml:58:15
[INFO] [stderr]    |
[INFO] [stderr] 58 | [dependencies.serde_json]
[INFO] [stderr]    |               ^^^^^^^^^^^
[INFO] [stderr]    |
[INFO] [stderr] help: consider removing the dependency on `serde_json`
[INFO] [stderr] help: to still use for development builds, move to `dev-dependencies`
[INFO] [stderr] warning: unused dependency `sha1`
[INFO] [stderr]   --> Cargo.toml:65:15
[INFO] [stderr]    |
[INFO] [stderr] 65 | [dependencies.sha1]
[INFO] [stderr]    |               ^^^^^
[INFO] [stderr]    |
[INFO] [stderr] help: consider removing the dependency on `sha1`
[INFO] [stderr] warning: unused dependency `strum`
[INFO] [stderr]   --> Cargo.toml:74:15
[INFO] [stderr]    |
[INFO] [stderr] 74 | [dependencies.strum]
[INFO] [stderr]    |               ^^^^^^
[INFO] [stderr]    |
[INFO] [stderr] help: consider removing the dependency on `strum`
[INFO] [stderr] warning: `tor-client-lib` (manifest) generated 5 warnings
[INFO] [stderr]     Finished `release` profile [optimized] target(s) in 5.87s
[INFO] [stderr] warning: the following packages contain code that will be rejected by a future version of Rust: nix v0.31.2
[INFO] [stderr] note: to see what the problems were, use the option `--future-incompat-report`, or run `cargo report future-incompatibilities --id 4`
[INFO] running `Command { std: "docker" "inspect" "5a02f8dbd9116935e59629242b751e6be412d876b9a91251cff98fcf87cc6440", kill_on_drop: false }`
[INFO] running `Command { std: "docker" "exec" "-e" "SOURCE_DIR=/opt/rustwide/workdir" "-e" "CARGO_HOME=/opt/rustwide/cargo-home" "-e" "RUSTUP_HOME=/opt/rustwide/rustup-home" "-e" "CARGO_TARGET_DIR=/opt/rustwide/target" "-e" "CARGO_INCREMENTAL=0" "-e" "RUST_BACKTRACE=full" "-e" "RUSTFLAGS=--cap-lints=warn" "-e" "RUSTDOCFLAGS=--cap-lints=warn" "-w" "/opt/rustwide/workdir" "--user" "0:0" "5a02f8dbd9116935e59629242b751e6be412d876b9a91251cff98fcf87cc6440" "/opt/rustwide/cargo-home/bin/cargo" "+1.100.0-beta.1" "test" "--frozen" "--release", kill_on_drop: false }`
[INFO] [stderr] warning: unused dependency `anyhow`
[INFO] [stderr]  --> Cargo.toml:5:15
[INFO] [stderr]   |
[INFO] [stderr] 5 | [dependencies.anyhow]
[INFO] [stderr]   |               ^^^^^^^
[INFO] [stderr]   |
[INFO] [stderr]   = note: `cargo::unused_dependencies` is set to `warn` by default
[INFO] [stderr] help: consider removing the dependency on `anyhow`
[INFO] [stderr] help: to still use for development builds, move to `dev-dependencies`
[INFO] [stderr] warning: unused dependency `rsa`
[INFO] [stderr]   --> Cargo.toml:51:15
[INFO] [stderr]    |
[INFO] [stderr] 51 | [dependencies.rsa]
[INFO] [stderr]    |               ^^^^
[INFO] [stderr]    |
[INFO] [stderr] help: consider removing the dependency on `rsa`
[INFO] [stderr] warning: unused dependency `serde_json`
[INFO] [stderr]   --> Cargo.toml:58:15
[INFO] [stderr]    |
[INFO] [stderr] 58 | [dependencies.serde_json]
[INFO] [stderr]    |               ^^^^^^^^^^^
[INFO] [stderr]    |
[INFO] [stderr] help: consider removing the dependency on `serde_json`
[INFO] [stderr] help: to still use for development builds, move to `dev-dependencies`
[INFO] [stderr] warning: unused dependency `sha1`
[INFO] [stderr]   --> Cargo.toml:65:15
[INFO] [stderr]    |
[INFO] [stderr] 65 | [dependencies.sha1]
[INFO] [stderr]    |               ^^^^^
[INFO] [stderr]    |
[INFO] [stderr] help: consider removing the dependency on `sha1`
[INFO] [stderr] warning: unused dependency `strum`
[INFO] [stderr]   --> Cargo.toml:74:15
[INFO] [stderr]    |
[INFO] [stderr] 74 | [dependencies.strum]
[INFO] [stderr]    |               ^^^^^^
[INFO] [stderr]    |
[INFO] [stderr] help: consider removing the dependency on `strum`
[INFO] [stderr] warning: `tor-client-lib` (manifest) generated 5 warnings
[INFO] [stderr]     Finished `release` profile [optimized] target(s) in 0.20s
[INFO] [stderr] warning: the following packages contain code that will be rejected by a future version of Rust: nix v0.31.2
[INFO] [stderr] note: to see what the problems were, use the option `--future-incompat-report`, or run `cargo report future-incompatibilities --id 4`
[INFO] [stderr]      Running unittests src/lib.rs (/opt/rustwide/target/release/build/tor-client-lib/79b5523dfe3610fd/out/tor_client_lib-79b5523dfe3610fd)
[INFO] [stdout] 
[INFO] [stdout] running 16 tests
[INFO] [stdout] test key::tests::test_ed25519v3_service_id ... ok
[INFO] [stdout] test control_connection::tests::test_read_data_control_response ... ok
[INFO] [stdout] test control_connection::tests::test_get_protocol_info ... ok
[INFO] [stdout] test control_connection::tests::test_parse_onion_address ... FAILED
[INFO] [stdout] test key::tests::test_serialize_service_id ... FAILED
[INFO] [stdout] test control_connection::tests::test_authenticate ... ok
[INFO] [stdout] test auth::tests::test_auth_display ... ok
[INFO] [stdout] test key::tests::test_blob_reduced ... ok
[INFO] [stdout] test key::tests::test_to_from_blob ... ok
[INFO] [stdout] test key::tests::test_tor_generated_tor_ed25519v3_sign_verify ... ok
[INFO] [stdout] test control_connection::tests::test_read_good_control_response ... ok
[INFO] [stdout] test control_connection::tests::test_read_garbled_control_response ... ok
[INFO] [stdout] test control_connection::tests::test_create_onion_service ... FAILED
[INFO] [stderr] error: test failed, to rerun pass `--lib`
[INFO] [stdout] test key::tests::test_ed25519_signing_key_to_tor_signing_key ... ok
[INFO] [stdout] test key::tests::test_ed25519_tor_ed25519v3_expanded_keys ... ok
[INFO] [stdout] test key::tests::test_self_generated_tor_ed25519v3_sign_verify ... ok
[INFO] [stdout] 
[INFO] [stdout] failures:
[INFO] [stdout] 
[INFO] [stdout] ---- control_connection::tests::test_parse_onion_address stdout ----
[INFO] [stdout] Error: ProtocolError("Error parsing host field in onion address: Protocol Error: Error base32 decoding service ID")
[INFO] [stdout] 
[INFO] [stdout] ---- key::tests::test_serialize_service_id stdout ----
[INFO] [stdout] Error: Protocol Error: Error base32 decoding service ID
[INFO] [stdout] 
[INFO] [stdout] Stack backtrace:
[INFO] [stdout]    0: <anyhow::Error as core::convert::From<tor_client_lib::error::TorError>>::from
[INFO] [stdout]    1: <tor_client_lib::key::tests::test_serialize_service_id::{closure#0} as core::ops::function::FnOnce<()>>::call_once
[INFO] [stdout]    2: test::__rust_begin_short_backtrace::<core::result::Result<(), alloc::string::String>, fn() -> core::result::Result<(), alloc::string::String>>
[INFO] [stdout]    3: test::run_test::{closure#0}
[INFO] [stdout]    4: std::sys::backtrace::__rust_begin_short_backtrace::<test::run_test::{closure#1}, ()>
[INFO] [stdout]    5: <std::thread::lifecycle::spawn_unchecked<test::run_test::{closure#1}, ()>::{closure#1} as core::ops::function::FnOnce<()>>::call_once::{shim:vtable#0}
[INFO] [stdout]    6: <std::sys::thread::unix::Thread>::new::thread_start
[INFO] [stdout]    7: <unknown>
[INFO] [stdout]    8: clone
[INFO] [stdout] 
[INFO] [stdout] ---- control_connection::tests::test_create_onion_service stdout ----
[INFO] [stdout] Error: ProtocolError("Error parsing Tor Service ID: Protocol Error: Error base32 decoding service ID")
[INFO] [stdout] 
[INFO] [stdout] 
[INFO] [stdout] failures:
[INFO] [stdout]     control_connection::tests::test_create_onion_service
[INFO] [stdout]     control_connection::tests::test_parse_onion_address
[INFO] [stdout]     key::tests::test_serialize_service_id
[INFO] [stdout] 
[INFO] [stdout] test result: FAILED. 13 passed; 3 failed; 0 ignored; 0 measured; 0 filtered out; finished in 0.04s
[INFO] [stdout] 
[INFO] running `Command { std: "docker" "inspect" "5a02f8dbd9116935e59629242b751e6be412d876b9a91251cff98fcf87cc6440", kill_on_drop: false }`
[INFO] running `Command { std: "docker" "rm" "-f" "5a02f8dbd9116935e59629242b751e6be412d876b9a91251cff98fcf87cc6440", kill_on_drop: false }`
[INFO] [stdout] 5a02f8dbd9116935e59629242b751e6be412d876b9a91251cff98fcf87cc6440
