[INFO] fetching crate toptop 1.1.1...
[INFO] testing toptop-1.1.1 against 1.99.0-beta.8+cargoflags=--release for beta-release-1.100-2
[INFO] extracting crate toptop 1.1.1 into /workspace/builds/worker-6-tc1/source
[INFO] started tweaking crates.io crate toptop 1.1.1
[INFO] removed 0 missing examples
[INFO] removed 0 missing tests
[INFO] finished tweaking crates.io crate toptop 1.1.1
[INFO] tweaked toml for crates.io crate toptop 1.1.1 written to /workspace/builds/worker-6-tc1/source/Cargo.toml
[INFO] validating manifest of crates.io crate toptop 1.1.1 on toolchain 1.99.0-beta.8
[INFO] running `Command { std: CARGO_HOME="/workspace/cargo-home" RUSTUP_HOME="/workspace/rustup-home" "/workspace/cargo-home/bin/cargo" "+1.99.0-beta.8" "metadata" "--manifest-path" "Cargo.toml" "--no-deps", kill_on_drop: false }`
[INFO] crate crates.io crate toptop 1.1.1 already has a lockfile, it will not be regenerated
[INFO] running `Command { std: CARGO_HOME="/workspace/cargo-home" RUSTUP_HOME="/workspace/rustup-home" "/workspace/cargo-home/bin/cargo" "+1.99.0-beta.8" "fetch" "--manifest-path" "Cargo.toml", kill_on_drop: false }`
[INFO] [stderr]  Downloading crates ...
[INFO] [stderr]   Downloaded lru v0.18.0
[INFO] running `Command { std: "docker" "create" "-v" "/var/lib/crater-agent-workspace/builds/worker-6-tc1/source:/opt/rustwide/workdir:ro,Z" "-v" "/var/lib/crater-agent-workspace/builds/worker-6-tc1/target:/opt/rustwide/target:rw,Z" "-v" "/var/lib/crater-agent-workspace/cargo-home:/opt/rustwide/cargo-home:ro,Z" "-v" "/var/lib/crater-agent-workspace/rustup-home:/opt/rustwide/rustup-home:ro,Z" "-m" "1610612736" "--network" "none" "ghcr.io/rust-lang/crates-build-env/linux@sha256:77db811e55d90add9212f6832c23229e3de5f1c1f9905e8cb07319ea15df73ac" "sleep" "infinity", kill_on_drop: false }`
[INFO] [stdout] 08f4e6cdb045a301ad27747611b951076739090862a18073518d6e4c38a4c88f
[INFO] running `Command { std: "docker" "start" "08f4e6cdb045a301ad27747611b951076739090862a18073518d6e4c38a4c88f", kill_on_drop: false }`
[INFO] running `Command { std: "docker" "inspect" "08f4e6cdb045a301ad27747611b951076739090862a18073518d6e4c38a4c88f", kill_on_drop: false }`
[INFO] running `Command { std: "docker" "exec" "-e" "SOURCE_DIR=/opt/rustwide/workdir" "-e" "CARGO_HOME=/opt/rustwide/cargo-home" "-e" "RUSTUP_HOME=/opt/rustwide/rustup-home" "-e" "CARGO_TARGET_DIR=/opt/rustwide/target" "-w" "/opt/rustwide/workdir" "--user" "0:0" "08f4e6cdb045a301ad27747611b951076739090862a18073518d6e4c38a4c88f" "/opt/rustwide/cargo-home/bin/cargo" "+1.99.0-beta.8" "metadata" "--no-deps" "--format-version=1", kill_on_drop: false }`
[INFO] running `Command { std: "docker" "inspect" "08f4e6cdb045a301ad27747611b951076739090862a18073518d6e4c38a4c88f", kill_on_drop: false }`
[INFO] running `Command { std: "docker" "exec" "-e" "SOURCE_DIR=/opt/rustwide/workdir" "-e" "CARGO_HOME=/opt/rustwide/cargo-home" "-e" "RUSTUP_HOME=/opt/rustwide/rustup-home" "-e" "CARGO_TARGET_DIR=/opt/rustwide/target" "-e" "CARGO_INCREMENTAL=0" "-e" "RUST_BACKTRACE=full" "-e" "RUSTFLAGS=--cap-lints=warn" "-e" "RUSTDOCFLAGS=--cap-lints=warn" "-w" "/opt/rustwide/workdir" "--user" "0:0" "08f4e6cdb045a301ad27747611b951076739090862a18073518d6e4c38a4c88f" "/opt/rustwide/cargo-home/bin/cargo" "+1.99.0-beta.8" "build" "--frozen" "--message-format=json" "--release", kill_on_drop: false }`
[INFO] [stderr]    Compiling proc-macro2 v1.0.106
[INFO] [stderr]    Compiling unicode-ident v1.0.24
[INFO] [stderr]    Compiling quote v1.0.46
[INFO] [stderr]    Compiling libc v0.2.186
[INFO] [stderr]    Compiling cfg-if v1.0.4
[INFO] [stderr]    Compiling foldhash v0.2.0
[INFO] [stderr]    Compiling equivalent v1.0.2
[INFO] [stderr]    Compiling allocator-api2 v0.2.21
[INFO] [stderr]    Compiling rustversion v1.0.22
[INFO] [stderr]    Compiling bitflags v2.13.0
[INFO] [stderr]    Compiling thiserror v2.0.18
[INFO] [stderr]    Compiling strsim v0.11.1
[INFO] [stderr]    Compiling ident_case v1.0.1
[INFO] [stderr]    Compiling either v1.16.0
[INFO] [stderr]    Compiling heck v0.5.0
[INFO] [stderr]    Compiling unicode-segmentation v1.13.3
[INFO] [stderr]    Compiling instability v0.3.12
[INFO] [stderr]    Compiling unicode-width v0.2.2
[INFO] [stderr]    Compiling signal-hook v0.3.18
[INFO] [stderr]    Compiling ryu v1.0.23
[INFO] [stderr]    Compiling static_assertions v1.1.0
[INFO] [stderr]    Compiling itoa v1.0.18
[INFO] [stderr]    Compiling parking_lot_core v0.9.12
[INFO] [stderr]    Compiling log v0.4.33
[INFO] [stderr]    Compiling indoc v2.0.7
[INFO] [stderr]    Compiling critical-section v1.2.0
[INFO] [stderr]    Compiling rustix v1.1.4
[INFO] [stderr]    Compiling scopeguard v1.2.0
[INFO] [stderr]    Compiling smallvec v1.15.2
[INFO] [stderr]    Compiling autocfg v1.5.1
[INFO] [stderr]    Compiling time-core v0.1.9
[INFO] [stderr]    Compiling powerfmt v0.2.0
[INFO] [stderr]    Compiling lock_api v0.4.14
[INFO] [stderr]    Compiling num_threads v0.1.7
[INFO] [stderr]    Compiling itertools v0.14.0
[INFO] [stderr]    Compiling litrs v1.0.0
[INFO] [stderr]    Compiling linux-raw-sys v0.12.1
[INFO] [stderr]    Compiling deranged v0.5.8
[INFO] [stderr]    Compiling num-conv v0.2.2
[INFO] [stderr]    Compiling line-clipping v0.3.7
[INFO] [stderr]    Compiling anyhow v1.0.103
[INFO] [stderr]    Compiling iana-time-zone v0.1.65
[INFO] [stderr]    Compiling hashbrown v0.16.1
[INFO] [stderr]    Compiling castaway v0.2.4
[INFO] [stderr]    Compiling hashbrown v0.17.1
[INFO] [stderr]    Compiling memchr v2.8.2
[INFO] [stderr]    Compiling num-traits v0.2.19
[INFO] [stderr]    Compiling compact_str v0.9.1
[INFO] [stderr]    Compiling convert_case v0.10.0
[INFO] [stderr]    Compiling syn v2.0.118
[INFO] [stderr]    Compiling document-features v0.2.12
[INFO] [stderr]    Compiling lru v0.18.0
[INFO] [stderr]    Compiling errno v0.3.14
[INFO] [stderr]    Compiling mio v1.2.1
[INFO] [stderr]    Compiling sysinfo v0.38.4
[INFO] [stderr]    Compiling signal-hook-registry v1.4.8
[INFO] [stderr]    Compiling parking_lot v0.12.5
[INFO] [stderr]    Compiling chrono v0.4.45
[INFO] [stderr]    Compiling signal-hook-mio v0.2.5
[INFO] [stderr]    Compiling time v0.3.51
[INFO] [stderr]    Compiling unicode-truncate v2.0.1
[INFO] [stderr]    Compiling darling_core v0.23.0
[INFO] [stderr]    Compiling thiserror-impl v2.0.18
[INFO] [stderr]    Compiling strum_macros v0.28.0
[INFO] [stderr]    Compiling derive_more-impl v2.1.1
[INFO] [stderr]    Compiling derive_more v2.1.1
[INFO] [stderr]    Compiling crossterm v0.29.0
[INFO] [stderr]    Compiling kasuari v0.4.12
[INFO] [stderr]    Compiling strum v0.28.0
[INFO] [stderr]    Compiling ratatui-core v0.1.2
[INFO] [stderr]    Compiling darling_macro v0.23.0
[INFO] [stderr]    Compiling darling v0.23.0
[INFO] [stderr]    Compiling ratatui-widgets v0.3.2
[INFO] [stderr]    Compiling ratatui-crossterm v0.1.2
[INFO] [stderr]    Compiling ratatui-macros v0.7.2
[INFO] [stderr]    Compiling ratatui v0.30.2
[INFO] [stderr]    Compiling toptop v1.1.1 (/opt/rustwide/workdir)
[INFO] [stderr]     Finished `release` profile [optimized] target(s) in 1m 03s
[INFO] running `Command { std: "docker" "inspect" "08f4e6cdb045a301ad27747611b951076739090862a18073518d6e4c38a4c88f", kill_on_drop: false }`
[INFO] running `Command { std: "docker" "exec" "-e" "SOURCE_DIR=/opt/rustwide/workdir" "-e" "CARGO_HOME=/opt/rustwide/cargo-home" "-e" "RUSTUP_HOME=/opt/rustwide/rustup-home" "-e" "CARGO_TARGET_DIR=/opt/rustwide/target" "-e" "CARGO_INCREMENTAL=0" "-e" "RUST_BACKTRACE=full" "-e" "RUSTFLAGS=--cap-lints=warn" "-e" "RUSTDOCFLAGS=--cap-lints=warn" "-w" "/opt/rustwide/workdir" "--user" "0:0" "08f4e6cdb045a301ad27747611b951076739090862a18073518d6e4c38a4c88f" "/opt/rustwide/cargo-home/bin/cargo" "+1.99.0-beta.8" "test" "--frozen" "--no-run" "--message-format=json" "--release", kill_on_drop: false }`
[INFO] [stderr]    Compiling libc v0.2.186
[INFO] [stderr]    Compiling allocator-api2 v0.2.21
[INFO] [stderr]    Compiling foldhash v0.2.0
[INFO] [stderr]    Compiling equivalent v1.0.2
[INFO] [stderr]    Compiling cfg-if v1.0.4
[INFO] [stderr]    Compiling bitflags v2.13.0
[INFO] [stderr]    Compiling either v1.16.0
[INFO] [stderr]    Compiling static_assertions v1.1.0
[INFO] [stderr]    Compiling itoa v1.0.18
[INFO] [stderr]    Compiling unicode-width v0.2.2
[INFO] [stderr]    Compiling unicode-segmentation v1.13.3
[INFO] [stderr]    Compiling ryu v1.0.23
[INFO] [stderr]    Compiling scopeguard v1.2.0
[INFO] [stderr]    Compiling castaway v0.2.4
[INFO] [stderr]    Compiling thiserror v2.0.18
[INFO] [stderr]    Compiling strum v0.28.0
[INFO] [stderr]    Compiling critical-section v1.2.0
[INFO] [stderr]    Compiling smallvec v1.15.2
[INFO] [stderr]    Compiling log v0.4.33
[INFO] [stderr]    Compiling time-core v0.1.9
[INFO] [stderr]    Compiling lock_api v0.4.14
[INFO] [stderr]    Compiling powerfmt v0.2.0
[INFO] [stderr]    Compiling num_threads v0.1.7
[INFO] [stderr]    Compiling num-conv v0.2.2
[INFO] [stderr]    Compiling compact_str v0.9.1
[INFO] [stderr]    Compiling deranged v0.5.8
[INFO] [stderr]    Compiling linux-raw-sys v0.12.1
[INFO] [stderr]    Compiling line-clipping v0.3.7
[INFO] [stderr]    Compiling derive_more v2.1.1
[INFO] [stderr]    Compiling num-traits v0.2.19
[INFO] [stderr]    Compiling itertools v0.14.0
[INFO] [stderr]    Compiling iana-time-zone v0.1.65
[INFO] [stderr]    Compiling memchr v2.8.2
[INFO] [stderr]    Compiling anyhow v1.0.103
[INFO] [stderr]    Compiling rustix v1.1.4
[INFO] [stderr]    Compiling hashbrown v0.16.1
[INFO] [stderr]    Compiling hashbrown v0.17.1
[INFO] [stderr]    Compiling chrono v0.4.45
[INFO] [stderr]    Compiling errno v0.3.14
[INFO] [stderr]    Compiling parking_lot_core v0.9.12
[INFO] [stderr]    Compiling mio v1.2.1
[INFO] [stderr]    Compiling time v0.3.51
[INFO] [stderr]    Compiling sysinfo v0.38.4
[INFO] [stderr]    Compiling signal-hook-registry v1.4.8
[INFO] [stderr]    Compiling parking_lot v0.12.5
[INFO] [stderr]    Compiling signal-hook v0.3.18
[INFO] [stderr]    Compiling signal-hook-mio v0.2.5
[INFO] [stderr]    Compiling kasuari v0.4.12
[INFO] [stderr]    Compiling lru v0.18.0
[INFO] [stderr]    Compiling crossterm v0.29.0
[INFO] [stderr]    Compiling unicode-truncate v2.0.1
[INFO] [stderr]    Compiling ratatui-core v0.1.2
[INFO] [stderr]    Compiling ratatui-widgets v0.3.2
[INFO] [stderr]    Compiling ratatui-crossterm v0.1.2
[INFO] [stderr]    Compiling ratatui-macros v0.7.2
[INFO] [stderr]    Compiling ratatui v0.30.2
[INFO] [stderr]    Compiling toptop v1.1.1 (/opt/rustwide/workdir)
[INFO] [stderr]     Finished `release` profile [optimized] target(s) in 1m 38s
[INFO] running `Command { std: "docker" "inspect" "08f4e6cdb045a301ad27747611b951076739090862a18073518d6e4c38a4c88f", kill_on_drop: false }`
[INFO] running `Command { std: "docker" "exec" "-e" "SOURCE_DIR=/opt/rustwide/workdir" "-e" "CARGO_HOME=/opt/rustwide/cargo-home" "-e" "RUSTUP_HOME=/opt/rustwide/rustup-home" "-e" "CARGO_TARGET_DIR=/opt/rustwide/target" "-e" "CARGO_INCREMENTAL=0" "-e" "RUST_BACKTRACE=full" "-e" "RUSTFLAGS=--cap-lints=warn" "-e" "RUSTDOCFLAGS=--cap-lints=warn" "-w" "/opt/rustwide/workdir" "--user" "0:0" "08f4e6cdb045a301ad27747611b951076739090862a18073518d6e4c38a4c88f" "/opt/rustwide/cargo-home/bin/cargo" "+1.99.0-beta.8" "test" "--frozen" "--release", kill_on_drop: false }`
[INFO] [stderr]     Finished `release` profile [optimized] target(s) in 0.22s
[INFO] [stderr]      Running unittests src/lib.rs (/opt/rustwide/target/release/deps/toptop-d596f2b506d94f4e)
[INFO] [stdout] 
[INFO] [stdout] running 173 tests
[INFO] [stdout] test app::tests::click_to_sort_follows_the_visible_columns ... ok
[INFO] [stdout] test alerts::tests::payloads_escape_and_reflect_severity ... ok
[INFO] [stdout] test alerts::tests::webhook_payload_is_valid_json ... ok
[INFO] [stdout] test app::tests::header_click_map_matches_column_layout ... ok
[INFO] [stdout] test app::tests::narrow_terminals_drop_columns_by_priority ... ok
[INFO] [stdout] test alerts::tests::history_is_bounded ... ok
[INFO] [stdout] test alerts::tests::detects_fire_and_resolve_transitions ... ok
[INFO] [stdout] test alerts::tests::independent_alerts_do_not_mask_each_other ... ok
[INFO] [stdout] test alerts::tests::flapping_is_suppressed_in_both_directions ... ok
[INFO] [stdout] test app::tests::container_sort_groups_then_ranks_within_the_group ... ok
[INFO] [stdout] test alerts::tests::preemption_is_critical_and_thresholded ... ok
[INFO] [stdout] test alerts::tests::fires_kv_and_queue ... ok
[INFO] [stdout] test alerts::tests::fires_vram_spill_and_throttle ... ok
[INFO] [stdout] test app::tests::container_grouping_toggles_cleanly ... ok
[INFO] [stdout] test card::tests::long_words_never_break_the_width ... ok
[INFO] [stdout] test app::tests::tree_keeps_orphans_and_survives_cycles ... ok
[INFO] [stdout] test alerts::tests::custom_thresholds_shift_the_trigger_point ... ok
[INFO] [stdout] test config::tests::bool_parsing ... ok
[INFO] [stdout] test config::tests::clamps_and_ignores_bad_alert_values ... ok
[INFO] [stdout] test config::tests::defaults_are_sane ... ok
[INFO] [stdout] test config::tests::load_missing_explicit_path_falls_back_to_defaults ... ok
[INFO] [stdout] test alerts::tests::no_alerts_when_healthy ... ok
[INFO] [stdout] test config::tests::parses_alert_sinks_and_rejects_non_urls ... ok
[INFO] [stdout] test config::tests::parses_alert_thresholds ... ok
[INFO] [stdout] test config::tests::parses_and_ignores_column_lists ... ok
[INFO] [stdout] test config::tests::parses_key_bindings_and_warns_on_bad_ones ... ok
[INFO] [stdout] test config::tests::parses_llm_server_targets ... ok
[INFO] [stdout] test config::tests::save_and_load_explicit_path_round_trips ... ok
[INFO] [stdout] test config::tests::save_to_unwritable_path_reports_the_error ... ok
[INFO] [stdout] test app::tests::filter_takes_precedence_over_tree ... ok
[INFO] [stdout] test app::tests::tree_orders_parents_before_children_with_depths ... ok
[INFO] [stdout] test demo::tests::wave_stays_in_bounds ... ok
[INFO] [stdout] test app::tests::sort_fields_use_their_own_keys ... ok
[INFO] [stdout] test app::tests::selection_follows_pid_and_falls_back_when_it_vanishes ... ok
[INFO] [stdout] test app::tests::sorts_by_cpu_descending_by_default_and_inverts ... ok
[INFO] [stdout] test app::tests::filter_key_flow_narrows_and_esc_clears ... ok
[INFO] [stdout] test card::tests::secondary_findings_are_graded_not_repeated_as_verdicts ... ok
[INFO] [stdout] test card::tests::every_line_fits_the_width ... ok
[INFO] [stdout] test card::tests::demo_cards_confess ... ok
[INFO] [stdout] test card::tests::leads_with_the_verdict_and_ends_with_the_link ... ok
[INFO] [stdout] test demo::tests::the_gpu_trend_reflects_the_demo_not_the_host ... ok
[INFO] [stdout] test card::tests::gpu_and_server_rows_carry_the_numbers ... ok
[INFO] [stdout] test card::tests::no_gpu_is_said_plainly_and_the_rest_still_renders ... ok
[INFO] [stdout] test export::tests::csv_field_escapes_per_rfc4180 ... ok
[INFO] [stdout] test card::tests::long_rows_wrap_instead_of_losing_the_end ... ok
[INFO] [stdout] test demo::tests::apply_populates_gpu_and_server ... ok
[INFO] [stdout] test diagnose::tests::bandwidth_bound_is_the_defining_case ... ok
[INFO] [stdout] test export::tests::num_is_finite_safe ... ok
[INFO] [stdout] test export::tests::escapes_control_and_quotes ... ok
[INFO] [stdout] test fleet::tests::local_detection ... ok
[INFO] [stdout] test fleet::tests::parses_export_summary ... ok
[INFO] [stdout] test fleet::tests::rejects_garbage ... ok
[INFO] [stdout] test diagnose::tests::a_balanced_gpu_is_neither ... ok
[INFO] [stdout] test history::tests::evicts_oldest ... ok
[INFO] [stdout] test history::tests::empty_defaults ... ok
[INFO] [stdout] test history::tests::replace_last_overwrites_rather_than_appending ... ok
[INFO] [stdout] test json::tests::malformed_is_none ... ok
[INFO] [stdout] test history::tests::tail_underflow ... ok
[INFO] [stdout] test json::tests::nested ... ok
[INFO] [stdout] test json::tests::unicode_and_escapes ... ok
[INFO] [stdout] test json::tests::primitives ... ok
[INFO] [stdout] test keys::tests::action_names_round_trip ... ok
[INFO] [stdout] test keys::tests::defaults_cover_every_action ... ok
[INFO] [stdout] test keys::tests::duplicate_binding_is_last_wins ... ok
[INFO] [stdout] test keys::tests::key_spec_parsing ... ok
[INFO] [stdout] test keys::tests::rebinding_replaces_the_old_key ... ok
[INFO] [stdout] test keys::tests::unknown_keys_warn_and_keep_the_default ... ok
[INFO] [stdout] test metrics::ai::tests::avoids_false_positives ... ok
[INFO] [stdout] test metrics::ai::tests::detects_mlc_llm ... ok
[INFO] [stdout] test metrics::ai::tests::detects_new_serving_runtimes ... ok
[INFO] [stdout] test metrics::ai::tests::detects_python_launched ... ok
[INFO] [stdout] test metrics::ai::tests::detects_serving_by_name ... ok
[INFO] [stdout] test metrics::cgroup::tests::byte_file_parsing ... ok
[INFO] [stdout] test metrics::ai::tests::detects_training ... ok
[INFO] [stdout] test metrics::cgroup::tests::container_labels_from_real_cgroup_lines ... ok
[INFO] [stdout] test metrics::cgroup::tests::cpu_max_parsing ... ok
[INFO] [stdout] test metrics::cgroup::tests::cpu_stat_parsing ... ok
[INFO] [stdout] test metrics::cgroup::tests::no_hierarchy_means_no_cgroup ... ok
[INFO] [stdout] test metrics::gpu::tests::apple_silicon_reports_unified_memory_against_working_set ... ok
[INFO] [stdout] test metrics::cgroup::tests::reading_a_fixture_hierarchy ... ok
[INFO] [stdout] test metrics::gpu::tests::compute_apps_parse ... ok
[INFO] [stdout] test metrics::gpu::tests::detects_throttle_and_na ... ok
[INFO] [stdout] test metrics::gpu::tests::intel_mac_with_discrete_amd_is_named_and_measured_as_vram ... ok
[INFO] [stdout] test metrics::gpu::tests::mac_gpu_without_utilization_says_so ... ok
[INFO] [stdout] test metrics::gpu::tests::no_gpu_reason_is_platform_honest ... ok
[INFO] [stdout] test metrics::gpu::tests::parses_extended ... ok
[INFO] [stdout] test metrics::gpu::tests::parses_legacy ... ok
[INFO] [stdout] test metrics::gpu::tests::sysfs_amd_full ... ok
[INFO] [stdout] test metrics::gpu::tests::sysfs_intel_no_util ... ok
[INFO] [stdout] test metrics::gpu::tests::sysfs_rejects_non_gpu ... ok
[INFO] [stdout] test metrics::infer::tests::counter_rate_works ... ok
[INFO] [stdout] test metrics::infer::tests::histogram_edge_cases ... ok
[INFO] [stdout] test metrics::infer::tests::histogram_quantiles_interpolate_within_buckets ... ok
[INFO] [stdout] test metrics::infer::tests::llama_cpp_stats ... ok
[INFO] [stdout] test metrics::infer::tests::lmstudio_models_parse ... ok
[INFO] [stdout] test metrics::infer::tests::manual_target_labels_replace_the_port_label ... ok
[INFO] [stdout] test metrics::infer::tests::no_servers_reason_is_platform_honest ... ok
[INFO] [stdout] test metrics::infer::tests::ollama_body_yields_offload_share ... ok
[INFO] [stdout] test metrics::infer::tests::ollama_ps_parse ... ok
[INFO] [stdout] test metrics::infer::tests::preemption_rate_is_differenced_across_scrapes ... ok
[INFO] [stdout] test metrics::infer::tests::prefill_share_needs_both_phases ... ok
[INFO] [stdout] test metrics::infer::tests::prom_sum_with_label_filters_series ... ok
[INFO] [stdout] test metrics::infer::tests::prometheus_sum_and_label ... ok
[INFO] [stdout] test metrics::infer::tests::sglang_metrics_are_parsed ... ok
[INFO] [stdout] test metrics::infer::tests::splits_and_dechunks ... ok
[INFO] [stdout] test metrics::infer::tests::target_parsing ... ok
[INFO] [stdout] test metrics::infer::tests::tgi_stats_with_ttft ... ok
[INFO] [stdout] test metrics::infer::tests::tgi_token_counters_feed_the_rate_calc ... ok
[INFO] [stdout] test metrics::infer::tests::tgi_ttft_absent_without_prefill_series ... ok
[INFO] [stdout] test metrics::infer::tests::trtllm_stats ... ok
[INFO] [stdout] test metrics::infer::tests::vllm_preemption_counter_is_parsed ... ok
[INFO] [stdout] test metrics::infer::tests::vllm_slo_triad_from_histograms ... ok
[INFO] [stdout] test metrics::infer::tests::vllm_stats_identifies ... ok
[INFO] [stdout] test metrics::infer::tests::well_known_probe_does_not_duplicate_a_manual_local_target ... ok
[INFO] [stdout] test metrics::netconn::tests::ipv4_any ... ok
[INFO] [stdout] test metrics::netconn::tests::ipv4_loopback ... ok
[INFO] [stdout] test metrics::netconn::tests::ipv6_loopback ... ok
[INFO] [stdout] test metrics::netconn::tests::parse_line ... ok
[INFO] [stdout] test metrics::netconn::tests::states ... ok
[INFO] [stdout] test demo::tests::spill_and_throttle_states_occur ... ok
[INFO] [stdout] test diagnose::tests::preemption_and_queue_starvation_are_distinguished ... ok
[INFO] [stdout] test metrics::infer::tests::manual_target_finds_an_ollama_server ... ok
[INFO] [stdout] test metrics::tests::open_file_classification ... ok
[INFO] [stdout] test metrics::tests::proc_detail_defaults_are_empty ... ok
[INFO] [stdout] test diagnose::tests::a_fully_resident_model_is_not_an_offload_finding ... ok
[INFO] [stdout] test diagnose::tests::a_gpu_reporting_nothing_yields_no_false_verdict ... ok
[INFO] [stdout] test app::tests::filter_matches_name_cmd_user_and_pid_case_insensitively ... ok
[INFO] [stdout] test diagnose::tests::throttling_is_always_reported ... ok
[INFO] [stdout] test diagnose::tests::a_model_that_did_not_fit_is_called_out ... ok
[INFO] [stdout] test otlp::tests::endpoint_parsing ... ok
[INFO] [stdout] test otlp::tests::repeated_failures_collapse_instead_of_spamming ... ok
[INFO] [stdout] test record::tests::parses_a_recorded_frame ... ok
[INFO] [stdout] test diagnose::tests::no_gpu_means_no_verdict ... ok
[INFO] [stdout] test record::tests::rejects_junk_and_dates_old_recordings ... ok
[INFO] [stdout] test record::tests::a_file_with_no_frames_is_an_error ... ok
[INFO] [stdout] test record::tests::replay_loads_steps_and_clamps ... ok
[INFO] [stdout] test record::tests::unknown_runtime_names_do_not_leak ... ok
[INFO] [stdout] test diagnose::tests::a_model_entirely_on_cpu_is_a_backend_problem_not_a_fit_problem ... ok
[INFO] [stdout] test theme::tests::accents_are_legible_as_text ... ok
[INFO] [stdout] test theme::tests::body_text_is_high_contrast ... ok
[INFO] [stdout] test theme::tests::all_themes_resolve ... ok
[INFO] [stdout] test theme::tests::dim_text_stays_legible ... ok
[INFO] [stdout] test theme::tests::gradient_bounds ... ok
[INFO] [stdout] test theme::tests::gradients_stay_visible_across_their_range ... ok
[INFO] [stdout] test theme::tests::lerp_endpoints ... ok
[INFO] [stdout] test theme::tests::broken_theme_files_are_skipped_with_a_warning ... ok
[INFO] [stdout] test theme::tests::user_theme_gradient_and_failures ... ok
[INFO] [stdout] test export::tests::prometheus_has_core_metrics ... ok
[INFO] [stdout] test theme::tests::hex_parsing ... ok
[INFO] [stdout] test ui::graph::tests::fill_is_clamped ... ok
[INFO] [stdout] test ui::graph::tests::graph_dimensions ... ok
[INFO] [stdout] test ui::graph::tests::graph_zero_size ... ok
[INFO] [stdout] test ui::graph::tests::meter_widths ... ok
[INFO] [stdout] test theme::tests::user_theme_overrides_base_and_keeps_the_rest ... ok
[INFO] [stdout] test ui::graph::tests::columns_right_aligned ... ok
[INFO] [stdout] test util::tests::pct_guard ... ok
[INFO] [stdout] test ui::graph::tests::mirror_dimensions ... ok
[INFO] [stdout] test util::tests::durations ... ok
[INFO] [stdout] test util::tests::bytes_scale ... ok
[INFO] [stdout] test util::tests::truncation ... ok
[INFO] [stdout] test export::tests::snapshot_is_balanced_json ... ok
[INFO] [stdout] test util::tests::short_scale ... ok
[INFO] [stdout] test export::tests::csv_has_header_row ... ok
[INFO] [stdout] test diagnose::tests::compute_bound_is_the_mirror_case ... ok
[INFO] [stdout] test metrics::tests::gpu_history_resizes_when_gpus_come_and_go ... ok
[INFO] [stdout] test diagnose::tests::vram_exhaustion_outranks_everything ... ok
[INFO] [stdout] test metrics::tests::gpu_without_utilization_still_advances_the_time_axis ... ok
[INFO] [stdout] test otlp::tests::the_metrics_that_matter_are_present_and_escaped ... ok
[INFO] [stdout] test record::tests::record_then_replay_round_trips ... ok
[INFO] [stdout] test metrics::tests::server_history_tracks_and_prunes ... ok
[INFO] [stdout] test otlp::tests::payload_is_valid_json_with_the_otlp_shape ... ok
[INFO] [stdout] test otlp::tests::absent_readings_are_omitted_not_zeroed ... ok
[INFO] [stdout] test metrics::tests::gpu_history_tracks_compute_bandwidth_and_vram ... ok
[INFO] [stdout] 
[INFO] [stdout] test result: ok. 173 passed; 0 failed; 0 ignored; 0 measured; 0 filtered out; finished in 0.88s
[INFO] [stdout] 
[INFO] [stderr]      Running unittests src/main.rs (/opt/rustwide/target/release/deps/toptop-190195efa7ab1f5f)
[INFO] [stdout] 
[INFO] [stdout] running 16 tests
[INFO] [stdout] test tests::alert_cmd_flag ... ok
[INFO] [stdout] test tests::alert_flags_clamp_and_error ... ok
[INFO] [stdout] test tests::config_flag_and_prescan_agree ... ok
[INFO] [stdout] test tests::tick_errors ... ok
[INFO] [stdout] test tests::no_args_yields_defaults ... ok
[INFO] [stdout] test tests::unknown_flag_is_an_error ... ok
[INFO] [stdout] test tests::theme_by_name_and_unknown ... ok
[INFO] [stdout] test tests::llm_server_targets_are_repeatable_and_validated ... ok
[INFO] [stdout] test tests::record_and_replay_flags ... ok
[INFO] [stdout] test tests::serve_metrics_address_is_optional ... ok
[INFO] [stdout] test tests::tick_parses_and_clamps ... ok
[INFO] [stdout] test tests::action_flags_exit_early_ignoring_later_args ... ok
[INFO] [stdout] test tests::otlp_endpoint_flag_is_validated_at_startup ... ok
[INFO] [stdout] test tests::export_formats ... ok
[INFO] [stdout] test tests::tree_flags_last_one_wins ... ok
[INFO] [stdout] test tests::remote_hosts_split_and_trimmed ... ok
[INFO] [stdout] 
[INFO] [stdout] test result: ok. 16 passed; 0 failed; 0 ignored; 0 measured; 0 filtered out; finished in 0.01s
[INFO] [stdout] 
[INFO] [stderr]      Running tests/dashboard.rs (/opt/rustwide/target/release/deps/dashboard-c15ac2ebb0f93425)
[INFO] [stdout] 
[INFO] [stdout] running 3 tests
[INFO] [stdout] test the_shipped_dashboard_only_uses_metrics_we_export ... FAILED
[INFO] [stdout] test the_dashboard_is_valid_json_with_no_overlapping_panels ... FAILED
[INFO] [stderr] error: test failed, to rerun pass `--test dashboard`
[INFO] [stdout] test the_dashboard_covers_the_metrics_that_make_toptop_worth_running ... FAILED
[INFO] [stdout] 
[INFO] [stdout] failures:
[INFO] [stdout] 
[INFO] [stdout] ---- the_shipped_dashboard_only_uses_metrics_we_export stdout ----
[INFO] [stdout] 
[INFO] [stdout] thread 'the_shipped_dashboard_only_uses_metrics_we_export' (2218) panicked at tests/dashboard.rs:86:10:
[INFO] [stdout] the dashboard ships with the repo: Os { code: 2, kind: NotFound, message: "No such file or directory" }
[INFO] [stdout] stack backtrace:
[INFO] [stdout]    0:     0x643eb57ffcf7 - <unknown>
[INFO] [stdout]    1:     0x643eb57e58ba - <unknown>
[INFO] [stdout]    2:     0x643eb57ff2ab - <unknown>
[INFO] [stdout]    3:     0x643eb57fed8f - <unknown>
[INFO] [stdout]    4:     0x643eb57fe9ba - <unknown>
[INFO] [stdout]    5:     0x643eb57fe4f2 - <unknown>
[INFO] [stdout]    6:     0x643eb58258a1 - <unknown>
[INFO] [stdout]    7:     0x643eb5825859 - <unknown>
[INFO] [stdout]    8:     0x643eb5825d6c - <unknown>
[INFO] [stdout]    9:     0x643eb57e574b - <unknown>
[INFO] [stdout]   10:     0x643eb57e97c1 - <unknown>
[INFO] [stdout]   11:     0x643eb57e2b49 - <unknown>
[INFO] [stdout]   12:     0x643eb586130b - <unknown>
[INFO] [stdout]   13:     0x643eb585d481 - <unknown>
[INFO] [stdout]   14:     0x643eb585cc6c - <unknown>
[INFO] [stdout]   15:     0x643eb5878fac - <unknown>
[INFO] [stdout]   16:     0x643eb5827422 - <unknown>
[INFO] [stdout]   17:     0x752c00deadfa - <unknown>
[INFO] [stdout]   18:     0x752c00e7e3d4 - clone
[INFO] [stdout]   19:                0x0 - <unknown>
[INFO] [stdout] 
[INFO] [stdout] ---- the_dashboard_is_valid_json_with_no_overlapping_panels stdout ----
[INFO] [stdout] 
[INFO] [stdout] thread 'the_dashboard_is_valid_json_with_no_overlapping_panels' (2217) panicked at tests/dashboard.rs:125:80:
[INFO] [stdout] called `Result::unwrap()` on an `Err` value: Os { code: 2, kind: NotFound, message: "No such file or directory" }
[INFO] [stdout] stack backtrace:
[INFO] [stdout]    0:     0x643eb57ffcf7 - <unknown>
[INFO] [stdout]    1:     0x643eb57e58ba - <unknown>
[INFO] [stdout]    2:     0x643eb57ff2ab - <unknown>
[INFO] [stdout]    3:     0x643eb57fed8f - <unknown>
[INFO] [stdout]    4:     0x643eb57fe9ba - <unknown>
[INFO] [stdout]    5:     0x643eb57fe4f2 - <unknown>
[INFO] [stdout]    6:     0x643eb58258a1 - <unknown>
[INFO] [stdout]    7:     0x643eb5825859 - <unknown>
[INFO] [stdout]    8:     0x643eb5825d6c - <unknown>
[INFO] [stdout]    9:     0x643eb57e574b - <unknown>
[INFO] [stdout]   10:     0x643eb57e97c1 - <unknown>
[INFO] [stdout]   11:     0x643eb57e392c - <unknown>
[INFO] [stdout]   12:     0x643eb586130b - <unknown>
[INFO] [stdout]   13:     0x643eb585d481 - <unknown>
[INFO] [stdout]   14:     0x643eb585cc6c - <unknown>
[INFO] [stdout]   15:     0x643eb5878fac - <unknown>
[INFO] [stdout]   16:     0x643eb5827422 - <unknown>
[INFO] [stdout]   17:     0x752c00deadfa - <unknown>
[INFO] [stdout]   18:     0x752c00e7e3d4 - clone
[INFO] [stdout]   19:                0x0 - <unknown>
[INFO] [stdout] 
[INFO] [stdout] ---- the_dashboard_covers_the_metrics_that_make_toptop_worth_running stdout ----
[INFO] [stdout] 
[INFO] [stdout] thread 'the_dashboard_covers_the_metrics_that_make_toptop_worth_running' (2216) panicked at tests/dashboard.rs:104:80:
[INFO] [stdout] called `Result::unwrap()` on an `Err` value: Os { code: 2, kind: NotFound, message: "No such file or directory" }
[INFO] [stdout] stack backtrace:
[INFO] [stdout]    0:     0x643eb57ffcf7 - <unknown>
[INFO] [stdout]    1:     0x643eb57e58ba - <unknown>
[INFO] [stdout]    2:     0x643eb57ff2ab - <unknown>
[INFO] [stdout]    3:     0x643eb57fed8f - <unknown>
[INFO] [stdout]    4:     0x643eb57fe9ba - <unknown>
[INFO] [stdout]    5:     0x643eb57fe4f2 - <unknown>
[INFO] [stdout]    6:     0x643eb58258a1 - <unknown>
[INFO] [stdout]    7:     0x643eb5825859 - <unknown>
[INFO] [stdout]    8:     0x643eb5825d6c - <unknown>
[INFO] [stdout]    9:     0x643eb57e574b - <unknown>
[INFO] [stdout]   10:     0x643eb57e97c1 - <unknown>
[INFO] [stdout]   11:     0x643eb57e3ff1 - <unknown>
[INFO] [stdout]   12:     0x643eb586130b - <unknown>
[INFO] [stdout]   13:     0x643eb585d481 - <unknown>
[INFO] [stdout]   14:     0x643eb585cc6c - <unknown>
[INFO] [stdout]   15:     0x643eb5878fac - <unknown>
[INFO] [stdout]   16:     0x643eb5827422 - <unknown>
[INFO] [stdout]   17:     0x752c00deadfa - <unknown>
[INFO] [stdout]   18:     0x752c00e7e3d4 - clone
[INFO] [stdout]   19:                0x0 - <unknown>
[INFO] [stdout] 
[INFO] [stdout] 
[INFO] [stdout] failures:
[INFO] [stdout]     the_dashboard_covers_the_metrics_that_make_toptop_worth_running
[INFO] [stdout]     the_dashboard_is_valid_json_with_no_overlapping_panels
[INFO] [stdout]     the_shipped_dashboard_only_uses_metrics_we_export
[INFO] [stdout] 
[INFO] [stdout] test result: FAILED. 0 passed; 3 failed; 0 ignored; 0 measured; 0 filtered out; finished in 0.00s
[INFO] [stdout] 
[INFO] running `Command { std: "docker" "inspect" "08f4e6cdb045a301ad27747611b951076739090862a18073518d6e4c38a4c88f", kill_on_drop: false }`
[INFO] running `Command { std: "docker" "rm" "-f" "08f4e6cdb045a301ad27747611b951076739090862a18073518d6e4c38a4c88f", kill_on_drop: false }`
[INFO] [stdout] 08f4e6cdb045a301ad27747611b951076739090862a18073518d6e4c38a4c88f
