[INFO] fetching crate topstitch 0.100.0...
[INFO] testing topstitch-0.100.0 against 1.99.0-beta.8+cargoflags=--release for beta-release-1.100-2
[INFO] extracting crate topstitch 0.100.0 into /workspace/builds/worker-4-tc1/source
[INFO] started tweaking crates.io crate topstitch 0.100.0
[INFO] removed 0 missing examples
[INFO] removed 0 missing tests
[INFO] finished tweaking crates.io crate topstitch 0.100.0
[INFO] tweaked toml for crates.io crate topstitch 0.100.0 written to /workspace/builds/worker-4-tc1/source/Cargo.toml
[INFO] validating manifest of crates.io crate topstitch 0.100.0 on toolchain 1.99.0-beta.8
[INFO] running `Command { std: CARGO_HOME="/workspace/cargo-home" RUSTUP_HOME="/workspace/rustup-home" "/workspace/cargo-home/bin/cargo" "+1.99.0-beta.8" "metadata" "--manifest-path" "Cargo.toml" "--no-deps", kill_on_drop: false }`
[INFO] crate crates.io crate topstitch 0.100.0 already has a lockfile, it will not be regenerated
[INFO] running `Command { std: CARGO_HOME="/workspace/cargo-home" RUSTUP_HOME="/workspace/rustup-home" "/workspace/cargo-home/bin/cargo" "+1.99.0-beta.8" "fetch" "--manifest-path" "Cargo.toml", kill_on_drop: false }`
[INFO] [stderr]     Updating crates.io index
[INFO] [stderr]  Downloading crates ...
[INFO] [stderr]   Downloaded serde_stacker v0.1.11
[INFO] [stderr]   Downloaded stacker v0.1.18
[INFO] [stderr]   Downloaded cpufeatures v0.2.14
[INFO] [stderr]   Downloaded thiserror-impl v1.0.64
[INFO] [stderr]   Downloaded psm v0.1.25
[INFO] [stderr]   Downloaded pest_generator v2.7.13
[INFO] [stderr]   Downloaded thiserror v1.0.64
[INFO] [stderr]   Downloaded relative-path v1.9.3
[INFO] [stderr]   Downloaded redox_syscall v0.5.4
[INFO] [stderr]   Downloaded slang-rs v0.22.0
[INFO] [stderr]   Downloaded semver v1.0.24
[INFO] [stderr]   Downloaded which v7.0.0
[INFO] [stderr]   Downloaded pest_derive v2.7.13
[INFO] [stderr]   Downloaded pest_meta v2.7.13
[INFO] [stderr]   Downloaded geo-types v0.7.18
[INFO] [stderr]   Downloaded camino v1.1.9
[INFO] [stderr]   Downloaded rstest v0.26.1
[INFO] [stderr]   Downloaded xlsynth-vast v0.65.0
[INFO] [stderr]   Downloaded geographiclib-rs v0.2.5
[INFO] [stderr]   Downloaded rstest_macros v0.26.1
[INFO] [stderr]   Downloaded cc v1.2.14
[INFO] [stderr]   Downloaded curl v0.4.47
[INFO] [stderr]   Downloaded pest v2.7.13
[INFO] [stderr]   Downloaded i_overlay v4.0.6
[INFO] [stderr]   Downloaded spade v2.15.0
[INFO] [stderr]   Downloaded libz-sys v1.1.21
[INFO] [stderr]   Downloaded curl-sys v0.4.80+curl-8.12.1
[INFO] running `Command { std: "docker" "create" "-v" "/var/lib/crater-agent-workspace/builds/worker-4-tc1/source:/opt/rustwide/workdir:ro,Z" "-v" "/var/lib/crater-agent-workspace/builds/worker-4-tc1/target:/opt/rustwide/target:rw,Z" "-v" "/var/lib/crater-agent-workspace/cargo-home:/opt/rustwide/cargo-home:ro,Z" "-v" "/var/lib/crater-agent-workspace/rustup-home:/opt/rustwide/rustup-home:ro,Z" "-m" "1610612736" "--network" "none" "ghcr.io/rust-lang/crates-build-env/linux@sha256:77db811e55d90add9212f6832c23229e3de5f1c1f9905e8cb07319ea15df73ac" "sleep" "infinity", kill_on_drop: false }`
[INFO] [stdout] fe7a868e4f387108863d6bdf8371c1b8360222abab9a6d547472baa3ca3d478a
[INFO] running `Command { std: "docker" "start" "fe7a868e4f387108863d6bdf8371c1b8360222abab9a6d547472baa3ca3d478a", kill_on_drop: false }`
[INFO] running `Command { std: "docker" "inspect" "fe7a868e4f387108863d6bdf8371c1b8360222abab9a6d547472baa3ca3d478a", kill_on_drop: false }`
[INFO] running `Command { std: "docker" "exec" "-e" "SOURCE_DIR=/opt/rustwide/workdir" "-e" "CARGO_HOME=/opt/rustwide/cargo-home" "-e" "RUSTUP_HOME=/opt/rustwide/rustup-home" "-e" "CARGO_TARGET_DIR=/opt/rustwide/target" "-w" "/opt/rustwide/workdir" "--user" "0:0" "fe7a868e4f387108863d6bdf8371c1b8360222abab9a6d547472baa3ca3d478a" "/opt/rustwide/cargo-home/bin/cargo" "+1.99.0-beta.8" "metadata" "--no-deps" "--format-version=1", kill_on_drop: false }`
[INFO] running `Command { std: "docker" "inspect" "fe7a868e4f387108863d6bdf8371c1b8360222abab9a6d547472baa3ca3d478a", kill_on_drop: false }`
[INFO] running `Command { std: "docker" "exec" "-e" "SOURCE_DIR=/opt/rustwide/workdir" "-e" "CARGO_HOME=/opt/rustwide/cargo-home" "-e" "RUSTUP_HOME=/opt/rustwide/rustup-home" "-e" "CARGO_TARGET_DIR=/opt/rustwide/target" "-e" "CARGO_INCREMENTAL=0" "-e" "RUST_BACKTRACE=full" "-e" "RUSTFLAGS=--cap-lints=warn" "-e" "RUSTDOCFLAGS=--cap-lints=warn" "-w" "/opt/rustwide/workdir" "--user" "0:0" "fe7a868e4f387108863d6bdf8371c1b8360222abab9a6d547472baa3ca3d478a" "/opt/rustwide/cargo-home/bin/cargo" "+1.99.0-beta.8" "build" "--frozen" "--message-format=json" "--release", kill_on_drop: false }`
[INFO] [stderr]    Compiling libm v0.2.15
[INFO] [stderr]    Compiling proc-macro2 v1.0.86
[INFO] [stderr]    Compiling unicode-ident v1.0.13
[INFO] [stderr]    Compiling thiserror v1.0.64
[INFO] [stderr]    Compiling either v1.13.0
[INFO] [stderr]    Compiling num-traits v0.2.19
[INFO] [stderr]    Compiling cc v1.2.14
[INFO] [stderr]    Compiling heapless v0.8.0
[INFO] [stderr]    Compiling rustix v0.38.44
[INFO] [stderr]    Compiling serde v1.0.228
[INFO] [stderr]    Compiling equivalent v1.0.1
[INFO] [stderr]    Compiling bitflags v2.6.0
[INFO] [stderr]    Compiling getrandom v0.3.1
[INFO] [stderr]    Compiling linux-raw-sys v0.4.14
[INFO] [stderr]    Compiling rayon v1.11.0
[INFO] [stderr]    Compiling aho-corasick v1.1.3
[INFO] [stderr]    Compiling quote v1.0.37
[INFO] [stderr]    Compiling serde_json v1.0.128
[INFO] [stderr]    Compiling syn v2.0.87
[INFO] [stderr]    Compiling typenum v1.17.0
[INFO] [stderr]    Compiling hashbrown v0.15.5
[INFO] [stderr]    Compiling psm v0.1.25
[INFO] [stderr]    Compiling stacker v0.1.18
[INFO] [stderr]    Compiling i_float v1.15.0
[INFO] [stderr]    Compiling i_shape v1.14.0
[INFO] [stderr]    Compiling regex-automata v0.4.13
[INFO] [stderr]    Compiling num-integer v0.1.46
[INFO] [stderr]    Compiling approx v0.5.1
[INFO] [stderr]    Compiling rstar v0.12.2
[INFO] [stderr]    Compiling num-bigint v0.4.6
[INFO] [stderr]    Compiling num-complex v0.4.6
[INFO] [stderr]    Compiling itertools v0.11.0
[INFO] [stderr]    Compiling fastrand v2.1.1
[INFO] [stderr]    Compiling i_key_sort v0.6.0
[INFO] [stderr]    Compiling ryu v1.0.18
[INFO] [stderr]    Compiling home v0.5.9
[INFO] [stderr]    Compiling i_tree v0.16.0
[INFO] [stderr]    Compiling once_cell v1.20.3
[INFO] [stderr]    Compiling robust v1.2.0
[INFO] [stderr]    Compiling itoa v1.0.11
[INFO] [stderr]    Compiling i_overlay v4.0.6
[INFO] [stderr]    Compiling earcutr v0.4.3
[INFO] [stderr]    Compiling thiserror-impl v1.0.64
[INFO] [stderr]    Compiling nalgebra-macros v0.2.2
[INFO] [stderr]    Compiling regex v1.12.2
[INFO] [stderr]    Compiling spade v2.15.0
[INFO] [stderr]    Compiling pest v2.7.13
[INFO] [stderr]    Compiling tempfile v3.17.1
[INFO] [stderr]    Compiling which v7.0.0
[INFO] [stderr]    Compiling pest_meta v2.7.13
[INFO] [stderr]    Compiling geo-types v0.7.18
[INFO] [stderr]    Compiling simba v0.8.1
[INFO] [stderr]    Compiling parking_lot_core v0.9.12
[INFO] [stderr]    Compiling num-rational v0.4.2
[INFO] [stderr]    Compiling serde_stacker v0.1.11
[INFO] [stderr]    Compiling pest_generator v2.7.13
[INFO] [stderr]    Compiling geographiclib-rs v0.2.5
[INFO] [stderr]    Compiling log v0.4.22
[INFO] [stderr]    Compiling float_next_after v1.0.0
[INFO] [stderr]    Compiling indexmap v2.13.0
[INFO] [stderr]    Compiling pest_derive v2.7.13
[INFO] [stderr]    Compiling geo v0.31.0
[INFO] [stderr]    Compiling slang-rs v0.22.0
[INFO] [stderr]    Compiling parking_lot v0.12.5
[INFO] [stderr]    Compiling xlsynth-vast v0.65.0
[INFO] [stderr]    Compiling itertools v0.10.5
[INFO] [stderr]    Compiling fixedbitset v0.5.7
[INFO] [stderr]    Compiling nalgebra v0.32.6
[INFO] [stderr]    Compiling topstitch v0.100.0 (/opt/rustwide/workdir)
[INFO] [stderr]     Finished `release` profile [optimized] target(s) in 2m 25s
[INFO] running `Command { std: "docker" "inspect" "fe7a868e4f387108863d6bdf8371c1b8360222abab9a6d547472baa3ca3d478a", kill_on_drop: false }`
[INFO] running `Command { std: "docker" "exec" "-e" "SOURCE_DIR=/opt/rustwide/workdir" "-e" "CARGO_HOME=/opt/rustwide/cargo-home" "-e" "RUSTUP_HOME=/opt/rustwide/rustup-home" "-e" "CARGO_TARGET_DIR=/opt/rustwide/target" "-e" "CARGO_INCREMENTAL=0" "-e" "RUST_BACKTRACE=full" "-e" "RUSTFLAGS=--cap-lints=warn" "-e" "RUSTDOCFLAGS=--cap-lints=warn" "-w" "/opt/rustwide/workdir" "--user" "0:0" "fe7a868e4f387108863d6bdf8371c1b8360222abab9a6d547472baa3ca3d478a" "/opt/rustwide/cargo-home/bin/cargo" "+1.99.0-beta.8" "test" "--frozen" "--no-run" "--message-format=json" "--release", kill_on_drop: false }`
[INFO] [stderr]    Compiling syn v2.0.87
[INFO] [stderr]    Compiling semver v1.0.24
[INFO] [stderr]    Compiling libz-sys v1.1.21
[INFO] [stderr]    Compiling openssl-sys v0.9.106
[INFO] [stderr]    Compiling hashbrown v0.16.1
[INFO] [stderr]    Compiling winnow v0.7.14
[INFO] [stderr]    Compiling equivalent v1.0.1
[INFO] [stderr]    Compiling curl-sys v0.4.80+curl-8.12.1
[INFO] [stderr]    Compiling aho-corasick v1.1.3
[INFO] [stderr]    Compiling regex-syntax v0.8.5
[INFO] [stderr]    Compiling toml_datetime v0.7.5+spec-1.1.0
[INFO] [stderr]    Compiling log v0.4.22
[INFO] [stderr]    Compiling rustc_version v0.4.1
[INFO] [stderr]    Compiling camino v1.1.9
[INFO] [stderr]    Compiling indexmap v2.13.0
[INFO] [stderr]    Compiling rstest_macros v0.26.1
[INFO] [stderr]    Compiling curl v0.4.47
[INFO] [stderr]    Compiling relative-path v1.9.3
[INFO] [stderr]    Compiling geo v0.31.0
[INFO] [stderr]    Compiling env_filter v0.1.3
[INFO] [stderr]    Compiling socket2 v0.5.7
[INFO] [stderr]    Compiling env_logger v0.11.6
[INFO] [stderr]    Compiling toml_parser v1.0.8+spec-1.1.0
[INFO] [stderr]    Compiling regex-automata v0.4.13
[INFO] [stderr]    Compiling toml_edit v0.23.10+spec-1.0.0
[INFO] [stderr]    Compiling proc-macro-crate v3.4.0
[INFO] [stderr]    Compiling thiserror-impl v1.0.64
[INFO] [stderr]    Compiling serde_derive v1.0.228
[INFO] [stderr]    Compiling futures-macro v0.3.31
[INFO] [stderr]    Compiling nalgebra-macros v0.2.2
[INFO] [stderr]    Compiling regex v1.12.2
[INFO] [stderr]    Compiling nalgebra v0.32.6
[INFO] [stderr]    Compiling futures-util v0.3.31
[INFO] [stderr]    Compiling thiserror v1.0.64
[INFO] [stderr]    Compiling pest v2.7.13
[INFO] [stderr]    Compiling pest_meta v2.7.13
[INFO] [stderr]    Compiling serde v1.0.228
[INFO] [stderr]    Compiling rstest v0.26.1
[INFO] [stderr]    Compiling pest_generator v2.7.13
[INFO] [stderr]    Compiling serde_json v1.0.128
[INFO] [stderr]    Compiling serde_stacker v0.1.11
[INFO] [stderr]    Compiling cargo-platform v0.1.9
[INFO] [stderr]    Compiling toml v0.5.11
[INFO] [stderr]    Compiling pest_derive v2.7.13
[INFO] [stderr]    Compiling slang-rs v0.22.0
[INFO] [stderr]    Compiling cargo_metadata v0.18.1
[INFO] [stderr]    Compiling topstitch v0.100.0 (/opt/rustwide/workdir)
[INFO] [stderr]     Finished `release` profile [optimized] target(s) in 3m 11s
[INFO] running `Command { std: "docker" "inspect" "fe7a868e4f387108863d6bdf8371c1b8360222abab9a6d547472baa3ca3d478a", kill_on_drop: false }`
[INFO] running `Command { std: "docker" "exec" "-e" "SOURCE_DIR=/opt/rustwide/workdir" "-e" "CARGO_HOME=/opt/rustwide/cargo-home" "-e" "RUSTUP_HOME=/opt/rustwide/rustup-home" "-e" "CARGO_TARGET_DIR=/opt/rustwide/target" "-e" "CARGO_INCREMENTAL=0" "-e" "RUST_BACKTRACE=full" "-e" "RUSTFLAGS=--cap-lints=warn" "-e" "RUSTDOCFLAGS=--cap-lints=warn" "-w" "/opt/rustwide/workdir" "--user" "0:0" "fe7a868e4f387108863d6bdf8371c1b8360222abab9a6d547472baa3ca3d478a" "/opt/rustwide/cargo-home/bin/cargo" "+1.99.0-beta.8" "test" "--frozen" "--release", kill_on_drop: false }`
[INFO] [stderr]     Finished `release` profile [optimized] target(s) in 0.19s
[INFO] [stderr]      Running unittests src/lib.rs (/opt/rustwide/target/release/deps/topstitch-817bb62dd588ece1)
[INFO] [stdout] 
[INFO] [stdout] running 53 tests
[INFO] [stdout] test connection::port_slice::tests::test_trace_complex ... ok
[INFO] [stdout] test connection::port_slice::tests::test_unused_inout_only_alone ... ok
[INFO] [stdout] test connection::port_slice::tests::test_tieoff_clipping_slice ... ok
[INFO] [stdout] test connection::port_slice::tests::test_wire_specify_net_name ... ok
[INFO] [stdout] test metadata::tests::from_primitives_into_metadata_value ... ok
[INFO] [stdout] test connection::port_slice::tests::test_tracing_in_detail ... ok
[INFO] [stdout] test metadata::tests::into_primitives_from_metadata_value_by_value ... ok
[INFO] [stdout] test connection::port_slice::tests::test_tieoff_as_driver_input ... ok
[INFO] [stdout] test metadata::tests::into_primitives_from_metadata_value_by_ref ... ok
[INFO] [stdout] test metadata::tests::panics_on_wrong_type_int_from_string_ref - should panic ... ok
[INFO] [stdout] test metadata::tests::panics_on_wrong_type_string_from_int_value - should panic ... ok
[INFO] [stdout] test connection::port_slice::tests::test_slice ... ok
[INFO] [stdout] test mod_inst::tests::mod_inst_debug_string_handles_deep_hierarchy ... ok
[INFO] [stdout] test mod_inst::tests::mod_inst_hierarchy_extends_with_get_instances ... ok
[INFO] [stdout] test mod_inst::tests::mod_inst_place_pin_inverts_transform ... ok
[INFO] [stdout] test mod_def::tracks::tests::failed_blocking_leaves_all_tracks_unchanged ... ok
[INFO] [stdout] test connection::port_slice::tests::test_trace ... ok
[INFO] [stdout] test mod_def::tracks::tests::can_change_keepout_shapes ... ok
[INFO] [stdout] test port_slice::tests::test_has_physical_pin_mod_def ... ok
[INFO] [stdout] test mod_inst::tests::mod_inst_hierarchy_extends_with_get_instance ... ok
[INFO] [stdout] test port_slice::trace::tests::test_has_tieoff_connection ... ok
[INFO] [stdout] test port_slice::tests::test_is_mod_def_port_slice ... ok
[INFO] [stdout] test port_slice::tests::test_has_physical_pin_panics_on_multibit - should panic ... ok
[INFO] [stdout] test port_slice::tests::test_place_across_connectivity_driven ... ok
[INFO] [stdout] test port_slice::trace::tests::test_trace_def_to_def_feedthrough ... ok
[INFO] [stdout] test port_slice::trace::tests::test_trace_def_to_def ... ok
[INFO] [stdout] test mod_inst::tests::mod_inst_transform_and_port_coordinate ... ok
[INFO] [stdout] test port_slice::tests::test_has_physical_pin_mod_inst ... ok
[INFO] [stdout] test port_slice::trace::tests::test_trace_fanout - should panic ... ok
[INFO] [stdout] test port_slice::trace::tests::test_trace_infinite_loop - should panic ... ok
[INFO] [stdout] test port_slice::trace::tests::test_trace_inst_to_def ... ok
[INFO] [stdout] test port_slice::trace::tests::test_trace_inst_to_inst ... ok
[INFO] [stdout] test port_slice::trace::tests::test_trace_inst_up_two_levels ... ok
[INFO] [stdout] test validate::inst_overlap::tests::placement_rectilinear_ok::case_1 ... ok
[INFO] [stdout] test port_slice::trace::tests::test_trace_inst_to_inst_feedthrough ... ok
[INFO] [stdout] test validate::inst_overlap::tests::placement_rectilinear_ok::case_2 ... ok
[INFO] [stdout] test port_slice::trace::tests::test_trace_inst_to_inst_through_inner ... ok
[INFO] [stdout] test validate::inst_overlap::tests::placement_rectilinear_overlap::case_1 - should panic ... ok
[INFO] [stdout] test validate::inst_overlap::tests::placement_rectilinear_overlap::case_3 - should panic ... ok
[INFO] [stdout] test validate::inst_overlap::tests::test_basic_no_overlap ... ok
[INFO] [stdout] test validate::inst_overlap::tests::test_basic_shared_edge ... ok
[INFO] [stdout] test validate::inst_overlap::tests::placement_rectilinear_overlap::case_2 - should panic ... ok
[INFO] [stdout] test validate::inst_overlap::tests::test_basic_full_overlap - should panic ... ok
[INFO] [stdout] test validate::pins_contained::tests::test_basic_in_interior ... ok
[INFO] [stdout] test validate::pins_contained::tests::test_basic_on_edge ... ok
[INFO] [stdout] test validate::pins_contained::tests::test_basic_partially_outside - should panic ... ok
[INFO] [stdout] test validate::pins_contained::tests::test_basic_outside_edge - should panic ... ok
[INFO] [stdout] test validate::pins_contained::tests::test_basic_outside - should panic ... ok
[INFO] [stdout] test validate::inst_overlap::tests::test_basic_partial_overlap - should panic ... ok
[INFO] [stdout] test validate::inst_overlap::tests::test_basic_shared_corner ... ok
[INFO] [stdout] test connection::port_slice::tests::test_unused_not_allowed_on_output_to_resolve - should panic ... ok
[INFO] [stdout] test validate::pins_contained::tests::test_performance_many_pins ... ok
[INFO] [stderr]      Running tests/basic.rs (/opt/rustwide/target/release/deps/basic-1f7669125512dd43)
[INFO] [stdout] test validate::inst_overlap::tests::test_performance_many_instances ... ok
[INFO] [stdout] 
[INFO] [stdout] test result: ok. 53 passed; 0 failed; 0 ignored; 0 measured; 0 filtered out; finished in 0.20s
[INFO] [stdout] 
[INFO] [stdout] 
[INFO] [stdout] running 2 tests
[INFO] [stdout] test test_basic ... ok
[INFO] [stdout] test test_from_verilog ... FAILED
[INFO] [stderr] error: test failed, to rerun pass `--test basic`
[INFO] [stdout] 
[INFO] [stdout] failures:
[INFO] [stdout] 
[INFO] [stdout] ---- test_from_verilog stdout ----
[INFO] [stdout] 
[INFO] [stdout] thread 'test_from_verilog' (3204) panicked at /opt/rustwide/cargo-home/registry/src/index.crates.io-1949cf8c6b5b557f/slang-rs-0.22.0/src/lib.rs:98:21:
[INFO] [stdout] Please set the SLANG_PATH environment variable to the path of the slang binary.
[INFO] [stdout] stack backtrace:
[INFO] [stdout]    0:     0x58dda906a4d1 - <<std[70759c8f55707aa4]::sys::backtrace::BacktraceLock>::print::DisplayBacktrace as core[df12db4294e9bfd3]::fmt::Display>::fmt
[INFO] [stdout]    1:     0x58dda908039a - core[df12db4294e9bfd3]::fmt::write
[INFO] [stdout]    2:     0x58dda906ec6c - <alloc[2182bb758b4b3781]::vec::Vec<u8> as core[df12db4294e9bfd3]::io::write::Write>::write_fmt
[INFO] [stdout]    3:     0x58dda9045d96 - std[70759c8f55707aa4]::panicking::default_hook::{closure#0}
[INFO] [stdout]    4:     0x58dda9062389 - std[70759c8f55707aa4]::panicking::default_hook
[INFO] [stdout]    5:     0x58dda8ebe970 - test[9d35eded1c95d3be]::test_main_inner::<test[9d35eded1c95d3be]::test_main_static::{closure#0}>::{closure#0}
[INFO] [stdout]    6:     0x58dda90626b2 - std[70759c8f55707aa4]::panicking::panic_with_hook
[INFO] [stdout]    7:     0x58dda9045e74 - std[70759c8f55707aa4]::panicking::panic_handler::{closure#0}
[INFO] [stdout]    8:     0x58dda903e989 - std[70759c8f55707aa4]::sys::backtrace::__rust_end_short_backtrace::<std[70759c8f55707aa4]::panicking::panic_handler::{closure#0}, !>
[INFO] [stdout]    9:     0x58dda9046a3d - __rustc[8fa7c3cbc660c2b3]::rust_begin_unwind
[INFO] [stdout]   10:     0x58dda9080b7c - core[df12db4294e9bfd3]::panicking::panic_fmt
[INFO] [stdout]   11:     0x58dda8f4a970 - slang_rs[8edf50192b5ea248]::run_slang
[INFO] [stdout]   12:     0x58dda8ead1d0 - <topstitch[9a3f847c4544feaa]::mod_def::ModDef>::from_verilog::<&str, &str>
[INFO] [stdout]   13:     0x58dda8eb0187 - <basic[98e841b18d61d198]::test_from_verilog::{closure#0} as core[df12db4294e9bfd3]::ops::function::FnOnce<()>>::call_once
[INFO] [stdout]   14:     0x58dda8eb1c5b - test[9d35eded1c95d3be]::__rust_begin_short_backtrace::<core[df12db4294e9bfd3]::result::Result<(), alloc[2182bb758b4b3781]::string::String>, fn() -> core[df12db4294e9bfd3]::result::Result<(), alloc[2182bb758b4b3781]::string::String>>
[INFO] [stdout]   15:     0x58dda8ebf2c5 - test[9d35eded1c95d3be]::run_test::{closure#0}
[INFO] [stdout]   16:     0x58dda8eb8b84 - std[70759c8f55707aa4]::sys::backtrace::__rust_begin_short_backtrace::<test[9d35eded1c95d3be]::run_test::{closure#1}, ()>
[INFO] [stdout]   17:     0x58dda8ec2422 - <std[70759c8f55707aa4]::thread::lifecycle::spawn_unchecked<test[9d35eded1c95d3be]::run_test::{closure#1}, ()>::{closure#1} as core[df12db4294e9bfd3]::ops::function::FnOnce<()>>::call_once::{shim:vtable#0}
[INFO] [stdout]   18:     0x58dda9069839 - <std[70759c8f55707aa4]::sys::thread::unix::Thread>::new::thread_start
[INFO] [stdout]   19:     0x77b68abc6dfa - <unknown>
[INFO] [stdout]   20:     0x77b68ac5a3d4 - clone
[INFO] [stdout]   21:                0x0 - <unknown>
[INFO] [stdout] 
[INFO] [stdout] 
[INFO] [stdout] failures:
[INFO] [stdout]     test_from_verilog
[INFO] [stdout] 
[INFO] [stdout] test result: FAILED. 1 passed; 1 failed; 0 ignored; 0 measured; 0 filtered out; finished in 0.02s
[INFO] [stdout] 
[INFO] running `Command { std: "docker" "inspect" "fe7a868e4f387108863d6bdf8371c1b8360222abab9a6d547472baa3ca3d478a", kill_on_drop: false }`
[INFO] running `Command { std: "docker" "rm" "-f" "fe7a868e4f387108863d6bdf8371c1b8360222abab9a6d547472baa3ca3d478a", kill_on_drop: false }`
[INFO] [stdout] fe7a868e4f387108863d6bdf8371c1b8360222abab9a6d547472baa3ca3d478a
