[INFO] fetching crate topopt 0.1.7...
[INFO] testing topopt-0.1.7 against 1.99.0-beta.8+cargoflags=--release for beta-release-1.100-2
[INFO] extracting crate topopt 0.1.7 into /workspace/builds/worker-6-tc1/source
[INFO] started tweaking crates.io crate topopt 0.1.7
[INFO] removed 0 missing examples
[INFO] removed 0 missing tests
[INFO] finished tweaking crates.io crate topopt 0.1.7
[INFO] tweaked toml for crates.io crate topopt 0.1.7 written to /workspace/builds/worker-6-tc1/source/Cargo.toml
[INFO] validating manifest of crates.io crate topopt 0.1.7 on toolchain 1.99.0-beta.8
[INFO] running `Command { std: CARGO_HOME="/workspace/cargo-home" RUSTUP_HOME="/workspace/rustup-home" "/workspace/cargo-home/bin/cargo" "+1.99.0-beta.8" "metadata" "--manifest-path" "Cargo.toml" "--no-deps", kill_on_drop: false }`
[INFO] crate crates.io crate topopt 0.1.7 already has a lockfile, it will not be regenerated
[INFO] running `Command { std: CARGO_HOME="/workspace/cargo-home" RUSTUP_HOME="/workspace/rustup-home" "/workspace/cargo-home/bin/cargo" "+1.99.0-beta.8" "fetch" "--manifest-path" "Cargo.toml", kill_on_drop: false }`
[INFO] [stderr]     Updating crates.io index
[INFO] [stderr]  Downloading crates ...
[INFO] [stderr]   Downloaded nalgebra-macros v0.3.0
[INFO] [stderr]   Downloaded human_regex v0.3.0
[INFO] [stderr]   Downloaded safe_arch v1.2.0
[INFO] [stderr]   Downloaded simba v0.10.2
[INFO] [stderr]   Downloaded hyperlocal v0.9.1
[INFO] [stderr]   Downloaded hyper-named-pipe v0.1.1
[INFO] [stderr]   Downloaded nalgebra-sparse v0.12.0
[INFO] [stderr]   Downloaded bollard-stubs v1.47.1-rc.27.3.1
[INFO] [stderr]   Downloaded bollard v0.18.1
[INFO] [stderr]   Downloaded wide v1.7.1
[INFO] [stderr]   Downloaded bollard-buildkit-proto v0.5.0
[INFO] [stderr]   Downloaded mocktave v0.1.5
[INFO] [stderr]   Downloaded glam v0.33.7
[INFO] running `Command { std: "docker" "create" "-v" "/var/lib/crater-agent-workspace/builds/worker-6-tc1/source:/opt/rustwide/workdir:ro,Z" "-v" "/var/lib/crater-agent-workspace/builds/worker-6-tc1/target:/opt/rustwide/target:rw,Z" "-v" "/var/lib/crater-agent-workspace/cargo-home:/opt/rustwide/cargo-home:ro,Z" "-v" "/var/lib/crater-agent-workspace/rustup-home:/opt/rustwide/rustup-home:ro,Z" "-m" "1610612736" "--network" "none" "ghcr.io/rust-lang/crates-build-env/linux@sha256:77db811e55d90add9212f6832c23229e3de5f1c1f9905e8cb07319ea15df73ac" "sleep" "infinity", kill_on_drop: false }`
[INFO] [stdout] e646d3360c92c12fdf0413deb5c299e6d1f52c3e1b063e915fb1f040f1fa7c75
[INFO] running `Command { std: "docker" "start" "e646d3360c92c12fdf0413deb5c299e6d1f52c3e1b063e915fb1f040f1fa7c75", kill_on_drop: false }`
[INFO] running `Command { std: "docker" "inspect" "e646d3360c92c12fdf0413deb5c299e6d1f52c3e1b063e915fb1f040f1fa7c75", kill_on_drop: false }`
[INFO] running `Command { std: "docker" "exec" "-e" "SOURCE_DIR=/opt/rustwide/workdir" "-e" "CARGO_HOME=/opt/rustwide/cargo-home" "-e" "RUSTUP_HOME=/opt/rustwide/rustup-home" "-e" "CARGO_TARGET_DIR=/opt/rustwide/target" "-w" "/opt/rustwide/workdir" "--user" "0:0" "e646d3360c92c12fdf0413deb5c299e6d1f52c3e1b063e915fb1f040f1fa7c75" "/opt/rustwide/cargo-home/bin/cargo" "+1.99.0-beta.8" "metadata" "--no-deps" "--format-version=1", kill_on_drop: false }`
[INFO] running `Command { std: "docker" "inspect" "e646d3360c92c12fdf0413deb5c299e6d1f52c3e1b063e915fb1f040f1fa7c75", kill_on_drop: false }`
[INFO] running `Command { std: "docker" "exec" "-e" "SOURCE_DIR=/opt/rustwide/workdir" "-e" "CARGO_HOME=/opt/rustwide/cargo-home" "-e" "RUSTUP_HOME=/opt/rustwide/rustup-home" "-e" "CARGO_TARGET_DIR=/opt/rustwide/target" "-e" "CARGO_INCREMENTAL=0" "-e" "RUST_BACKTRACE=full" "-e" "RUSTFLAGS=--cap-lints=warn" "-e" "RUSTDOCFLAGS=--cap-lints=warn" "-w" "/opt/rustwide/workdir" "--user" "0:0" "e646d3360c92c12fdf0413deb5c299e6d1f52c3e1b063e915fb1f040f1fa7c75" "/opt/rustwide/cargo-home/bin/cargo" "+1.99.0-beta.8" "build" "--frozen" "--message-format=json" "--release", kill_on_drop: false }`
[INFO] [stderr]    Compiling libm v0.2.16
[INFO] [stderr]    Compiling num-traits v0.2.19
[INFO] [stderr]    Compiling libc v0.2.189
[INFO] [stderr]    Compiling bytemuck v1.25.2
[INFO] [stderr]    Compiling matrixmultiply v0.3.11
[INFO] [stderr]    Compiling rawpointer v0.2.1
[INFO] [stderr]    Compiling syn v2.0.119
[INFO] [stderr]    Compiling typenum v1.20.1
[INFO] [stderr]    Compiling safe_arch v1.2.0
[INFO] [stderr]    Compiling wide v1.7.1
[INFO] [stderr]    Compiling getrandom v0.4.3
[INFO] [stderr]    Compiling rand v0.10.2
[INFO] [stderr]    Compiling num-integer v0.1.47
[INFO] [stderr]    Compiling num-complex v0.4.6
[INFO] [stderr]    Compiling approx v0.5.1
[INFO] [stderr]    Compiling rand_distr v0.6.0
[INFO] [stderr]    Compiling num-rational v0.4.2
[INFO] [stderr]    Compiling nalgebra-macros v0.3.0
[INFO] [stderr]    Compiling simba v0.10.2
[INFO] [stderr]    Compiling nalgebra v0.35.0
[INFO] [stderr]    Compiling nalgebra-sparse v0.12.0
[INFO] [stderr]    Compiling topopt v0.1.7 (/opt/rustwide/workdir)
[INFO] [stderr]     Finished `release` profile [optimized] target(s) in 44.59s
[INFO] running `Command { std: "docker" "inspect" "e646d3360c92c12fdf0413deb5c299e6d1f52c3e1b063e915fb1f040f1fa7c75", kill_on_drop: false }`
[INFO] running `Command { std: "docker" "exec" "-e" "SOURCE_DIR=/opt/rustwide/workdir" "-e" "CARGO_HOME=/opt/rustwide/cargo-home" "-e" "RUSTUP_HOME=/opt/rustwide/rustup-home" "-e" "CARGO_TARGET_DIR=/opt/rustwide/target" "-e" "CARGO_INCREMENTAL=0" "-e" "RUST_BACKTRACE=full" "-e" "RUSTFLAGS=--cap-lints=warn" "-e" "RUSTDOCFLAGS=--cap-lints=warn" "-w" "/opt/rustwide/workdir" "--user" "0:0" "e646d3360c92c12fdf0413deb5c299e6d1f52c3e1b063e915fb1f040f1fa7c75" "/opt/rustwide/cargo-home/bin/cargo" "+1.99.0-beta.8" "test" "--frozen" "--no-run" "--message-format=json" "--release", kill_on_drop: false }`
[INFO] [stderr]    Compiling smallvec v1.16.1
[INFO] [stderr]    Compiling syn v3.0.6
[INFO] [stderr]    Compiling syn v2.0.119
[INFO] [stderr]    Compiling getrandom v0.2.17
[INFO] [stderr]    Compiling cc v1.4.7
[INFO] [stderr]    Compiling serde_core v1.0.229
[INFO] [stderr]    Compiling zerocopy v0.8.57
[INFO] [stderr]    Compiling anyhow v1.0.104
[INFO] [stderr]    Compiling rustls v0.23.45
[INFO] [stderr]    Compiling either v1.18.0
[INFO] [stderr]    Compiling rustversion v1.0.23
[INFO] [stderr]    Compiling rand_core v0.6.4
[INFO] [stderr]    Compiling itertools v0.14.0
[INFO] [stderr]    Compiling indexmap v1.9.3
[INFO] [stderr]    Compiling log v0.4.34
[INFO] [stderr]    Compiling num-bigint v0.4.8
[INFO] [stderr]    Compiling hashbrown v0.12.3
[INFO] [stderr]    Compiling ring v0.17.14
[INFO] [stderr]    Compiling webpki-roots v1.0.9
[INFO] [stderr]    Compiling matchit v0.7.3
[INFO] [stderr]    Compiling webpki-roots v0.26.11
[INFO] [stderr]    Compiling socket2 v0.5.10
[INFO] [stderr]    Compiling bollard-buildkit-proto v0.5.0
[INFO] [stderr]    Compiling num-rational v0.4.2
[INFO] [stderr]    Compiling rand v0.10.2
[INFO] [stderr]    Compiling aho-corasick v1.1.5
[INFO] [stderr]    Compiling thiserror v2.0.20
[INFO] [stderr]    Compiling regex-syntax v0.8.11
[INFO] [stderr]    Compiling rand_distr v0.6.0
[INFO] [stderr]    Compiling synstructure v0.14.0
[INFO] [stderr]    Compiling serde_with v3.23.0
[INFO] [stderr]    Compiling ppv-lite86 v0.2.21
[INFO] [stderr]    Compiling rand_chacha v0.3.1
[INFO] [stderr]    Compiling tracing-attributes v0.1.31
[INFO] [stderr]    Compiling prost-derive v0.13.5
[INFO] [stderr]    Compiling pin-project-internal v1.1.13
[INFO] [stderr]    Compiling zerofrom-derive v0.1.8
[INFO] [stderr]    Compiling yoke-derive v0.8.3
[INFO] [stderr]    Compiling zerovec-derive v0.11.6
[INFO] [stderr]    Compiling tokio-macros v2.7.2
[INFO] [stderr]    Compiling zerofrom v0.1.8
[INFO] [stderr]    Compiling tokio v1.53.1
[INFO] [stderr]    Compiling displaydoc v0.2.7
[INFO] [stderr]    Compiling futures-macro v0.3.34
[INFO] [stderr]    Compiling yoke v0.8.3
[INFO] [stderr]    Compiling tracing v0.1.44
[INFO] [stderr]    Compiling zerovec v0.11.8
[INFO] [stderr]    Compiling zerotrie v0.2.5
[INFO] [stderr]    Compiling futures-util v0.3.34
[INFO] [stderr]    Compiling serde_derive v1.0.229
[INFO] [stderr]    Compiling async-trait v0.1.92
[INFO] [stderr]    Compiling tinystr v0.8.4
[INFO] [stderr]    Compiling icu_locale_core v2.3.0
[INFO] [stderr]    Compiling potential_utf v0.1.6
[INFO] [stderr]    Compiling icu_collections v2.3.0
[INFO] [stderr]    Compiling prost v0.13.5
[INFO] [stderr]    Compiling pin-project v1.1.13
[INFO] [stderr]    Compiling rand v0.8.8
[INFO] [stderr]    Compiling icu_provider v2.3.1
[INFO] [stderr]    Compiling icu_normalizer v2.3.0
[INFO] [stderr]    Compiling icu_properties v2.3.0
[INFO] [stderr]    Compiling tower v0.5.3
[INFO] [stderr]    Compiling axum-core v0.4.5
[INFO] [stderr]    Compiling serde v1.0.229
[INFO] [stderr]    Compiling async-stream-impl v0.3.6
[INFO] [stderr]    Compiling async-stream v0.3.6
[INFO] [stderr]    Compiling idna_adapter v1.2.2
[INFO] [stderr]    Compiling prost-types v0.13.5
[INFO] [stderr]    Compiling idna v1.1.0
[INFO] [stderr]    Compiling chrono v0.4.45
[INFO] [stderr]    Compiling url v2.5.8
[INFO] [stderr]    Compiling tokio-util v0.7.19
[INFO] [stderr]    Compiling h2 v0.4.19
[INFO] [stderr]    Compiling rustls-webpki v0.103.15
[INFO] [stderr]    Compiling tower v0.4.13
[INFO] [stderr]    Compiling axum v0.7.9
[INFO] [stderr]    Compiling tokio-stream v0.1.19
[INFO] [stderr]    Compiling regex-automata v0.4.18
[INFO] [stderr]    Compiling thiserror-impl v2.0.20
[INFO] [stderr]    Compiling serde_repr v0.1.21
[INFO] [stderr]    Compiling nalgebra-macros v0.3.0
[INFO] [stderr]    Compiling num-iter v0.1.46
[INFO] [stderr]    Compiling hex v0.4.3
[INFO] [stderr]    Compiling nalgebra v0.35.0
[INFO] [stderr]    Compiling serde_urlencoded v0.7.1
[INFO] [stderr]    Compiling hyper v1.11.1
[INFO] [stderr]    Compiling num v0.4.3
[INFO] [stderr]    Compiling serde_json v1.0.151
[INFO] [stderr]    Compiling hyper-util v0.1.20
[INFO] [stderr]    Compiling ureq v2.12.1
[INFO] [stderr]    Compiling tokio-rustls v0.26.5
[INFO] [stderr]    Compiling hyper-timeout v0.5.2
[INFO] [stderr]    Compiling tonic v0.12.3
[INFO] [stderr]    Compiling hyper-rustls v0.27.9
[INFO] [stderr]    Compiling hyperlocal v0.9.1
[INFO] [stderr]    Compiling regex v1.13.1
[INFO] [stderr]    Compiling rustls-pemfile v2.2.0
[INFO] [stderr]    Compiling home v0.5.12
[INFO] [stderr]    Compiling mocktave v0.1.5
[INFO] [stderr]    Compiling bitflags v2.13.2
[INFO] [stderr]    Compiling human_regex v0.3.0
[INFO] [stderr]    Compiling nalgebra-sparse v0.12.0
[INFO] [stderr]    Compiling bollard-stubs v1.47.1-rc.27.3.1
[INFO] [stderr]    Compiling topopt v0.1.7 (/opt/rustwide/workdir)
[INFO] [stderr]    Compiling bollard v0.18.1
[INFO] [stdout] warning: unused import: `nalgebra::DMatrix`
[INFO] [stdout]    --> src/lib.rs:406:9
[INFO] [stdout]     |
[INFO] [stdout] 406 |     use nalgebra::DMatrix;
[INFO] [stdout]     |         ^^^^^^^^^^^^^^^^^
[INFO] [stdout]     |
[INFO] [stdout]     = note: `#[warn(unused_imports)]` (part of `#[warn(unused)]`) on by default
[INFO] [stdout] 
[INFO] [stdout] 
[INFO] [stdout] warning: variable `penalMax` should have a snake case name
[INFO] [stdout]  --> tests/test_against_octave.rs:8:5
[INFO] [stdout]   |
[INFO] [stdout] 8 |     penalMax: f64,
[INFO] [stdout]   |     ^^^^^^^^ help: convert the identifier to snake case: `penal_max`
[INFO] [stdout]   |
[INFO] [stdout]   = note: `#[warn(non_snake_case)]` (part of `#[warn(nonstandard_style)]`) on by default
[INFO] [stdout] 
[INFO] [stdout] 
[INFO] [stdout] warning: function `mocktave_finite_element` is never used
[INFO] [stdout]  --> src/mocktave.rs:4:8
[INFO] [stdout]   |
[INFO] [stdout] 4 | pub fn mocktave_finite_element(
[INFO] [stdout]   |        ^^^^^^^^^^^^^^^^^^^^^^^
[INFO] [stdout]   |
[INFO] [stdout]   = note: `#[warn(dead_code)]` (part of `#[warn(unused)]`) on by default
[INFO] [stdout] 
[INFO] [stdout] 
[INFO] [stdout] warning: function `mocktave_top` is never used
[INFO] [stdout]   --> src/mocktave.rs:73:8
[INFO] [stdout]    |
[INFO] [stdout] 73 | pub fn mocktave_top(
[INFO] [stdout]    |        ^^^^^^^^^^^^
[INFO] [stdout] 
[INFO] [stdout] 
[INFO] [stdout] warning: variable `penalMax` should have a snake case name
[INFO] [stdout]   --> src/mocktave.rs:77:5
[INFO] [stdout]    |
[INFO] [stdout] 77 |     penalMax: f64,
[INFO] [stdout]    |     ^^^^^^^^ help: convert the identifier to snake case: `penal_max`
[INFO] [stdout]    |
[INFO] [stdout]    = note: `#[warn(non_snake_case)]` (part of `#[warn(nonstandard_style)]`) on by default
[INFO] [stdout] 
[INFO] [stdout] 
[INFO] [stderr]     Finished `release` profile [optimized] target(s) in 5m 13s
[INFO] running `Command { std: "docker" "inspect" "e646d3360c92c12fdf0413deb5c299e6d1f52c3e1b063e915fb1f040f1fa7c75", kill_on_drop: false }`
[INFO] running `Command { std: "docker" "exec" "-e" "SOURCE_DIR=/opt/rustwide/workdir" "-e" "CARGO_HOME=/opt/rustwide/cargo-home" "-e" "RUSTUP_HOME=/opt/rustwide/rustup-home" "-e" "CARGO_TARGET_DIR=/opt/rustwide/target" "-e" "CARGO_INCREMENTAL=0" "-e" "RUST_BACKTRACE=full" "-e" "RUSTFLAGS=--cap-lints=warn" "-e" "RUSTDOCFLAGS=--cap-lints=warn" "-w" "/opt/rustwide/workdir" "--user" "0:0" "e646d3360c92c12fdf0413deb5c299e6d1f52c3e1b063e915fb1f040f1fa7c75" "/opt/rustwide/cargo-home/bin/cargo" "+1.99.0-beta.8" "test" "--frozen" "--release", kill_on_drop: false }`
[INFO] [stderr] warning: unused import: `nalgebra::DMatrix`
[INFO] [stderr]    --> src/lib.rs:406:9
[INFO] [stderr]     |
[INFO] [stderr] 406 |     use nalgebra::DMatrix;
[INFO] [stderr]     |         ^^^^^^^^^^^^^^^^^
[INFO] [stderr]     |
[INFO] [stderr]     = note: `#[warn(unused_imports)]` (part of `#[warn(unused)]`) on by default
[INFO] [stderr] 
[INFO] [stderr] warning: function `mocktave_finite_element` is never used
[INFO] [stderr]  --> src/mocktave.rs:4:8
[INFO] [stderr]   |
[INFO] [stderr] 4 | pub fn mocktave_finite_element(
[INFO] [stderr]   |        ^^^^^^^^^^^^^^^^^^^^^^^
[INFO] [stderr]   |
[INFO] [stderr]   = note: `#[warn(dead_code)]` (part of `#[warn(unused)]`) on by default
[INFO] [stderr] 
[INFO] [stderr] warning: function `mocktave_top` is never used
[INFO] [stderr]   --> src/mocktave.rs:73:8
[INFO] [stderr]    |
[INFO] [stderr] 73 | pub fn mocktave_top(
[INFO] [stderr]    |        ^^^^^^^^^^^^
[INFO] [stderr] 
[INFO] [stderr] warning: variable `penalMax` should have a snake case name
[INFO] [stderr]   --> src/mocktave.rs:77:5
[INFO] [stderr]    |
[INFO] [stderr] 77 |     penalMax: f64,
[INFO] [stderr]    |     ^^^^^^^^ help: convert the identifier to snake case: `penal_max`
[INFO] [stderr]    |
[INFO] [stderr]    = note: `#[warn(non_snake_case)]` (part of `#[warn(nonstandard_style)]`) on by default
[INFO] [stderr] 
[INFO] [stderr] warning: variable `penalMax` should have a snake case name
[INFO] [stderr]  --> tests/test_against_octave.rs:8:5
[INFO] [stderr]   |
[INFO] [stderr] 8 |     penalMax: f64,
[INFO] [stderr]   |     ^^^^^^^^ help: convert the identifier to snake case: `penal_max`
[INFO] [stderr]   |
[INFO] [stderr]   = note: `#[warn(non_snake_case)]` (part of `#[warn(nonstandard_style)]`) on by default
[INFO] [stderr] 
[INFO] [stderr] warning: `topopt` (lib test) generated 4 warnings (run `cargo fix --lib -p topopt --tests` to apply 1 suggestion)
[INFO] [stderr] warning: `topopt` (test "test_against_octave") generated 1 warning
[INFO] [stderr]     Finished `release` profile [optimized] target(s) in 0.41s
[INFO] [stderr]      Running unittests src/lib.rs (/opt/rustwide/target/release/deps/topopt-6394915d9ca2380d)
[INFO] [stdout] 
[INFO] [stdout] running 12 tests
[INFO] [stdout] test element_mask_tests::accepts_rectangular_masks_and_preserves_element_positions ... ok
[INFO] [stdout] test check_tests::test_check_realistic ... ok
[INFO] [stdout] test output::tests::interactive_frame_preserves_shading_and_row_order_without_terminal_reset ... ok
[INFO] [stdout] test output::tests::redirected_progress_is_one_ascii_line_per_iteration ... ok
[INFO] [stdout] test fe_tests::test_finite_element ... ok
[INFO] [stdout] test utils::min_max_tests::test_min ... ok
[INFO] [stdout] test utils::min_max_tests::test_max ... ok
[INFO] [stdout] test check_tests::test_check ... ok
[INFO] [stdout] test element_mask_tests::rejects_invalid_active_masks_before_mutating_settings ... ok
[INFO] [stdout] test element_mask_tests::rejects_invalid_passive_masks_before_mutating_settings ... ok
[INFO] [stdout] test lk_tests::test_lk ... FAILED
[INFO] [stdout] test oc_tests::test_oc ... ok
[INFO] [stdout] 
[INFO] [stdout] failures:
[INFO] [stdout] 
[INFO] [stdout] ---- lk_tests::test_lk stdout ----
[INFO] [stdout] 
[INFO] [stdout] thread 'lk_tests::test_lk' (2699) panicked at /opt/rustwide/cargo-home/registry/src/index.crates.io-1949cf8c6b5b557f/mocktave-0.1.5/src/lib.rs:113:26:
[INFO] [stdout] Could not connect with local defaults: SocketNotFoundError("/var/run/docker.sock")
[INFO] [stdout] stack backtrace:
[INFO] [stdout]    0:     0x5ecde9cf7ee1 - <<std[70759c8f55707aa4]::sys::backtrace::BacktraceLock>::print::DisplayBacktrace as core[df12db4294e9bfd3]::fmt::Display>::fmt
[INFO] [stdout]    1:     0x5ecde9d0f04a - core[df12db4294e9bfd3]::fmt::write
[INFO] [stdout]    2:     0x5ecde9cfca1c - <alloc[2182bb758b4b3781]::vec::Vec<u8> as core[df12db4294e9bfd3]::io::write::Write>::write_fmt
[INFO] [stdout]    3:     0x5ecde9cd3136 - std[70759c8f55707aa4]::panicking::default_hook::{closure#0}
[INFO] [stdout]    4:     0x5ecde9cefe09 - std[70759c8f55707aa4]::panicking::default_hook
[INFO] [stdout]    5:     0x5ecde99a7340 - test[9d35eded1c95d3be]::test_main_inner::<test[9d35eded1c95d3be]::test_main_static::{closure#0}>::{closure#0}
[INFO] [stdout]    6:     0x5ecde9cf0132 - std[70759c8f55707aa4]::panicking::panic_with_hook
[INFO] [stdout]    7:     0x5ecde9cd31e2 - std[70759c8f55707aa4]::panicking::panic_handler::{closure#0}
[INFO] [stdout]    8:     0x5ecde9ccbe89 - std[70759c8f55707aa4]::sys::backtrace::__rust_end_short_backtrace::<std[70759c8f55707aa4]::panicking::panic_handler::{closure#0}, !>
[INFO] [stdout]    9:     0x5ecde9cd3fcd - __rustc[8fa7c3cbc660c2b3]::rust_begin_unwind
[INFO] [stdout]   10:     0x5ecde9d0f82c - core[df12db4294e9bfd3]::panicking::panic_fmt
[INFO] [stdout]   11:     0x5ecde9d0f602 - core[df12db4294e9bfd3]::result::unwrap_failed
[INFO] [stdout]   12:     0x5ecde9a0a752 - <tokio[32c254e9ead8bf07]::runtime::park::CachedParkThread>::block_on::<<mocktave[441cd81a17389107]::Interpreter as core[df12db4294e9bfd3]::default::Default>::default::{closure#0}>
[INFO] [stdout]   13:     0x5ecde99e6910 - <mocktave[441cd81a17389107]::Interpreter as core[df12db4294e9bfd3]::default::Default>::default
[INFO] [stdout]   14:     0x5ecde99e6102 - mocktave[441cd81a17389107]::eval
[INFO] [stdout]   15:     0x5ecde999313b - topopt[6415825e480afbfb]::mocktave::mocktave_lk
[INFO] [stdout]   16:     0x5ecde9991ab2 - topopt[6415825e480afbfb]::lk_tests::test_lk
[INFO] [stdout]   17:     0x5ecde99904d9 - <topopt[6415825e480afbfb]::lk_tests::test_lk::{closure#0} as core[df12db4294e9bfd3]::ops::function::FnOnce<()>>::call_once
[INFO] [stdout]   18:     0x5ecde999a62b - test[9d35eded1c95d3be]::__rust_begin_short_backtrace::<core[df12db4294e9bfd3]::result::Result<(), alloc[2182bb758b4b3781]::string::String>, fn() -> core[df12db4294e9bfd3]::result::Result<(), alloc[2182bb758b4b3781]::string::String>>
[INFO] [stdout]   19:     0x5ecde99a7c95 - test[9d35eded1c95d3be]::run_test::{closure#0}
[INFO] [stdout]   20:     0x5ecde99a1554 - std[70759c8f55707aa4]::sys::backtrace::__rust_begin_short_backtrace::<test[9d35eded1c95d3be]::run_test::{closure#1}, ()>
[INFO] [stdout]   21:     0x5ecde99aadf2 - <std[70759c8f55707aa4]::thread::lifecycle::spawn_unchecked<test[9d35eded1c95d3be]::run_test::{closure#1}, ()>::{closure#1} as core[df12db4294e9bfd3]::ops::function::FnOnce<()>>::call_once::{shim:vtable#0}
[INFO] [stdout]   22:     0x5ecde9cf7409 - <std[70759c8f55707aa4]::sys::thread::unix::Thread>::new::thread_start
[INFO] [stdout]   23:     0x787588d4bdfa - <unknown>
[INFO] [stdout]   24:     0x787588ddf3d4 - clone
[INFO] [stdout]   25:                0x0 - <unknown>
[INFO] [stdout] 
[INFO] [stdout] 
[INFO] [stdout] failures:
[INFO] [stdout]     lk_tests::test_lk
[INFO] [stdout] 
[INFO] [stdout] test result: FAILED. 11 passed; 1 failed; 0 ignored; 0 measured; 0 filtered out; finished in 0.01s
[INFO] [stdout] 
[INFO] [stderr] error: test failed, to rerun pass `--lib`
[INFO] running `Command { std: "docker" "inspect" "e646d3360c92c12fdf0413deb5c299e6d1f52c3e1b063e915fb1f040f1fa7c75", kill_on_drop: false }`
[INFO] running `Command { std: "docker" "rm" "-f" "e646d3360c92c12fdf0413deb5c299e6d1f52c3e1b063e915fb1f040f1fa7c75", kill_on_drop: false }`
[INFO] [stdout] e646d3360c92c12fdf0413deb5c299e6d1f52c3e1b063e915fb1f040f1fa7c75
