[INFO] fetching crate topcoat-htmx 0.10.0...
[INFO] testing topcoat-htmx-0.10.0 against 1.100.0-beta.1+cargoflags=--release for beta-release-1.100-2
[INFO] extracting crate topcoat-htmx 0.10.0 into /workspace/builds/worker-7-tc2/source
[INFO] started tweaking crates.io crate topcoat-htmx 0.10.0
[INFO] finished tweaking crates.io crate topcoat-htmx 0.10.0
[INFO] tweaked toml for crates.io crate topcoat-htmx 0.10.0 written to /workspace/builds/worker-7-tc2/source/Cargo.toml
[INFO] validating manifest of crates.io crate topcoat-htmx 0.10.0 on toolchain 1.100.0-beta.1
[INFO] running `Command { std: CARGO_HOME="/workspace/cargo-home" RUSTUP_HOME="/workspace/rustup-home" "/workspace/cargo-home/bin/cargo" "+1.100.0-beta.1" "metadata" "--manifest-path" "Cargo.toml" "--no-deps", kill_on_drop: false }`
[INFO] crate crates.io crate topcoat-htmx 0.10.0 already has a lockfile, it will not be regenerated
[INFO] running `Command { std: CARGO_HOME="/workspace/cargo-home" RUSTUP_HOME="/workspace/rustup-home" "/workspace/cargo-home/bin/cargo" "+1.100.0-beta.1" "fetch" "--manifest-path" "Cargo.toml", kill_on_drop: false }`
[INFO] running `Command { std: "docker" "create" "-v" "/var/lib/crater-agent-workspace/builds/worker-7-tc2/source:/opt/rustwide/workdir:ro,Z" "-v" "/var/lib/crater-agent-workspace/builds/worker-7-tc2/target:/opt/rustwide/target:rw,Z" "-v" "/var/lib/crater-agent-workspace/cargo-home:/opt/rustwide/cargo-home:ro,Z" "-v" "/var/lib/crater-agent-workspace/rustup-home:/opt/rustwide/rustup-home:ro,Z" "-m" "1610612736" "--network" "none" "ghcr.io/rust-lang/crates-build-env/linux@sha256:77db811e55d90add9212f6832c23229e3de5f1c1f9905e8cb07319ea15df73ac" "sleep" "infinity", kill_on_drop: false }`
[INFO] [stdout] 3237bec1f4cade5a221f9487f73b64bbd665400f4a216a146a05955bb6d04f40
[INFO] running `Command { std: "docker" "start" "3237bec1f4cade5a221f9487f73b64bbd665400f4a216a146a05955bb6d04f40", kill_on_drop: false }`
[INFO] running `Command { std: "docker" "inspect" "3237bec1f4cade5a221f9487f73b64bbd665400f4a216a146a05955bb6d04f40", kill_on_drop: false }`
[INFO] running `Command { std: "docker" "exec" "-e" "SOURCE_DIR=/opt/rustwide/workdir" "-e" "CARGO_HOME=/opt/rustwide/cargo-home" "-e" "RUSTUP_HOME=/opt/rustwide/rustup-home" "-e" "CARGO_TARGET_DIR=/opt/rustwide/target" "-w" "/opt/rustwide/workdir" "--user" "0:0" "3237bec1f4cade5a221f9487f73b64bbd665400f4a216a146a05955bb6d04f40" "/opt/rustwide/cargo-home/bin/cargo" "+1.100.0-beta.1" "metadata" "--no-deps" "--format-version=1", kill_on_drop: false }`
[INFO] running `Command { std: "docker" "inspect" "3237bec1f4cade5a221f9487f73b64bbd665400f4a216a146a05955bb6d04f40", kill_on_drop: false }`
[INFO] running `Command { std: "docker" "exec" "-e" "SOURCE_DIR=/opt/rustwide/workdir" "-e" "CARGO_HOME=/opt/rustwide/cargo-home" "-e" "RUSTUP_HOME=/opt/rustwide/rustup-home" "-e" "CARGO_TARGET_DIR=/opt/rustwide/target" "-e" "CARGO_INCREMENTAL=0" "-e" "RUST_BACKTRACE=full" "-e" "RUSTFLAGS=--cap-lints=warn" "-e" "RUSTDOCFLAGS=--cap-lints=warn" "-w" "/opt/rustwide/workdir" "--user" "0:0" "3237bec1f4cade5a221f9487f73b64bbd665400f4a216a146a05955bb6d04f40" "/opt/rustwide/cargo-home/bin/cargo" "+1.100.0-beta.1" "build" "--frozen" "--message-format=json" "--release", kill_on_drop: false }`
[INFO] [stderr]    Compiling stable_deref_trait v1.2.1
[INFO] [stderr]    Compiling http v1.4.0
[INFO] [stderr]    Compiling syn v2.0.117
[INFO] [stderr]    Compiling tokio v1.51.1
[INFO] [stderr]    Compiling ref-cast v1.0.25
[INFO] [stderr]    Compiling anymap3 v1.0.1
[INFO] [stderr]    Compiling siphasher v1.0.3
[INFO] [stderr]    Compiling smallvec v1.15.1
[INFO] [stderr]    Compiling elsa v1.11.2
[INFO] [stderr]    Compiling serde_path_to_error v0.1.20
[INFO] [stderr]    Compiling ipnet v2.12.2
[INFO] [stderr]    Compiling heck v0.5.0
[INFO] [stderr]    Compiling matchit v0.9.2
[INFO] [stderr]    Compiling http-body v1.0.1
[INFO] [stderr]    Compiling http-body-util v0.1.3
[INFO] [stderr]    Compiling thiserror-impl v2.0.18
[INFO] [stderr]    Compiling futures-macro v0.3.32
[INFO] [stderr]    Compiling serde_derive v1.0.228
[INFO] [stderr]    Compiling ref-cast-impl v1.0.25
[INFO] [stderr]    Compiling futures-util v0.3.32
[INFO] [stderr]    Compiling thiserror v2.0.18
[INFO] [stderr]    Compiling topcoat-core v0.10.0
[INFO] [stderr]    Compiling serde v1.0.228
[INFO] [stderr]    Compiling topcoat-view v0.10.0
[INFO] [stderr]    Compiling serde_urlencoded v0.7.1
[INFO] [stderr]    Compiling topcoat-router v0.10.0
[INFO] [stderr]    Compiling topcoat-htmx v0.10.0 (/opt/rustwide/workdir)
[INFO] [stderr]     Finished `release` profile [optimized] target(s) in 34.37s
[INFO] running `Command { std: "docker" "inspect" "3237bec1f4cade5a221f9487f73b64bbd665400f4a216a146a05955bb6d04f40", kill_on_drop: false }`
[INFO] running `Command { std: "docker" "exec" "-e" "SOURCE_DIR=/opt/rustwide/workdir" "-e" "CARGO_HOME=/opt/rustwide/cargo-home" "-e" "RUSTUP_HOME=/opt/rustwide/rustup-home" "-e" "CARGO_TARGET_DIR=/opt/rustwide/target" "-e" "CARGO_INCREMENTAL=0" "-e" "RUST_BACKTRACE=full" "-e" "RUSTFLAGS=--cap-lints=warn" "-e" "RUSTDOCFLAGS=--cap-lints=warn" "-w" "/opt/rustwide/workdir" "--user" "0:0" "3237bec1f4cade5a221f9487f73b64bbd665400f4a216a146a05955bb6d04f40" "/opt/rustwide/cargo-home/bin/cargo" "+1.100.0-beta.1" "test" "--frozen" "--no-run" "--message-format=json" "--release", kill_on_drop: false }`
[INFO] [stderr]    Compiling tokio-macros v2.7.0
[INFO] [stderr]    Compiling tokio v1.51.1
[INFO] [stderr]    Compiling topcoat-core v0.10.0
[INFO] [stderr]    Compiling topcoat-view v0.10.0
[INFO] [stderr]    Compiling topcoat-router v0.10.0
[INFO] [stderr]    Compiling topcoat-htmx v0.10.0 (/opt/rustwide/workdir)
[INFO] [stderr]     Finished `release` profile [optimized] target(s) in 22.32s
[INFO] running `Command { std: "docker" "inspect" "3237bec1f4cade5a221f9487f73b64bbd665400f4a216a146a05955bb6d04f40", kill_on_drop: false }`
[INFO] running `Command { std: "docker" "exec" "-e" "SOURCE_DIR=/opt/rustwide/workdir" "-e" "CARGO_HOME=/opt/rustwide/cargo-home" "-e" "RUSTUP_HOME=/opt/rustwide/rustup-home" "-e" "CARGO_TARGET_DIR=/opt/rustwide/target" "-e" "CARGO_INCREMENTAL=0" "-e" "RUST_BACKTRACE=full" "-e" "RUSTFLAGS=--cap-lints=warn" "-e" "RUSTDOCFLAGS=--cap-lints=warn" "-w" "/opt/rustwide/workdir" "--user" "0:0" "3237bec1f4cade5a221f9487f73b64bbd665400f4a216a146a05955bb6d04f40" "/opt/rustwide/cargo-home/bin/cargo" "+1.100.0-beta.1" "test" "--frozen" "--release", kill_on_drop: false }`
[INFO] [stderr]     Finished `release` profile [optimized] target(s) in 0.11s
[INFO] [stderr]      Running unittests src/lib.rs (/opt/rustwide/target/release/build/topcoat-htmx/68f809f63e872c9c/out/topcoat_htmx-68f809f63e872c9c)
[INFO] [stdout] 
[INFO] [stdout] running 14 tests
[INFO] [stdout] test response::tests::push_url_sets_header ... ok
[INFO] [stdout] test request::tests::boolean_headers_require_true ... ok
[INFO] [stdout] test request::tests::missing_string_header_is_none ... ok
[INFO] [stdout] test response::tests::push_url_prevent_is_false ... ok
[INFO] [stdout] test request::tests::string_headers_are_borrowed ... ok
[INFO] [stdout] test request::tests::missing_boolean_header_is_false ... ok
[INFO] [stdout] test location::tests::options_serialize_as_json_with_path ... ok
[INFO] [stdout] test location::tests::plain_path_when_no_options ... ok
[INFO] [stdout] test response::tests::refresh_serializes_bool ... ok
[INFO] [stdout] test trigger::tests::events_with_data_serialize_as_json ... ok
[INFO] [stdout] test trigger::tests::name_only_events_join_with_commas ... ok
[INFO] [stdout] test trigger::tests::timing_selects_header ... ok
[INFO] [stderr]    Doc-tests topcoat_htmx
[INFO] [stdout] test response::tests::retarget_and_reselect_carry_selectors ... ok
[INFO] [stdout] test response::tests::reswap_uses_swap_option_string ... ok
[INFO] [stdout] 
[INFO] [stdout] test result: ok. 14 passed; 0 failed; 0 ignored; 0 measured; 0 filtered out; finished in 0.02s
[INFO] [stdout] 
[INFO] [stdout] 
[INFO] [stdout] running 2 tests
[INFO] [stdout] test src/trigger.rs - trigger::HxResponseTrigger (line 82) ... FAILED
[INFO] [stderr] error: doctest failed, to rerun pass `--doc`
[INFO] [stdout] test src/location.rs - location::HxLocation (line 16) ... FAILED
[INFO] [stdout] 
[INFO] [stdout] failures:
[INFO] [stdout] 
[INFO] [stdout] ---- src/trigger.rs - trigger::HxResponseTrigger (line 82) stdout ----
[INFO] [stdout] error[E0433]: cannot find module or crate `topcoat` in this scope
[INFO] [stdout]   --> src/trigger.rs:83:5
[INFO] [stdout]    |
[INFO] [stdout] 83 | use topcoat::htmx::{HxEvent, HxResponseTrigger};
[INFO] [stdout]    |     ^^^^^^^ use of unresolved module or unlinked crate `topcoat`
[INFO] [stdout]    |
[INFO] [stdout]    = help: if you wanted to use a crate named `topcoat`, use `cargo add topcoat` to add it to your `Cargo.toml`
[INFO] [stdout] 
[INFO] [stdout] error: aborting due to 1 previous error
[INFO] [stdout] 
[INFO] [stdout] For more information about this error, try `rustc --explain E0433`.
[INFO] [stdout] Couldn't compile the test.
[INFO] [stdout] ---- src/location.rs - location::HxLocation (line 16) stdout ----
[INFO] [stdout] error[E0433]: cannot find module or crate `topcoat` in this scope
[INFO] [stdout]   --> src/location.rs:17:5
[INFO] [stdout]    |
[INFO] [stdout] 17 | use topcoat::htmx::{HxLocation, SwapOption};
[INFO] [stdout]    |     ^^^^^^^ use of unresolved module or unlinked crate `topcoat`
[INFO] [stdout]    |
[INFO] [stdout]    = help: if you wanted to use a crate named `topcoat`, use `cargo add topcoat` to add it to your `Cargo.toml`
[INFO] [stdout] 
[INFO] [stdout] error: aborting due to 1 previous error
[INFO] [stdout] 
[INFO] [stdout] For more information about this error, try `rustc --explain E0433`.
[INFO] [stdout] Couldn't compile the test.
[INFO] [stdout] 
[INFO] [stdout] failures:
[INFO] [stdout]     src/location.rs - location::HxLocation (line 16)
[INFO] [stdout]     src/trigger.rs - trigger::HxResponseTrigger (line 82)
[INFO] [stdout] 
[INFO] [stdout] test result: FAILED. 0 passed; 2 failed; 0 ignored; 0 measured; 0 filtered out; finished in 0.09s
[INFO] [stdout] 
[INFO] [stdout] all doctests ran in 0.13s; merged doctests compilation took 0.03s
[INFO] running `Command { std: "docker" "inspect" "3237bec1f4cade5a221f9487f73b64bbd665400f4a216a146a05955bb6d04f40", kill_on_drop: false }`
[INFO] running `Command { std: "docker" "rm" "-f" "3237bec1f4cade5a221f9487f73b64bbd665400f4a216a146a05955bb6d04f40", kill_on_drop: false }`
[INFO] [stdout] 3237bec1f4cade5a221f9487f73b64bbd665400f4a216a146a05955bb6d04f40
