[INFO] fetching crate toonifytool-cli 1.0.0...
[INFO] testing toonifytool-cli-1.0.0 against 1.99.0-beta.8+cargoflags=--release for beta-release-1.100-2
[INFO] extracting crate toonifytool-cli 1.0.0 into /workspace/builds/worker-3-tc1/source
[INFO] started tweaking crates.io crate toonifytool-cli 1.0.0
[INFO] removed 0 missing tests
[INFO] finished tweaking crates.io crate toonifytool-cli 1.0.0
[INFO] tweaked toml for crates.io crate toonifytool-cli 1.0.0 written to /workspace/builds/worker-3-tc1/source/Cargo.toml
[INFO] validating manifest of crates.io crate toonifytool-cli 1.0.0 on toolchain 1.99.0-beta.8
[INFO] running `Command { std: CARGO_HOME="/workspace/cargo-home" RUSTUP_HOME="/workspace/rustup-home" "/workspace/cargo-home/bin/cargo" "+1.99.0-beta.8" "metadata" "--manifest-path" "Cargo.toml" "--no-deps", kill_on_drop: false }`
[INFO] crate crates.io crate toonifytool-cli 1.0.0 already has a lockfile, it will not be regenerated
[INFO] running `Command { std: CARGO_HOME="/workspace/cargo-home" RUSTUP_HOME="/workspace/rustup-home" "/workspace/cargo-home/bin/cargo" "+1.99.0-beta.8" "fetch" "--manifest-path" "Cargo.toml", kill_on_drop: false }`
[INFO] [stderr]     Updating crates.io index
[INFO] [stderr]  Downloading crates ...
[INFO] [stderr]   Downloaded fancy-regex v0.12.0
[INFO] [stderr]   Downloaded toonify-core v1.0.0
[INFO] [stderr]   Downloaded assert_cmd v2.1.1
[INFO] [stderr]   Downloaded clap v4.5.51
[INFO] [stderr]   Downloaded clap_builder v4.5.51
[INFO] [stderr]   Downloaded tiktoken-rs v0.5.9
[INFO] running `Command { std: "docker" "create" "-v" "/var/lib/crater-agent-workspace/builds/worker-3-tc1/source:/opt/rustwide/workdir:ro,Z" "-v" "/var/lib/crater-agent-workspace/builds/worker-3-tc1/target:/opt/rustwide/target:rw,Z" "-v" "/var/lib/crater-agent-workspace/cargo-home:/opt/rustwide/cargo-home:ro,Z" "-v" "/var/lib/crater-agent-workspace/rustup-home:/opt/rustwide/rustup-home:ro,Z" "-m" "1610612736" "--network" "none" "ghcr.io/rust-lang/crates-build-env/linux@sha256:77db811e55d90add9212f6832c23229e3de5f1c1f9905e8cb07319ea15df73ac" "sleep" "infinity", kill_on_drop: false }`
[INFO] [stdout] bd2fe2e96abbd9b5550ef7edd1fc5bbd134a471ee58d880e7204b47958a63b01
[INFO] running `Command { std: "docker" "start" "bd2fe2e96abbd9b5550ef7edd1fc5bbd134a471ee58d880e7204b47958a63b01", kill_on_drop: false }`
[INFO] running `Command { std: "docker" "inspect" "bd2fe2e96abbd9b5550ef7edd1fc5bbd134a471ee58d880e7204b47958a63b01", kill_on_drop: false }`
[INFO] running `Command { std: "docker" "exec" "-e" "SOURCE_DIR=/opt/rustwide/workdir" "-e" "CARGO_HOME=/opt/rustwide/cargo-home" "-e" "RUSTUP_HOME=/opt/rustwide/rustup-home" "-e" "CARGO_TARGET_DIR=/opt/rustwide/target" "-w" "/opt/rustwide/workdir" "--user" "0:0" "bd2fe2e96abbd9b5550ef7edd1fc5bbd134a471ee58d880e7204b47958a63b01" "/opt/rustwide/cargo-home/bin/cargo" "+1.99.0-beta.8" "metadata" "--no-deps" "--format-version=1", kill_on_drop: false }`
[INFO] running `Command { std: "docker" "inspect" "bd2fe2e96abbd9b5550ef7edd1fc5bbd134a471ee58d880e7204b47958a63b01", kill_on_drop: false }`
[INFO] running `Command { std: "docker" "exec" "-e" "SOURCE_DIR=/opt/rustwide/workdir" "-e" "CARGO_HOME=/opt/rustwide/cargo-home" "-e" "RUSTUP_HOME=/opt/rustwide/rustup-home" "-e" "CARGO_TARGET_DIR=/opt/rustwide/target" "-e" "CARGO_INCREMENTAL=0" "-e" "RUST_BACKTRACE=full" "-e" "RUSTFLAGS=--cap-lints=warn" "-e" "RUSTDOCFLAGS=--cap-lints=warn" "-w" "/opt/rustwide/workdir" "--user" "0:0" "bd2fe2e96abbd9b5550ef7edd1fc5bbd134a471ee58d880e7204b47958a63b01" "/opt/rustwide/cargo-home/bin/cargo" "+1.99.0-beta.8" "build" "--frozen" "--message-format=json" "--release", kill_on_drop: false }`
[INFO] [stderr]    Compiling proc-macro2 v1.0.103
[INFO] [stderr]    Compiling quote v1.0.42
[INFO] [stderr]    Compiling memchr v2.7.6
[INFO] [stderr]    Compiling serde_core v1.0.228
[INFO] [stderr]    Compiling regex-syntax v0.8.8
[INFO] [stderr]    Compiling libc v0.2.177
[INFO] [stderr]    Compiling num-traits v0.2.19
[INFO] [stderr]    Compiling bit-vec v0.6.3
[INFO] [stderr]    Compiling ryu v1.0.20
[INFO] [stderr]    Compiling anyhow v1.0.100
[INFO] [stderr]    Compiling hashbrown v0.16.0
[INFO] [stderr]    Compiling bit-set v0.5.3
[INFO] [stderr]    Compiling bigdecimal v0.4.9
[INFO] [stderr]    Compiling colorchoice v1.0.4
[INFO] [stderr]    Compiling anstyle-query v1.1.4
[INFO] [stderr]    Compiling serde_json v1.0.145
[INFO] [stderr]    Compiling aho-corasick v1.1.4
[INFO] [stderr]    Compiling parking_lot_core v0.9.12
[INFO] [stderr]    Compiling num-integer v0.1.46
[INFO] [stderr]    Compiling syn v2.0.110
[INFO] [stderr]    Compiling indexmap v2.12.0
[INFO] [stderr]    Compiling anstyle v1.0.13
[INFO] [stderr]    Compiling anstream v0.6.21
[INFO] [stderr]    Compiling num-bigint v0.4.6
[INFO] [stderr]    Compiling parking_lot v0.12.5
[INFO] [stderr]    Compiling csv-core v0.1.13
[INFO] [stderr]    Compiling regex-automata v0.4.13
[INFO] [stderr]    Compiling unsafe-libyaml v0.2.11
[INFO] [stderr]    Compiling base64 v0.21.7
[INFO] [stderr]    Compiling strsim v0.11.1
[INFO] [stderr]    Compiling clap_lex v0.7.6
[INFO] [stderr]    Compiling xml-rs v0.8.28
[INFO] [stderr]    Compiling clap_builder v4.5.51
[INFO] [stderr]    Compiling xmltree v0.10.3
[INFO] [stderr]    Compiling serde_derive v1.0.228
[INFO] [stderr]    Compiling thiserror-impl v1.0.69
[INFO] [stderr]    Compiling clap_derive v4.5.49
[INFO] [stderr]    Compiling regex v1.12.2
[INFO] [stderr]    Compiling bstr v1.12.1
[INFO] [stderr]    Compiling fancy-regex v0.12.0
[INFO] [stderr]    Compiling thiserror v1.0.69
[INFO] [stderr]    Compiling serde v1.0.228
[INFO] [stderr]    Compiling tiktoken-rs v0.5.9
[INFO] [stderr]    Compiling csv v1.4.0
[INFO] [stderr]    Compiling serde_yaml v0.9.34+deprecated
[INFO] [stderr]    Compiling quick-xml v0.31.0
[INFO] [stderr]    Compiling clap v4.5.51
[INFO] [stderr]    Compiling toonify-core v1.0.0
[INFO] [stderr]    Compiling toonifytool-cli v1.0.0 (/opt/rustwide/workdir)
[INFO] [stderr]     Finished `release` profile [optimized] target(s) in 2m 00s
[INFO] running `Command { std: "docker" "inspect" "bd2fe2e96abbd9b5550ef7edd1fc5bbd134a471ee58d880e7204b47958a63b01", kill_on_drop: false }`
[INFO] running `Command { std: "docker" "exec" "-e" "SOURCE_DIR=/opt/rustwide/workdir" "-e" "CARGO_HOME=/opt/rustwide/cargo-home" "-e" "RUSTUP_HOME=/opt/rustwide/rustup-home" "-e" "CARGO_TARGET_DIR=/opt/rustwide/target" "-e" "CARGO_INCREMENTAL=0" "-e" "RUST_BACKTRACE=full" "-e" "RUSTFLAGS=--cap-lints=warn" "-e" "RUSTDOCFLAGS=--cap-lints=warn" "-w" "/opt/rustwide/workdir" "--user" "0:0" "bd2fe2e96abbd9b5550ef7edd1fc5bbd134a471ee58d880e7204b47958a63b01" "/opt/rustwide/cargo-home/bin/cargo" "+1.99.0-beta.8" "test" "--frozen" "--no-run" "--message-format=json" "--release", kill_on_drop: false }`
[INFO] [stderr]    Compiling regex-syntax v0.8.8
[INFO] [stderr]    Compiling predicates-core v1.0.9
[INFO] [stderr]    Compiling float-cmp v0.10.0
[INFO] [stderr]    Compiling termtree v0.5.1
[INFO] [stderr]    Compiling normalize-line-endings v0.3.0
[INFO] [stderr]    Compiling assert_cmd v2.1.1
[INFO] [stderr]    Compiling difflib v0.4.0
[INFO] [stderr]    Compiling wait-timeout v0.2.1
[INFO] [stderr]    Compiling predicates-tree v1.0.12
[INFO] [stderr]    Compiling regex-automata v0.4.13
[INFO] [stderr]    Compiling regex v1.12.2
[INFO] [stderr]    Compiling bstr v1.12.1
[INFO] [stderr]    Compiling fancy-regex v0.12.0
[INFO] [stderr]    Compiling predicates v3.1.3
[INFO] [stderr]    Compiling tiktoken-rs v0.5.9
[INFO] [stderr]    Compiling toonify-core v1.0.0
[INFO] [stderr]    Compiling toonifytool-cli v1.0.0 (/opt/rustwide/workdir)
[INFO] [stderr]     Finished `release` profile [optimized] target(s) in 53.63s
[INFO] running `Command { std: "docker" "inspect" "bd2fe2e96abbd9b5550ef7edd1fc5bbd134a471ee58d880e7204b47958a63b01", kill_on_drop: false }`
[INFO] running `Command { std: "docker" "exec" "-e" "SOURCE_DIR=/opt/rustwide/workdir" "-e" "CARGO_HOME=/opt/rustwide/cargo-home" "-e" "RUSTUP_HOME=/opt/rustwide/rustup-home" "-e" "CARGO_TARGET_DIR=/opt/rustwide/target" "-e" "CARGO_INCREMENTAL=0" "-e" "RUST_BACKTRACE=full" "-e" "RUSTFLAGS=--cap-lints=warn" "-e" "RUSTDOCFLAGS=--cap-lints=warn" "-w" "/opt/rustwide/workdir" "--user" "0:0" "bd2fe2e96abbd9b5550ef7edd1fc5bbd134a471ee58d880e7204b47958a63b01" "/opt/rustwide/cargo-home/bin/cargo" "+1.99.0-beta.8" "test" "--frozen" "--release", kill_on_drop: false }`
[INFO] [stderr]     Finished `release` profile [optimized] target(s) in 0.19s
[INFO] [stderr]      Running unittests src/main.rs (/opt/rustwide/target/release/deps/toonify-a3a69b1e322849e9)
[INFO] [stderr]      Running tests/cli.rs (/opt/rustwide/target/release/deps/cli-9cfe8631a092dce9)
[INFO] [stdout] 
[INFO] [stdout] running 0 tests
[INFO] [stdout] 
[INFO] [stdout] test result: ok. 0 passed; 0 failed; 0 ignored; 0 measured; 0 filtered out; finished in 0.00s
[INFO] [stdout] 
[INFO] [stdout] 
[INFO] [stdout] running 3 tests
[INFO] [stdout] test cli_encodes_json_fixture ... FAILED
[INFO] [stdout] test cli_decodes_toon_fixture ... FAILED
[INFO] [stdout] test cli_validator_rejects_invalid_fixture ... ok
[INFO] [stdout] 
[INFO] [stdout] failures:
[INFO] [stdout] 
[INFO] [stdout] ---- cli_encodes_json_fixture stdout ----
[INFO] [stdout] 
[INFO] [stdout] thread 'cli_encodes_json_fixture' (1595) panicked at tests/cli.rs:18:80:
[INFO] [stdout] called `Result::unwrap()` on an `Err` value: Os { code: 2, kind: NotFound, message: "No such file or directory" }
[INFO] [stdout] stack backtrace:
[INFO] [stdout]    0:     0x64cb368bec91 - <<std[70759c8f55707aa4]::sys::backtrace::BacktraceLock>::print::DisplayBacktrace as core[df12db4294e9bfd3]::fmt::Display>::fmt
[INFO] [stdout]    1:     0x64cb368d397a - core[df12db4294e9bfd3]::fmt::write
[INFO] [stdout]    2:     0x64cb368c312c - <alloc[2182bb758b4b3781]::vec::Vec<u8> as core[df12db4294e9bfd3]::io::write::Write>::write_fmt
[INFO] [stdout]    3:     0x64cb3689ac86 - std[70759c8f55707aa4]::panicking::default_hook::{closure#0}
[INFO] [stdout]    4:     0x64cb368b7089 - std[70759c8f55707aa4]::panicking::default_hook
[INFO] [stdout]    5:     0x64cb3684db30 - test[9d35eded1c95d3be]::test_main_inner::<test[9d35eded1c95d3be]::test_main_static::{closure#0}>::{closure#0}
[INFO] [stdout]    6:     0x64cb368b7242 - std[70759c8f55707aa4]::panicking::panic_with_hook
[INFO] [stdout]    7:     0x64cb3689ad32 - std[70759c8f55707aa4]::panicking::panic_handler::{closure#0}
[INFO] [stdout]    8:     0x64cb36893929 - std[70759c8f55707aa4]::sys::backtrace::__rust_end_short_backtrace::<std[70759c8f55707aa4]::panicking::panic_handler::{closure#0}, !>
[INFO] [stdout]    9:     0x64cb3689b92d - __rustc[8fa7c3cbc660c2b3]::rust_begin_unwind
[INFO] [stdout]   10:     0x64cb368d40ac - core[df12db4294e9bfd3]::panicking::panic_fmt
[INFO] [stdout]   11:     0x64cb368d3e82 - core[df12db4294e9bfd3]::result::unwrap_failed
[INFO] [stdout]   12:     0x64cb36840895 - <cli[5784abbc729b3a0b]::cli_encodes_json_fixture::{closure#0} as core[df12db4294e9bfd3]::ops::function::FnOnce<()>>::call_once
[INFO] [stdout]   13:     0x64cb36840e1b - test[9d35eded1c95d3be]::__rust_begin_short_backtrace::<core[df12db4294e9bfd3]::result::Result<(), alloc[2182bb758b4b3781]::string::String>, fn() -> core[df12db4294e9bfd3]::result::Result<(), alloc[2182bb758b4b3781]::string::String>>
[INFO] [stdout]   14:     0x64cb3684e485 - test[9d35eded1c95d3be]::run_test::{closure#0}
[INFO] [stdout]   15:     0x64cb36847d44 - std[70759c8f55707aa4]::sys::backtrace::__rust_begin_short_backtrace::<test[9d35eded1c95d3be]::run_test::{closure#1}, ()>
[INFO] [stdout]   16:     0x64cb368515e2 - <std[70759c8f55707aa4]::thread::lifecycle::spawn_unchecked<test[9d35eded1c95d3be]::run_test::{closure#1}, ()>::{closure#1} as core[df12db4294e9bfd3]::ops::function::FnOnce<()>>::call_once::{shim:vtable#0}
[INFO] [stdout]   17:     0x64cb368be1f9 - <std[70759c8f55707aa4]::sys::thread::unix::Thread>::new::thread_start
[INFO] [stdout]   18:     0x7c25889a1dfa - <unknown>
[INFO] [stdout]   19:     0x7c2588a353d4 - clone
[INFO] [stdout]   20:                0x0 - <unknown>
[INFO] [stdout] 
[INFO] [stdout] ---- cli_decodes_toon_fixture stdout ----
[INFO] [stdout] 
[INFO] [stdout] thread 'cli_decodes_toon_fixture' (1594) panicked at tests/cli.rs:38:78:
[INFO] [stdout] called `Result::unwrap()` on an `Err` value: Os { code: 2, kind: NotFound, message: "No such file or directory" }
[INFO] [stdout] stack backtrace:
[INFO] [stdout]    0:     0x64cb368bec91 - <<std[70759c8f55707aa4]::sys::backtrace::BacktraceLock>::print::DisplayBacktrace as core[df12db4294e9bfd3]::fmt::Display>::fmt
[INFO] [stdout]    1:     0x64cb368d397a - core[df12db4294e9bfd3]::fmt::write
[INFO] [stdout]    2:     0x64cb368c312c - <alloc[2182bb758b4b3781]::vec::Vec<u8> as core[df12db4294e9bfd3]::io::write::Write>::write_fmt
[INFO] [stdout]    3:     0x64cb3689ac86 - std[70759c8f55707aa4]::panicking::default_hook::{closure#0}
[INFO] [stdout]    4:     0x64cb368b7089 - std[70759c8f55707aa4]::panicking::default_hook
[INFO] [stdout]    5:     0x64cb3684db30 - test[9d35eded1c95d3be]::test_main_inner::<test[9d35eded1c95d3be]::test_main_static::{closure#0}>::{closure#0}
[INFO] [stdout]    6:     0x64cb368b7242 - std[70759c8f55707aa4]::panicking::panic_with_hook
[INFO] [stdout]    7:     0x64cb3689ad32 - std[70759c8f55707aa4]::panicking::panic_handler::{closure#0}
[INFO] [stdout]    8:     0x64cb36893929 - std[70759c8f55707aa4]::sys::backtrace::__rust_end_short_backtrace::<std[70759c8f55707aa4]::panicking::panic_handler::{closure#0}, !>
[INFO] [stdout]    9:     0x64cb3689b92d - __rustc[8fa7c3cbc660c2b3]::rust_begin_unwind
[INFO] [stdout]   10:     0x64cb368d40ac - core[df12db4294e9bfd3]::panicking::panic_fmt
[INFO] [stdout]   11:     0x64cb368d3e82 - core[df12db4294e9bfd3]::result::unwrap_failed
[INFO] [stdout]   12:     0x64cb368401e1 - <cli[5784abbc729b3a0b]::cli_decodes_toon_fixture::{closure#0} as core[df12db4294e9bfd3]::ops::function::FnOnce<()>>::call_once
[INFO] [stdout]   13:     0x64cb36840e1b - test[9d35eded1c95d3be]::__rust_begin_short_backtrace::<core[df12db4294e9bfd3]::result::Result<(), alloc[2182bb758b4b3781]::string::String>, fn() -> core[df12db4294e9bfd3]::result::Result<(), alloc[2182bb758b4b3781]::string::String>>
[INFO] [stdout]   14:     0x64cb3684e485 - test[9d35eded1c95d3be]::run_test::{closure#0}
[INFO] [stdout]   15:     0x64cb36847d44 - std[70759c8f55707aa4]::sys::backtrace::__rust_begin_short_backtrace::<test[9d35eded1c95d3be]::run_test::{closure#1}, ()>
[INFO] [stdout]   16:     0x64cb368515e2 - <std[70759c8f55707aa4]::thread::lifecycle::spawn_unchecked<test[9d35eded1c95d3be]::run_test::{closure#1}, ()>::{closure#1} as core[df12db4294e9bfd3]::ops::function::FnOnce<()>>::call_once::{shim:vtable#0}
[INFO] [stdout]   17:     0x64cb368be1f9 - <std[70759c8f55707aa4]::sys::thread::unix::Thread>::new::thread_start
[INFO] [stdout]   18:     0x7c25889a1dfa - <unknown>
[INFO] [stdout]   19:     0x7c2588a353d4 - clone
[INFO] [stdout]   20:                0x0 - <unknown>
[INFO] [stdout] 
[INFO] [stdout] 
[INFO] [stdout] failures:
[INFO] [stdout]     cli_decodes_toon_fixture
[INFO] [stdout]     cli_encodes_json_fixture
[INFO] [stdout] 
[INFO] [stdout] test result: FAILED. 1 passed; 2 failed; 0 ignored; 0 measured; 0 filtered out; finished in 0.01s
[INFO] [stdout] 
[INFO] [stderr] error: test failed, to rerun pass `--test cli`
[INFO] running `Command { std: "docker" "inspect" "bd2fe2e96abbd9b5550ef7edd1fc5bbd134a471ee58d880e7204b47958a63b01", kill_on_drop: false }`
[INFO] running `Command { std: "docker" "rm" "-f" "bd2fe2e96abbd9b5550ef7edd1fc5bbd134a471ee58d880e7204b47958a63b01", kill_on_drop: false }`
[INFO] [stdout] bd2fe2e96abbd9b5550ef7edd1fc5bbd134a471ee58d880e7204b47958a63b01
