[INFO] fetching crate toonify-core 1.0.0...
[INFO] testing toonify-core-1.0.0 against 1.100.0-beta.1+cargoflags=--release for beta-release-1.100-2
[INFO] extracting crate toonify-core 1.0.0 into /workspace/builds/worker-3-tc2/source
[INFO] started tweaking crates.io crate toonify-core 1.0.0
[INFO] removed 0 missing tests
[INFO] finished tweaking crates.io crate toonify-core 1.0.0
[INFO] tweaked toml for crates.io crate toonify-core 1.0.0 written to /workspace/builds/worker-3-tc2/source/Cargo.toml
[INFO] validating manifest of crates.io crate toonify-core 1.0.0 on toolchain 1.100.0-beta.1
[INFO] running `Command { std: CARGO_HOME="/workspace/cargo-home" RUSTUP_HOME="/workspace/rustup-home" "/workspace/cargo-home/bin/cargo" "+1.100.0-beta.1" "metadata" "--manifest-path" "Cargo.toml" "--no-deps", kill_on_drop: false }`
[INFO] crate crates.io crate toonify-core 1.0.0 already has a lockfile, it will not be regenerated
[INFO] running `Command { std: CARGO_HOME="/workspace/cargo-home" RUSTUP_HOME="/workspace/rustup-home" "/workspace/cargo-home/bin/cargo" "+1.100.0-beta.1" "fetch" "--manifest-path" "Cargo.toml", kill_on_drop: false }`
[INFO] running `Command { std: "docker" "create" "-v" "/var/lib/crater-agent-workspace/builds/worker-3-tc2/source:/opt/rustwide/workdir:ro,Z" "-v" "/var/lib/crater-agent-workspace/builds/worker-3-tc2/target:/opt/rustwide/target:rw,Z" "-v" "/var/lib/crater-agent-workspace/cargo-home:/opt/rustwide/cargo-home:ro,Z" "-v" "/var/lib/crater-agent-workspace/rustup-home:/opt/rustwide/rustup-home:ro,Z" "-m" "1610612736" "--network" "none" "ghcr.io/rust-lang/crates-build-env/linux@sha256:77db811e55d90add9212f6832c23229e3de5f1c1f9905e8cb07319ea15df73ac" "sleep" "infinity", kill_on_drop: false }`
[INFO] [stdout] 4aee8ac2bdf9490e8c7aca225e765fe9c5fb225194ed1f14955794dfba392bd7
[INFO] running `Command { std: "docker" "start" "4aee8ac2bdf9490e8c7aca225e765fe9c5fb225194ed1f14955794dfba392bd7", kill_on_drop: false }`
[INFO] running `Command { std: "docker" "inspect" "4aee8ac2bdf9490e8c7aca225e765fe9c5fb225194ed1f14955794dfba392bd7", kill_on_drop: false }`
[INFO] running `Command { std: "docker" "exec" "-e" "SOURCE_DIR=/opt/rustwide/workdir" "-e" "CARGO_HOME=/opt/rustwide/cargo-home" "-e" "RUSTUP_HOME=/opt/rustwide/rustup-home" "-e" "CARGO_TARGET_DIR=/opt/rustwide/target" "-w" "/opt/rustwide/workdir" "--user" "0:0" "4aee8ac2bdf9490e8c7aca225e765fe9c5fb225194ed1f14955794dfba392bd7" "/opt/rustwide/cargo-home/bin/cargo" "+1.100.0-beta.1" "metadata" "--no-deps" "--format-version=1", kill_on_drop: false }`
[INFO] running `Command { std: "docker" "inspect" "4aee8ac2bdf9490e8c7aca225e765fe9c5fb225194ed1f14955794dfba392bd7", kill_on_drop: false }`
[INFO] running `Command { std: "docker" "exec" "-e" "SOURCE_DIR=/opt/rustwide/workdir" "-e" "CARGO_HOME=/opt/rustwide/cargo-home" "-e" "RUSTUP_HOME=/opt/rustwide/rustup-home" "-e" "CARGO_TARGET_DIR=/opt/rustwide/target" "-e" "CARGO_INCREMENTAL=0" "-e" "RUST_BACKTRACE=full" "-e" "RUSTFLAGS=--cap-lints=warn" "-e" "RUSTDOCFLAGS=--cap-lints=warn" "-w" "/opt/rustwide/workdir" "--user" "0:0" "4aee8ac2bdf9490e8c7aca225e765fe9c5fb225194ed1f14955794dfba392bd7" "/opt/rustwide/cargo-home/bin/cargo" "+1.100.0-beta.1" "build" "--frozen" "--message-format=json" "--release", kill_on_drop: false }`
[INFO] [stderr]    Compiling memchr v2.7.6
[INFO] [stderr]    Compiling proc-macro2 v1.0.103
[INFO] [stderr]    Compiling quote v1.0.42
[INFO] [stderr]    Compiling serde_core v1.0.228
[INFO] [stderr]    Compiling libc v0.2.177
[INFO] [stderr]    Compiling regex-syntax v0.8.8
[INFO] [stderr]    Compiling anyhow v1.0.100
[INFO] [stderr]    Compiling libm v0.2.15
[INFO] [stderr]    Compiling hashbrown v0.16.0
[INFO] [stderr]    Compiling bit-vec v0.6.3
[INFO] [stderr]    Compiling bigdecimal v0.4.9
[INFO] [stderr]    Compiling serde_json v1.0.145
[INFO] [stderr]    Compiling xml-rs v0.8.28
[INFO] [stderr]    Compiling num-bigint v0.4.6
[INFO] [stderr]    Compiling rustc-hash v1.1.0
[INFO] [stderr]    Compiling unicode-segmentation v1.12.0
[INFO] [stderr]    Compiling bit-set v0.5.3
[INFO] [stderr]    Compiling aho-corasick v1.1.4
[INFO] [stderr]    Compiling csv-core v0.1.13
[INFO] [stderr]    Compiling xmltree v0.10.3
[INFO] [stderr]    Compiling indexmap v2.12.0
[INFO] [stderr]    Compiling syn v2.0.110
[INFO] [stderr]    Compiling parking_lot_core v0.9.12
[INFO] [stderr]    Compiling parking_lot v0.12.5
[INFO] [stderr]    Compiling regex-automata v0.4.13
[INFO] [stderr]    Compiling serde_derive v1.0.228
[INFO] [stderr]    Compiling thiserror-impl v1.0.69
[INFO] [stderr]    Compiling csv v1.4.0
[INFO] [stderr]    Compiling thiserror v1.0.69
[INFO] [stderr]    Compiling serde v1.0.228
[INFO] [stderr]    Compiling regex v1.12.2
[INFO] [stderr]    Compiling bstr v1.12.1
[INFO] [stderr]    Compiling quick-xml v0.31.0
[INFO] [stderr]    Compiling serde_yaml v0.9.34+deprecated
[INFO] [stderr]    Compiling fancy-regex v0.12.0
[INFO] [stderr]    Compiling tiktoken-rs v0.5.9
[INFO] [stderr]    Compiling toonify-core v1.0.0 (/opt/rustwide/workdir)
[INFO] [stdout] warning: methods `flatten_depth` and `is_enabled` are never used
[INFO] [stdout]   --> src/options.rs:43:19
[INFO] [stdout]    |
[INFO] [stdout] 42 | impl KeyFoldingMode {
[INFO] [stdout]    | ------------------- methods in this implementation
[INFO] [stdout] 43 |     pub(crate) fn flatten_depth(self) -> Option<usize> {
[INFO] [stdout]    |                   ^^^^^^^^^^^^^
[INFO] [stdout] ...
[INFO] [stdout] 50 |     pub(crate) fn is_enabled(self) -> bool {
[INFO] [stdout]    |                   ^^^^^^^^^^
[INFO] [stdout]    |
[INFO] [stdout]    = note: `#[warn(dead_code)]` (part of `#[warn(unused)]`) on by default
[INFO] [stdout] 
[INFO] [stdout] 
[INFO] [stderr] warning: unused dependency `quick-xml`
[INFO] [stderr]   --> Cargo.toml:13:15
[INFO] [stderr]    |
[INFO] [stderr] 13 | [dependencies.quick-xml]
[INFO] [stderr]    |               ^^^^^^^^^^
[INFO] [stderr]    |
[INFO] [stderr]    = note: `cargo::unused_dependencies` is set to `warn` by default
[INFO] [stderr] help: consider removing the dependency on `quick-xml`
[INFO] [stderr] warning: unused dependency `unicode-segmentation`
[INFO] [stderr]   --> Cargo.toml:34:15
[INFO] [stderr]    |
[INFO] [stderr] 34 | [dependencies.unicode-segmentation]
[INFO] [stderr]    |               ^^^^^^^^^^^^^^^^^^^^^
[INFO] [stderr]    |
[INFO] [stderr] help: consider removing the dependency on `unicode-segmentation`
[INFO] [stderr] warning: `toonify-core` (manifest) generated 2 warnings
[INFO] [stderr]     Finished `release` profile [optimized] target(s) in 45.22s
[INFO] running `Command { std: "docker" "inspect" "4aee8ac2bdf9490e8c7aca225e765fe9c5fb225194ed1f14955794dfba392bd7", kill_on_drop: false }`
[INFO] running `Command { std: "docker" "exec" "-e" "SOURCE_DIR=/opt/rustwide/workdir" "-e" "CARGO_HOME=/opt/rustwide/cargo-home" "-e" "RUSTUP_HOME=/opt/rustwide/rustup-home" "-e" "CARGO_TARGET_DIR=/opt/rustwide/target" "-e" "CARGO_INCREMENTAL=0" "-e" "RUST_BACKTRACE=full" "-e" "RUSTFLAGS=--cap-lints=warn" "-e" "RUSTDOCFLAGS=--cap-lints=warn" "-w" "/opt/rustwide/workdir" "--user" "0:0" "4aee8ac2bdf9490e8c7aca225e765fe9c5fb225194ed1f14955794dfba392bd7" "/opt/rustwide/cargo-home/bin/cargo" "+1.100.0-beta.1" "test" "--frozen" "--no-run" "--message-format=json" "--release", kill_on_drop: false }`
[INFO] [stdout] warning: methods `flatten_depth` and `is_enabled` are never used
[INFO] [stdout]   --> src/options.rs:43:19
[INFO] [stdout]    |
[INFO] [stdout] 42 | impl KeyFoldingMode {
[INFO] [stdout]    | ------------------- methods in this implementation
[INFO] [stdout] 43 |     pub(crate) fn flatten_depth(self) -> Option<usize> {
[INFO] [stdout]    |                   ^^^^^^^^^^^^^
[INFO] [stdout] ...
[INFO] [stdout] 50 |     pub(crate) fn is_enabled(self) -> bool {
[INFO] [stdout]    |                   ^^^^^^^^^^
[INFO] [stdout]    |
[INFO] [stdout]    = note: `#[warn(dead_code)]` (part of `#[warn(unused)]`) on by default
[INFO] [stdout] 
[INFO] [stdout] 
[INFO] [stderr]    Compiling toonify-core v1.0.0 (/opt/rustwide/workdir)
[INFO] [stdout] warning: methods `flatten_depth` and `is_enabled` are never used
[INFO] [stdout]   --> src/options.rs:43:19
[INFO] [stdout]    |
[INFO] [stdout] 42 | impl KeyFoldingMode {
[INFO] [stdout]    | ------------------- methods in this implementation
[INFO] [stdout] 43 |     pub(crate) fn flatten_depth(self) -> Option<usize> {
[INFO] [stdout]    |                   ^^^^^^^^^^^^^
[INFO] [stdout] ...
[INFO] [stdout] 50 |     pub(crate) fn is_enabled(self) -> bool {
[INFO] [stdout]    |                   ^^^^^^^^^^
[INFO] [stdout]    |
[INFO] [stdout]    = note: `#[warn(dead_code)]` (part of `#[warn(unused)]`) on by default
[INFO] [stdout] 
[INFO] [stdout] 
[INFO] [stderr] warning: unused dependency `quick-xml`
[INFO] [stderr]   --> Cargo.toml:13:15
[INFO] [stderr]    |
[INFO] [stderr] 13 | [dependencies.quick-xml]
[INFO] [stderr]    |               ^^^^^^^^^^
[INFO] [stderr]    |
[INFO] [stderr]    = note: `cargo::unused_dependencies` is set to `warn` by default
[INFO] [stderr] help: consider removing the dependency on `quick-xml`
[INFO] [stderr] warning: unused dependency `unicode-segmentation`
[INFO] [stderr]   --> Cargo.toml:34:15
[INFO] [stderr]    |
[INFO] [stderr] 34 | [dependencies.unicode-segmentation]
[INFO] [stderr]    |               ^^^^^^^^^^^^^^^^^^^^^
[INFO] [stderr]    |
[INFO] [stderr] help: consider removing the dependency on `unicode-segmentation`
[INFO] [stderr] warning: `toonify-core` (manifest) generated 2 warnings
[INFO] [stderr]     Finished `release` profile [optimized] target(s) in 3.06s
[INFO] running `Command { std: "docker" "inspect" "4aee8ac2bdf9490e8c7aca225e765fe9c5fb225194ed1f14955794dfba392bd7", kill_on_drop: false }`
[INFO] running `Command { std: "docker" "exec" "-e" "SOURCE_DIR=/opt/rustwide/workdir" "-e" "CARGO_HOME=/opt/rustwide/cargo-home" "-e" "RUSTUP_HOME=/opt/rustwide/rustup-home" "-e" "CARGO_TARGET_DIR=/opt/rustwide/target" "-e" "CARGO_INCREMENTAL=0" "-e" "RUST_BACKTRACE=full" "-e" "RUSTFLAGS=--cap-lints=warn" "-e" "RUSTDOCFLAGS=--cap-lints=warn" "-w" "/opt/rustwide/workdir" "--user" "0:0" "4aee8ac2bdf9490e8c7aca225e765fe9c5fb225194ed1f14955794dfba392bd7" "/opt/rustwide/cargo-home/bin/cargo" "+1.100.0-beta.1" "test" "--frozen" "--release", kill_on_drop: false }`
[INFO] [stderr] warning: methods `flatten_depth` and `is_enabled` are never used
[INFO] [stderr]   --> src/options.rs:43:19
[INFO] [stderr]    |
[INFO] [stderr] 42 | impl KeyFoldingMode {
[INFO] [stderr]    | ------------------- methods in this implementation
[INFO] [stderr] 43 |     pub(crate) fn flatten_depth(self) -> Option<usize> {
[INFO] [stderr]    |                   ^^^^^^^^^^^^^
[INFO] [stderr] ...
[INFO] [stderr] 50 |     pub(crate) fn is_enabled(self) -> bool {
[INFO] [stderr]    |                   ^^^^^^^^^^
[INFO] [stderr]    |
[INFO] [stderr]    = note: `#[warn(dead_code)]` (part of `#[warn(unused)]`) on by default
[INFO] [stderr] 
[INFO] [stderr] warning: `toonify-core` (lib) generated 1 warning
[INFO] [stderr] warning: `toonify-core` (lib test) generated 1 warning (1 duplicate)
[INFO] [stderr] warning: unused dependency `quick-xml`
[INFO] [stderr]   --> Cargo.toml:13:15
[INFO] [stderr]    |
[INFO] [stderr] 13 | [dependencies.quick-xml]
[INFO] [stderr]    |               ^^^^^^^^^^
[INFO] [stderr]    |
[INFO] [stderr]    = note: `cargo::unused_dependencies` is set to `warn` by default
[INFO] [stderr] help: consider removing the dependency on `quick-xml`
[INFO] [stderr] warning: unused dependency `unicode-segmentation`
[INFO] [stderr]   --> Cargo.toml:34:15
[INFO] [stderr]    |
[INFO] [stderr] 34 | [dependencies.unicode-segmentation]
[INFO] [stderr]    |               ^^^^^^^^^^^^^^^^^^^^^
[INFO] [stderr]    |
[INFO] [stderr] help: consider removing the dependency on `unicode-segmentation`
[INFO] [stderr] warning: `toonify-core` (manifest) generated 2 warnings
[INFO] [stderr]     Finished `release` profile [optimized] target(s) in 0.09s
[INFO] [stderr]      Running unittests src/lib.rs (/opt/rustwide/target/release/build/toonify-core/1f20d67984db0679/out/toonify_core-1f20d67984db0679)
[INFO] [stdout] 
[INFO] [stdout] running 6 tests
[INFO] [stdout] test decoder::tests::decodes_inline_array_field_inside_object ... ok
[INFO] [stdout] test encoder::tests::folds_keys_when_enabled ... ok
[INFO] [stdout] test decoder::tests::decodes_list_item_with_nested_object_first_field ... ok
[INFO] [stdout] test encoder::tests::encodes_object_and_tabular_array ... ok
[INFO] [stdout] test decoder::tests::decodes_tabular_array_on_hyphen_line_and_resumes_fields ... ok
[INFO] [stdout] test tokens::tests::counts_tokens_for_simple_text ... ok
[INFO] [stdout] 
[INFO] [stdout] test result: ok. 6 passed; 0 failed; 0 ignored; 0 measured; 0 filtered out; finished in 0.41s
[INFO] [stdout] 
[INFO] [stderr]      Running tests/json_to_toon.rs (/opt/rustwide/target/release/build/toonify-core/a495bb716f9aecdd/out/json_to_toon-a495bb716f9aecdd)
[INFO] [stdout] 
[INFO] [stdout] running 2 tests
[INFO] [stdout] test json_fixtures_round_trip ... FAILED
[INFO] [stdout] test validator_rejects_invalid_fixture ... FAILED
[INFO] [stdout] 
[INFO] [stdout] failures:
[INFO] [stdout] 
[INFO] [stdout] ---- json_fixtures_round_trip stdout ----
[INFO] [stdout] 
[INFO] [stdout] thread 'json_fixtures_round_trip' (1125) panicked at tests/json_to_toon.rs:19:42:
[INFO] [stdout] fixture dir exists: Os { code: 2, kind: NotFound, message: "No such file or directory" }
[INFO] [stdout] stack backtrace:
[INFO] [stdout]    0:     0x5861d5547521 - <<std[617be2ca0a6fd877]::sys::backtrace::BacktraceLock>::print::DisplayBacktrace as core[a373ad73a504971]::fmt::Display>::fmt
[INFO] [stdout]    1:     0x5861d555ceea - core[a373ad73a504971]::fmt::write
[INFO] [stdout]    2:     0x5861d554ba0c - <alloc[2e1b2a31b91974c5]::vec::Vec<u8> as core[a373ad73a504971]::io::write::Write>::write_fmt
[INFO] [stdout]    3:     0x5861d5522e86 - std[617be2ca0a6fd877]::panicking::default_hook::{closure#0}
[INFO] [stdout]    4:     0x5861d553f649 - std[617be2ca0a6fd877]::panicking::default_hook
[INFO] [stdout]    5:     0x5861d5474d40 - test[aada8e7e76ba119b]::test_main_inner::{closure#0}
[INFO] [stdout]    6:     0x5861d553f802 - std[617be2ca0a6fd877]::panicking::panic_with_hook
[INFO] [stdout]    7:     0x5861d5522f32 - std[617be2ca0a6fd877]::panicking::panic_handler::{closure#0}
[INFO] [stdout]    8:     0x5861d551ba19 - std[617be2ca0a6fd877]::sys::backtrace::__rust_end_short_backtrace::<std[617be2ca0a6fd877]::panicking::panic_handler::{closure#0}, !>
[INFO] [stdout]    9:     0x5861d5523b3d - __rustc[ea4f61d10b84890b]::rust_begin_unwind
[INFO] [stdout]   10:     0x5861d555d61c - core[a373ad73a504971]::panicking::panic_fmt
[INFO] [stdout]   11:     0x5861d555d3f2 - core[a373ad73a504971]::result::unwrap_failed
[INFO] [stdout]   12:     0x5861d5466407 - <json_to_toon[4271ddf4fd564fb9]::json_fixtures_round_trip::{closure#0} as core[a373ad73a504971]::ops::function::FnOnce<()>>::call_once
[INFO] [stdout]   13:     0x5861d546818b - test[aada8e7e76ba119b]::__rust_begin_short_backtrace::<core[a373ad73a504971]::result::Result<(), alloc[2e1b2a31b91974c5]::string::String>, fn() -> core[a373ad73a504971]::result::Result<(), alloc[2e1b2a31b91974c5]::string::String>>
[INFO] [stdout]   14:     0x5861d5475365 - test[aada8e7e76ba119b]::run_test::{closure#0}
[INFO] [stdout]   15:     0x5861d546ec54 - std[617be2ca0a6fd877]::sys::backtrace::__rust_begin_short_backtrace::<test[aada8e7e76ba119b]::run_test::{closure#1}, ()>
[INFO] [stdout]   16:     0x5861d54783f2 - <std[617be2ca0a6fd877]::thread::lifecycle::spawn_unchecked<test[aada8e7e76ba119b]::run_test::{closure#1}, ()>::{closure#1} as core[a373ad73a504971]::ops::function::FnOnce<()>>::call_once::{shim:vtable#0}
[INFO] [stdout]   17:     0x5861d5546a1f - <std[617be2ca0a6fd877]::sys::thread::unix::Thread>::new::thread_start
[INFO] [stdout]   18:     0x73fe32706dfa - <unknown>
[INFO] [stdout]   19:     0x73fe3279a3d4 - clone
[INFO] [stdout]   20:                0x0 - <unknown>
[INFO] [stdout] 
[INFO] [stdout] ---- validator_rejects_invalid_fixture stdout ----
[INFO] [stdout] 
[INFO] [stdout] thread 'validator_rejects_invalid_fixture' (1126) panicked at tests/json_to_toon.rs:57:40:
[INFO] [stdout] read validator fixture: Os { code: 2, kind: NotFound, message: "No such file or directory" }
[INFO] [stdout] stack backtrace:
[INFO] [stdout]    0:     0x5861d5547521 - <<std[617be2ca0a6fd877]::sys::backtrace::BacktraceLock>::print::DisplayBacktrace as core[a373ad73a504971]::fmt::Display>::fmt
[INFO] [stdout]    1:     0x5861d555ceea - core[a373ad73a504971]::fmt::write
[INFO] [stdout]    2:     0x5861d554ba0c - <alloc[2e1b2a31b91974c5]::vec::Vec<u8> as core[a373ad73a504971]::io::write::Write>::write_fmt
[INFO] [stdout]    3:     0x5861d5522e86 - std[617be2ca0a6fd877]::panicking::default_hook::{closure#0}
[INFO] [stdout]    4:     0x5861d553f649 - std[617be2ca0a6fd877]::panicking::default_hook
[INFO] [stdout]    5:     0x5861d5474d40 - test[aada8e7e76ba119b]::test_main_inner::{closure#0}
[INFO] [stdout]    6:     0x5861d553f802 - std[617be2ca0a6fd877]::panicking::panic_with_hook
[INFO] [stdout]    7:     0x5861d5522f32 - std[617be2ca0a6fd877]::panicking::panic_handler::{closure#0}
[INFO] [stdout]    8:     0x5861d551ba19 - std[617be2ca0a6fd877]::sys::backtrace::__rust_end_short_backtrace::<std[617be2ca0a6fd877]::panicking::panic_handler::{closure#0}, !>
[INFO] [stdout]    9:     0x5861d5523b3d - __rustc[ea4f61d10b84890b]::rust_begin_unwind
[INFO] [stdout]   10:     0x5861d555d61c - core[a373ad73a504971]::panicking::panic_fmt
[INFO] [stdout]   11:     0x5861d555d3f2 - core[a373ad73a504971]::result::unwrap_failed
[INFO] [stdout]   12:     0x5861d5466a78 - <json_to_toon[4271ddf4fd564fb9]::validator_rejects_invalid_fixture::{closure#0} as core[a373ad73a504971]::ops::function::FnOnce<()>>::call_once
[INFO] [stdout]   13:     0x5861d546818b - test[aada8e7e76ba119b]::__rust_begin_short_backtrace::<core[a373ad73a504971]::result::Result<(), alloc[2e1b2a31b91974c5]::string::String>, fn() -> core[a373ad73a504971]::result::Result<(), alloc[2e1b2a31b91974c5]::string::String>>
[INFO] [stdout]   14:     0x5861d5475365 - test[aada8e7e76ba119b]::run_test::{closure#0}
[INFO] [stdout]   15:     0x5861d546ec54 - std[617be2ca0a6fd877]::sys::backtrace::__rust_begin_short_backtrace::<test[aada8e7e76ba119b]::run_test::{closure#1}, ()>
[INFO] [stdout]   16:     0x5861d54783f2 - <std[617be2ca0a6fd877]::thread::lifecycle::spawn_unchecked<test[aada8e7e76ba119b]::run_test::{closure#1}, ()>::{closure#1} as core[a373ad73a504971]::ops::function::FnOnce<()>>::call_once::{shim:vtable#0}
[INFO] [stdout]   17:     0x5861d5546a1f - <std[617be2ca0a6fd877]::sys::thread::unix::Thread>::new::thread_start
[INFO] [stdout]   18:     0x73fe32706dfa - <unknown>
[INFO] [stdout]   19:     0x73fe3279a3d4 - clone
[INFO] [stdout]   20:                0x0 - <unknown>
[INFO] [stdout] 
[INFO] [stdout] 
[INFO] [stdout] failures:
[INFO] [stdout]     json_fixtures_round_trip
[INFO] [stdout]     validator_rejects_invalid_fixture
[INFO] [stdout] 
[INFO] [stdout] test result: FAILED. 0 passed; 2 failed; 0 ignored; 0 measured; 0 filtered out; finished in 0.01s
[INFO] [stdout] 
[INFO] [stderr] error: test failed, to rerun pass `--test json_to_toon`
[INFO] running `Command { std: "docker" "inspect" "4aee8ac2bdf9490e8c7aca225e765fe9c5fb225194ed1f14955794dfba392bd7", kill_on_drop: false }`
[INFO] running `Command { std: "docker" "rm" "-f" "4aee8ac2bdf9490e8c7aca225e765fe9c5fb225194ed1f14955794dfba392bd7", kill_on_drop: false }`
[INFO] [stdout] 4aee8ac2bdf9490e8c7aca225e765fe9c5fb225194ed1f14955794dfba392bd7
