[INFO] fetching crate toolshed 0.8.1...
[INFO] testing toolshed-0.8.1 against 1.100.0-beta.1+cargoflags=--release for beta-release-1.100-2
[INFO] extracting crate toolshed 0.8.1 into /workspace/builds/worker-1-tc2/source
[INFO] started tweaking crates.io crate toolshed 0.8.1
[INFO] finished tweaking crates.io crate toolshed 0.8.1
[INFO] tweaked toml for crates.io crate toolshed 0.8.1 written to /workspace/builds/worker-1-tc2/source/Cargo.toml
[INFO] validating manifest of crates.io crate toolshed 0.8.1 on toolchain 1.100.0-beta.1
[INFO] running `Command { std: CARGO_HOME="/workspace/cargo-home" RUSTUP_HOME="/workspace/rustup-home" "/workspace/cargo-home/bin/cargo" "+1.100.0-beta.1" "metadata" "--manifest-path" "Cargo.toml" "--no-deps", kill_on_drop: false }`
[INFO] running `Command { std: CARGO_HOME="/workspace/cargo-home" RUSTUP_HOME="/workspace/rustup-home" "/workspace/cargo-home/bin/cargo" "+1.100.0-beta.1" "generate-lockfile" "--manifest-path" "Cargo.toml", kill_on_drop: false }`
[INFO] [stderr]     Updating crates.io index
[INFO] [stderr]      Locking 12 packages to highest compatible versions
[INFO] [stderr]       Adding rustc-hash v1.1.0 (available: v2.1.3)
[INFO] running `Command { std: CARGO_HOME="/workspace/cargo-home" RUSTUP_HOME="/workspace/rustup-home" "/workspace/cargo-home/bin/cargo" "+1.100.0-beta.1" "fetch" "--manifest-path" "Cargo.toml", kill_on_drop: false }`
[INFO] running `Command { std: "docker" "create" "-v" "/var/lib/crater-agent-workspace/builds/worker-1-tc2/source:/opt/rustwide/workdir:ro,Z" "-v" "/var/lib/crater-agent-workspace/builds/worker-1-tc2/target:/opt/rustwide/target:rw,Z" "-v" "/var/lib/crater-agent-workspace/cargo-home:/opt/rustwide/cargo-home:ro,Z" "-v" "/var/lib/crater-agent-workspace/rustup-home:/opt/rustwide/rustup-home:ro,Z" "-m" "1610612736" "--network" "none" "ghcr.io/rust-lang/crates-build-env/linux@sha256:77db811e55d90add9212f6832c23229e3de5f1c1f9905e8cb07319ea15df73ac" "sleep" "infinity", kill_on_drop: false }`
[INFO] [stdout] 27b7cad0d20af73e0ba1145ffeee48ded62636510095b62cbaa2ed1a930c4985
[INFO] running `Command { std: "docker" "start" "27b7cad0d20af73e0ba1145ffeee48ded62636510095b62cbaa2ed1a930c4985", kill_on_drop: false }`
[INFO] running `Command { std: "docker" "inspect" "27b7cad0d20af73e0ba1145ffeee48ded62636510095b62cbaa2ed1a930c4985", kill_on_drop: false }`
[INFO] running `Command { std: "docker" "exec" "-e" "SOURCE_DIR=/opt/rustwide/workdir" "-e" "CARGO_HOME=/opt/rustwide/cargo-home" "-e" "RUSTUP_HOME=/opt/rustwide/rustup-home" "-e" "CARGO_TARGET_DIR=/opt/rustwide/target" "-w" "/opt/rustwide/workdir" "--user" "0:0" "27b7cad0d20af73e0ba1145ffeee48ded62636510095b62cbaa2ed1a930c4985" "/opt/rustwide/cargo-home/bin/cargo" "+1.100.0-beta.1" "metadata" "--no-deps" "--format-version=1", kill_on_drop: false }`
[INFO] running `Command { std: "docker" "inspect" "27b7cad0d20af73e0ba1145ffeee48ded62636510095b62cbaa2ed1a930c4985", kill_on_drop: false }`
[INFO] running `Command { std: "docker" "exec" "-e" "SOURCE_DIR=/opt/rustwide/workdir" "-e" "CARGO_HOME=/opt/rustwide/cargo-home" "-e" "RUSTUP_HOME=/opt/rustwide/rustup-home" "-e" "CARGO_TARGET_DIR=/opt/rustwide/target" "-e" "CARGO_INCREMENTAL=0" "-e" "RUST_BACKTRACE=full" "-e" "RUSTFLAGS=--cap-lints=warn" "-e" "RUSTDOCFLAGS=--cap-lints=warn" "-w" "/opt/rustwide/workdir" "--user" "0:0" "27b7cad0d20af73e0ba1145ffeee48ded62636510095b62cbaa2ed1a930c4985" "/opt/rustwide/cargo-home/bin/cargo" "+1.100.0-beta.1" "build" "--frozen" "--message-format=json" "--release", kill_on_drop: false }`
[INFO] [stderr]    Compiling rustc-hash v1.1.0
[INFO] [stderr]    Compiling toolshed v0.8.1 (/opt/rustwide/workdir)
[INFO] [stdout] warning: assigning to `&T` is undefined behavior, consider using an `UnsafeCell`
[INFO] [stdout]   --> src/cell.rs:56:18
[INFO] [stdout]    |
[INFO] [stdout] 56 |         unsafe { write_volatile(self as *const CopyCell<T> as *const T as *mut T, value) };
[INFO] [stdout]    |                  ^^^^^^^^^^^^^^^^^^^^^^^^^^^^^^^^^^^^^^^^^^^^^^^^^^^^^^^^^^^^^^^^^^^^^^^
[INFO] [stdout]    |
[INFO] [stdout]    = note: for more information, visit <https://doc.rust-lang.org/book/ch15-05-interior-mutability.html>
[INFO] [stdout]    = note: `#[warn(invalid_reference_casting)]` on by default
[INFO] [stdout] 
[INFO] [stdout] 
[INFO] [stdout] warning: hiding a lifetime that's named elsewhere is confusing
[INFO] [stdout]    --> src/arena.rs:266:67
[INFO] [stdout]     |
[INFO] [stdout] 266 |     pub fn alloc_nul_term_str<'arena>(&'arena self, val: &str) -> NulTermStr {
[INFO] [stdout]     |                                        ------                     ^^^^^^^^^^ the same lifetime is hidden here
[INFO] [stdout]     |                                        |
[INFO] [stdout]     |                                        the lifetime is named here
[INFO] [stdout]     |
[INFO] [stdout]     = help: the same lifetime is referred to in inconsistent ways, making the signature confusing
[INFO] [stdout]     = note: `#[warn(mismatched_lifetime_syntaxes)]` on by default
[INFO] [stdout] help: consistently use `'arena`
[INFO] [stdout]     |
[INFO] [stdout] 266 |     pub fn alloc_nul_term_str<'arena>(&'arena self, val: &str) -> NulTermStr<'arena> {
[INFO] [stdout]     |                                                                             ++++++++
[INFO] [stdout] 
[INFO] [stdout] 
[INFO] [stderr]     Finished `release` profile [optimized] target(s) in 0.41s
[INFO] running `Command { std: "docker" "inspect" "27b7cad0d20af73e0ba1145ffeee48ded62636510095b62cbaa2ed1a930c4985", kill_on_drop: false }`
[INFO] running `Command { std: "docker" "exec" "-e" "SOURCE_DIR=/opt/rustwide/workdir" "-e" "CARGO_HOME=/opt/rustwide/cargo-home" "-e" "RUSTUP_HOME=/opt/rustwide/rustup-home" "-e" "CARGO_TARGET_DIR=/opt/rustwide/target" "-e" "CARGO_INCREMENTAL=0" "-e" "RUST_BACKTRACE=full" "-e" "RUSTFLAGS=--cap-lints=warn" "-e" "RUSTDOCFLAGS=--cap-lints=warn" "-w" "/opt/rustwide/workdir" "--user" "0:0" "27b7cad0d20af73e0ba1145ffeee48ded62636510095b62cbaa2ed1a930c4985" "/opt/rustwide/cargo-home/bin/cargo" "+1.100.0-beta.1" "test" "--frozen" "--no-run" "--message-format=json" "--release", kill_on_drop: false }`
[INFO] [stderr]    Compiling serde_json v1.0.154
[INFO] [stdout] warning: assigning to `&T` is undefined behavior, consider using an `UnsafeCell`
[INFO] [stdout]   --> src/cell.rs:56:18
[INFO] [stdout]    |
[INFO] [stdout] 56 |         unsafe { write_volatile(self as *const CopyCell<T> as *const T as *mut T, value) };
[INFO] [stdout]    |                  ^^^^^^^^^^^^^^^^^^^^^^^^^^^^^^^^^^^^^^^^^^^^^^^^^^^^^^^^^^^^^^^^^^^^^^^
[INFO] [stdout]    |
[INFO] [stdout]    = note: for more information, visit <https://doc.rust-lang.org/book/ch15-05-interior-mutability.html>
[INFO] [stdout]    = note: `#[warn(invalid_reference_casting)]` on by default
[INFO] [stdout] 
[INFO] [stdout] 
[INFO] [stdout] warning: hiding a lifetime that's named elsewhere is confusing
[INFO] [stdout]    --> src/arena.rs:266:67
[INFO] [stdout]     |
[INFO] [stdout] 266 |     pub fn alloc_nul_term_str<'arena>(&'arena self, val: &str) -> NulTermStr {
[INFO] [stdout]     |                                        ------                     ^^^^^^^^^^ the same lifetime is hidden here
[INFO] [stdout]     |                                        |
[INFO] [stdout]     |                                        the lifetime is named here
[INFO] [stdout]     |
[INFO] [stdout]     = help: the same lifetime is referred to in inconsistent ways, making the signature confusing
[INFO] [stdout]     = note: `#[warn(mismatched_lifetime_syntaxes)]` on by default
[INFO] [stdout] help: consistently use `'arena`
[INFO] [stdout]     |
[INFO] [stdout] 266 |     pub fn alloc_nul_term_str<'arena>(&'arena self, val: &str) -> NulTermStr<'arena> {
[INFO] [stdout]     |                                                                             ++++++++
[INFO] [stdout] 
[INFO] [stdout] 
[INFO] [stderr]    Compiling toolshed v0.8.1 (/opt/rustwide/workdir)
[INFO] [stdout] warning: assigning to `&T` is undefined behavior, consider using an `UnsafeCell`
[INFO] [stdout]   --> src/cell.rs:56:18
[INFO] [stdout]    |
[INFO] [stdout] 56 |         unsafe { write_volatile(self as *const CopyCell<T> as *const T as *mut T, value) };
[INFO] [stdout]    |                  ^^^^^^^^^^^^^^^^^^^^^^^^^^^^^^^^^^^^^^^^^^^^^^^^^^^^^^^^^^^^^^^^^^^^^^^
[INFO] [stdout]    |
[INFO] [stdout]    = note: for more information, visit <https://doc.rust-lang.org/book/ch15-05-interior-mutability.html>
[INFO] [stdout]    = note: `#[warn(invalid_reference_casting)]` on by default
[INFO] [stdout] 
[INFO] [stdout] 
[INFO] [stdout] warning: calls to `std::mem::drop` with a value that implements `Copy` does nothing
[INFO] [stdout]    --> src/list.rs:424:13
[INFO] [stdout]     |
[INFO] [stdout] 424 |             drop(list);
[INFO] [stdout]     |             ^^^^^----^
[INFO] [stdout]     |                  |
[INFO] [stdout]     |                  argument has type `list::List<'_, usize>`
[INFO] [stdout]     |
[INFO] [stdout]     = note: `#[warn(dropping_copy_types)]` on by default
[INFO] [stdout] help: use `let _ = ...` to ignore the expression or result
[INFO] [stdout]     |
[INFO] [stdout] 424 -             drop(list);
[INFO] [stdout] 424 +             let _ = list;
[INFO] [stdout]     |
[INFO] [stdout] 
[INFO] [stdout] 
[INFO] [stdout] warning: calls to `std::mem::drop` with a value that implements `Copy` does nothing
[INFO] [stdout]    --> src/list.rs:435:13
[INFO] [stdout]     |
[INFO] [stdout] 435 |             drop(list);
[INFO] [stdout]     |             ^^^^^----^
[INFO] [stdout]     |                  |
[INFO] [stdout]     |                  argument has type `list::List<'_, usize>`
[INFO] [stdout]     |
[INFO] [stdout] help: use `let _ = ...` to ignore the expression or result
[INFO] [stdout]     |
[INFO] [stdout] 435 -             drop(list);
[INFO] [stdout] 435 +             let _ = list;
[INFO] [stdout]     |
[INFO] [stdout] 
[INFO] [stdout] 
[INFO] [stdout] warning: hiding a lifetime that's named elsewhere is confusing
[INFO] [stdout]    --> src/arena.rs:266:67
[INFO] [stdout]     |
[INFO] [stdout] 266 |     pub fn alloc_nul_term_str<'arena>(&'arena self, val: &str) -> NulTermStr {
[INFO] [stdout]     |                                        ------                     ^^^^^^^^^^ the same lifetime is hidden here
[INFO] [stdout]     |                                        |
[INFO] [stdout]     |                                        the lifetime is named here
[INFO] [stdout]     |
[INFO] [stdout]     = help: the same lifetime is referred to in inconsistent ways, making the signature confusing
[INFO] [stdout]     = note: `#[warn(mismatched_lifetime_syntaxes)]` on by default
[INFO] [stdout] help: consistently use `'arena`
[INFO] [stdout]     |
[INFO] [stdout] 266 |     pub fn alloc_nul_term_str<'arena>(&'arena self, val: &str) -> NulTermStr<'arena> {
[INFO] [stdout]     |                                                                             ++++++++
[INFO] [stdout] 
[INFO] [stdout] 
[INFO] [stderr]     Finished `release` profile [optimized] target(s) in 3.65s
[INFO] running `Command { std: "docker" "inspect" "27b7cad0d20af73e0ba1145ffeee48ded62636510095b62cbaa2ed1a930c4985", kill_on_drop: false }`
[INFO] running `Command { std: "docker" "exec" "-e" "SOURCE_DIR=/opt/rustwide/workdir" "-e" "CARGO_HOME=/opt/rustwide/cargo-home" "-e" "RUSTUP_HOME=/opt/rustwide/rustup-home" "-e" "CARGO_TARGET_DIR=/opt/rustwide/target" "-e" "CARGO_INCREMENTAL=0" "-e" "RUST_BACKTRACE=full" "-e" "RUSTFLAGS=--cap-lints=warn" "-e" "RUSTDOCFLAGS=--cap-lints=warn" "-w" "/opt/rustwide/workdir" "--user" "0:0" "27b7cad0d20af73e0ba1145ffeee48ded62636510095b62cbaa2ed1a930c4985" "/opt/rustwide/cargo-home/bin/cargo" "+1.100.0-beta.1" "test" "--frozen" "--release", kill_on_drop: false }`
[INFO] [stderr] warning: assigning to `&T` is undefined behavior, consider using an `UnsafeCell`
[INFO] [stderr]   --> src/cell.rs:56:18
[INFO] [stderr]    |
[INFO] [stderr] 56 |         unsafe { write_volatile(self as *const CopyCell<T> as *const T as *mut T, value) };
[INFO] [stderr]    |                  ^^^^^^^^^^^^^^^^^^^^^^^^^^^^^^^^^^^^^^^^^^^^^^^^^^^^^^^^^^^^^^^^^^^^^^^
[INFO] [stderr]    |
[INFO] [stderr]    = note: for more information, visit <https://doc.rust-lang.org/book/ch15-05-interior-mutability.html>
[INFO] [stderr]    = note: `#[warn(invalid_reference_casting)]` on by default
[INFO] [stderr] 
[INFO] [stderr] warning: hiding a lifetime that's named elsewhere is confusing
[INFO] [stderr]    --> src/arena.rs:266:67
[INFO] [stderr]     |
[INFO] [stderr] 266 |     pub fn alloc_nul_term_str<'arena>(&'arena self, val: &str) -> NulTermStr {
[INFO] [stderr]     |                                        ------                     ^^^^^^^^^^ the same lifetime is hidden here
[INFO] [stderr]     |                                        |
[INFO] [stderr]     |                                        the lifetime is named here
[INFO] [stderr]     |
[INFO] [stderr]     = help: the same lifetime is referred to in inconsistent ways, making the signature confusing
[INFO] [stderr]     = note: `#[warn(mismatched_lifetime_syntaxes)]` on by default
[INFO] [stderr] help: consistently use `'arena`
[INFO] [stderr]     |
[INFO] [stderr] 266 |     pub fn alloc_nul_term_str<'arena>(&'arena self, val: &str) -> NulTermStr<'arena> {
[INFO] [stderr]     |                                                                             ++++++++
[INFO] [stderr] 
[INFO] [stderr] warning: `toolshed` (lib) generated 2 warnings (run `cargo fix --lib -p toolshed` to apply 1 suggestion)
[INFO] [stderr] warning: calls to `std::mem::drop` with a value that implements `Copy` does nothing
[INFO] [stderr]    --> src/list.rs:424:13
[INFO] [stderr]     |
[INFO] [stderr] 424 |             drop(list);
[INFO] [stderr]     |             ^^^^^----^
[INFO] [stderr]     |                  |
[INFO] [stderr]     |                  argument has type `list::List<'_, usize>`
[INFO] [stderr]     |
[INFO] [stderr]     = note: `#[warn(dropping_copy_types)]` on by default
[INFO] [stderr] help: use `let _ = ...` to ignore the expression or result
[INFO] [stderr]     |
[INFO] [stderr] 424 -             drop(list);
[INFO] [stderr] 424 +             let _ = list;
[INFO] [stderr]     |
[INFO] [stderr] 
[INFO] [stderr] warning: calls to `std::mem::drop` with a value that implements `Copy` does nothing
[INFO] [stderr]    --> src/list.rs:435:13
[INFO] [stderr]     |
[INFO] [stderr] 435 |             drop(list);
[INFO] [stderr]     |             ^^^^^----^
[INFO] [stderr]     |                  |
[INFO] [stderr]     |                  argument has type `list::List<'_, usize>`
[INFO] [stderr]     |
[INFO] [stderr] help: use `let _ = ...` to ignore the expression or result
[INFO] [stderr]     |
[INFO] [stderr] 435 -             drop(list);
[INFO] [stderr] 435 +             let _ = list;
[INFO] [stderr]     |
[INFO] [stderr] 
[INFO] [stderr] warning: `toolshed` (lib test) generated 4 warnings (2 duplicates)
[INFO] [stderr]     Finished `release` profile [optimized] target(s) in 0.05s
[INFO] [stderr]      Running unittests src/lib.rs (/opt/rustwide/target/release/build/toolshed/9610c82c83fc9174/out/toolshed-9610c82c83fc9174)
[INFO] [stdout] 
[INFO] [stdout] running 39 tests
[INFO] [stdout] test bloom::test::does_not_conflict_on_letter_casing ... ok
[INFO] [stdout] test cell::test::cell ... ok
[INFO] [stdout] test cell::test::contain_static_ref ... ok
[INFO] [stdout] test impl_debug::test::bloom_set_debug ... ok
[INFO] [stdout] test impl_debug::test::map_debug ... ok
[INFO] [stdout] test impl_debug::test::set_debug ... ok
[INFO] [stdout] test list::test::builder ... ok
[INFO] [stdout] test arena::test::allocate_some_stuff ... ok
[INFO] [stdout] test arena::test::alloc_nul_term_str ... ok
[INFO] [stdout] test arena::test::allocate_huge_heap ... ok
[INFO] [stdout] test list::test::empty_builder ... FAILED
[INFO] [stdout] test arena::test::alloc_slice ... ok
[INFO] [stdout] test impl_debug::test::list_debug ... ok
[INFO] [stdout] test arena::test::aligns_slice_allocs ... ok
[INFO] [stdout] test arena::test::aligns_str_allocs ... ok
[INFO] [stdout] test bloom::test::does_not_conflict_on_different_lengths ... ok
[INFO] [stdout] test arena::test::alloc_lazy_slices ... ok
[INFO] [stdout] test impl_debug::test::bloom_map_debug ... ok
[INFO] [stdout] test list::test::empty_unsafe_list ... ok
[INFO] [stdout] test list::test::shift_ref ... FAILED
[INFO] [stdout] test list::test::from_iter ... ok
[INFO] [stdout] test list::test::prepend ... ok
[INFO] [stdout] test arena::test::allocate_some_cows ... ok
[INFO] [stdout] test map::test::map ... ok
[INFO] [stdout] test bloom::test::has_low_enough_conflict_rate ... ok
[INFO] [stdout] test set::test::from_eq ... ok
[INFO] [stdout] test set::test::set ... ok
[INFO] [stdout] test set::test::set_iter ... FAILED
[INFO] [stdout] test map::test::insert_replace ... FAILED
[INFO] [stdout] test arena::test::allocate_some_vecs ... ok
[INFO] [stdout] test set::test::bloom_set_iter ... FAILED
[INFO] [stdout] test list::test::shift ... FAILED
[INFO] [stdout] test set::test::bloom_set ... ok
[INFO] [stdout] test list::test::only_element ... ok
[INFO] [stdout] test map::test::bloom_map ... ok
[INFO] [stdout] test list::test::unsafe_list ... ok
[INFO] [stdout] test map::test::from_eq ... ok
[INFO] [stdout] test map::test::iter ... FAILED
[INFO] [stdout] test bloom::test::produces_correct_number_of_bits ... ok
[INFO] [stdout] 
[INFO] [stdout] failures:
[INFO] [stdout] 
[INFO] [stdout] ---- list::test::empty_builder stdout ----
[INFO] [stdout] 
[INFO] [stdout] thread 'list::test::empty_builder' (200) panicked at src/list.rs:337:9:
[INFO] [stdout] assertion failed: list.iter().eq([10, 20, 30].iter())
[INFO] [stdout] stack backtrace:
[INFO] [stdout]    0:     0x57e372e248f1 - <<std[617be2ca0a6fd877]::sys::backtrace::BacktraceLock>::print::DisplayBacktrace as core[a373ad73a504971]::fmt::Display>::fmt
[INFO] [stdout]    1:     0x57e372e38d7a - core[a373ad73a504971]::fmt::write
[INFO] [stdout]    2:     0x57e372e28b0c - <alloc[2e1b2a31b91974c5]::vec::Vec<u8> as core[a373ad73a504971]::io::write::Write>::write_fmt
[INFO] [stdout]    3:     0x57e372e00d56 - std[617be2ca0a6fd877]::panicking::default_hook::{closure#0}
[INFO] [stdout]    4:     0x57e372e1cf89 - std[617be2ca0a6fd877]::panicking::default_hook
[INFO] [stdout]    5:     0x57e372db9630 - test[aada8e7e76ba119b]::test_main_inner::{closure#0}
[INFO] [stdout]    6:     0x57e372e1d142 - std[617be2ca0a6fd877]::panicking::panic_with_hook
[INFO] [stdout]    7:     0x57e372e00e34 - std[617be2ca0a6fd877]::panicking::panic_handler::{closure#0}
[INFO] [stdout]    8:     0x57e372df9b19 - std[617be2ca0a6fd877]::sys::backtrace::__rust_end_short_backtrace::<std[617be2ca0a6fd877]::panicking::panic_handler::{closure#0}, !>
[INFO] [stdout]    9:     0x57e372e01a0d - __rustc[ea4f61d10b84890b]::rust_begin_unwind
[INFO] [stdout]   10:     0x57e372e394ac - core[a373ad73a504971]::panicking::panic_fmt
[INFO] [stdout]   11:     0x57e372e39472 - core[a373ad73a504971]::panicking::panic
[INFO] [stdout]   12:     0x57e372dab9e7 - <toolshed[69d53c67d0e336f0]::list::test::empty_builder::{closure#0} as core[a373ad73a504971]::ops::function::FnOnce<()>>::call_once
[INFO] [stdout]   13:     0x57e372daca7b - test[aada8e7e76ba119b]::__rust_begin_short_backtrace::<core[a373ad73a504971]::result::Result<(), alloc[2e1b2a31b91974c5]::string::String>, fn() -> core[a373ad73a504971]::result::Result<(), alloc[2e1b2a31b91974c5]::string::String>>
[INFO] [stdout]   14:     0x57e372db9c55 - test[aada8e7e76ba119b]::run_test::{closure#0}
[INFO] [stdout]   15:     0x57e372db3544 - std[617be2ca0a6fd877]::sys::backtrace::__rust_begin_short_backtrace::<test[aada8e7e76ba119b]::run_test::{closure#1}, ()>
[INFO] [stdout]   16:     0x57e372dbcce2 - <std[617be2ca0a6fd877]::thread::lifecycle::spawn_unchecked<test[aada8e7e76ba119b]::run_test::{closure#1}, ()>::{closure#1} as core[a373ad73a504971]::ops::function::FnOnce<()>>::call_once::{shim:vtable#0}
[INFO] [stdout]   17:     0x57e372e2414f - <std[617be2ca0a6fd877]::sys::thread::unix::Thread>::new::thread_start
[INFO] [stdout]   18:     0x73e3b5281dfa - <unknown>
[INFO] [stdout]   19:     0x73e3b53153d4 - clone
[INFO] [stdout]   20:                0x0 - <unknown>
[INFO] [stdout] 
[INFO] [stdout] ---- list::test::shift_ref stdout ----
[INFO] [stdout] 
[INFO] [stdout] thread 'list::test::shift_ref' (206) panicked at src/list.rs:399:9:
[INFO] [stdout] assertion `left == right` failed
[INFO] [stdout]   left: None
[INFO] [stdout]  right: Some(10)
[INFO] [stdout] stack backtrace:
[INFO] [stdout]    0:     0x57e372e248f1 - <<std[617be2ca0a6fd877]::sys::backtrace::BacktraceLock>::print::DisplayBacktrace as core[a373ad73a504971]::fmt::Display>::fmt
[INFO] [stdout]    1:     0x57e372e38d7a - core[a373ad73a504971]::fmt::write
[INFO] [stdout]    2:     0x57e372e28b0c - <alloc[2e1b2a31b91974c5]::vec::Vec<u8> as core[a373ad73a504971]::io::write::Write>::write_fmt
[INFO] [stdout]    3:     0x57e372e00d56 - std[617be2ca0a6fd877]::panicking::default_hook::{closure#0}
[INFO] [stdout]    4:     0x57e372e1cf89 - std[617be2ca0a6fd877]::panicking::default_hook
[INFO] [stdout]    5:     0x57e372db9630 - test[aada8e7e76ba119b]::test_main_inner::{closure#0}
[INFO] [stdout]    6:     0x57e372e1d142 - std[617be2ca0a6fd877]::panicking::panic_with_hook
[INFO] [stdout]    7:     0x57e372e00e02 - std[617be2ca0a6fd877]::panicking::panic_handler::{closure#0}
[INFO] [stdout]    8:     0x57e372df9b19 - std[617be2ca0a6fd877]::sys::backtrace::__rust_end_short_backtrace::<std[617be2ca0a6fd877]::panicking::panic_handler::{closure#0}, !>
[INFO] [stdout]    9:     0x57e372e01a0d - __rustc[ea4f61d10b84890b]::rust_begin_unwind
[INFO] [stdout]   10:     0x57e372e394ac - core[a373ad73a504971]::panicking::panic_fmt
[INFO] [stdout]   11:     0x57e372e393c3 - core[a373ad73a504971]::panicking::assert_failed_inner
[INFO] [stdout]   12:     0x57e372daa53d - core[a373ad73a504971]::panicking::assert_failed::<core[a373ad73a504971]::option::Option<&i32>, core[a373ad73a504971]::option::Option<&i32>>
[INFO] [stdout]   13:     0x57e372dac96b - <toolshed[69d53c67d0e336f0]::list::test::shift_ref::{closure#0} as core[a373ad73a504971]::ops::function::FnOnce<()>>::call_once
[INFO] [stdout]   14:     0x57e372daca7b - test[aada8e7e76ba119b]::__rust_begin_short_backtrace::<core[a373ad73a504971]::result::Result<(), alloc[2e1b2a31b91974c5]::string::String>, fn() -> core[a373ad73a504971]::result::Result<(), alloc[2e1b2a31b91974c5]::string::String>>
[INFO] [stdout]   15:     0x57e372db9c55 - test[aada8e7e76ba119b]::run_test::{closure#0}
[INFO] [stdout]   16:     0x57e372db3544 - std[617be2ca0a6fd877]::sys::backtrace::__rust_begin_short_backtrace::<test[aada8e7e76ba119b]::run_test::{closure#1}, ()>
[INFO] [stdout]   17:     0x57e372dbcce2 - <std[617be2ca0a6fd877]::thread::lifecycle::spawn_unchecked<test[aada8e7e76ba119b]::run_test::{closure#1}, ()>::{closure#1} as core[a373ad73a504971]::ops::function::FnOnce<()>>::call_once::{shim:vtable#0}
[INFO] [stdout]   18:     0x57e372e2414f - <std[617be2ca0a6fd877]::sys::thread::unix::Thread>::new::thread_start
[INFO] [stdout]   19:     0x73e3b5281dfa - <unknown>
[INFO] [stdout]   20:     0x73e3b53153d4 - clone
[INFO] [stdout]   21:                0x0 - <unknown>
[INFO] [stdout] 
[INFO] [stdout] ---- set::test::set_iter stdout ----
[INFO] [stdout] 
[INFO] [stdout] thread 'set::test::set_iter' (217) panicked at src/set.rs:226:9:
[INFO] [stdout] assertion `left == right` failed
[INFO] [stdout]   left: None
[INFO] [stdout]  right: Some("foo")
[INFO] [stdout] stack backtrace:
[INFO] [stdout]    0:     0x57e372e248f1 - <<std[617be2ca0a6fd877]::sys::backtrace::BacktraceLock>::print::DisplayBacktrace as core[a373ad73a504971]::fmt::Display>::fmt
[INFO] [stdout]    1:     0x57e372e38d7a - core[a373ad73a504971]::fmt::write
[INFO] [stdout]    2:     0x57e372e28b0c - <alloc[2e1b2a31b91974c5]::vec::Vec<u8> as core[a373ad73a504971]::io::write::Write>::write_fmt
[INFO] [stdout]    3:     0x57e372e00d56 - std[617be2ca0a6fd877]::panicking::default_hook::{closure#0}
[INFO] [stdout]    4:     0x57e372e1cf89 - std[617be2ca0a6fd877]::panicking::default_hook
[INFO] [stdout]    5:     0x57e372db9630 - test[aada8e7e76ba119b]::test_main_inner::{closure#0}
[INFO] [stdout]    6:     0x57e372e1d142 - std[617be2ca0a6fd877]::panicking::panic_with_hook
[INFO] [stdout]    7:     0x57e372e00e02 - std[617be2ca0a6fd877]::panicking::panic_handler::{closure#0}
[INFO] [stdout]    8:     0x57e372df9b19 - std[617be2ca0a6fd877]::sys::backtrace::__rust_end_short_backtrace::<std[617be2ca0a6fd877]::panicking::panic_handler::{closure#0}, !>
[INFO] [stdout]    9:     0x57e372e01a0d - __rustc[ea4f61d10b84890b]::rust_begin_unwind
[INFO] [stdout]   10:     0x57e372e394ac - core[a373ad73a504971]::panicking::panic_fmt
[INFO] [stdout]   11:     0x57e372e393c3 - core[a373ad73a504971]::panicking::assert_failed_inner
[INFO] [stdout]   12:     0x57e372daa505 - core[a373ad73a504971]::panicking::assert_failed::<core[a373ad73a504971]::option::Option<&&str>, core[a373ad73a504971]::option::Option<&&str>>
[INFO] [stdout]   13:     0x57e372da60f8 - <toolshed[69d53c67d0e336f0]::set::test::set_iter::{closure#0} as core[a373ad73a504971]::ops::function::FnOnce<()>>::call_once
[INFO] [stdout]   14:     0x57e372daca7b - test[aada8e7e76ba119b]::__rust_begin_short_backtrace::<core[a373ad73a504971]::result::Result<(), alloc[2e1b2a31b91974c5]::string::String>, fn() -> core[a373ad73a504971]::result::Result<(), alloc[2e1b2a31b91974c5]::string::String>>
[INFO] [stdout]   15:     0x57e372db9c55 - test[aada8e7e76ba119b]::run_test::{closure#0}
[INFO] [stdout]   16:     0x57e372db3544 - std[617be2ca0a6fd877]::sys::backtrace::__rust_begin_short_backtrace::<test[aada8e7e76ba119b]::run_test::{closure#1}, ()>
[INFO] [stdout]   17:     0x57e372dbcce2 - <std[617be2ca0a6fd877]::thread::lifecycle::spawn_unchecked<test[aada8e7e76ba119b]::run_test::{closure#1}, ()>::{closure#1} as core[a373ad73a504971]::ops::function::FnOnce<()>>::call_once::{shim:vtable#0}
[INFO] [stdout]   18:     0x57e372e2414f - <std[617be2ca0a6fd877]::sys::thread::unix::Thread>::new::thread_start
[INFO] [stdout]   19:     0x73e3b5281dfa - <unknown>
[INFO] [stdout]   20:     0x73e3b53153d4 - clone
[INFO] [stdout]   21:                0x0 - <unknown>
[INFO] [stdout] 
[INFO] [stdout] ---- map::test::insert_replace stdout ----
[INFO] [stdout] 
[INFO] [stdout] thread 'map::test::insert_replace' (210) panicked at src/map.rs:384:9:
[INFO] [stdout] assertion `left == right` failed
[INFO] [stdout]   left: None
[INFO] [stdout]  right: Some(("foo", 10))
[INFO] [stdout] stack backtrace:
[INFO] [stdout]    0:     0x57e372e248f1 - <<std[617be2ca0a6fd877]::sys::backtrace::BacktraceLock>::print::DisplayBacktrace as core[a373ad73a504971]::fmt::Display>::fmt
[INFO] [stdout]    1:     0x57e372e38d7a - core[a373ad73a504971]::fmt::write
[INFO] [stdout]    2:     0x57e372e28b0c - <alloc[2e1b2a31b91974c5]::vec::Vec<u8> as core[a373ad73a504971]::io::write::Write>::write_fmt
[INFO] [stdout]    3:     0x57e372e00d56 - std[617be2ca0a6fd877]::panicking::default_hook::{closure#0}
[INFO] [stdout]    4:     0x57e372e1cf89 - std[617be2ca0a6fd877]::panicking::default_hook
[INFO] [stdout]    5:     0x57e372db9630 - test[aada8e7e76ba119b]::test_main_inner::{closure#0}
[INFO] [stdout]    6:     0x57e372e1d142 - std[617be2ca0a6fd877]::panicking::panic_with_hook
[INFO] [stdout]    7:     0x57e372e00e02 - std[617be2ca0a6fd877]::panicking::panic_handler::{closure#0}
[INFO] [stdout]    8:     0x57e372df9b19 - std[617be2ca0a6fd877]::sys::backtrace::__rust_end_short_backtrace::<std[617be2ca0a6fd877]::panicking::panic_handler::{closure#0}, !>
[INFO] [stdout]    9:     0x57e372e01a0d - __rustc[ea4f61d10b84890b]::rust_begin_unwind
[INFO] [stdout]   10:     0x57e372e394ac - core[a373ad73a504971]::panicking::panic_fmt
[INFO] [stdout]   11:     0x57e372e393c3 - core[a373ad73a504971]::panicking::assert_failed_inner
[INFO] [stdout]   12:     0x57e372daa570 - core[a373ad73a504971]::panicking::assert_failed::<core[a373ad73a504971]::option::Option<(&&str, u64)>, core[a373ad73a504971]::option::Option<(&&str, u64)>>
[INFO] [stdout]   13:     0x57e372da8a58 - <toolshed[69d53c67d0e336f0]::map::test::insert_replace::{closure#0} as core[a373ad73a504971]::ops::function::FnOnce<()>>::call_once
[INFO] [stdout]   14:     0x57e372daca7b - test[aada8e7e76ba119b]::__rust_begin_short_backtrace::<core[a373ad73a504971]::result::Result<(), alloc[2e1b2a31b91974c5]::string::String>, fn() -> core[a373ad73a504971]::result::Result<(), alloc[2e1b2a31b91974c5]::string::String>>
[INFO] [stdout]   15:     0x57e372db9c55 - test[aada8e7e76ba119b]::run_test::{closure#0}
[INFO] [stdout]   16:     0x57e372db3544 - std[617be2ca0a6fd877]::sys::backtrace::__rust_begin_short_backtrace::<test[aada8e7e76ba119b]::run_test::{closure#1}, ()>
[INFO] [stdout]   17:     0x57e372dbcce2 - <std[617be2ca0a6fd877]::thread::lifecycle::spawn_unchecked<test[aada8e7e76ba119b]::run_test::{closure#1}, ()>::{closure#1} as core[a373ad73a504971]::ops::function::FnOnce<()>>::call_once::{shim:vtable#0}
[INFO] [stdout]   18:     0x57e372e2414f - <std[617be2ca0a6fd877]::sys::thread::unix::Thread>::new::thread_start
[INFO] [stdout]   19:     0x73e3b5281dfa - <unknown>
[INFO] [stdout]   20:     0x73e3b53153d4 - clone
[INFO] [stdout]   21:                0x0 - <unknown>
[INFO] [stdout] 
[INFO] [stdout] ---- set::test::bloom_set_iter stdout ----
[INFO] [stdout] 
[INFO] [stdout] thread 'set::test::bloom_set_iter' (214) panicked at src/set.rs:242:9:
[INFO] [stdout] assertion `left == right` failed
[INFO] [stdout]   left: None
[INFO] [stdout]  right: Some("foo")
[INFO] [stdout] stack backtrace:
[INFO] [stdout]    0:     0x57e372e248f1 - <<std[617be2ca0a6fd877]::sys::backtrace::BacktraceLock>::print::DisplayBacktrace as core[a373ad73a504971]::fmt::Display>::fmt
[INFO] [stdout]    1:     0x57e372e38d7a - core[a373ad73a504971]::fmt::write
[INFO] [stdout]    2:     0x57e372e28b0c - <alloc[2e1b2a31b91974c5]::vec::Vec<u8> as core[a373ad73a504971]::io::write::Write>::write_fmt
[INFO] [stdout]    3:     0x57e372e00d56 - std[617be2ca0a6fd877]::panicking::default_hook::{closure#0}
[INFO] [stdout]    4:     0x57e372e1cf89 - std[617be2ca0a6fd877]::panicking::default_hook
[INFO] [stdout]    5:     0x57e372db9630 - test[aada8e7e76ba119b]::test_main_inner::{closure#0}
[INFO] [stdout]    6:     0x57e372e1d142 - std[617be2ca0a6fd877]::panicking::panic_with_hook
[INFO] [stdout]    7:     0x57e372e00e02 - std[617be2ca0a6fd877]::panicking::panic_handler::{closure#0}
[INFO] [stdout]    8:     0x57e372df9b19 - std[617be2ca0a6fd877]::sys::backtrace::__rust_end_short_backtrace::<std[617be2ca0a6fd877]::panicking::panic_handler::{closure#0}, !>
[INFO] [stdout]    9:     0x57e372e01a0d - __rustc[ea4f61d10b84890b]::rust_begin_unwind
[INFO] [stdout]   10:     0x57e372e394ac - core[a373ad73a504971]::panicking::panic_fmt
[INFO] [stdout]   11:     0x57e372e393c3 - core[a373ad73a504971]::panicking::assert_failed_inner
[INFO] [stdout]   12:     0x57e372daa505 - core[a373ad73a504971]::panicking::assert_failed::<core[a373ad73a504971]::option::Option<&&str>, core[a373ad73a504971]::option::Option<&&str>>
[INFO] [stdout]   13:     0x57e372da512b - <toolshed[69d53c67d0e336f0]::set::test::bloom_set_iter::{closure#0} as core[a373ad73a504971]::ops::function::FnOnce<()>>::call_once
[INFO] [stdout]   14:     0x57e372daca7b - test[aada8e7e76ba119b]::__rust_begin_short_backtrace::<core[a373ad73a504971]::result::Result<(), alloc[2e1b2a31b91974c5]::string::String>, fn() -> core[a373ad73a504971]::result::Result<(), alloc[2e1b2a31b91974c5]::string::String>>
[INFO] [stdout]   15:     0x57e372db9c55 - test[aada8e7e76ba119b]::run_test::{closure#0}
[INFO] [stdout]   16:     0x57e372db3544 - std[617be2ca0a6fd877]::sys::backtrace::__rust_begin_short_backtrace::<test[aada8e7e76ba119b]::run_test::{closure#1}, ()>
[INFO] [stdout]   17:     0x57e372dbcce2 - <std[617be2ca0a6fd877]::thread::lifecycle::spawn_unchecked<test[aada8e7e76ba119b]::run_test::{closure#1}, ()>::{closure#1} as core[a373ad73a504971]::ops::function::FnOnce<()>>::call_once::{shim:vtable#0}
[INFO] [stdout]   18:     0x57e372e2414f - <std[617be2ca0a6fd877]::sys::thread::unix::Thread>::new::thread_start
[INFO] [stdout]   19:     0x73e3b5281dfa - <unknown>
[INFO] [stdout]   20:     0x73e3b53153d4 - clone
[INFO] [stdout]   21:                0x0 - <unknown>
[INFO] [stdout] 
[INFO] [stdout] ---- list::test::shift stdout ----
[INFO] [stdout] 
[INFO] [stdout] thread 'list::test::shift' (205) panicked at src/list.rs:382:9:
[INFO] [stdout] assertion `left == right` failed
[INFO] [stdout]   left: None
[INFO] [stdout]  right: Some(10)
[INFO] [stdout] stack backtrace:
[INFO] [stdout]    0:     0x57e372e248f1 - <<std[617be2ca0a6fd877]::sys::backtrace::BacktraceLock>::print::DisplayBacktrace as core[a373ad73a504971]::fmt::Display>::fmt
[INFO] [stdout]    1:     0x57e372e38d7a - core[a373ad73a504971]::fmt::write
[INFO] [stdout]    2:     0x57e372e28b0c - <alloc[2e1b2a31b91974c5]::vec::Vec<u8> as core[a373ad73a504971]::io::write::Write>::write_fmt
[INFO] [stdout]    3:     0x57e372e00d56 - std[617be2ca0a6fd877]::panicking::default_hook::{closure#0}
[INFO] [stdout]    4:     0x57e372e1cf89 - std[617be2ca0a6fd877]::panicking::default_hook
[INFO] [stdout]    5:     0x57e372db9630 - test[aada8e7e76ba119b]::test_main_inner::{closure#0}
[INFO] [stdout]    6:     0x57e372e1d142 - std[617be2ca0a6fd877]::panicking::panic_with_hook
[INFO] [stdout]    7:     0x57e372e00e02 - std[617be2ca0a6fd877]::panicking::panic_handler::{closure#0}
[INFO] [stdout]    8:     0x57e372df9b19 - std[617be2ca0a6fd877]::sys::backtrace::__rust_end_short_backtrace::<std[617be2ca0a6fd877]::panicking::panic_handler::{closure#0}, !>
[INFO] [stdout]    9:     0x57e372e01a0d - __rustc[ea4f61d10b84890b]::rust_begin_unwind
[INFO] [stdout]   10:     0x57e372e394ac - core[a373ad73a504971]::panicking::panic_fmt
[INFO] [stdout]   11:     0x57e372e393c3 - core[a373ad73a504971]::panicking::assert_failed_inner
[INFO] [stdout]   12:     0x57e372daa53d - core[a373ad73a504971]::panicking::assert_failed::<core[a373ad73a504971]::option::Option<&i32>, core[a373ad73a504971]::option::Option<&i32>>
[INFO] [stdout]   13:     0x57e372dabcfb - <toolshed[69d53c67d0e336f0]::list::test::shift::{closure#0} as core[a373ad73a504971]::ops::function::FnOnce<()>>::call_once
[INFO] [stdout]   14:     0x57e372daca7b - test[aada8e7e76ba119b]::__rust_begin_short_backtrace::<core[a373ad73a504971]::result::Result<(), alloc[2e1b2a31b91974c5]::string::String>, fn() -> core[a373ad73a504971]::result::Result<(), alloc[2e1b2a31b91974c5]::string::String>>
[INFO] [stdout]   15:     0x57e372db9c55 - test[aada8e7e76ba119b]::run_test::{closure#0}
[INFO] [stdout]   16:     0x57e372db3544 - std[617be2ca0a6fd877]::sys::backtrace::__rust_begin_short_backtrace::<test[aada8e7e76ba119b]::run_test::{closure#1}, ()>
[INFO] [stdout]   17:     0x57e372dbcce2 - <std[617be2ca0a6fd877]::thread::lifecycle::spawn_unchecked<test[aada8e7e76ba119b]::run_test::{closure#1}, ()>::{closure#1} as core[a373ad73a504971]::ops::function::FnOnce<()>>::call_once::{shim:vtable#0}
[INFO] [stdout]   18:     0x57e372e2414f - <std[617be2ca0a6fd877]::sys::thread::unix::Thread>::new::thread_start
[INFO] [stdout]   19:     0x73e3b5281dfa - <unknown>
[INFO] [stdout]   20:     0x73e3b53153d4 - clone
[INFO] [stdout]   21:                0x0 - <unknown>
[INFO] [stdout] 
[INFO] [stdout] ---- map::test::iter stdout ----
[INFO] [stdout] 
[INFO] [stdout] thread 'map::test::iter' (211) panicked at src/map.rs:367:9:
[INFO] [stdout] assertion `left == right` failed
[INFO] [stdout]   left: None
[INFO] [stdout]  right: Some(("foo", 10))
[INFO] [stdout] stack backtrace:
[INFO] [stdout]    0:     0x57e372e248f1 - <<std[617be2ca0a6fd877]::sys::backtrace::BacktraceLock>::print::DisplayBacktrace as core[a373ad73a504971]::fmt::Display>::fmt
[INFO] [stdout]    1:     0x57e372e38d7a - core[a373ad73a504971]::fmt::write
[INFO] [stdout]    2:     0x57e372e28b0c - <alloc[2e1b2a31b91974c5]::vec::Vec<u8> as core[a373ad73a504971]::io::write::Write>::write_fmt
[INFO] [stdout]    3:     0x57e372e00d56 - std[617be2ca0a6fd877]::panicking::default_hook::{closure#0}
[INFO] [stdout]    4:     0x57e372e1cf89 - std[617be2ca0a6fd877]::panicking::default_hook
[INFO] [stdout]    5:     0x57e372db9630 - test[aada8e7e76ba119b]::test_main_inner::{closure#0}
[INFO] [stdout]    6:     0x57e372e1d142 - std[617be2ca0a6fd877]::panicking::panic_with_hook
[INFO] [stdout]    7:     0x57e372e00e02 - std[617be2ca0a6fd877]::panicking::panic_handler::{closure#0}
[INFO] [stdout]    8:     0x57e372df9b19 - std[617be2ca0a6fd877]::sys::backtrace::__rust_end_short_backtrace::<std[617be2ca0a6fd877]::panicking::panic_handler::{closure#0}, !>
[INFO] [stdout]    9:     0x57e372e01a0d - __rustc[ea4f61d10b84890b]::rust_begin_unwind
[INFO] [stdout]   10:     0x57e372e394ac - core[a373ad73a504971]::panicking::panic_fmt
[INFO] [stdout]   11:     0x57e372e393c3 - core[a373ad73a504971]::panicking::assert_failed_inner
[INFO] [stdout]   12:     0x57e372daa570 - core[a373ad73a504971]::panicking::assert_failed::<core[a373ad73a504971]::option::Option<(&&str, u64)>, core[a373ad73a504971]::option::Option<(&&str, u64)>>
[INFO] [stdout]   13:     0x57e372da95b8 - <toolshed[69d53c67d0e336f0]::map::test::iter::{closure#0} as core[a373ad73a504971]::ops::function::FnOnce<()>>::call_once
[INFO] [stdout]   14:     0x57e372daca7b - test[aada8e7e76ba119b]::__rust_begin_short_backtrace::<core[a373ad73a504971]::result::Result<(), alloc[2e1b2a31b91974c5]::string::String>, fn() -> core[a373ad73a504971]::result::Result<(), alloc[2e1b2a31b91974c5]::string::String>>
[INFO] [stdout]   15:     0x57e372db9c55 - test[aada8e7e76ba119b]::run_test::{closure#0}
[INFO] [stdout]   16:     0x57e372db3544 - std[617be2ca0a6fd877]::sys::backtrace::__rust_begin_short_backtrace::<test[aada8e7e76ba119b]::run_test::{closure#1}, ()>
[INFO] [stdout]   17:     0x57e372dbcce2 - <std[617be2ca0a6fd877]::thread::lifecycle::spawn_unchecked<test[aada8e7e76ba119b]::run_test::{closure#1}, ()>::{closure#1} as core[a373ad73a504971]::ops::function::FnOnce<()>>::call_once::{shim:vtable#0}
[INFO] [stdout]   18:     0x57e372e2414f - <std[617be2ca0a6fd877]::sys::thread::unix::Thread>::new::thread_start
[INFO] [stdout]   19:     0x73e3b5281dfa - <unknown>
[INFO] [stdout]   20:     0x73e3b53153d4 - clone
[INFO] [stdout]   21:                0x0 - <unknown>
[INFO] [stdout] 
[INFO] [stdout] 
[INFO] [stdout] failures:
[INFO] [stdout]     list::test::empty_builder
[INFO] [stdout]     list::test::shift
[INFO] [stdout]     list::test::shift_ref
[INFO] [stdout]     map::test::insert_replace
[INFO] [stdout]     map::test::iter
[INFO] [stdout]     set::test::bloom_set_iter
[INFO] [stdout]     set::test::set_iter
[INFO] [stdout] 
[INFO] [stdout] test result: FAILED. 32 passed; 7 failed; 0 ignored; 0 measured; 0 filtered out; finished in 0.09s
[INFO] [stdout] 
[INFO] [stderr] error: test failed, to rerun pass `--lib`
[INFO] running `Command { std: "docker" "inspect" "27b7cad0d20af73e0ba1145ffeee48ded62636510095b62cbaa2ed1a930c4985", kill_on_drop: false }`
[INFO] running `Command { std: "docker" "rm" "-f" "27b7cad0d20af73e0ba1145ffeee48ded62636510095b62cbaa2ed1a930c4985", kill_on_drop: false }`
[INFO] [stdout] 27b7cad0d20af73e0ba1145ffeee48ded62636510095b62cbaa2ed1a930c4985
