[INFO] fetching crate toolplane-core 0.1.0...
[INFO] testing toolplane-core-0.1.0 against 1.100.0-beta.1+cargoflags=--release for beta-release-1.100-2
[INFO] extracting crate toolplane-core 0.1.0 into /workspace/builds/worker-2-tc2/source
[INFO] started tweaking crates.io crate toolplane-core 0.1.0
[INFO] removed 0 missing tests
[INFO] finished tweaking crates.io crate toolplane-core 0.1.0
[INFO] tweaked toml for crates.io crate toolplane-core 0.1.0 written to /workspace/builds/worker-2-tc2/source/Cargo.toml
[INFO] validating manifest of crates.io crate toolplane-core 0.1.0 on toolchain 1.100.0-beta.1
[INFO] running `Command { std: CARGO_HOME="/workspace/cargo-home" RUSTUP_HOME="/workspace/rustup-home" "/workspace/cargo-home/bin/cargo" "+1.100.0-beta.1" "metadata" "--manifest-path" "Cargo.toml" "--no-deps", kill_on_drop: false }`
[INFO] crate crates.io crate toolplane-core 0.1.0 already has a lockfile, it will not be regenerated
[INFO] running `Command { std: CARGO_HOME="/workspace/cargo-home" RUSTUP_HOME="/workspace/rustup-home" "/workspace/cargo-home/bin/cargo" "+1.100.0-beta.1" "fetch" "--manifest-path" "Cargo.toml", kill_on_drop: false }`
[INFO] running `Command { std: "docker" "create" "-v" "/var/lib/crater-agent-workspace/builds/worker-2-tc2/source:/opt/rustwide/workdir:ro,Z" "-v" "/var/lib/crater-agent-workspace/builds/worker-2-tc2/target:/opt/rustwide/target:rw,Z" "-v" "/var/lib/crater-agent-workspace/cargo-home:/opt/rustwide/cargo-home:ro,Z" "-v" "/var/lib/crater-agent-workspace/rustup-home:/opt/rustwide/rustup-home:ro,Z" "-m" "1610612736" "--network" "none" "ghcr.io/rust-lang/crates-build-env/linux@sha256:77db811e55d90add9212f6832c23229e3de5f1c1f9905e8cb07319ea15df73ac" "sleep" "infinity", kill_on_drop: false }`
[INFO] [stdout] f655eb8dcc8f7f4521466ee024d8a35e55aaaeae60d25b9800150305ff874987
[INFO] running `Command { std: "docker" "start" "f655eb8dcc8f7f4521466ee024d8a35e55aaaeae60d25b9800150305ff874987", kill_on_drop: false }`
[INFO] running `Command { std: "docker" "inspect" "f655eb8dcc8f7f4521466ee024d8a35e55aaaeae60d25b9800150305ff874987", kill_on_drop: false }`
[INFO] running `Command { std: "docker" "exec" "-e" "SOURCE_DIR=/opt/rustwide/workdir" "-e" "CARGO_HOME=/opt/rustwide/cargo-home" "-e" "RUSTUP_HOME=/opt/rustwide/rustup-home" "-e" "CARGO_TARGET_DIR=/opt/rustwide/target" "-w" "/opt/rustwide/workdir" "--user" "0:0" "f655eb8dcc8f7f4521466ee024d8a35e55aaaeae60d25b9800150305ff874987" "/opt/rustwide/cargo-home/bin/cargo" "+1.100.0-beta.1" "metadata" "--no-deps" "--format-version=1", kill_on_drop: false }`
[INFO] running `Command { std: "docker" "inspect" "f655eb8dcc8f7f4521466ee024d8a35e55aaaeae60d25b9800150305ff874987", kill_on_drop: false }`
[INFO] running `Command { std: "docker" "exec" "-e" "SOURCE_DIR=/opt/rustwide/workdir" "-e" "CARGO_HOME=/opt/rustwide/cargo-home" "-e" "RUSTUP_HOME=/opt/rustwide/rustup-home" "-e" "CARGO_TARGET_DIR=/opt/rustwide/target" "-e" "CARGO_INCREMENTAL=0" "-e" "RUST_BACKTRACE=full" "-e" "RUSTFLAGS=--cap-lints=warn" "-e" "RUSTDOCFLAGS=--cap-lints=warn" "-w" "/opt/rustwide/workdir" "--user" "0:0" "f655eb8dcc8f7f4521466ee024d8a35e55aaaeae60d25b9800150305ff874987" "/opt/rustwide/cargo-home/bin/cargo" "+1.100.0-beta.1" "build" "--frozen" "--message-format=json" "--release", kill_on_drop: false }`
[INFO] [stderr]    Compiling syn v3.0.3
[INFO] [stderr]    Compiling thiserror v2.0.19
[INFO] [stderr]    Compiling serde_derive v1.0.229
[INFO] [stderr]    Compiling thiserror-impl v2.0.19
[INFO] [stderr]    Compiling async-trait v0.1.91
[INFO] [stderr]    Compiling serde v1.0.229
[INFO] [stderr]    Compiling serde_yaml v0.9.34+deprecated
[INFO] [stderr]    Compiling toolplane-core v0.1.0 (/opt/rustwide/workdir)
[INFO] [stderr]     Finished `release` profile [optimized] target(s) in 16.70s
[INFO] running `Command { std: "docker" "inspect" "f655eb8dcc8f7f4521466ee024d8a35e55aaaeae60d25b9800150305ff874987", kill_on_drop: false }`
[INFO] running `Command { std: "docker" "exec" "-e" "SOURCE_DIR=/opt/rustwide/workdir" "-e" "CARGO_HOME=/opt/rustwide/cargo-home" "-e" "RUSTUP_HOME=/opt/rustwide/rustup-home" "-e" "CARGO_TARGET_DIR=/opt/rustwide/target" "-e" "CARGO_INCREMENTAL=0" "-e" "RUST_BACKTRACE=full" "-e" "RUSTFLAGS=--cap-lints=warn" "-e" "RUSTDOCFLAGS=--cap-lints=warn" "-w" "/opt/rustwide/workdir" "--user" "0:0" "f655eb8dcc8f7f4521466ee024d8a35e55aaaeae60d25b9800150305ff874987" "/opt/rustwide/cargo-home/bin/cargo" "+1.100.0-beta.1" "test" "--frozen" "--no-run" "--message-format=json" "--release", kill_on_drop: false }`
[INFO] [stderr]    Compiling mio v1.2.2
[INFO] [stderr]    Compiling tokio-macros v2.7.2
[INFO] [stderr]    Compiling socket2 v0.6.5
[INFO] [stderr]    Compiling tokio v1.53.1
[INFO] [stderr]    Compiling toolplane-core v0.1.0 (/opt/rustwide/workdir)
[INFO] [stderr]     Finished `release` profile [optimized] target(s) in 24.22s
[INFO] running `Command { std: "docker" "inspect" "f655eb8dcc8f7f4521466ee024d8a35e55aaaeae60d25b9800150305ff874987", kill_on_drop: false }`
[INFO] running `Command { std: "docker" "exec" "-e" "SOURCE_DIR=/opt/rustwide/workdir" "-e" "CARGO_HOME=/opt/rustwide/cargo-home" "-e" "RUSTUP_HOME=/opt/rustwide/rustup-home" "-e" "CARGO_TARGET_DIR=/opt/rustwide/target" "-e" "CARGO_INCREMENTAL=0" "-e" "RUST_BACKTRACE=full" "-e" "RUSTFLAGS=--cap-lints=warn" "-e" "RUSTDOCFLAGS=--cap-lints=warn" "-w" "/opt/rustwide/workdir" "--user" "0:0" "f655eb8dcc8f7f4521466ee024d8a35e55aaaeae60d25b9800150305ff874987" "/opt/rustwide/cargo-home/bin/cargo" "+1.100.0-beta.1" "test" "--frozen" "--release", kill_on_drop: false }`
[INFO] [stderr]     Finished `release` profile [optimized] target(s) in 0.07s
[INFO] [stderr]      Running unittests src/lib.rs (/opt/rustwide/target/release/build/toolplane-core/90540f13b222cdad/out/toolplane_core-90540f13b222cdad)
[INFO] [stdout] 
[INFO] [stdout] running 45 tests
[INFO] [stdout] test capability::tests::reading_data_and_reaching_the_outside_world_cannot_be_the_same_tool ... ignored, 等 external 接线
[INFO] [stdout] test declarative::tests::a_placeholder_with_no_argument_and_no_default_is_an_error_not_an_empty_string ... ok
[INFO] [stdout] test capability::tests::rewriting_the_model_without_a_scope_is_refused ... ok
[INFO] [stdout] test capability::tests::staging_only_defaults_to_true ... ok
[INFO] [stdout] test capability::tests::a_scoped_model_write_passes ... ok
[INFO] [stdout] test clearance::tests::an_unknown_role_is_refused ... ok
[INFO] [stdout] test declarative::tests::a_placeholder_falls_back_to_the_declared_default ... ok
[INFO] [stdout] test declarative::tests::the_tail_keeps_counting_from_the_top ... ok
[INFO] [stdout] test declarative::tests::the_platform_never_learns_the_word_pareto ... ok
[INFO] [stdout] test evidence::tests::a_real_query_backs_the_artifact ... ok
[INFO] [stdout] test manifest::tests::a_tool_that_does_not_say_what_it_asks_still_says_something ... ok
[INFO] [stdout] test evidence::tests::missing_is_not_zero ... ok
[INFO] [stdout] test evidence::tests::no_source_query_is_refused ... ok
[INFO] [stdout] test manifest::tests::a_manifest_without_writes_is_read_only ... ok
[INFO] [stdout] test capability::tests::a_capability_the_platform_knows_but_has_not_wired_is_refused ... ok
[INFO] [stdout] test rank::tests::a_market_too_small_for_cr4_does_not_get_a_cr4 ... ok
[INFO] [stdout] test rank::tests::all_zero_has_no_head ... ok
[INFO] [stdout] test rank::tests::bands_out_of_order_are_refused ... ok
[INFO] [stdout] test manifest::tests::asks_speaks_the_customers_language_not_the_methods ... ok
[INFO] [stdout] test capability::tests::seeing_the_shape_of_a_database_is_not_seeing_what_is_in_it ... ok
[INFO] [stdout] test rank::tests::no_data_is_not_an_unconcentrated_market ... ok
[INFO] [stdout] test rank::tests::the_head_and_the_tail_together_are_everything ... ok
[INFO] [stdout] test rank::tests::the_tail_keeps_counting_from_the_top ... ok
[INFO] [stdout] test capability::tests::data_write_is_refused_because_writing_is_a_different_capability ... ok
[INFO] [stdout] test rank::tests::the_threshold_decides_where_the_head_ends ... ok
[INFO] [stdout] test clearance::tests::the_manifest_caps_the_caller ... ok
[INFO] [stdout] test declarative::tests::a_tool_with_no_steps_is_refused_because_it_would_do_nothing ... ok
[INFO] [stdout] test rank::tests::unordered_input_is_sorted_first ... ok
[INFO] [stdout] test rank::tests::hhi_is_one_when_a_single_player_takes_everything ... ok
[INFO] [stdout] test registry::tests::a_tool_that_declared_data_gets_the_handle ... ok
[INFO] [stdout] test declarative::tests::a_literal_passes_through ... ok
[INFO] [stderr]      Running tests/pareto.rs (/opt/rustwide/target/release/build/toolplane-core/54f07caf0f341261/out/pareto-54f07caf0f341261)
[INFO] [stdout] test rank::tests::bands_that_do_not_cover_everything_are_refused ... ok
[INFO] [stdout] test capability::tests::the_wired_list_matches_what_call_actually_carries ... ok
[INFO] [stdout] test registry::tests::a_tool_that_never_declared_data_has_no_way_to_reach_it ... ok
[INFO] [stdout] test registry::tests::a_tool_whose_capabilities_do_not_add_up_never_enters_the_box ... ok
[INFO] [stdout] test registry::tests::declaring_a_capability_the_host_cannot_supply_is_the_hosts_problem_not_the_tools ... ok
[INFO] [stdout] test evidence::tests::a_flat_table_is_a_tree_of_depth_zero ... ok
[INFO] [stdout] test capability::tests::an_unknown_capability_is_refused_at_parse_not_ignored ... ok
[INFO] [stdout] test manifest::tests::evidence_defaults_to_required ... ok
[INFO] [stdout] test rank::tests::every_row_lands_in_some_band ... ok
[INFO] [stdout] test clearance::tests::the_caller_caps_the_tool ... ok
[INFO] [stdout] test declarative::tests::the_head_carries_a_share_the_receiver_could_not_have_computed ... ok
[INFO] [stdout] test registry::tests::two_tools_cannot_share_a_name ... ok
[INFO] [stdout] test runtime::tests::a_missing_input_without_a_default_dies ... ok
[INFO] [stdout] test runtime::tests::an_unknown_metric_dies_before_execution ... ok
[INFO] [stdout] 
[INFO] [stdout] test result: ok. 44 passed; 0 failed; 1 ignored; 0 measured; 0 filtered out; finished in 0.01s
[INFO] [stdout] 
[INFO] [stdout] 
[INFO] [stdout] running 2 tests
[INFO] [stdout] test a_full_pareto_run_goes_through_every_gate ... FAILED
[INFO] [stdout] test the_manifest_declares_a_read_only_tool_that_must_carry_evidence ... FAILED
[INFO] [stdout] 
[INFO] [stdout] failures:
[INFO] [stdout] 
[INFO] [stdout] ---- a_full_pareto_run_goes_through_every_gate stdout ----
[INFO] [stdout] 
[INFO] [stdout] thread 'a_full_pareto_run_goes_through_every_gate' (716) panicked at tests/pareto.rs:18:60:
[INFO] [stdout] 工具清单该在仓库根的 tools/ 下: Os { code: 2, kind: NotFound, message: "No such file or directory" }
[INFO] [stdout] stack backtrace:
[INFO] [stdout]    0:     0x5f343350ccf1 - <<std[617be2ca0a6fd877]::sys::backtrace::BacktraceLock>::print::DisplayBacktrace as core[a373ad73a504971]::fmt::Display>::fmt
[INFO] [stdout]    1:     0x5f34335217ba - core[a373ad73a504971]::fmt::write
[INFO] [stdout]    2:     0x5f3433510f0c - <alloc[2e1b2a31b91974c5]::vec::Vec<u8> as core[a373ad73a504971]::io::write::Write>::write_fmt
[INFO] [stdout]    3:     0x5f34334e8df6 - std[617be2ca0a6fd877]::panicking::default_hook::{closure#0}
[INFO] [stdout]    4:     0x5f3433505029 - std[617be2ca0a6fd877]::panicking::default_hook
[INFO] [stdout]    5:     0x5f3433485070 - test[aada8e7e76ba119b]::test_main_inner::{closure#0}
[INFO] [stdout]    6:     0x5f34335051e2 - std[617be2ca0a6fd877]::panicking::panic_with_hook
[INFO] [stdout]    7:     0x5f34334e8ea2 - std[617be2ca0a6fd877]::panicking::panic_handler::{closure#0}
[INFO] [stdout]    8:     0x5f34334e1a29 - std[617be2ca0a6fd877]::sys::backtrace::__rust_end_short_backtrace::<std[617be2ca0a6fd877]::panicking::panic_handler::{closure#0}, !>
[INFO] [stdout]    9:     0x5f34334e9aad - __rustc[ea4f61d10b84890b]::rust_begin_unwind
[INFO] [stdout]   10:     0x5f3433521eec - core[a373ad73a504971]::panicking::panic_fmt
[INFO] [stdout]   11:     0x5f3433521cc2 - core[a373ad73a504971]::result::unwrap_failed
[INFO] [stdout]   12:     0x5f3433472c55 - pareto[552e7f50ea3ceead]::load
[INFO] [stdout]   13:     0x5f3433474161 - <pareto[552e7f50ea3ceead]::a_full_pareto_run_goes_through_every_gate::{closure#0} as core[a373ad73a504971]::ops::function::FnOnce<()>>::call_once
[INFO] [stdout]   14:     0x5f34334784bb - test[aada8e7e76ba119b]::__rust_begin_short_backtrace::<core[a373ad73a504971]::result::Result<(), alloc[2e1b2a31b91974c5]::string::String>, fn() -> core[a373ad73a504971]::result::Result<(), alloc[2e1b2a31b91974c5]::string::String>>
[INFO] [stdout]   15:     0x5f3433485695 - test[aada8e7e76ba119b]::run_test::{closure#0}
[INFO] [stdout]   16:     0x5f343347ef84 - std[617be2ca0a6fd877]::sys::backtrace::__rust_begin_short_backtrace::<test[aada8e7e76ba119b]::run_test::{closure#1}, ()>
[INFO] [stdout]   17:     0x5f3433488722 - <std[617be2ca0a6fd877]::thread::lifecycle::spawn_unchecked<test[aada8e7e76ba119b]::run_test::{closure#1}, ()>::{closure#1} as core[a373ad73a504971]::ops::function::FnOnce<()>>::call_once::{shim:vtable#0}
[INFO] [stdout]   18:     0x5f343350c1ef - <std[617be2ca0a6fd877]::sys::thread::unix::Thread>::new::thread_start
[INFO] [stdout]   19:     0x77b3b3e8fdfa - <unknown>
[INFO] [stdout]   20:     0x77b3b3f233d4 - clone
[INFO] [stdout]   21:                0x0 - <unknown>
[INFO] [stdout] 
[INFO] [stdout] ---- the_manifest_declares_a_read_only_tool_that_must_carry_evidence stdout ----
[INFO] [stdout] 
[INFO] [stdout] thread 'the_manifest_declares_a_read_only_tool_that_must_carry_evidence' (717) panicked at tests/pareto.rs:18:60:
[INFO] [stdout] 工具清单该在仓库根的 tools/ 下: Os { code: 2, kind: NotFound, message: "No such file or directory" }
[INFO] [stdout] stack backtrace:
[INFO] [stdout]    0:     0x5f343350ccf1 - <<std[617be2ca0a6fd877]::sys::backtrace::BacktraceLock>::print::DisplayBacktrace as core[a373ad73a504971]::fmt::Display>::fmt
[INFO] [stdout]    1:     0x5f34335217ba - core[a373ad73a504971]::fmt::write
[INFO] [stdout]    2:     0x5f3433510f0c - <alloc[2e1b2a31b91974c5]::vec::Vec<u8> as core[a373ad73a504971]::io::write::Write>::write_fmt
[INFO] [stdout]    3:     0x5f34334e8df6 - std[617be2ca0a6fd877]::panicking::default_hook::{closure#0}
[INFO] [stdout]    4:     0x5f3433505029 - std[617be2ca0a6fd877]::panicking::default_hook
[INFO] [stdout]    5:     0x5f3433485070 - test[aada8e7e76ba119b]::test_main_inner::{closure#0}
[INFO] [stdout]    6:     0x5f34335051e2 - std[617be2ca0a6fd877]::panicking::panic_with_hook
[INFO] [stdout]    7:     0x5f34334e8ea2 - std[617be2ca0a6fd877]::panicking::panic_handler::{closure#0}
[INFO] [stdout]    8:     0x5f34334e1a29 - std[617be2ca0a6fd877]::sys::backtrace::__rust_end_short_backtrace::<std[617be2ca0a6fd877]::panicking::panic_handler::{closure#0}, !>
[INFO] [stdout]    9:     0x5f34334e9aad - __rustc[ea4f61d10b84890b]::rust_begin_unwind
[INFO] [stdout]   10:     0x5f3433521eec - core[a373ad73a504971]::panicking::panic_fmt
[INFO] [stdout]   11:     0x5f3433521cc2 - core[a373ad73a504971]::result::unwrap_failed
[INFO] [stdout]   12:     0x5f3433472c55 - pareto[552e7f50ea3ceead]::load
[INFO] [stdout]   13:     0x5f34334749a5 - <pareto[552e7f50ea3ceead]::the_manifest_declares_a_read_only_tool_that_must_carry_evidence::{closure#0} as core[a373ad73a504971]::ops::function::FnOnce<()>>::call_once
[INFO] [stdout]   14:     0x5f34334784bb - test[aada8e7e76ba119b]::__rust_begin_short_backtrace::<core[a373ad73a504971]::result::Result<(), alloc[2e1b2a31b91974c5]::string::String>, fn() -> core[a373ad73a504971]::result::Result<(), alloc[2e1b2a31b91974c5]::string::String>>
[INFO] [stdout]   15:     0x5f3433485695 - test[aada8e7e76ba119b]::run_test::{closure#0}
[INFO] [stdout]   16:     0x5f343347ef84 - std[617be2ca0a6fd877]::sys::backtrace::__rust_begin_short_backtrace::<test[aada8e7e76ba119b]::run_test::{closure#1}, ()>
[INFO] [stdout]   17:     0x5f3433488722 - <std[617be2ca0a6fd877]::thread::lifecycle::spawn_unchecked<test[aada8e7e76ba119b]::run_test::{closure#1}, ()>::{closure#1} as core[a373ad73a504971]::ops::function::FnOnce<()>>::call_once::{shim:vtable#0}
[INFO] [stdout]   18:     0x5f343350c1ef - <std[617be2ca0a6fd877]::sys::thread::unix::Thread>::new::thread_start
[INFO] [stdout]   19:     0x77b3b3e8fdfa - <unknown>
[INFO] [stdout]   20:     0x77b3b3f233d4 - clone
[INFO] [stdout]   21:                0x0 - <unknown>
[INFO] [stdout] 
[INFO] [stdout] 
[INFO] [stdout] failures:
[INFO] [stdout]     a_full_pareto_run_goes_through_every_gate
[INFO] [stdout]     the_manifest_declares_a_read_only_tool_that_must_carry_evidence
[INFO] [stdout] 
[INFO] [stdout] test result: FAILED. 0 passed; 2 failed; 0 ignored; 0 measured; 0 filtered out; finished in 0.00s
[INFO] [stdout] 
[INFO] [stderr] error: test failed, to rerun pass `--test pareto`
[INFO] running `Command { std: "docker" "inspect" "f655eb8dcc8f7f4521466ee024d8a35e55aaaeae60d25b9800150305ff874987", kill_on_drop: false }`
[INFO] running `Command { std: "docker" "rm" "-f" "f655eb8dcc8f7f4521466ee024d8a35e55aaaeae60d25b9800150305ff874987", kill_on_drop: false }`
[INFO] [stdout] f655eb8dcc8f7f4521466ee024d8a35e55aaaeae60d25b9800150305ff874987
