[INFO] fetching crate ton_smart_contract_address 0.0.4...
[INFO] testing ton_smart_contract_address-0.0.4 against 1.100.0-beta.1+cargoflags=--release for beta-release-1.100-2
[INFO] extracting crate ton_smart_contract_address 0.0.4 into /workspace/builds/worker-7-tc2/source
[INFO] started tweaking crates.io crate ton_smart_contract_address 0.0.4
[INFO] finished tweaking crates.io crate ton_smart_contract_address 0.0.4
[INFO] tweaked toml for crates.io crate ton_smart_contract_address 0.0.4 written to /workspace/builds/worker-7-tc2/source/Cargo.toml
[INFO] validating manifest of crates.io crate ton_smart_contract_address 0.0.4 on toolchain 1.100.0-beta.1
[INFO] running `Command { std: CARGO_HOME="/workspace/cargo-home" RUSTUP_HOME="/workspace/rustup-home" "/workspace/cargo-home/bin/cargo" "+1.100.0-beta.1" "metadata" "--manifest-path" "Cargo.toml" "--no-deps", kill_on_drop: false }`
[INFO] running `Command { std: CARGO_HOME="/workspace/cargo-home" RUSTUP_HOME="/workspace/rustup-home" "/workspace/cargo-home/bin/cargo" "+1.100.0-beta.1" "generate-lockfile" "--manifest-path" "Cargo.toml", kill_on_drop: false }`
[INFO] [stderr]     Updating crates.io index
[INFO] [stderr]      Locking 2 packages to highest compatible versions
[INFO] [stderr]       Adding base64 v0.20.0 (available: v0.23.1)
[INFO] running `Command { std: CARGO_HOME="/workspace/cargo-home" RUSTUP_HOME="/workspace/rustup-home" "/workspace/cargo-home/bin/cargo" "+1.100.0-beta.1" "fetch" "--manifest-path" "Cargo.toml", kill_on_drop: false }`
[INFO] [stderr] warning: `package.homepage` is redundant with `package.repository`
[INFO] [stderr]   --> Cargo.toml:13:12
[INFO] [stderr]    |
[INFO] [stderr] 13 | homepage = "https://gitlab.com/nosensedev/tonsmartcontractaddress"
[INFO] [stderr]    |            ^^^^^^^^^^^^^^^^^^^^^^^^^^^^^^^^^^^^^^^^^^^^^^^^^^^^^^^
[INFO] [stderr] ...
[INFO] [stderr] 18 | repository = "https://gitlab.com/nosensedev/tonsmartcontractaddress"
[INFO] [stderr]    |              -------------------------------------------------------
[INFO] [stderr]    |
[INFO] [stderr]    = note: `cargo::redundant_homepage` is set to `warn` by default
[INFO] [stderr] help: consider removing `package.homepage`
[INFO] [stderr] warning: `ton_smart_contract_address` (manifest) generated 1 warning
[INFO] running `Command { std: "docker" "create" "-v" "/var/lib/crater-agent-workspace/builds/worker-7-tc2/source:/opt/rustwide/workdir:ro,Z" "-v" "/var/lib/crater-agent-workspace/builds/worker-7-tc2/target:/opt/rustwide/target:rw,Z" "-v" "/var/lib/crater-agent-workspace/cargo-home:/opt/rustwide/cargo-home:ro,Z" "-v" "/var/lib/crater-agent-workspace/rustup-home:/opt/rustwide/rustup-home:ro,Z" "-m" "1610612736" "--network" "none" "ghcr.io/rust-lang/crates-build-env/linux@sha256:77db811e55d90add9212f6832c23229e3de5f1c1f9905e8cb07319ea15df73ac" "sleep" "infinity", kill_on_drop: false }`
[INFO] [stdout] 99d61511388d96d1314f0d74085a75143c5fb41ce9735a1fce07fe9e5b29816f
[INFO] running `Command { std: "docker" "start" "99d61511388d96d1314f0d74085a75143c5fb41ce9735a1fce07fe9e5b29816f", kill_on_drop: false }`
[INFO] running `Command { std: "docker" "inspect" "99d61511388d96d1314f0d74085a75143c5fb41ce9735a1fce07fe9e5b29816f", kill_on_drop: false }`
[INFO] running `Command { std: "docker" "exec" "-e" "SOURCE_DIR=/opt/rustwide/workdir" "-e" "CARGO_HOME=/opt/rustwide/cargo-home" "-e" "RUSTUP_HOME=/opt/rustwide/rustup-home" "-e" "CARGO_TARGET_DIR=/opt/rustwide/target" "-w" "/opt/rustwide/workdir" "--user" "0:0" "99d61511388d96d1314f0d74085a75143c5fb41ce9735a1fce07fe9e5b29816f" "/opt/rustwide/cargo-home/bin/cargo" "+1.100.0-beta.1" "metadata" "--no-deps" "--format-version=1", kill_on_drop: false }`
[INFO] running `Command { std: "docker" "inspect" "99d61511388d96d1314f0d74085a75143c5fb41ce9735a1fce07fe9e5b29816f", kill_on_drop: false }`
[INFO] running `Command { std: "docker" "exec" "-e" "SOURCE_DIR=/opt/rustwide/workdir" "-e" "CARGO_HOME=/opt/rustwide/cargo-home" "-e" "RUSTUP_HOME=/opt/rustwide/rustup-home" "-e" "CARGO_TARGET_DIR=/opt/rustwide/target" "-e" "CARGO_INCREMENTAL=0" "-e" "RUST_BACKTRACE=full" "-e" "RUSTFLAGS=--cap-lints=warn" "-e" "RUSTDOCFLAGS=--cap-lints=warn" "-w" "/opt/rustwide/workdir" "--user" "0:0" "99d61511388d96d1314f0d74085a75143c5fb41ce9735a1fce07fe9e5b29816f" "/opt/rustwide/cargo-home/bin/cargo" "+1.100.0-beta.1" "build" "--frozen" "--message-format=json" "--release", kill_on_drop: false }`
[INFO] [stderr] warning: `package.homepage` is redundant with `package.repository`
[INFO] [stderr]   --> Cargo.toml:13:12
[INFO] [stderr]    |
[INFO] [stderr] 13 | homepage = "https://gitlab.com/nosensedev/tonsmartcontractaddress"
[INFO] [stderr]    |            ^^^^^^^^^^^^^^^^^^^^^^^^^^^^^^^^^^^^^^^^^^^^^^^^^^^^^^^
[INFO] [stderr] ...
[INFO] [stderr] 18 | repository = "https://gitlab.com/nosensedev/tonsmartcontractaddress"
[INFO] [stderr]    |              -------------------------------------------------------
[INFO] [stderr]    |
[INFO] [stderr]    = note: `cargo::redundant_homepage` is set to `warn` by default
[INFO] [stderr] help: consider removing `package.homepage`
[INFO] [stderr] warning: `ton_smart_contract_address` (manifest) generated 1 warning
[INFO] [stderr]    Compiling crc16 v0.4.0
[INFO] [stderr]    Compiling base64 v0.20.0
[INFO] [stderr]    Compiling ton_smart_contract_address v0.0.4 (/opt/rustwide/workdir)
[INFO] [stdout] warning: unnecessary transmute
[INFO] [stdout]    --> src/lib.rs:308:27
[INFO] [stdout]     |
[INFO] [stdout] 308 |         bytes.push(unsafe{transmute(workchain_id)});
[INFO] [stdout]     |                           ^^^^^^^^^^^^^^^^^^^^^^^
[INFO] [stdout]     |
[INFO] [stdout]     = note: `#[warn(unnecessary_transmutes)]` on by default
[INFO] [stdout] help: replace this with
[INFO] [stdout]     |
[INFO] [stdout] 308 -         bytes.push(unsafe{transmute(workchain_id)});
[INFO] [stdout] 308 +         bytes.push(unsafe{i8::cast_unsigned(workchain_id)});
[INFO] [stdout]     |
[INFO] [stdout] 
[INFO] [stdout] 
[INFO] [stdout] warning: unnecessary transmute
[INFO] [stdout]    --> src/lib.rs:766:27
[INFO] [stdout]     |
[INFO] [stdout] 766 |         bytes.push(unsafe{transmute(workchain_id)});
[INFO] [stdout]     |                           ^^^^^^^^^^^^^^^^^^^^^^^
[INFO] [stdout]     |
[INFO] [stdout] help: replace this with
[INFO] [stdout]     |
[INFO] [stdout] 766 -         bytes.push(unsafe{transmute(workchain_id)});
[INFO] [stdout] 766 +         bytes.push(unsafe{i8::cast_unsigned(workchain_id)});
[INFO] [stdout]     |
[INFO] [stdout] 
[INFO] [stdout] 
[INFO] [stderr]     Finished `release` profile [optimized] target(s) in 1.13s
[INFO] running `Command { std: "docker" "inspect" "99d61511388d96d1314f0d74085a75143c5fb41ce9735a1fce07fe9e5b29816f", kill_on_drop: false }`
[INFO] running `Command { std: "docker" "exec" "-e" "SOURCE_DIR=/opt/rustwide/workdir" "-e" "CARGO_HOME=/opt/rustwide/cargo-home" "-e" "RUSTUP_HOME=/opt/rustwide/rustup-home" "-e" "CARGO_TARGET_DIR=/opt/rustwide/target" "-e" "CARGO_INCREMENTAL=0" "-e" "RUST_BACKTRACE=full" "-e" "RUSTFLAGS=--cap-lints=warn" "-e" "RUSTDOCFLAGS=--cap-lints=warn" "-w" "/opt/rustwide/workdir" "--user" "0:0" "99d61511388d96d1314f0d74085a75143c5fb41ce9735a1fce07fe9e5b29816f" "/opt/rustwide/cargo-home/bin/cargo" "+1.100.0-beta.1" "test" "--frozen" "--no-run" "--message-format=json" "--release", kill_on_drop: false }`
[INFO] [stderr] warning: `package.homepage` is redundant with `package.repository`
[INFO] [stderr]   --> Cargo.toml:13:12
[INFO] [stderr]    |
[INFO] [stderr] 13 | homepage = "https://gitlab.com/nosensedev/tonsmartcontractaddress"
[INFO] [stderr]    |            ^^^^^^^^^^^^^^^^^^^^^^^^^^^^^^^^^^^^^^^^^^^^^^^^^^^^^^^
[INFO] [stderr] ...
[INFO] [stderr] 18 | repository = "https://gitlab.com/nosensedev/tonsmartcontractaddress"
[INFO] [stderr]    |              -------------------------------------------------------
[INFO] [stderr]    |
[INFO] [stderr]    = note: `cargo::redundant_homepage` is set to `warn` by default
[INFO] [stderr] help: consider removing `package.homepage`
[INFO] [stderr] warning: `ton_smart_contract_address` (manifest) generated 1 warning
[INFO] [stderr]    Compiling ton_smart_contract_address v0.0.4 (/opt/rustwide/workdir)
[INFO] [stdout] warning: unnecessary transmute
[INFO] [stdout]    --> src/lib.rs:308:27
[INFO] [stdout]     |
[INFO] [stdout] 308 |         bytes.push(unsafe{transmute(workchain_id)});
[INFO] [stdout]     |                           ^^^^^^^^^^^^^^^^^^^^^^^
[INFO] [stdout]     |
[INFO] [stdout]     = note: `#[warn(unnecessary_transmutes)]` on by default
[INFO] [stdout] help: replace this with
[INFO] [stdout]     |
[INFO] [stdout] 308 -         bytes.push(unsafe{transmute(workchain_id)});
[INFO] [stdout] 308 +         bytes.push(unsafe{i8::cast_unsigned(workchain_id)});
[INFO] [stdout]     |
[INFO] [stdout] 
[INFO] [stdout] 
[INFO] [stdout] warning: unnecessary transmute
[INFO] [stdout]    --> src/lib.rs:766:27
[INFO] [stdout]     |
[INFO] [stdout] 766 |         bytes.push(unsafe{transmute(workchain_id)});
[INFO] [stdout]     |                           ^^^^^^^^^^^^^^^^^^^^^^^
[INFO] [stdout]     |
[INFO] [stdout] help: replace this with
[INFO] [stdout]     |
[INFO] [stdout] 766 -         bytes.push(unsafe{transmute(workchain_id)});
[INFO] [stdout] 766 +         bytes.push(unsafe{i8::cast_unsigned(workchain_id)});
[INFO] [stdout]     |
[INFO] [stdout] 
[INFO] [stdout] 
[INFO] [stdout] warning: unnecessary transmute
[INFO] [stdout]    --> src/lib.rs:308:27
[INFO] [stdout]     |
[INFO] [stdout] 308 |         bytes.push(unsafe{transmute(workchain_id)});
[INFO] [stdout]     |                           ^^^^^^^^^^^^^^^^^^^^^^^
[INFO] [stdout]     |
[INFO] [stdout]     = note: `#[warn(unnecessary_transmutes)]` on by default
[INFO] [stdout] help: replace this with
[INFO] [stdout]     |
[INFO] [stdout] 308 -         bytes.push(unsafe{transmute(workchain_id)});
[INFO] [stdout] 308 +         bytes.push(unsafe{i8::cast_unsigned(workchain_id)});
[INFO] [stdout]     |
[INFO] [stdout] 
[INFO] [stdout] 
[INFO] [stdout] warning: unnecessary transmute
[INFO] [stdout]    --> src/lib.rs:766:27
[INFO] [stdout]     |
[INFO] [stdout] 766 |         bytes.push(unsafe{transmute(workchain_id)});
[INFO] [stdout]     |                           ^^^^^^^^^^^^^^^^^^^^^^^
[INFO] [stdout]     |
[INFO] [stdout] help: replace this with
[INFO] [stdout]     |
[INFO] [stdout] 766 -         bytes.push(unsafe{transmute(workchain_id)});
[INFO] [stdout] 766 +         bytes.push(unsafe{i8::cast_unsigned(workchain_id)});
[INFO] [stdout]     |
[INFO] [stdout] 
[INFO] [stdout] 
[INFO] [stderr]     Finished `release` profile [optimized] target(s) in 0.74s
[INFO] running `Command { std: "docker" "inspect" "99d61511388d96d1314f0d74085a75143c5fb41ce9735a1fce07fe9e5b29816f", kill_on_drop: false }`
[INFO] running `Command { std: "docker" "exec" "-e" "SOURCE_DIR=/opt/rustwide/workdir" "-e" "CARGO_HOME=/opt/rustwide/cargo-home" "-e" "RUSTUP_HOME=/opt/rustwide/rustup-home" "-e" "CARGO_TARGET_DIR=/opt/rustwide/target" "-e" "CARGO_INCREMENTAL=0" "-e" "RUST_BACKTRACE=full" "-e" "RUSTFLAGS=--cap-lints=warn" "-e" "RUSTDOCFLAGS=--cap-lints=warn" "-w" "/opt/rustwide/workdir" "--user" "0:0" "99d61511388d96d1314f0d74085a75143c5fb41ce9735a1fce07fe9e5b29816f" "/opt/rustwide/cargo-home/bin/cargo" "+1.100.0-beta.1" "test" "--frozen" "--release", kill_on_drop: false }`
[INFO] [stderr] warning: `package.homepage` is redundant with `package.repository`
[INFO] [stderr]   --> Cargo.toml:13:12
[INFO] [stderr]    |
[INFO] [stderr] 13 | homepage = "https://gitlab.com/nosensedev/tonsmartcontractaddress"
[INFO] [stderr]    |            ^^^^^^^^^^^^^^^^^^^^^^^^^^^^^^^^^^^^^^^^^^^^^^^^^^^^^^^
[INFO] [stderr] ...
[INFO] [stderr] 18 | repository = "https://gitlab.com/nosensedev/tonsmartcontractaddress"
[INFO] [stderr]    |              -------------------------------------------------------
[INFO] [stderr]    |
[INFO] [stderr]    = note: `cargo::redundant_homepage` is set to `warn` by default
[INFO] [stderr] help: consider removing `package.homepage`
[INFO] [stderr] warning: `ton_smart_contract_address` (manifest) generated 1 warning
[INFO] [stderr] warning: unnecessary transmute
[INFO] [stderr]    --> src/lib.rs:308:27
[INFO] [stderr]     |
[INFO] [stderr] 308 |         bytes.push(unsafe{transmute(workchain_id)});
[INFO] [stderr]     |                           ^^^^^^^^^^^^^^^^^^^^^^^
[INFO] [stderr]     |
[INFO] [stderr]     = note: `#[warn(unnecessary_transmutes)]` on by default
[INFO] [stderr] help: replace this with
[INFO] [stderr]     |
[INFO] [stderr] 308 -         bytes.push(unsafe{transmute(workchain_id)});
[INFO] [stderr] 308 +         bytes.push(unsafe{i8::cast_unsigned(workchain_id)});
[INFO] [stderr]     |
[INFO] [stderr] 
[INFO] [stderr] warning: unnecessary transmute
[INFO] [stderr]    --> src/lib.rs:766:27
[INFO] [stderr]     |
[INFO] [stderr] 766 |         bytes.push(unsafe{transmute(workchain_id)});
[INFO] [stderr]     |                           ^^^^^^^^^^^^^^^^^^^^^^^
[INFO] [stderr]     |
[INFO] [stderr] help: replace this with
[INFO] [stderr]     |
[INFO] [stderr] 766 -         bytes.push(unsafe{transmute(workchain_id)});
[INFO] [stderr] 766 +         bytes.push(unsafe{i8::cast_unsigned(workchain_id)});
[INFO] [stderr]     |
[INFO] [stderr] 
[INFO] [stderr] warning: `ton_smart_contract_address` (lib) generated 2 warnings (run `cargo fix --lib -p ton_smart_contract_address` to apply 2 suggestions)
[INFO] [stderr] warning: `ton_smart_contract_address` (lib test) generated 2 warnings (2 duplicates)
[INFO] [stderr]     Finished `release` profile [optimized] target(s) in 0.04s
[INFO] [stderr]      Running unittests src/lib.rs (/opt/rustwide/target/release/build/ton_smart_contract_address/19be8f4aeaf8bafd/out/ton_smart_contract_address-19be8f4aeaf8bafd)
[INFO] [stdout] 
[INFO] [stdout] running 18 tests
[INFO] [stdout] test test_flag2 ... ok
[INFO] [stdout] test test_raw4 ... ok
[INFO] [stdout] test test_raw2 ... ok
[INFO] [stdout] test test_raw1 ... ok
[INFO] [stdout] test test_user3 ... ok
[INFO] [stdout] test test_raw3 ... ok
[INFO] [stdout] test test_raw5 ... ok
[INFO] [stdout] test test_flag1 ... FAILED
[INFO] [stdout] test test_workchain2 ... ok
[INFO] [stdout] test test_raw6 ... ok
[INFO] [stdout] test test_workchain1 ... ok
[INFO] [stdout] test test_user4 ... ok
[INFO] [stdout] test test_raw7 ... ok
[INFO] [stdout] test test_user1 ... ok
[INFO] [stdout] test test_user5 ... FAILED
[INFO] [stdout] test test_flag3 ... ok
[INFO] [stdout] test test_user2 ... ok
[INFO] [stdout] test test_workchain3 ... ok
[INFO] [stdout] 
[INFO] [stdout] failures:
[INFO] [stdout] 
[INFO] [stdout] ---- test_flag1 stdout ----
[INFO] [stdout] 
[INFO] [stdout] thread 'test_flag1' (194) panicked at src/lib.rs:72:5:
[INFO] [stdout] assertion `left == right` failed
[INFO] [stdout]   left: Else
[INFO] [stdout]  right: NonBounceable
[INFO] [stdout] stack backtrace:
[INFO] [stdout]    0:     0x57255d6b8021 - <<std[617be2ca0a6fd877]::sys::backtrace::BacktraceLock>::print::DisplayBacktrace as core[a373ad73a504971]::fmt::Display>::fmt
[INFO] [stdout]    1:     0x57255d6cbfea - core[a373ad73a504971]::fmt::write
[INFO] [stdout]    2:     0x57255d6bc23c - <alloc[2e1b2a31b91974c5]::vec::Vec<u8> as core[a373ad73a504971]::io::write::Write>::write_fmt
[INFO] [stdout]    3:     0x57255d694486 - std[617be2ca0a6fd877]::panicking::default_hook::{closure#0}
[INFO] [stdout]    4:     0x57255d6b06b9 - std[617be2ca0a6fd877]::panicking::default_hook
[INFO] [stdout]    5:     0x57255d64b610 - test[aada8e7e76ba119b]::test_main_inner::{closure#0}
[INFO] [stdout]    6:     0x57255d6b0872 - std[617be2ca0a6fd877]::panicking::panic_with_hook
[INFO] [stdout]    7:     0x57255d694532 - std[617be2ca0a6fd877]::panicking::panic_handler::{closure#0}
[INFO] [stdout]    8:     0x57255d68d249 - std[617be2ca0a6fd877]::sys::backtrace::__rust_end_short_backtrace::<std[617be2ca0a6fd877]::panicking::panic_handler::{closure#0}, !>
[INFO] [stdout]    9:     0x57255d69513d - __rustc[ea4f61d10b84890b]::rust_begin_unwind
[INFO] [stdout]   10:     0x57255d6cc71c - core[a373ad73a504971]::panicking::panic_fmt
[INFO] [stdout]   11:     0x57255d6cc633 - core[a373ad73a504971]::panicking::assert_failed_inner
[INFO] [stdout]   12:     0x57255d63b652 - core[a373ad73a504971]::panicking::assert_failed::<ton_smart_contract_address[4b6e4156663d42a6]::UserFriendlyFlag, ton_smart_contract_address[4b6e4156663d42a6]::UserFriendlyFlag>
[INFO] [stdout]   13:     0x57255d63bd3f - ton_smart_contract_address[4b6e4156663d42a6]::test_flag1
[INFO] [stdout]   14:     0x57255d63d4f9 - <ton_smart_contract_address[4b6e4156663d42a6]::test_flag1::{closure#0} as core[a373ad73a504971]::ops::function::FnOnce<()>>::call_once
[INFO] [stdout]   15:     0x57255d63ea5b - test[aada8e7e76ba119b]::__rust_begin_short_backtrace::<core[a373ad73a504971]::result::Result<(), alloc[2e1b2a31b91974c5]::string::String>, fn() -> core[a373ad73a504971]::result::Result<(), alloc[2e1b2a31b91974c5]::string::String>>
[INFO] [stdout]   16:     0x57255d64bc35 - test[aada8e7e76ba119b]::run_test::{closure#0}
[INFO] [stdout]   17:     0x57255d645524 - std[617be2ca0a6fd877]::sys::backtrace::__rust_begin_short_backtrace::<test[aada8e7e76ba119b]::run_test::{closure#1}, ()>
[INFO] [stdout]   18:     0x57255d64ecc2 - <std[617be2ca0a6fd877]::thread::lifecycle::spawn_unchecked<test[aada8e7e76ba119b]::run_test::{closure#1}, ()>::{closure#1} as core[a373ad73a504971]::ops::function::FnOnce<()>>::call_once::{shim:vtable#0}
[INFO] [stdout]   19:     0x57255d6b787f - <std[617be2ca0a6fd877]::sys::thread::unix::Thread>::new::thread_start
[INFO] [stdout]   20:     0x7d7cc3c64dfa - <unknown>
[INFO] [stdout]   21:     0x7d7cc3cf83d4 - clone
[INFO] [stdout]   22:                0x0 - <unknown>
[INFO] [stdout] 
[INFO] [stdout] ---- test_user5 stdout ----
[INFO] [stdout] 
[INFO] [stdout] thread 'test_user5' (208) panicked at src/lib.rs:986:64:
[INFO] [stdout] Out of bounds
[INFO] [stdout] stack backtrace:
[INFO] [stdout]    0:     0x57255d6b8021 - <<std[617be2ca0a6fd877]::sys::backtrace::BacktraceLock>::print::DisplayBacktrace as core[a373ad73a504971]::fmt::Display>::fmt
[INFO] [stdout]    1:     0x57255d6cbfea - core[a373ad73a504971]::fmt::write
[INFO] [stdout]    2:     0x57255d6bc23c - <alloc[2e1b2a31b91974c5]::vec::Vec<u8> as core[a373ad73a504971]::io::write::Write>::write_fmt
[INFO] [stdout]    3:     0x57255d694486 - std[617be2ca0a6fd877]::panicking::default_hook::{closure#0}
[INFO] [stdout]    4:     0x57255d6b06b9 - std[617be2ca0a6fd877]::panicking::default_hook
[INFO] [stdout]    5:     0x57255d64b610 - test[aada8e7e76ba119b]::test_main_inner::{closure#0}
[INFO] [stdout]    6:     0x57255d6b0872 - std[617be2ca0a6fd877]::panicking::panic_with_hook
[INFO] [stdout]    7:     0x57255d694532 - std[617be2ca0a6fd877]::panicking::panic_handler::{closure#0}
[INFO] [stdout]    8:     0x57255d68d249 - std[617be2ca0a6fd877]::sys::backtrace::__rust_end_short_backtrace::<std[617be2ca0a6fd877]::panicking::panic_handler::{closure#0}, !>
[INFO] [stdout]    9:     0x57255d69513d - __rustc[ea4f61d10b84890b]::rust_begin_unwind
[INFO] [stdout]   10:     0x57255d6cc71c - core[a373ad73a504971]::panicking::panic_fmt
[INFO] [stdout]   11:     0x57255d6cc474 - core[a373ad73a504971]::option::expect_failed
[INFO] [stdout]   12:     0x57255d63bdc4 - ton_smart_contract_address[4b6e4156663d42a6]::test_user5
[INFO] [stdout]   13:     0x57255d63def6 - <ton_smart_contract_address[4b6e4156663d42a6]::test_user5::{closure#0} as core[a373ad73a504971]::ops::function::FnOnce<()>>::call_once
[INFO] [stdout]   14:     0x57255d63ea5b - test[aada8e7e76ba119b]::__rust_begin_short_backtrace::<core[a373ad73a504971]::result::Result<(), alloc[2e1b2a31b91974c5]::string::String>, fn() -> core[a373ad73a504971]::result::Result<(), alloc[2e1b2a31b91974c5]::string::String>>
[INFO] [stdout]   15:     0x57255d64bc35 - test[aada8e7e76ba119b]::run_test::{closure#0}
[INFO] [stdout]   16:     0x57255d645524 - std[617be2ca0a6fd877]::sys::backtrace::__rust_begin_short_backtrace::<test[aada8e7e76ba119b]::run_test::{closure#1}, ()>
[INFO] [stdout]   17:     0x57255d64ecc2 - <std[617be2ca0a6fd877]::thread::lifecycle::spawn_unchecked<test[aada8e7e76ba119b]::run_test::{closure#1}, ()>::{closure#1} as core[a373ad73a504971]::ops::function::FnOnce<()>>::call_once::{shim:vtable#0}
[INFO] [stdout]   18:     0x57255d6b787f - <std[617be2ca0a6fd877]::sys::thread::unix::Thread>::new::thread_start
[INFO] [stdout]   19:     0x7d7cc3c64dfa - <unknown>
[INFO] [stdout]   20:     0x7d7cc3cf83d4 - clone
[INFO] [stdout]   21:                0x0 - <unknown>
[INFO] [stdout] 
[INFO] [stdout] 
[INFO] [stdout] failures:
[INFO] [stdout]     test_flag1
[INFO] [stdout]     test_user5
[INFO] [stdout] 
[INFO] [stdout] test result: FAILED. 16 passed; 2 failed; 0 ignored; 0 measured; 0 filtered out; finished in 0.01s
[INFO] [stdout] 
[INFO] [stderr] error: test failed, to rerun pass `--lib`
[INFO] running `Command { std: "docker" "inspect" "99d61511388d96d1314f0d74085a75143c5fb41ce9735a1fce07fe9e5b29816f", kill_on_drop: false }`
[INFO] running `Command { std: "docker" "rm" "-f" "99d61511388d96d1314f0d74085a75143c5fb41ce9735a1fce07fe9e5b29816f", kill_on_drop: false }`
[INFO] [stdout] 99d61511388d96d1314f0d74085a75143c5fb41ce9735a1fce07fe9e5b29816f
