[INFO] fetching crate tomli 0.5.0...
[INFO] testing tomli-0.5.0 against 1.100.0-beta.1+cargoflags=--release for beta-release-1.100-2
[INFO] extracting crate tomli 0.5.0 into /workspace/builds/worker-2-tc2/source
[INFO] started tweaking crates.io crate tomli 0.5.0
[INFO] removed 0 missing tests
[INFO] finished tweaking crates.io crate tomli 0.5.0
[INFO] tweaked toml for crates.io crate tomli 0.5.0 written to /workspace/builds/worker-2-tc2/source/Cargo.toml
[INFO] validating manifest of crates.io crate tomli 0.5.0 on toolchain 1.100.0-beta.1
[INFO] running `Command { std: CARGO_HOME="/workspace/cargo-home" RUSTUP_HOME="/workspace/rustup-home" "/workspace/cargo-home/bin/cargo" "+1.100.0-beta.1" "metadata" "--manifest-path" "Cargo.toml" "--no-deps", kill_on_drop: false }`
[INFO] crate crates.io crate tomli 0.5.0 already has a lockfile, it will not be regenerated
[INFO] running `Command { std: CARGO_HOME="/workspace/cargo-home" RUSTUP_HOME="/workspace/rustup-home" "/workspace/cargo-home/bin/cargo" "+1.100.0-beta.1" "fetch" "--manifest-path" "Cargo.toml", kill_on_drop: false }`
[INFO] running `Command { std: "docker" "create" "-v" "/var/lib/crater-agent-workspace/builds/worker-2-tc2/source:/opt/rustwide/workdir:ro,Z" "-v" "/var/lib/crater-agent-workspace/builds/worker-2-tc2/target:/opt/rustwide/target:rw,Z" "-v" "/var/lib/crater-agent-workspace/cargo-home:/opt/rustwide/cargo-home:ro,Z" "-v" "/var/lib/crater-agent-workspace/rustup-home:/opt/rustwide/rustup-home:ro,Z" "-m" "1610612736" "--network" "none" "ghcr.io/rust-lang/crates-build-env/linux@sha256:77db811e55d90add9212f6832c23229e3de5f1c1f9905e8cb07319ea15df73ac" "sleep" "infinity", kill_on_drop: false }`
[INFO] [stdout] cc2a29067e8196f34cd6769fb9ca36c7097ba7684c3d809e0db072b092098107
[INFO] running `Command { std: "docker" "start" "cc2a29067e8196f34cd6769fb9ca36c7097ba7684c3d809e0db072b092098107", kill_on_drop: false }`
[INFO] running `Command { std: "docker" "inspect" "cc2a29067e8196f34cd6769fb9ca36c7097ba7684c3d809e0db072b092098107", kill_on_drop: false }`
[INFO] running `Command { std: "docker" "exec" "-e" "SOURCE_DIR=/opt/rustwide/workdir" "-e" "CARGO_HOME=/opt/rustwide/cargo-home" "-e" "RUSTUP_HOME=/opt/rustwide/rustup-home" "-e" "CARGO_TARGET_DIR=/opt/rustwide/target" "-w" "/opt/rustwide/workdir" "--user" "0:0" "cc2a29067e8196f34cd6769fb9ca36c7097ba7684c3d809e0db072b092098107" "/opt/rustwide/cargo-home/bin/cargo" "+1.100.0-beta.1" "metadata" "--no-deps" "--format-version=1", kill_on_drop: false }`
[INFO] running `Command { std: "docker" "inspect" "cc2a29067e8196f34cd6769fb9ca36c7097ba7684c3d809e0db072b092098107", kill_on_drop: false }`
[INFO] running `Command { std: "docker" "exec" "-e" "SOURCE_DIR=/opt/rustwide/workdir" "-e" "CARGO_HOME=/opt/rustwide/cargo-home" "-e" "RUSTUP_HOME=/opt/rustwide/rustup-home" "-e" "CARGO_TARGET_DIR=/opt/rustwide/target" "-e" "CARGO_INCREMENTAL=0" "-e" "RUST_BACKTRACE=full" "-e" "RUSTFLAGS=--cap-lints=warn" "-e" "RUSTDOCFLAGS=--cap-lints=warn" "-w" "/opt/rustwide/workdir" "--user" "0:0" "cc2a29067e8196f34cd6769fb9ca36c7097ba7684c3d809e0db072b092098107" "/opt/rustwide/cargo-home/bin/cargo" "+1.100.0-beta.1" "build" "--frozen" "--message-format=json" "--release", kill_on_drop: false }`
[INFO] [stderr]    Compiling proc-macro2 v1.0.101
[INFO] [stderr]    Compiling unicode-ident v1.0.19
[INFO] [stderr]    Compiling anstyle v1.0.11
[INFO] [stderr]    Compiling anstyle-query v1.1.4
[INFO] [stderr]    Compiling colorchoice v1.0.4
[INFO] [stderr]    Compiling is_terminal_polyfill v1.70.1
[INFO] [stderr]    Compiling hashbrown v0.16.0
[INFO] [stderr]    Compiling winnow v0.7.13
[INFO] [stderr]    Compiling thiserror v2.0.16
[INFO] [stderr]    Compiling clap_lex v0.7.5
[INFO] [stderr]    Compiling toml_datetime v0.7.2
[INFO] [stderr]    Compiling toml_writer v1.0.3
[INFO] [stderr]    Compiling anstyle-parse v0.2.7
[INFO] [stderr]    Compiling anstream v0.6.20
[INFO] [stderr]    Compiling clap_builder v4.5.48
[INFO] [stderr]    Compiling quote v1.0.40
[INFO] [stderr]    Compiling indexmap v2.11.4
[INFO] [stderr]    Compiling syn v2.0.106
[INFO] [stderr]    Compiling toml_parser v1.0.3
[INFO] [stderr]    Compiling toml_edit v0.23.6
[INFO] [stderr]    Compiling clap_derive v4.5.47
[INFO] [stderr]    Compiling thiserror-impl v2.0.16
[INFO] [stderr]    Compiling clap v4.5.48
[INFO] [stderr]    Compiling tomli v0.5.0 (/opt/rustwide/workdir)
[INFO] [stderr]     Finished `release` profile [optimized] target(s) in 20.80s
[INFO] running `Command { std: "docker" "inspect" "cc2a29067e8196f34cd6769fb9ca36c7097ba7684c3d809e0db072b092098107", kill_on_drop: false }`
[INFO] running `Command { std: "docker" "exec" "-e" "SOURCE_DIR=/opt/rustwide/workdir" "-e" "CARGO_HOME=/opt/rustwide/cargo-home" "-e" "RUSTUP_HOME=/opt/rustwide/rustup-home" "-e" "CARGO_TARGET_DIR=/opt/rustwide/target" "-e" "CARGO_INCREMENTAL=0" "-e" "RUST_BACKTRACE=full" "-e" "RUSTFLAGS=--cap-lints=warn" "-e" "RUSTDOCFLAGS=--cap-lints=warn" "-w" "/opt/rustwide/workdir" "--user" "0:0" "cc2a29067e8196f34cd6769fb9ca36c7097ba7684c3d809e0db072b092098107" "/opt/rustwide/cargo-home/bin/cargo" "+1.100.0-beta.1" "test" "--frozen" "--no-run" "--message-format=json" "--release", kill_on_drop: false }`
[INFO] [stderr]    Compiling libc v0.2.175
[INFO] [stderr]    Compiling rustix v1.1.2
[INFO] [stderr]    Compiling getrandom v0.3.3
[INFO] [stderr]    Compiling bitflags v2.9.4
[INFO] [stderr]    Compiling cfg-if v1.0.3
[INFO] [stderr]    Compiling linux-raw-sys v0.11.0
[INFO] [stderr]    Compiling once_cell v1.21.3
[INFO] [stderr]    Compiling fastrand v2.3.0
[INFO] [stderr]    Compiling tempfile v3.22.0
[INFO] [stderr]    Compiling tomli v0.5.0 (/opt/rustwide/workdir)
[INFO] [stderr]     Finished `release` profile [optimized] target(s) in 6.46s
[INFO] running `Command { std: "docker" "inspect" "cc2a29067e8196f34cd6769fb9ca36c7097ba7684c3d809e0db072b092098107", kill_on_drop: false }`
[INFO] running `Command { std: "docker" "exec" "-e" "SOURCE_DIR=/opt/rustwide/workdir" "-e" "CARGO_HOME=/opt/rustwide/cargo-home" "-e" "RUSTUP_HOME=/opt/rustwide/rustup-home" "-e" "CARGO_TARGET_DIR=/opt/rustwide/target" "-e" "CARGO_INCREMENTAL=0" "-e" "RUST_BACKTRACE=full" "-e" "RUSTFLAGS=--cap-lints=warn" "-e" "RUSTDOCFLAGS=--cap-lints=warn" "-w" "/opt/rustwide/workdir" "--user" "0:0" "cc2a29067e8196f34cd6769fb9ca36c7097ba7684c3d809e0db072b092098107" "/opt/rustwide/cargo-home/bin/cargo" "+1.100.0-beta.1" "test" "--frozen" "--release", kill_on_drop: false }`
[INFO] [stderr]     Finished `release` profile [optimized] target(s) in 0.06s
[INFO] [stderr]      Running unittests src/main.rs (/opt/rustwide/target/release/build/tomli/3d64f132293484ce/out/tomli-3d64f132293484ce)
[INFO] [stdout] 
[INFO] [stdout] running 2 tests
[INFO] [stderr]      Running tests/copy.rs (/opt/rustwide/target/release/build/tomli/b420c68b5618dd65/out/copy-b420c68b5618dd65)
[INFO] [stdout] test parser::tests::test_valid_quries ... ok
[INFO] [stdout] test parser::tests::test_invalid_quries ... ok
[INFO] [stdout] 
[INFO] [stdout] test result: ok. 2 passed; 0 failed; 0 ignored; 0 measured; 0 filtered out; finished in 0.00s
[INFO] [stdout] 
[INFO] [stdout] 
[INFO] [stdout] running 5 tests
[INFO] [stdout] test should_copy_only_array ... FAILED
[INFO] [stdout] test should_copy_only_key ... FAILED
[INFO] [stdout] test should_copy_inline_table_and_create_non_existent_table ... FAILED
[INFO] [stdout] test should_copy_only_inline_table ... FAILED
[INFO] [stderr] error: test failed, to rerun pass `--test copy`
[INFO] [stdout] test should_copy_whole_table ... FAILED
[INFO] [stdout] 
[INFO] [stdout] failures:
[INFO] [stdout] 
[INFO] [stdout] ---- should_copy_only_array stdout ----
[INFO] [stdout] 
[INFO] [stdout] thread 'should_copy_only_array' (926) panicked at tests/copy.rs:48:1:
[INFO] [stdout] assertion `left == right` failed
[INFO] [stdout]   left: "The provided file does not exist or you don't have enough permissions to read it: No such file or directory (os error 2)\n"
[INFO] [stdout]  right: "new_array = [1, 2, 3, [4, 5, 6, { name = \"inline_table_in_array\", another_array = [8, 9]}]]\n"
[INFO] [stdout] stack backtrace:
[INFO] [stdout]    0:     0x62cfd043a391 - <<std[617be2ca0a6fd877]::sys::backtrace::BacktraceLock>::print::DisplayBacktrace as core[a373ad73a504971]::fmt::Display>::fmt
[INFO] [stdout]    1:     0x62cfd044e6da - core[a373ad73a504971]::fmt::write
[INFO] [stdout]    2:     0x62cfd043e7ec - <alloc[2e1b2a31b91974c5]::vec::Vec<u8> as core[a373ad73a504971]::io::write::Write>::write_fmt
[INFO] [stdout]    3:     0x62cfd04166f6 - std[617be2ca0a6fd877]::panicking::default_hook::{closure#0}
[INFO] [stdout]    4:     0x62cfd0432a29 - std[617be2ca0a6fd877]::panicking::default_hook
[INFO] [stdout]    5:     0x62cfd03cefd0 - test[aada8e7e76ba119b]::test_main_inner::{closure#0}
[INFO] [stdout]    6:     0x62cfd0432be2 - std[617be2ca0a6fd877]::panicking::panic_with_hook
[INFO] [stdout]    7:     0x62cfd04167a2 - std[617be2ca0a6fd877]::panicking::panic_handler::{closure#0}
[INFO] [stdout]    8:     0x62cfd040f4b9 - std[617be2ca0a6fd877]::sys::backtrace::__rust_end_short_backtrace::<std[617be2ca0a6fd877]::panicking::panic_handler::{closure#0}, !>
[INFO] [stdout]    9:     0x62cfd04173ad - __rustc[ea4f61d10b84890b]::rust_begin_unwind
[INFO] [stdout]   10:     0x62cfd044ee0c - core[a373ad73a504971]::panicking::panic_fmt
[INFO] [stdout]   11:     0x62cfd044ed23 - core[a373ad73a504971]::panicking::assert_failed_inner
[INFO] [stdout]   12:     0x62cfd03c0e7e - core[a373ad73a504971]::panicking::assert_failed::<alloc[2e1b2a31b91974c5]::borrow::Cow<str>, &str>
[INFO] [stdout]   13:     0x62cfd03c1923 - <copy[c3e0e74c29e44fc8]::should_copy_only_array::{closure#0} as core[a373ad73a504971]::ops::function::FnOnce<()>>::call_once
[INFO] [stdout]   14:     0x62cfd03c241b - test[aada8e7e76ba119b]::__rust_begin_short_backtrace::<core[a373ad73a504971]::result::Result<(), alloc[2e1b2a31b91974c5]::string::String>, fn() -> core[a373ad73a504971]::result::Result<(), alloc[2e1b2a31b91974c5]::string::String>>
[INFO] [stdout]   15:     0x62cfd03cf5f5 - test[aada8e7e76ba119b]::run_test::{closure#0}
[INFO] [stdout]   16:     0x62cfd03c8ee4 - std[617be2ca0a6fd877]::sys::backtrace::__rust_begin_short_backtrace::<test[aada8e7e76ba119b]::run_test::{closure#1}, ()>
[INFO] [stdout]   17:     0x62cfd03d2682 - <std[617be2ca0a6fd877]::thread::lifecycle::spawn_unchecked<test[aada8e7e76ba119b]::run_test::{closure#1}, ()>::{closure#1} as core[a373ad73a504971]::ops::function::FnOnce<()>>::call_once::{shim:vtable#0}
[INFO] [stdout]   18:     0x62cfd0439bef - <std[617be2ca0a6fd877]::sys::thread::unix::Thread>::new::thread_start
[INFO] [stdout]   19:     0x78a68515ddfa - <unknown>
[INFO] [stdout]   20:     0x78a6851f13d4 - clone
[INFO] [stdout]   21:                0x0 - <unknown>
[INFO] [stdout] 
[INFO] [stdout] ---- should_copy_only_key stdout ----
[INFO] [stdout] 
[INFO] [stdout] thread 'should_copy_only_key' (928) panicked at tests/copy.rs:39:1:
[INFO] [stdout] assertion `left == right` failed
[INFO] [stdout]   left: "The provided file does not exist or you don't have enough permissions to read it: No such file or directory (os error 2)\n"
[INFO] [stdout]  right: "new_key = \"value\"\n"
[INFO] [stdout] stack backtrace:
[INFO] [stdout]    0:     0x62cfd043a391 - <<std[617be2ca0a6fd877]::sys::backtrace::BacktraceLock>::print::DisplayBacktrace as core[a373ad73a504971]::fmt::Display>::fmt
[INFO] [stdout]    1:     0x62cfd044e6da - core[a373ad73a504971]::fmt::write
[INFO] [stdout]    2:     0x62cfd043e7ec - <alloc[2e1b2a31b91974c5]::vec::Vec<u8> as core[a373ad73a504971]::io::write::Write>::write_fmt
[INFO] [stdout]    3:     0x62cfd04166f6 - std[617be2ca0a6fd877]::panicking::default_hook::{closure#0}
[INFO] [stdout]    4:     0x62cfd0432a29 - std[617be2ca0a6fd877]::panicking::default_hook
[INFO] [stdout]    5:     0x62cfd03cefd0 - test[aada8e7e76ba119b]::test_main_inner::{closure#0}
[INFO] [stdout]    6:     0x62cfd0432be2 - std[617be2ca0a6fd877]::panicking::panic_with_hook
[INFO] [stdout]    7:     0x62cfd04167a2 - std[617be2ca0a6fd877]::panicking::panic_handler::{closure#0}
[INFO] [stdout]    8:     0x62cfd040f4b9 - std[617be2ca0a6fd877]::sys::backtrace::__rust_end_short_backtrace::<std[617be2ca0a6fd877]::panicking::panic_handler::{closure#0}, !>
[INFO] [stdout]    9:     0x62cfd04173ad - __rustc[ea4f61d10b84890b]::rust_begin_unwind
[INFO] [stdout]   10:     0x62cfd044ee0c - core[a373ad73a504971]::panicking::panic_fmt
[INFO] [stdout]   11:     0x62cfd044ed23 - core[a373ad73a504971]::panicking::assert_failed_inner
[INFO] [stdout]   12:     0x62cfd03c0e7e - core[a373ad73a504971]::panicking::assert_failed::<alloc[2e1b2a31b91974c5]::borrow::Cow<str>, &str>
[INFO] [stdout]   13:     0x62cfd03c15d9 - <copy[c3e0e74c29e44fc8]::should_copy_only_key::{closure#0} as core[a373ad73a504971]::ops::function::FnOnce<()>>::call_once
[INFO] [stdout]   14:     0x62cfd03c241b - test[aada8e7e76ba119b]::__rust_begin_short_backtrace::<core[a373ad73a504971]::result::Result<(), alloc[2e1b2a31b91974c5]::string::String>, fn() -> core[a373ad73a504971]::result::Result<(), alloc[2e1b2a31b91974c5]::string::String>>
[INFO] [stdout]   15:     0x62cfd03cf5f5 - test[aada8e7e76ba119b]::run_test::{closure#0}
[INFO] [stdout]   16:     0x62cfd03c8ee4 - std[617be2ca0a6fd877]::sys::backtrace::__rust_begin_short_backtrace::<test[aada8e7e76ba119b]::run_test::{closure#1}, ()>
[INFO] [stdout]   17:     0x62cfd03d2682 - <std[617be2ca0a6fd877]::thread::lifecycle::spawn_unchecked<test[aada8e7e76ba119b]::run_test::{closure#1}, ()>::{closure#1} as core[a373ad73a504971]::ops::function::FnOnce<()>>::call_once::{shim:vtable#0}
[INFO] [stdout]   18:     0x62cfd0439bef - <std[617be2ca0a6fd877]::sys::thread::unix::Thread>::new::thread_start
[INFO] [stdout]   19:     0x78a68515ddfa - <unknown>
[INFO] [stdout]   20:     0x78a6851f13d4 - clone
[INFO] [stdout]   21:                0x0 - <unknown>
[INFO] [stdout] 
[INFO] [stdout] ---- should_copy_inline_table_and_create_non_existent_table stdout ----
[INFO] [stdout] 
[INFO] [stdout] thread 'should_copy_inline_table_and_create_non_existent_table' (925) panicked at tests/copy.rs:66:1:
[INFO] [stdout] assertion `left == right` failed
[INFO] [stdout]   left: "The provided file does not exist or you don't have enough permissions to read it: No such file or directory (os error 2)\n"
[INFO] [stdout]  right: "[non_existent_table]\nnew_inline_table = { inline_key = \"inline_value\", array_in_inline_table = [] }\n"
[INFO] [stdout] stack backtrace:
[INFO] [stdout]    0:     0x62cfd043a391 - <<std[617be2ca0a6fd877]::sys::backtrace::BacktraceLock>::print::DisplayBacktrace as core[a373ad73a504971]::fmt::Display>::fmt
[INFO] [stdout]    1:     0x62cfd044e6da - core[a373ad73a504971]::fmt::write
[INFO] [stdout]    2:     0x62cfd043e7ec - <alloc[2e1b2a31b91974c5]::vec::Vec<u8> as core[a373ad73a504971]::io::write::Write>::write_fmt
[INFO] [stdout]    3:     0x62cfd04166f6 - std[617be2ca0a6fd877]::panicking::default_hook::{closure#0}
[INFO] [stdout]    4:     0x62cfd0432a29 - std[617be2ca0a6fd877]::panicking::default_hook
[INFO] [stdout]    5:     0x62cfd03cefd0 - test[aada8e7e76ba119b]::test_main_inner::{closure#0}
[INFO] [stdout]    6:     0x62cfd0432be2 - std[617be2ca0a6fd877]::panicking::panic_with_hook
[INFO] [stdout]    7:     0x62cfd04167a2 - std[617be2ca0a6fd877]::panicking::panic_handler::{closure#0}
[INFO] [stdout]    8:     0x62cfd040f4b9 - std[617be2ca0a6fd877]::sys::backtrace::__rust_end_short_backtrace::<std[617be2ca0a6fd877]::panicking::panic_handler::{closure#0}, !>
[INFO] [stdout]    9:     0x62cfd04173ad - __rustc[ea4f61d10b84890b]::rust_begin_unwind
[INFO] [stdout]   10:     0x62cfd044ee0c - core[a373ad73a504971]::panicking::panic_fmt
[INFO] [stdout]   11:     0x62cfd044ed23 - core[a373ad73a504971]::panicking::assert_failed_inner
[INFO] [stdout]   12:     0x62cfd03c0e7e - core[a373ad73a504971]::panicking::assert_failed::<alloc[2e1b2a31b91974c5]::borrow::Cow<str>, &str>
[INFO] [stdout]   13:     0x62cfd03c22e3 - <copy[c3e0e74c29e44fc8]::should_copy_inline_table_and_create_non_existent_table::{closure#0} as core[a373ad73a504971]::ops::function::FnOnce<()>>::call_once
[INFO] [stdout]   14:     0x62cfd03c241b - test[aada8e7e76ba119b]::__rust_begin_short_backtrace::<core[a373ad73a504971]::result::Result<(), alloc[2e1b2a31b91974c5]::string::String>, fn() -> core[a373ad73a504971]::result::Result<(), alloc[2e1b2a31b91974c5]::string::String>>
[INFO] [stdout]   15:     0x62cfd03cf5f5 - test[aada8e7e76ba119b]::run_test::{closure#0}
[INFO] [stdout]   16:     0x62cfd03c8ee4 - std[617be2ca0a6fd877]::sys::backtrace::__rust_begin_short_backtrace::<test[aada8e7e76ba119b]::run_test::{closure#1}, ()>
[INFO] [stdout]   17:     0x62cfd03d2682 - <std[617be2ca0a6fd877]::thread::lifecycle::spawn_unchecked<test[aada8e7e76ba119b]::run_test::{closure#1}, ()>::{closure#1} as core[a373ad73a504971]::ops::function::FnOnce<()>>::call_once::{shim:vtable#0}
[INFO] [stdout]   18:     0x62cfd0439bef - <std[617be2ca0a6fd877]::sys::thread::unix::Thread>::new::thread_start
[INFO] [stdout]   19:     0x78a68515ddfa - <unknown>
[INFO] [stdout]   20:     0x78a6851f13d4 - clone
[INFO] [stdout]   21:                0x0 - <unknown>
[INFO] [stdout] 
[INFO] [stdout] ---- should_copy_only_inline_table stdout ----
[INFO] [stdout] 
[INFO] [stdout] thread 'should_copy_only_inline_table' (927) panicked at tests/copy.rs:57:1:
[INFO] [stdout] assertion `left == right` failed
[INFO] [stdout]   left: "The provided file does not exist or you don't have enough permissions to read it: No such file or directory (os error 2)\n"
[INFO] [stdout]  right: "new_inline_table = { inline_key = \"inline_value\", array_in_inline_table = [] }\n"
[INFO] [stdout] stack backtrace:
[INFO] [stdout]    0:     0x62cfd043a391 - <<std[617be2ca0a6fd877]::sys::backtrace::BacktraceLock>::print::DisplayBacktrace as core[a373ad73a504971]::fmt::Display>::fmt
[INFO] [stdout]    1:     0x62cfd044e6da - core[a373ad73a504971]::fmt::write
[INFO] [stdout]    2:     0x62cfd043e7ec - <alloc[2e1b2a31b91974c5]::vec::Vec<u8> as core[a373ad73a504971]::io::write::Write>::write_fmt
[INFO] [stdout]    3:     0x62cfd04166f6 - std[617be2ca0a6fd877]::panicking::default_hook::{closure#0}
[INFO] [stdout]    4:     0x62cfd0432a29 - std[617be2ca0a6fd877]::panicking::default_hook
[INFO] [stdout]    5:     0x62cfd03cefd0 - test[aada8e7e76ba119b]::test_main_inner::{closure#0}
[INFO] [stdout]    6:     0x62cfd0432be2 - std[617be2ca0a6fd877]::panicking::panic_with_hook
[INFO] [stdout]    7:     0x62cfd04167a2 - std[617be2ca0a6fd877]::panicking::panic_handler::{closure#0}
[INFO] [stdout]    8:     0x62cfd040f4b9 - std[617be2ca0a6fd877]::sys::backtrace::__rust_end_short_backtrace::<std[617be2ca0a6fd877]::panicking::panic_handler::{closure#0}, !>
[INFO] [stdout]    9:     0x62cfd04173ad - __rustc[ea4f61d10b84890b]::rust_begin_unwind
[INFO] [stdout]   10:     0x62cfd044ee0c - core[a373ad73a504971]::panicking::panic_fmt
[INFO] [stdout]   11:     0x62cfd044ed23 - core[a373ad73a504971]::panicking::assert_failed_inner
[INFO] [stdout]   12:     0x62cfd03c0e7e - core[a373ad73a504971]::panicking::assert_failed::<alloc[2e1b2a31b91974c5]::borrow::Cow<str>, &str>
[INFO] [stdout]   13:     0x62cfd03c1fa3 - <copy[c3e0e74c29e44fc8]::should_copy_only_inline_table::{closure#0} as core[a373ad73a504971]::ops::function::FnOnce<()>>::call_once
[INFO] [stdout]   14:     0x62cfd03c241b - test[aada8e7e76ba119b]::__rust_begin_short_backtrace::<core[a373ad73a504971]::result::Result<(), alloc[2e1b2a31b91974c5]::string::String>, fn() -> core[a373ad73a504971]::result::Result<(), alloc[2e1b2a31b91974c5]::string::String>>
[INFO] [stdout]   15:     0x62cfd03cf5f5 - test[aada8e7e76ba119b]::run_test::{closure#0}
[INFO] [stdout]   16:     0x62cfd03c8ee4 - std[617be2ca0a6fd877]::sys::backtrace::__rust_begin_short_backtrace::<test[aada8e7e76ba119b]::run_test::{closure#1}, ()>
[INFO] [stdout]   17:     0x62cfd03d2682 - <std[617be2ca0a6fd877]::thread::lifecycle::spawn_unchecked<test[aada8e7e76ba119b]::run_test::{closure#1}, ()>::{closure#1} as core[a373ad73a504971]::ops::function::FnOnce<()>>::call_once::{shim:vtable#0}
[INFO] [stdout]   18:     0x62cfd0439bef - <std[617be2ca0a6fd877]::sys::thread::unix::Thread>::new::thread_start
[INFO] [stdout]   19:     0x78a68515ddfa - <unknown>
[INFO] [stdout]   20:     0x78a6851f13d4 - clone
[INFO] [stdout]   21:                0x0 - <unknown>
[INFO] [stdout] 
[INFO] [stdout] ---- should_copy_whole_table stdout ----
[INFO] [stdout] 
[INFO] [stdout] thread 'should_copy_whole_table' (929) panicked at tests/copy.rs:28:1:
[INFO] [stdout] assertion `left == right` failed
[INFO] [stdout]   left: "The provided file does not exist or you don't have enough permissions to read it: No such file or directory (os error 2)\n"
[INFO] [stdout]  right: "\n[new_table.'brackets(more_brackets(quotes = \"a\", more_quotes = \"b\"))']\nkey = \"value\"\n"
[INFO] [stdout] stack backtrace:
[INFO] [stdout]    0:     0x62cfd043a391 - <<std[617be2ca0a6fd877]::sys::backtrace::BacktraceLock>::print::DisplayBacktrace as core[a373ad73a504971]::fmt::Display>::fmt
[INFO] [stdout]    1:     0x62cfd044e6da - core[a373ad73a504971]::fmt::write
[INFO] [stdout]    2:     0x62cfd043e7ec - <alloc[2e1b2a31b91974c5]::vec::Vec<u8> as core[a373ad73a504971]::io::write::Write>::write_fmt
[INFO] [stdout]    3:     0x62cfd04166f6 - std[617be2ca0a6fd877]::panicking::default_hook::{closure#0}
[INFO] [stdout]    4:     0x62cfd0432a29 - std[617be2ca0a6fd877]::panicking::default_hook
[INFO] [stdout]    5:     0x62cfd03cefd0 - test[aada8e7e76ba119b]::test_main_inner::{closure#0}
[INFO] [stdout]    6:     0x62cfd0432be2 - std[617be2ca0a6fd877]::panicking::panic_with_hook
[INFO] [stdout]    7:     0x62cfd04167a2 - std[617be2ca0a6fd877]::panicking::panic_handler::{closure#0}
[INFO] [stdout]    8:     0x62cfd040f4b9 - std[617be2ca0a6fd877]::sys::backtrace::__rust_end_short_backtrace::<std[617be2ca0a6fd877]::panicking::panic_handler::{closure#0}, !>
[INFO] [stdout]    9:     0x62cfd04173ad - __rustc[ea4f61d10b84890b]::rust_begin_unwind
[INFO] [stdout]   10:     0x62cfd044ee0c - core[a373ad73a504971]::panicking::panic_fmt
[INFO] [stdout]   11:     0x62cfd044ed23 - core[a373ad73a504971]::panicking::assert_failed_inner
[INFO] [stdout]   12:     0x62cfd03c0e7e - core[a373ad73a504971]::panicking::assert_failed::<alloc[2e1b2a31b91974c5]::borrow::Cow<str>, &str>
[INFO] [stdout]   13:     0x62cfd03c1c63 - <copy[c3e0e74c29e44fc8]::should_copy_whole_table::{closure#0} as core[a373ad73a504971]::ops::function::FnOnce<()>>::call_once
[INFO] [stdout]   14:     0x62cfd03c241b - test[aada8e7e76ba119b]::__rust_begin_short_backtrace::<core[a373ad73a504971]::result::Result<(), alloc[2e1b2a31b91974c5]::string::String>, fn() -> core[a373ad73a504971]::result::Result<(), alloc[2e1b2a31b91974c5]::string::String>>
[INFO] [stdout]   15:     0x62cfd03cf5f5 - test[aada8e7e76ba119b]::run_test::{closure#0}
[INFO] [stdout]   16:     0x62cfd03c8ee4 - std[617be2ca0a6fd877]::sys::backtrace::__rust_begin_short_backtrace::<test[aada8e7e76ba119b]::run_test::{closure#1}, ()>
[INFO] [stdout]   17:     0x62cfd03d2682 - <std[617be2ca0a6fd877]::thread::lifecycle::spawn_unchecked<test[aada8e7e76ba119b]::run_test::{closure#1}, ()>::{closure#1} as core[a373ad73a504971]::ops::function::FnOnce<()>>::call_once::{shim:vtable#0}
[INFO] [stdout]   18:     0x62cfd0439bef - <std[617be2ca0a6fd877]::sys::thread::unix::Thread>::new::thread_start
[INFO] [stdout]   19:     0x78a68515ddfa - <unknown>
[INFO] [stdout]   20:     0x78a6851f13d4 - clone
[INFO] [stdout]   21:                0x0 - <unknown>
[INFO] [stdout] 
[INFO] [stdout] 
[INFO] [stdout] failures:
[INFO] [stdout]     should_copy_inline_table_and_create_non_existent_table
[INFO] [stdout]     should_copy_only_array
[INFO] [stdout]     should_copy_only_inline_table
[INFO] [stdout]     should_copy_only_key
[INFO] [stdout]     should_copy_whole_table
[INFO] [stdout] 
[INFO] [stdout] test result: FAILED. 0 passed; 5 failed; 0 ignored; 0 measured; 0 filtered out; finished in 0.01s
[INFO] [stdout] 
[INFO] running `Command { std: "docker" "inspect" "cc2a29067e8196f34cd6769fb9ca36c7097ba7684c3d809e0db072b092098107", kill_on_drop: false }`
[INFO] running `Command { std: "docker" "rm" "-f" "cc2a29067e8196f34cd6769fb9ca36c7097ba7684c3d809e0db072b092098107", kill_on_drop: false }`
[INFO] [stdout] cc2a29067e8196f34cd6769fb9ca36c7097ba7684c3d809e0db072b092098107
