[INFO] fetching crate tomlconf 1.1.1...
[INFO] testing tomlconf-1.1.1 against 1.100.0-beta.1+cargoflags=--release for beta-release-1.100-2
[INFO] extracting crate tomlconf 1.1.1 into /workspace/builds/worker-6-tc2/source
[INFO] started tweaking crates.io crate tomlconf 1.1.1
[INFO] finished tweaking crates.io crate tomlconf 1.1.1
[INFO] tweaked toml for crates.io crate tomlconf 1.1.1 written to /workspace/builds/worker-6-tc2/source/Cargo.toml
[INFO] validating manifest of crates.io crate tomlconf 1.1.1 on toolchain 1.100.0-beta.1
[INFO] running `Command { std: CARGO_HOME="/workspace/cargo-home" RUSTUP_HOME="/workspace/rustup-home" "/workspace/cargo-home/bin/cargo" "+1.100.0-beta.1" "metadata" "--manifest-path" "Cargo.toml" "--no-deps", kill_on_drop: false }`
[INFO] running `Command { std: CARGO_HOME="/workspace/cargo-home" RUSTUP_HOME="/workspace/rustup-home" "/workspace/cargo-home/bin/cargo" "+1.100.0-beta.1" "generate-lockfile" "--manifest-path" "Cargo.toml", kill_on_drop: false }`
[INFO] [stderr]     Updating crates.io index
[INFO] [stderr]      Locking 22 packages to highest compatible versions
[INFO] [stderr]       Adding directories v4.0.1 (available: v6.0.0)
[INFO] [stderr]       Adding toml v0.5.11 (available: v1.1.8+spec-1.1.0)
[INFO] running `Command { std: CARGO_HOME="/workspace/cargo-home" RUSTUP_HOME="/workspace/rustup-home" "/workspace/cargo-home/bin/cargo" "+1.100.0-beta.1" "fetch" "--manifest-path" "Cargo.toml", kill_on_drop: false }`
[INFO] running `Command { std: "docker" "create" "-v" "/var/lib/crater-agent-workspace/builds/worker-6-tc2/source:/opt/rustwide/workdir:ro,Z" "-v" "/var/lib/crater-agent-workspace/builds/worker-6-tc2/target:/opt/rustwide/target:rw,Z" "-v" "/var/lib/crater-agent-workspace/cargo-home:/opt/rustwide/cargo-home:ro,Z" "-v" "/var/lib/crater-agent-workspace/rustup-home:/opt/rustwide/rustup-home:ro,Z" "-m" "1610612736" "--network" "none" "ghcr.io/rust-lang/crates-build-env/linux@sha256:77db811e55d90add9212f6832c23229e3de5f1c1f9905e8cb07319ea15df73ac" "sleep" "infinity", kill_on_drop: false }`
[INFO] [stdout] 02a3d253ddd40a44192851eedec637f35e9ea52be3eb573f79ce4e9fffc6f883
[INFO] running `Command { std: "docker" "start" "02a3d253ddd40a44192851eedec637f35e9ea52be3eb573f79ce4e9fffc6f883", kill_on_drop: false }`
[INFO] running `Command { std: "docker" "inspect" "02a3d253ddd40a44192851eedec637f35e9ea52be3eb573f79ce4e9fffc6f883", kill_on_drop: false }`
[INFO] running `Command { std: "docker" "exec" "-e" "SOURCE_DIR=/opt/rustwide/workdir" "-e" "CARGO_HOME=/opt/rustwide/cargo-home" "-e" "RUSTUP_HOME=/opt/rustwide/rustup-home" "-e" "CARGO_TARGET_DIR=/opt/rustwide/target" "-w" "/opt/rustwide/workdir" "--user" "0:0" "02a3d253ddd40a44192851eedec637f35e9ea52be3eb573f79ce4e9fffc6f883" "/opt/rustwide/cargo-home/bin/cargo" "+1.100.0-beta.1" "metadata" "--no-deps" "--format-version=1", kill_on_drop: false }`
[INFO] running `Command { std: "docker" "inspect" "02a3d253ddd40a44192851eedec637f35e9ea52be3eb573f79ce4e9fffc6f883", kill_on_drop: false }`
[INFO] running `Command { std: "docker" "exec" "-e" "SOURCE_DIR=/opt/rustwide/workdir" "-e" "CARGO_HOME=/opt/rustwide/cargo-home" "-e" "RUSTUP_HOME=/opt/rustwide/rustup-home" "-e" "CARGO_TARGET_DIR=/opt/rustwide/target" "-e" "CARGO_INCREMENTAL=0" "-e" "RUST_BACKTRACE=full" "-e" "RUSTFLAGS=--cap-lints=warn" "-e" "RUSTDOCFLAGS=--cap-lints=warn" "-w" "/opt/rustwide/workdir" "--user" "0:0" "02a3d253ddd40a44192851eedec637f35e9ea52be3eb573f79ce4e9fffc6f883" "/opt/rustwide/cargo-home/bin/cargo" "+1.100.0-beta.1" "build" "--frozen" "--message-format=json" "--release", kill_on_drop: false }`
[INFO] [stderr]    Compiling dirs-sys v0.3.7
[INFO] [stderr]    Compiling toml v0.5.11
[INFO] [stderr]    Compiling directories v4.0.1
[INFO] [stderr]    Compiling tomlconf v1.1.1 (/opt/rustwide/workdir)
[INFO] [stderr]     Finished `release` profile [optimized] target(s) in 3.48s
[INFO] running `Command { std: "docker" "inspect" "02a3d253ddd40a44192851eedec637f35e9ea52be3eb573f79ce4e9fffc6f883", kill_on_drop: false }`
[INFO] running `Command { std: "docker" "exec" "-e" "SOURCE_DIR=/opt/rustwide/workdir" "-e" "CARGO_HOME=/opt/rustwide/cargo-home" "-e" "RUSTUP_HOME=/opt/rustwide/rustup-home" "-e" "CARGO_TARGET_DIR=/opt/rustwide/target" "-e" "CARGO_INCREMENTAL=0" "-e" "RUST_BACKTRACE=full" "-e" "RUSTFLAGS=--cap-lints=warn" "-e" "RUSTDOCFLAGS=--cap-lints=warn" "-w" "/opt/rustwide/workdir" "--user" "0:0" "02a3d253ddd40a44192851eedec637f35e9ea52be3eb573f79ce4e9fffc6f883" "/opt/rustwide/cargo-home/bin/cargo" "+1.100.0-beta.1" "test" "--frozen" "--no-run" "--message-format=json" "--release", kill_on_drop: false }`
[INFO] [stderr]    Compiling tomlconf v1.1.1 (/opt/rustwide/workdir)
[INFO] [stderr]     Finished `release` profile [optimized] target(s) in 0.46s
[INFO] running `Command { std: "docker" "inspect" "02a3d253ddd40a44192851eedec637f35e9ea52be3eb573f79ce4e9fffc6f883", kill_on_drop: false }`
[INFO] running `Command { std: "docker" "exec" "-e" "SOURCE_DIR=/opt/rustwide/workdir" "-e" "CARGO_HOME=/opt/rustwide/cargo-home" "-e" "RUSTUP_HOME=/opt/rustwide/rustup-home" "-e" "CARGO_TARGET_DIR=/opt/rustwide/target" "-e" "CARGO_INCREMENTAL=0" "-e" "RUST_BACKTRACE=full" "-e" "RUSTFLAGS=--cap-lints=warn" "-e" "RUSTDOCFLAGS=--cap-lints=warn" "-w" "/opt/rustwide/workdir" "--user" "0:0" "02a3d253ddd40a44192851eedec637f35e9ea52be3eb573f79ce4e9fffc6f883" "/opt/rustwide/cargo-home/bin/cargo" "+1.100.0-beta.1" "test" "--frozen" "--release", kill_on_drop: false }`
[INFO] [stderr]     Finished `release` profile [optimized] target(s) in 0.02s
[INFO] [stderr]      Running unittests src/lib.rs (/opt/rustwide/target/release/build/tomlconf/f3326867eab8c405/out/tomlconf-f3326867eab8c405)
[INFO] [stderr]    Doc-tests tomlconf
[INFO] [stdout] 
[INFO] [stdout] running 0 tests
[INFO] [stdout] 
[INFO] [stdout] test result: ok. 0 passed; 0 failed; 0 ignored; 0 measured; 0 filtered out; finished in 0.00s
[INFO] [stdout] 
[INFO] [stdout] 
[INFO] [stdout] running 1 test
[INFO] [stdout] test src/lib.rs - (line 17) ... FAILED
[INFO] [stdout] 
[INFO] [stdout] failures:
[INFO] [stdout] 
[INFO] [stdout] ---- src/lib.rs - (line 17) stdout ----
[INFO] [stdout] error: couldn't read `src/cfg_default.toml`: No such file or directory (os error 2)
[INFO] [stdout]   --> src/lib.rs:30:35
[INFO] [stdout]    |
[INFO] [stdout] 30 |     const DEFAULT: &'static str = include_str!("cfg_default.toml");
[INFO] [stdout]    |                                   ^^^^^^^^^^^^^^^^^^^^^^^^^^^^^^^^
[INFO] [stdout] 
[INFO] [stdout] error: cannot find derive macro `Deserialize` in this scope
[INFO] [stdout]    --> src/lib.rs:23:10
[INFO] [stdout]     |
[INFO] [stdout]  23 | #[derive(Deserialize)]
[INFO] [stdout]     |          ^^^^^^^^^^^
[INFO] [stdout]     |
[INFO] [stdout] note: `Deserialize` is a trait, not a derive macro
[INFO] [stdout]    --> /opt/rustwide/cargo-home/registry/src/index.crates.io-1949cf8c6b5b557f/serde_core-1.0.229/src/de/mod.rs:554:1
[INFO] [stdout]     |
[INFO] [stdout] 554 | pub trait Deserialize<'de>: Sized {
[INFO] [stdout]     | ^^^^^^^^^^^^^^^^^^^^^^^^^^^^^^^^^
[INFO] [stdout]     = help: consider implementing `Deserialize` for your type manually
[INFO] [stdout] 
[INFO] [stdout] error[E0277]: the trait bound `AppConfig: serde::Deserialize<'de>` is not satisfied
[INFO] [stdout]    --> src/lib.rs:29:21
[INFO] [stdout]     |
[INFO] [stdout]  29 | impl ConfigData for AppConfig {
[INFO] [stdout]     |                     ^^^^^^^^^ unsatisfied trait bound
[INFO] [stdout]     |
[INFO] [stdout] help: the trait `for<'de> Deserialize<'de>` is not implemented for `AppConfig`
[INFO] [stdout]    --> src/lib.rs:24:1
[INFO] [stdout]     |
[INFO] [stdout]  24 | struct AppConfig {
[INFO] [stdout]     | ^^^^^^^^^^^^^^^^
[INFO] [stdout]     = note: for local types consider adding `#[derive(serde::Deserialize)]` to your `AppConfig` type
[INFO] [stdout]     = note: for types from other crates check whether the crate offers a `serde` feature flag
[INFO] [stdout]     = help: the following other types implement trait `Deserialize<'de>`:
[INFO] [stdout]               &'a Path
[INFO] [stdout]               &'a [u8]
[INFO] [stdout]               &'a str
[INFO] [stdout]               ()
[INFO] [stdout]               (T,)
[INFO] [stdout]               (T0, T1)
[INFO] [stdout]               (T0, T1, T2)
[INFO] [stdout]               (T0, T1, T2, T3)
[INFO] [stdout]             and 143 others
[INFO] [stdout]     = note: required for `AppConfig` to implement `DeserializeOwned`
[INFO] [stdout] note: required by a bound in `tomlconf::ConfigData`
[INFO] [stdout]    --> src/config.rs:212:23
[INFO] [stdout]     |
[INFO] [stdout] 212 | pub trait ConfigData: DeserializeOwned {
[INFO] [stdout]     |                       ^^^^^^^^^^^^^^^^ required by this bound in `ConfigData`
[INFO] [stdout] 
[INFO] [stdout] error[E0277]: the trait bound `AppConfig: serde::de::DeserializeOwned` is not satisfied
[INFO] [stdout]    --> src/lib.rs:35:44
[INFO] [stdout]     |
[INFO] [stdout]  35 |     let cfg: ConfigFile<AppConfig> = match AppConfig::setup(
[INFO] [stdout]     |                                            ^^^^^^^^^ unsatisfied trait bound
[INFO] [stdout]     |
[INFO] [stdout] help: the trait `for<'de> Deserialize<'de>` is not implemented for `AppConfig`
[INFO] [stdout]    --> src/lib.rs:24:1
[INFO] [stdout]     |
[INFO] [stdout]  24 | struct AppConfig {
[INFO] [stdout]     | ^^^^^^^^^^^^^^^^
[INFO] [stdout]     = help: the following other types implement trait `Deserialize<'de>`:
[INFO] [stdout]               &'a Path
[INFO] [stdout]               &'a [u8]
[INFO] [stdout]               &'a str
[INFO] [stdout]               ()
[INFO] [stdout]               (T,)
[INFO] [stdout]               (T0, T1)
[INFO] [stdout]               (T0, T1, T2)
[INFO] [stdout]               (T0, T1, T2, T3)
[INFO] [stdout]             and 143 others
[INFO] [stdout]     = note: required for `AppConfig` to implement `DeserializeOwned`
[INFO] [stdout] note: required by a bound in `setup`
[INFO] [stdout]    --> src/config.rs:212:23
[INFO] [stdout]     |
[INFO] [stdout] 212 | pub trait ConfigData: DeserializeOwned {
[INFO] [stdout]     |                       ^^^^^^^^^^^^^^^^ required by this bound in `ConfigData::setup`
[INFO] [stdout] ...
[INFO] [stdout] 352 |     fn setup(
[INFO] [stdout]     |
[INFO] [stdout] 
[INFO] [stdout] error: aborting due to 4 previous errors
[INFO] [stdout] 
[INFO] [stdout] For more information about this error, try `rustc --explain E0277`.
[INFO] [stdout] Couldn't compile the test.
[INFO] [stdout] 
[INFO] [stdout] failures:
[INFO] [stdout]     src/lib.rs - (line 17)
[INFO] [stdout] 
[INFO] [stdout] test result: FAILED. 0 passed; 1 failed; 0 ignored; 0 measured; 0 filtered out; finished in 0.11s
[INFO] [stdout] 
[INFO] [stderr] error: doctest failed, to rerun pass `--doc`
[INFO] running `Command { std: "docker" "inspect" "02a3d253ddd40a44192851eedec637f35e9ea52be3eb573f79ce4e9fffc6f883", kill_on_drop: false }`
[INFO] running `Command { std: "docker" "rm" "-f" "02a3d253ddd40a44192851eedec637f35e9ea52be3eb573f79ce4e9fffc6f883", kill_on_drop: false }`
[INFO] [stdout] 02a3d253ddd40a44192851eedec637f35e9ea52be3eb573f79ce4e9fffc6f883
