[INFO] fetching crate toml-spanned-value 0.1.0...
[INFO] testing toml-spanned-value-0.1.0 against 1.99.0-beta.8+cargoflags=--release for beta-release-1.100-2
[INFO] extracting crate toml-spanned-value 0.1.0 into /workspace/builds/worker-2-tc1/source
[INFO] started tweaking crates.io crate toml-spanned-value 0.1.0
[INFO] finished tweaking crates.io crate toml-spanned-value 0.1.0
[INFO] tweaked toml for crates.io crate toml-spanned-value 0.1.0 written to /workspace/builds/worker-2-tc1/source/Cargo.toml
[INFO] validating manifest of crates.io crate toml-spanned-value 0.1.0 on toolchain 1.99.0-beta.8
[INFO] running `Command { std: CARGO_HOME="/workspace/cargo-home" RUSTUP_HOME="/workspace/rustup-home" "/workspace/cargo-home/bin/cargo" "+1.99.0-beta.8" "metadata" "--manifest-path" "Cargo.toml" "--no-deps", kill_on_drop: false }`
[INFO] running `Command { std: CARGO_HOME="/workspace/cargo-home" RUSTUP_HOME="/workspace/rustup-home" "/workspace/cargo-home/bin/cargo" "+1.99.0-beta.8" "generate-lockfile" "--manifest-path" "Cargo.toml", kill_on_drop: false }`
[INFO] [stderr]     Updating crates.io index
[INFO] [stderr]      Locking 11 packages to highest compatible versions
[INFO] [stderr]       Adding indexmap v1.9.3 (available: v2.14.2)
[INFO] [stderr]       Adding toml v0.5.11 (available: v1.1.8+spec-1.1.0)
[INFO] running `Command { std: CARGO_HOME="/workspace/cargo-home" RUSTUP_HOME="/workspace/rustup-home" "/workspace/cargo-home/bin/cargo" "+1.99.0-beta.8" "fetch" "--manifest-path" "Cargo.toml", kill_on_drop: false }`
[INFO] running `Command { std: "docker" "create" "-v" "/var/lib/crater-agent-workspace/builds/worker-2-tc1/source:/opt/rustwide/workdir:ro,Z" "-v" "/var/lib/crater-agent-workspace/builds/worker-2-tc1/target:/opt/rustwide/target:rw,Z" "-v" "/var/lib/crater-agent-workspace/cargo-home:/opt/rustwide/cargo-home:ro,Z" "-v" "/var/lib/crater-agent-workspace/rustup-home:/opt/rustwide/rustup-home:ro,Z" "-m" "1610612736" "--network" "none" "ghcr.io/rust-lang/crates-build-env/linux@sha256:77db811e55d90add9212f6832c23229e3de5f1c1f9905e8cb07319ea15df73ac" "sleep" "infinity", kill_on_drop: false }`
[INFO] [stdout] 8de1ceba5fd15081647b432b0da7c6541a64abe11147619095c32498b1f7b798
[INFO] running `Command { std: "docker" "start" "8de1ceba5fd15081647b432b0da7c6541a64abe11147619095c32498b1f7b798", kill_on_drop: false }`
[INFO] running `Command { std: "docker" "inspect" "8de1ceba5fd15081647b432b0da7c6541a64abe11147619095c32498b1f7b798", kill_on_drop: false }`
[INFO] running `Command { std: "docker" "exec" "-e" "SOURCE_DIR=/opt/rustwide/workdir" "-e" "CARGO_HOME=/opt/rustwide/cargo-home" "-e" "RUSTUP_HOME=/opt/rustwide/rustup-home" "-e" "CARGO_TARGET_DIR=/opt/rustwide/target" "-w" "/opt/rustwide/workdir" "--user" "0:0" "8de1ceba5fd15081647b432b0da7c6541a64abe11147619095c32498b1f7b798" "/opt/rustwide/cargo-home/bin/cargo" "+1.99.0-beta.8" "metadata" "--no-deps" "--format-version=1", kill_on_drop: false }`
[INFO] running `Command { std: "docker" "inspect" "8de1ceba5fd15081647b432b0da7c6541a64abe11147619095c32498b1f7b798", kill_on_drop: false }`
[INFO] running `Command { std: "docker" "exec" "-e" "SOURCE_DIR=/opt/rustwide/workdir" "-e" "CARGO_HOME=/opt/rustwide/cargo-home" "-e" "RUSTUP_HOME=/opt/rustwide/rustup-home" "-e" "CARGO_TARGET_DIR=/opt/rustwide/target" "-e" "CARGO_INCREMENTAL=0" "-e" "RUST_BACKTRACE=full" "-e" "RUSTFLAGS=--cap-lints=warn" "-e" "RUSTDOCFLAGS=--cap-lints=warn" "-w" "/opt/rustwide/workdir" "--user" "0:0" "8de1ceba5fd15081647b432b0da7c6541a64abe11147619095c32498b1f7b798" "/opt/rustwide/cargo-home/bin/cargo" "+1.99.0-beta.8" "build" "--frozen" "--message-format=json" "--release", kill_on_drop: false }`
[INFO] [stderr]    Compiling serde v1.0.229
[INFO] [stderr]    Compiling toml v0.5.11
[INFO] [stderr]    Compiling toml-spanned-value v0.1.0 (/opt/rustwide/workdir)
[INFO] [stdout] warning: use of deprecated associated function `core::num::<impl i64>::max_value`: replaced by the `MAX` associated constant on this type
[INFO] [stdout]    --> src/spanned_value.rs:441:34
[INFO] [stdout]     |
[INFO] [stdout] 441 |                 if value <= i64::max_value() as u64 {
[INFO] [stdout]     |                                  ^^^^^^^^^
[INFO] [stdout]     |
[INFO] [stdout]     = note: `#[warn(deprecated)]` on by default
[INFO] [stdout] 
[INFO] [stdout] 
[INFO] [stderr]     Finished `release` profile [optimized] target(s) in 7.49s
[INFO] running `Command { std: "docker" "inspect" "8de1ceba5fd15081647b432b0da7c6541a64abe11147619095c32498b1f7b798", kill_on_drop: false }`
[INFO] running `Command { std: "docker" "exec" "-e" "SOURCE_DIR=/opt/rustwide/workdir" "-e" "CARGO_HOME=/opt/rustwide/cargo-home" "-e" "RUSTUP_HOME=/opt/rustwide/rustup-home" "-e" "CARGO_TARGET_DIR=/opt/rustwide/target" "-e" "CARGO_INCREMENTAL=0" "-e" "RUST_BACKTRACE=full" "-e" "RUSTFLAGS=--cap-lints=warn" "-e" "RUSTDOCFLAGS=--cap-lints=warn" "-w" "/opt/rustwide/workdir" "--user" "0:0" "8de1ceba5fd15081647b432b0da7c6541a64abe11147619095c32498b1f7b798" "/opt/rustwide/cargo-home/bin/cargo" "+1.99.0-beta.8" "test" "--frozen" "--no-run" "--message-format=json" "--release", kill_on_drop: false }`
[INFO] [stderr]    Compiling proc-macro2 v1.0.107
[INFO] [stderr]    Compiling quote v1.0.47
[INFO] [stdout] warning: use of deprecated associated function `core::num::<impl i64>::max_value`: replaced by the `MAX` associated constant on this type
[INFO] [stdout]    --> src/spanned_value.rs:441:34
[INFO] [stdout]     |
[INFO] [stdout] 441 |                 if value <= i64::max_value() as u64 {
[INFO] [stdout]     |                                  ^^^^^^^^^
[INFO] [stdout]     |
[INFO] [stdout]     = note: `#[warn(deprecated)]` on by default
[INFO] [stdout] 
[INFO] [stdout] 
[INFO] [stderr]    Compiling syn v3.0.9
[INFO] [stderr]    Compiling serde_derive v1.0.229
[INFO] [stderr]    Compiling toml-spanned-value v0.1.0 (/opt/rustwide/workdir)
[INFO] [stdout] warning: use of deprecated associated function `core::num::<impl i64>::max_value`: replaced by the `MAX` associated constant on this type
[INFO] [stdout]    --> src/spanned_value.rs:441:34
[INFO] [stdout]     |
[INFO] [stdout] 441 |                 if value <= i64::max_value() as u64 {
[INFO] [stdout]     |                                  ^^^^^^^^^
[INFO] [stdout]     |
[INFO] [stdout]     = note: `#[warn(deprecated)]` on by default
[INFO] [stdout] 
[INFO] [stdout] 
[INFO] [stderr]     Finished `release` profile [optimized] target(s) in 12.25s
[INFO] running `Command { std: "docker" "inspect" "8de1ceba5fd15081647b432b0da7c6541a64abe11147619095c32498b1f7b798", kill_on_drop: false }`
[INFO] running `Command { std: "docker" "exec" "-e" "SOURCE_DIR=/opt/rustwide/workdir" "-e" "CARGO_HOME=/opt/rustwide/cargo-home" "-e" "RUSTUP_HOME=/opt/rustwide/rustup-home" "-e" "CARGO_TARGET_DIR=/opt/rustwide/target" "-e" "CARGO_INCREMENTAL=0" "-e" "RUST_BACKTRACE=full" "-e" "RUSTFLAGS=--cap-lints=warn" "-e" "RUSTDOCFLAGS=--cap-lints=warn" "-w" "/opt/rustwide/workdir" "--user" "0:0" "8de1ceba5fd15081647b432b0da7c6541a64abe11147619095c32498b1f7b798" "/opt/rustwide/cargo-home/bin/cargo" "+1.99.0-beta.8" "test" "--frozen" "--release", kill_on_drop: false }`
[INFO] [stderr] warning: use of deprecated associated function `core::num::<impl i64>::max_value`: replaced by the `MAX` associated constant on this type
[INFO] [stdout] 
[INFO] [stderr]    --> src/spanned_value.rs:441:34
[INFO] [stdout] running 0 tests
[INFO] [stderr]     |
[INFO] [stdout] 
[INFO] [stderr] 441 |                 if value <= i64::max_value() as u64 {
[INFO] [stdout] test result: ok. 0 passed; 0 failed; 0 ignored; 0 measured; 0 filtered out; finished in 0.00s
[INFO] [stderr]     |                                  ^^^^^^^^^
[INFO] [stdout] 
[INFO] [stderr]     |
[INFO] [stderr]     = note: `#[warn(deprecated)]` on by default
[INFO] [stderr] 
[INFO] [stderr] warning: `toml-spanned-value` (lib) generated 1 warning
[INFO] [stderr] warning: `toml-spanned-value` (lib test) generated 1 warning (1 duplicate)
[INFO] [stderr]     Finished `release` profile [optimized] target(s) in 0.05s
[INFO] [stderr]      Running unittests src/lib.rs (/opt/rustwide/target/release/deps/toml_spanned_value-11e8eaf294f19a1a)
[INFO] [stderr]      Running tests/datetime.rs (/opt/rustwide/target/release/deps/datetime-bbd6defdf4c8cb5f)
[INFO] [stdout] 
[INFO] [stdout] running 2 tests
[INFO] [stdout] test bad_times ... FAILED
[INFO] [stdout] test times ... ok
[INFO] [stdout] 
[INFO] [stdout] failures:
[INFO] [stdout] 
[INFO] [stdout] ---- bad_times stdout ----
[INFO] [stdout] 
[INFO] [stdout] thread 'bad_times' (382) panicked at tests/datetime.rs:68:5:
[INFO] [stdout] assertion `left == right` failed
[INFO] [stdout]   left: "invalid TOML value, did you mean to use a quoted string? at line 1 column 7"
[INFO] [stdout]  right: "failed to parse datetime for key `foo` at line 1 column 7"
[INFO] [stdout] stack backtrace:
[INFO] [stdout]    0:     0x5a29b36017e1 - <<std[70759c8f55707aa4]::sys::backtrace::BacktraceLock>::print::DisplayBacktrace as core[df12db4294e9bfd3]::fmt::Display>::fmt
[INFO] [stdout]    1:     0x5a29b3616ada - core[df12db4294e9bfd3]::fmt::write
[INFO] [stdout]    2:     0x5a29b3605d2c - <alloc[2182bb758b4b3781]::vec::Vec<u8> as core[df12db4294e9bfd3]::io::write::Write>::write_fmt
[INFO] [stdout]    3:     0x5a29b35dddd6 - std[70759c8f55707aa4]::panicking::default_hook::{closure#0}
[INFO] [stdout]    4:     0x5a29b35f9f49 - std[70759c8f55707aa4]::panicking::default_hook
[INFO] [stdout]    5:     0x5a29b3587d60 - test[9d35eded1c95d3be]::test_main_inner::<test[9d35eded1c95d3be]::test_main_static::{closure#0}>::{closure#0}
[INFO] [stdout]    6:     0x5a29b35fa102 - std[70759c8f55707aa4]::panicking::panic_with_hook
[INFO] [stdout]    7:     0x5a29b35dde82 - std[70759c8f55707aa4]::panicking::panic_handler::{closure#0}
[INFO] [stdout]    8:     0x5a29b35d6bd9 - std[70759c8f55707aa4]::sys::backtrace::__rust_end_short_backtrace::<std[70759c8f55707aa4]::panicking::panic_handler::{closure#0}, !>
[INFO] [stdout]    9:     0x5a29b35dea7d - __rustc[8fa7c3cbc660c2b3]::rust_begin_unwind
[INFO] [stdout]   10:     0x5a29b361720c - core[df12db4294e9bfd3]::panicking::panic_fmt
[INFO] [stdout]   11:     0x5a29b3617123 - core[df12db4294e9bfd3]::panicking::assert_failed_inner
[INFO] [stdout]   12:     0x5a29b356fe43 - core[df12db4294e9bfd3]::panicking::assert_failed::<alloc[2182bb758b4b3781]::string::String, &str>
[INFO] [stdout]   13:     0x5a29b35759b2 - datetime[7ecbfb63d2724b2b]::bad_times
[INFO] [stdout]   14:     0x5a29b35774b9 - <datetime[7ecbfb63d2724b2b]::bad_times::{closure#0} as core[df12db4294e9bfd3]::ops::function::FnOnce<()>>::call_once
[INFO] [stdout]   15:     0x5a29b357b04b - test[9d35eded1c95d3be]::__rust_begin_short_backtrace::<core[df12db4294e9bfd3]::result::Result<(), alloc[2182bb758b4b3781]::string::String>, fn() -> core[df12db4294e9bfd3]::result::Result<(), alloc[2182bb758b4b3781]::string::String>>
[INFO] [stdout]   16:     0x5a29b35886b5 - test[9d35eded1c95d3be]::run_test::{closure#0}
[INFO] [stdout]   17:     0x5a29b3581f74 - std[70759c8f55707aa4]::sys::backtrace::__rust_begin_short_backtrace::<test[9d35eded1c95d3be]::run_test::{closure#1}, ()>
[INFO] [stdout]   18:     0x5a29b358b812 - <std[70759c8f55707aa4]::thread::lifecycle::spawn_unchecked<test[9d35eded1c95d3be]::run_test::{closure#1}, ()>::{closure#1} as core[df12db4294e9bfd3]::ops::function::FnOnce<()>>::call_once::{shim:vtable#0}
[INFO] [stdout]   19:     0x5a29b36010b9 - <std[70759c8f55707aa4]::sys::thread::unix::Thread>::new::thread_start
[INFO] [stdout]   20:     0x7a0b5888fdfa - <unknown>
[INFO] [stdout]   21:     0x7a0b589233d4 - clone
[INFO] [stdout]   22:                0x0 - <unknown>
[INFO] [stdout] 
[INFO] [stdout] 
[INFO] [stdout] failures:
[INFO] [stdout]     bad_times
[INFO] [stdout] 
[INFO] [stdout] test result: FAILED. 1 passed; 1 failed; 0 ignored; 0 measured; 0 filtered out; finished in 0.01s
[INFO] [stdout] 
[INFO] [stderr] error: test failed, to rerun pass `--test datetime`
[INFO] running `Command { std: "docker" "inspect" "8de1ceba5fd15081647b432b0da7c6541a64abe11147619095c32498b1f7b798", kill_on_drop: false }`
[INFO] running `Command { std: "docker" "rm" "-f" "8de1ceba5fd15081647b432b0da7c6541a64abe11147619095c32498b1f7b798", kill_on_drop: false }`
[INFO] [stdout] 8de1ceba5fd15081647b432b0da7c6541a64abe11147619095c32498b1f7b798
