[INFO] fetching crate toml-maid 0.4.1...
[INFO] testing toml-maid-0.4.1 against 1.99.0-beta.8+cargoflags=--release for beta-release-1.100-2
[INFO] extracting crate toml-maid 0.4.1 into /workspace/builds/worker-2-tc1/source
[INFO] started tweaking crates.io crate toml-maid 0.4.1
[INFO] removed 0 missing tests
[INFO] finished tweaking crates.io crate toml-maid 0.4.1
[INFO] tweaked toml for crates.io crate toml-maid 0.4.1 written to /workspace/builds/worker-2-tc1/source/Cargo.toml
[INFO] validating manifest of crates.io crate toml-maid 0.4.1 on toolchain 1.99.0-beta.8
[INFO] running `Command { std: CARGO_HOME="/workspace/cargo-home" RUSTUP_HOME="/workspace/rustup-home" "/workspace/cargo-home/bin/cargo" "+1.99.0-beta.8" "metadata" "--manifest-path" "Cargo.toml" "--no-deps", kill_on_drop: false }`
[INFO] crate crates.io crate toml-maid 0.4.1 already has a lockfile, it will not be regenerated
[INFO] running `Command { std: CARGO_HOME="/workspace/cargo-home" RUSTUP_HOME="/workspace/rustup-home" "/workspace/cargo-home/bin/cargo" "+1.99.0-beta.8" "fetch" "--manifest-path" "Cargo.toml", kill_on_drop: false }`
[INFO] [stderr]  Downloading crates ...
[INFO] [stderr]   Downloaded clap_lex v0.3.3
[INFO] [stderr]   Downloaded globset v0.4.10
[INFO] [stderr]   Downloaded clap_derive v4.1.9
[INFO] [stderr]   Downloaded clap v4.1.11
[INFO] [stderr]   Downloaded syn v1.0.81
[INFO] [stderr]   Downloaded bstr v1.6.0
[INFO] [stderr]   Downloaded libc v0.2.107
[INFO] running `Command { std: "docker" "create" "-v" "/var/lib/crater-agent-workspace/builds/worker-2-tc1/source:/opt/rustwide/workdir:ro,Z" "-v" "/var/lib/crater-agent-workspace/builds/worker-2-tc1/target:/opt/rustwide/target:rw,Z" "-v" "/var/lib/crater-agent-workspace/cargo-home:/opt/rustwide/cargo-home:ro,Z" "-v" "/var/lib/crater-agent-workspace/rustup-home:/opt/rustwide/rustup-home:ro,Z" "-m" "1610612736" "--network" "none" "ghcr.io/rust-lang/crates-build-env/linux@sha256:77db811e55d90add9212f6832c23229e3de5f1c1f9905e8cb07319ea15df73ac" "sleep" "infinity", kill_on_drop: false }`
[INFO] [stdout] 204a855fbe53b763372c07024c87cade83fa1faf60324448e2726e13d0d68368
[INFO] running `Command { std: "docker" "start" "204a855fbe53b763372c07024c87cade83fa1faf60324448e2726e13d0d68368", kill_on_drop: false }`
[INFO] running `Command { std: "docker" "inspect" "204a855fbe53b763372c07024c87cade83fa1faf60324448e2726e13d0d68368", kill_on_drop: false }`
[INFO] running `Command { std: "docker" "exec" "-e" "SOURCE_DIR=/opt/rustwide/workdir" "-e" "CARGO_HOME=/opt/rustwide/cargo-home" "-e" "RUSTUP_HOME=/opt/rustwide/rustup-home" "-e" "CARGO_TARGET_DIR=/opt/rustwide/target" "-w" "/opt/rustwide/workdir" "--user" "0:0" "204a855fbe53b763372c07024c87cade83fa1faf60324448e2726e13d0d68368" "/opt/rustwide/cargo-home/bin/cargo" "+1.99.0-beta.8" "metadata" "--no-deps" "--format-version=1", kill_on_drop: false }`
[INFO] running `Command { std: "docker" "inspect" "204a855fbe53b763372c07024c87cade83fa1faf60324448e2726e13d0d68368", kill_on_drop: false }`
[INFO] running `Command { std: "docker" "exec" "-e" "SOURCE_DIR=/opt/rustwide/workdir" "-e" "CARGO_HOME=/opt/rustwide/cargo-home" "-e" "RUSTUP_HOME=/opt/rustwide/rustup-home" "-e" "CARGO_TARGET_DIR=/opt/rustwide/target" "-e" "CARGO_INCREMENTAL=0" "-e" "RUST_BACKTRACE=full" "-e" "RUSTFLAGS=--cap-lints=warn" "-e" "RUSTDOCFLAGS=--cap-lints=warn" "-w" "/opt/rustwide/workdir" "--user" "0:0" "204a855fbe53b763372c07024c87cade83fa1faf60324448e2726e13d0d68368" "/opt/rustwide/cargo-home/bin/cargo" "+1.99.0-beta.8" "build" "--frozen" "--message-format=json" "--release", kill_on_drop: false }`
[INFO] [stderr]    Compiling version_check v0.9.3
[INFO] [stderr]    Compiling syn v1.0.81
[INFO] [stderr]    Compiling libc v0.2.107
[INFO] [stderr]    Compiling unicode-xid v0.2.2
[INFO] [stderr]    Compiling aho-corasick v0.7.20
[INFO] [stderr]    Compiling winnow v1.0.1
[INFO] [stderr]    Compiling bstr v1.6.0
[INFO] [stderr]    Compiling log v0.4.20
[INFO] [stderr]    Compiling toml_writer v1.1.1+spec-1.1.0
[INFO] [stderr]    Compiling syn v2.0.117
[INFO] [stderr]    Compiling toml_datetime v1.1.1+spec-1.1.0
[INFO] [stderr]    Compiling walkdir v2.4.0
[INFO] [stderr]    Compiling indexmap v2.13.1
[INFO] [stderr]    Compiling thread_local v1.1.7
[INFO] [stderr]    Compiling clap_lex v0.3.3
[INFO] [stderr]    Compiling similar v2.7.0
[INFO] [stderr]    Compiling colored v3.1.1
[INFO] [stderr]    Compiling proc-macro-error-attr v1.0.4
[INFO] [stderr]    Compiling proc-macro-error v1.0.4
[INFO] [stderr]    Compiling is-terminal v0.4.17
[INFO] [stderr]    Compiling regex v1.7.3
[INFO] [stderr]    Compiling toml_parser v1.1.2+spec-1.1.0
[INFO] [stderr]    Compiling toml_edit v0.25.10+spec-1.1.0
[INFO] [stderr]    Compiling toml v1.1.2+spec-1.1.0
[INFO] [stderr]    Compiling serde_derive v1.0.228
[INFO] [stderr]    Compiling globset v0.4.10
[INFO] [stderr]    Compiling ignore v0.4.20
[INFO] [stderr]    Compiling clap_derive v4.1.9
[INFO] [stderr]    Compiling serde v1.0.228
[INFO] [stderr]    Compiling clap v4.1.11
[INFO] [stderr]    Compiling toml-maid v0.4.1 (/opt/rustwide/workdir)
[INFO] [stderr]     Finished `release` profile [optimized] target(s) in 44.79s
[INFO] running `Command { std: "docker" "inspect" "204a855fbe53b763372c07024c87cade83fa1faf60324448e2726e13d0d68368", kill_on_drop: false }`
[INFO] running `Command { std: "docker" "exec" "-e" "SOURCE_DIR=/opt/rustwide/workdir" "-e" "CARGO_HOME=/opt/rustwide/cargo-home" "-e" "RUSTUP_HOME=/opt/rustwide/rustup-home" "-e" "CARGO_TARGET_DIR=/opt/rustwide/target" "-e" "CARGO_INCREMENTAL=0" "-e" "RUST_BACKTRACE=full" "-e" "RUSTFLAGS=--cap-lints=warn" "-e" "RUSTDOCFLAGS=--cap-lints=warn" "-w" "/opt/rustwide/workdir" "--user" "0:0" "204a855fbe53b763372c07024c87cade83fa1faf60324448e2726e13d0d68368" "/opt/rustwide/cargo-home/bin/cargo" "+1.99.0-beta.8" "test" "--frozen" "--no-run" "--message-format=json" "--release", kill_on_drop: false }`
[INFO] [stderr]    Compiling toml-maid v0.4.1 (/opt/rustwide/workdir)
[INFO] [stderr]     Finished `release` profile [optimized] target(s) in 0.94s
[INFO] running `Command { std: "docker" "inspect" "204a855fbe53b763372c07024c87cade83fa1faf60324448e2726e13d0d68368", kill_on_drop: false }`
[INFO] running `Command { std: "docker" "exec" "-e" "SOURCE_DIR=/opt/rustwide/workdir" "-e" "CARGO_HOME=/opt/rustwide/cargo-home" "-e" "RUSTUP_HOME=/opt/rustwide/rustup-home" "-e" "CARGO_TARGET_DIR=/opt/rustwide/target" "-e" "CARGO_INCREMENTAL=0" "-e" "RUST_BACKTRACE=full" "-e" "RUSTFLAGS=--cap-lints=warn" "-e" "RUSTDOCFLAGS=--cap-lints=warn" "-w" "/opt/rustwide/workdir" "--user" "0:0" "204a855fbe53b763372c07024c87cade83fa1faf60324448e2726e13d0d68368" "/opt/rustwide/cargo-home/bin/cargo" "+1.99.0-beta.8" "test" "--frozen" "--release", kill_on_drop: false }`
[INFO] [stderr]     Finished `release` profile [optimized] target(s) in 0.07s
[INFO] [stderr]      Running unittests src/lib.rs (/opt/rustwide/target/release/deps/toml_maid-c1ad380f67bbbd11)
[INFO] [stderr]      Running unittests src/main.rs (/opt/rustwide/target/release/deps/toml_maid-be224d90de6a49bc)
[INFO] [stdout] 
[INFO] [stdout] running 0 tests
[INFO] [stdout] 
[INFO] [stdout] test result: ok. 0 passed; 0 failed; 0 ignored; 0 measured; 0 filtered out; finished in 0.00s
[INFO] [stdout] 
[INFO] [stdout] 
[INFO] [stdout] running 0 tests
[INFO] [stdout] 
[INFO] [stdout] test result: ok. 0 passed; 0 failed; 0 ignored; 0 measured; 0 filtered out; finished in 0.00s
[INFO] [stdout] 
[INFO] [stderr]      Running tests/output_consistency.rs (/opt/rustwide/target/release/deps/output_consistency-91d8d98c6fdf70ff)
[INFO] [stdout] 
[INFO] [stdout] running 7 tests
[INFO] [stdout] test ensure_output_consistency_indent7 ... FAILED
[INFO] [stdout] test ensure_output_consistency_multiline ... FAILED
[INFO] [stdout] test ensure_output_consistency_normalize_comments ... FAILED
[INFO] [stdout] test ensure_output_consistency_section_keys ... FAILED
[INFO] [stdout] test ensure_output_consistency_sorted ... FAILED
[INFO] [stdout] test ensure_output_consistency_indent ... FAILED
[INFO] [stdout] test ensure_output_consistency ... FAILED
[INFO] [stdout] 
[INFO] [stdout] failures:
[INFO] [stdout] 
[INFO] [stdout] ---- ensure_output_consistency_indent7 stdout ----
[INFO] [stdout] /opt/rustwide/workdir/tests/output_consistency_indent7/basic.toml.out
[INFO] [stdout] /opt/rustwide/workdir/tests/output_consistency_indent7/basic.toml
[INFO] [stdout] 
[INFO] [stdout] thread 'ensure_output_consistency_indent7' (971) panicked at tests/output_consistency.rs:29:48:
[INFO] [stdout] copy to work: Os { code: 30, kind: ReadOnlyFilesystem, message: "Read-only file system" }
[INFO] [stdout] stack backtrace:
[INFO] [stdout]    0:     0x64cfe4bdf521 - <<std[70759c8f55707aa4]::sys::backtrace::BacktraceLock>::print::DisplayBacktrace as core[df12db4294e9bfd3]::fmt::Display>::fmt
[INFO] [stdout]    1:     0x64cfe4bf567a - core[df12db4294e9bfd3]::fmt::write
[INFO] [stdout]    2:     0x64cfe4be3d5c - <alloc[2182bb758b4b3781]::vec::Vec<u8> as core[df12db4294e9bfd3]::io::write::Write>::write_fmt
[INFO] [stdout]    3:     0x64cfe4bb9566 - std[70759c8f55707aa4]::panicking::default_hook::{closure#0}
[INFO] [stdout]    4:     0x64cfe4bd6259 - std[70759c8f55707aa4]::panicking::default_hook
[INFO] [stdout]    5:     0x64cfe4a5fa40 - test[9d35eded1c95d3be]::test_main_inner::<test[9d35eded1c95d3be]::test_main_static::{closure#0}>::{closure#0}
[INFO] [stdout]    6:     0x64cfe4bd6412 - std[70759c8f55707aa4]::panicking::panic_with_hook
[INFO] [stdout]    7:     0x64cfe4bb9612 - std[70759c8f55707aa4]::panicking::panic_handler::{closure#0}
[INFO] [stdout]    8:     0x64cfe4bb2089 - std[70759c8f55707aa4]::sys::backtrace::__rust_end_short_backtrace::<std[70759c8f55707aa4]::panicking::panic_handler::{closure#0}, !>
[INFO] [stdout]    9:     0x64cfe4bba20d - __rustc[8fa7c3cbc660c2b3]::rust_begin_unwind
[INFO] [stdout]   10:     0x64cfe4bf5ddc - core[df12db4294e9bfd3]::panicking::panic_fmt
[INFO] [stdout]   11:     0x64cfe4bf5bb2 - core[df12db4294e9bfd3]::result::unwrap_failed
[INFO] [stdout]   12:     0x64cfe4a50c0d - output_consistency[2799cad22419ea14]::run_fixtures
[INFO] [stdout]   13:     0x64cfe4a51c33 - <output_consistency[2799cad22419ea14]::ensure_output_consistency_indent7::{closure#0} as core[df12db4294e9bfd3]::ops::function::FnOnce<()>>::call_once
[INFO] [stdout]   14:     0x64cfe4a52d2b - test[9d35eded1c95d3be]::__rust_begin_short_backtrace::<core[df12db4294e9bfd3]::result::Result<(), alloc[2182bb758b4b3781]::string::String>, fn() -> core[df12db4294e9bfd3]::result::Result<(), alloc[2182bb758b4b3781]::string::String>>
[INFO] [stdout]   15:     0x64cfe4a60395 - test[9d35eded1c95d3be]::run_test::{closure#0}
[INFO] [stdout]   16:     0x64cfe4a59c54 - std[70759c8f55707aa4]::sys::backtrace::__rust_begin_short_backtrace::<test[9d35eded1c95d3be]::run_test::{closure#1}, ()>
[INFO] [stdout]   17:     0x64cfe4a634f2 - <std[70759c8f55707aa4]::thread::lifecycle::spawn_unchecked<test[9d35eded1c95d3be]::run_test::{closure#1}, ()>::{closure#1} as core[df12db4294e9bfd3]::ops::function::FnOnce<()>>::call_once::{shim:vtable#0}
[INFO] [stdout]   18:     0x64cfe4bde679 - <std[70759c8f55707aa4]::sys::thread::unix::Thread>::new::thread_start
[INFO] [stdout]   19:     0x745025304dfa - <unknown>
[INFO] [stdout]   20:     0x7450253983d4 - clone
[INFO] [stdout]   21:                0x0 - <unknown>
[INFO] [stdout] 
[INFO] [stdout] ---- ensure_output_consistency_multiline stdout ----
[INFO] [stdout] /opt/rustwide/workdir/tests/output_consistency_multiline/basic.toml.out
[INFO] [stdout] /opt/rustwide/workdir/tests/output_consistency_multiline/basic.toml
[INFO] [stdout] 
[INFO] [stdout] thread 'ensure_output_consistency_multiline' (972) panicked at tests/output_consistency.rs:29:48:
[INFO] [stdout] copy to work: Os { code: 30, kind: ReadOnlyFilesystem, message: "Read-only file system" }
[INFO] [stdout] stack backtrace:
[INFO] [stdout]    0:     0x64cfe4bdf521 - <<std[70759c8f55707aa4]::sys::backtrace::BacktraceLock>::print::DisplayBacktrace as core[df12db4294e9bfd3]::fmt::Display>::fmt
[INFO] [stdout]    1:     0x64cfe4bf567a - core[df12db4294e9bfd3]::fmt::write
[INFO] [stdout]    2:     0x64cfe4be3d5c - <alloc[2182bb758b4b3781]::vec::Vec<u8> as core[df12db4294e9bfd3]::io::write::Write>::write_fmt
[INFO] [stdout]    3:     0x64cfe4bb9566 - std[70759c8f55707aa4]::panicking::default_hook::{closure#0}
[INFO] [stdout]    4:     0x64cfe4bd6259 - std[70759c8f55707aa4]::panicking::default_hook
[INFO] [stdout]    5:     0x64cfe4a5fa40 - test[9d35eded1c95d3be]::test_main_inner::<test[9d35eded1c95d3be]::test_main_static::{closure#0}>::{closure#0}
[INFO] [stdout]    6:     0x64cfe4bd6412 - std[70759c8f55707aa4]::panicking::panic_with_hook
[INFO] [stdout]    7:     0x64cfe4bb9612 - std[70759c8f55707aa4]::panicking::panic_handler::{closure#0}
[INFO] [stdout]    8:     0x64cfe4bb2089 - std[70759c8f55707aa4]::sys::backtrace::__rust_end_short_backtrace::<std[70759c8f55707aa4]::panicking::panic_handler::{closure#0}, !>
[INFO] [stdout]    9:     0x64cfe4bba20d - __rustc[8fa7c3cbc660c2b3]::rust_begin_unwind
[INFO] [stdout]   10:     0x64cfe4bf5ddc - core[df12db4294e9bfd3]::panicking::panic_fmt
[INFO] [stdout]   11:     0x64cfe4bf5bb2 - core[df12db4294e9bfd3]::result::unwrap_failed
[INFO] [stdout]   12:     0x64cfe4a50c0d - output_consistency[2799cad22419ea14]::run_fixtures
[INFO] [stdout]   13:     0x64cfe4a51eb1 - <output_consistency[2799cad22419ea14]::ensure_output_consistency_multiline::{closure#0} as core[df12db4294e9bfd3]::ops::function::FnOnce<()>>::call_once
[INFO] [stdout]   14:     0x64cfe4a52d2b - test[9d35eded1c95d3be]::__rust_begin_short_backtrace::<core[df12db4294e9bfd3]::result::Result<(), alloc[2182bb758b4b3781]::string::String>, fn() -> core[df12db4294e9bfd3]::result::Result<(), alloc[2182bb758b4b3781]::string::String>>
[INFO] [stdout]   15:     0x64cfe4a60395 - test[9d35eded1c95d3be]::run_test::{closure#0}
[INFO] [stdout]   16:     0x64cfe4a59c54 - std[70759c8f55707aa4]::sys::backtrace::__rust_begin_short_backtrace::<test[9d35eded1c95d3be]::run_test::{closure#1}, ()>
[INFO] [stdout]   17:     0x64cfe4a634f2 - <std[70759c8f55707aa4]::thread::lifecycle::spawn_unchecked<test[9d35eded1c95d3be]::run_test::{closure#1}, ()>::{closure#1} as core[df12db4294e9bfd3]::ops::function::FnOnce<()>>::call_once::{shim:vtable#0}
[INFO] [stdout]   18:     0x64cfe4bde679 - <std[70759c8f55707aa4]::sys::thread::unix::Thread>::new::thread_start
[INFO] [stdout]   19:     0x745025304dfa - <unknown>
[INFO] [stdout]   20:     0x7450253983d4 - clone
[INFO] [stdout]   21:                0x0 - <unknown>
[INFO] [stdout] 
[INFO] [stdout] ---- ensure_output_consistency_normalize_comments stdout ----
[INFO] [stdout] /opt/rustwide/workdir/tests/output_consistency_normalize_comments/basic.toml.out
[INFO] [stdout] /opt/rustwide/workdir/tests/output_consistency_normalize_comments/basic.toml
[INFO] [stdout] 
[INFO] [stdout] thread 'ensure_output_consistency_normalize_comments' (973) panicked at tests/output_consistency.rs:29:48:
[INFO] [stdout] copy to work: Os { code: 30, kind: ReadOnlyFilesystem, message: "Read-only file system" }
[INFO] [stdout] stack backtrace:
[INFO] [stdout]    0:     0x64cfe4bdf521 - <<std[70759c8f55707aa4]::sys::backtrace::BacktraceLock>::print::DisplayBacktrace as core[df12db4294e9bfd3]::fmt::Display>::fmt
[INFO] [stdout]    1:     0x64cfe4bf567a - core[df12db4294e9bfd3]::fmt::write
[INFO] [stdout]    2:     0x64cfe4be3d5c - <alloc[2182bb758b4b3781]::vec::Vec<u8> as core[df12db4294e9bfd3]::io::write::Write>::write_fmt
[INFO] [stdout]    3:     0x64cfe4bb9566 - std[70759c8f55707aa4]::panicking::default_hook::{closure#0}
[INFO] [stdout]    4:     0x64cfe4bd6259 - std[70759c8f55707aa4]::panicking::default_hook
[INFO] [stdout]    5:     0x64cfe4a5fa40 - test[9d35eded1c95d3be]::test_main_inner::<test[9d35eded1c95d3be]::test_main_static::{closure#0}>::{closure#0}
[INFO] [stdout]    6:     0x64cfe4bd6412 - std[70759c8f55707aa4]::panicking::panic_with_hook
[INFO] [stdout]    7:     0x64cfe4bb9612 - std[70759c8f55707aa4]::panicking::panic_handler::{closure#0}
[INFO] [stdout]    8:     0x64cfe4bb2089 - std[70759c8f55707aa4]::sys::backtrace::__rust_end_short_backtrace::<std[70759c8f55707aa4]::panicking::panic_handler::{closure#0}, !>
[INFO] [stdout]    9:     0x64cfe4bba20d - __rustc[8fa7c3cbc660c2b3]::rust_begin_unwind
[INFO] [stdout]   10:     0x64cfe4bf5ddc - core[df12db4294e9bfd3]::panicking::panic_fmt
[INFO] [stdout]   11:     0x64cfe4bf5bb2 - core[df12db4294e9bfd3]::result::unwrap_failed
[INFO] [stdout]   12:     0x64cfe4a50c0d - output_consistency[2799cad22419ea14]::run_fixtures
[INFO] [stdout]   13:     0x64cfe4a52c07 - <output_consistency[2799cad22419ea14]::ensure_output_consistency_normalize_comments::{closure#0} as core[df12db4294e9bfd3]::ops::function::FnOnce<()>>::call_once
[INFO] [stdout]   14:     0x64cfe4a52d2b - test[9d35eded1c95d3be]::__rust_begin_short_backtrace::<core[df12db4294e9bfd3]::result::Result<(), alloc[2182bb758b4b3781]::string::String>, fn() -> core[df12db4294e9bfd3]::result::Result<(), alloc[2182bb758b4b3781]::string::String>>
[INFO] [stdout]   15:     0x64cfe4a60395 - test[9d35eded1c95d3be]::run_test::{closure#0}
[INFO] [stdout]   16:     0x64cfe4a59c54 - std[70759c8f55707aa4]::sys::backtrace::__rust_begin_short_backtrace::<test[9d35eded1c95d3be]::run_test::{closure#1}, ()>
[INFO] [stdout]   17:     0x64cfe4a634f2 - <std[70759c8f55707aa4]::thread::lifecycle::spawn_unchecked<test[9d35eded1c95d3be]::run_test::{closure#1}, ()>::{closure#1} as core[df12db4294e9bfd3]::ops::function::FnOnce<()>>::call_once::{shim:vtable#0}
[INFO] [stdout]   18:     0x64cfe4bde679 - <std[70759c8f55707aa4]::sys::thread::unix::Thread>::new::thread_start
[INFO] [stdout]   19:     0x745025304dfa - <unknown>
[INFO] [stdout]   20:     0x7450253983d4 - clone
[INFO] [stderr] error: test failed, to rerun pass `--test output_consistency`
[INFO] [stdout]   21:                0x0 - <unknown>
[INFO] [stdout] 
[INFO] [stdout] ---- ensure_output_consistency_section_keys stdout ----
[INFO] [stdout] /opt/rustwide/workdir/tests/output_consistency_section_keys/basic.toml.out
[INFO] [stdout] /opt/rustwide/workdir/tests/output_consistency_section_keys/basic.toml
[INFO] [stdout] 
[INFO] [stdout] thread 'ensure_output_consistency_section_keys' (974) panicked at tests/output_consistency.rs:29:48:
[INFO] [stdout] copy to work: Os { code: 30, kind: ReadOnlyFilesystem, message: "Read-only file system" }
[INFO] [stdout] stack backtrace:
[INFO] [stdout]    0:     0x64cfe4bdf521 - <<std[70759c8f55707aa4]::sys::backtrace::BacktraceLock>::print::DisplayBacktrace as core[df12db4294e9bfd3]::fmt::Display>::fmt
[INFO] [stdout]    1:     0x64cfe4bf567a - core[df12db4294e9bfd3]::fmt::write
[INFO] [stdout]    2:     0x64cfe4be3d5c - <alloc[2182bb758b4b3781]::vec::Vec<u8> as core[df12db4294e9bfd3]::io::write::Write>::write_fmt
[INFO] [stdout]    3:     0x64cfe4bb9566 - std[70759c8f55707aa4]::panicking::default_hook::{closure#0}
[INFO] [stdout]    4:     0x64cfe4bd6259 - std[70759c8f55707aa4]::panicking::default_hook
[INFO] [stdout]    5:     0x64cfe4a5fa40 - test[9d35eded1c95d3be]::test_main_inner::<test[9d35eded1c95d3be]::test_main_static::{closure#0}>::{closure#0}
[INFO] [stdout]    6:     0x64cfe4bd6412 - std[70759c8f55707aa4]::panicking::panic_with_hook
[INFO] [stdout]    7:     0x64cfe4bb9612 - std[70759c8f55707aa4]::panicking::panic_handler::{closure#0}
[INFO] [stdout]    8:     0x64cfe4bb2089 - std[70759c8f55707aa4]::sys::backtrace::__rust_end_short_backtrace::<std[70759c8f55707aa4]::panicking::panic_handler::{closure#0}, !>
[INFO] [stdout]    9:     0x64cfe4bba20d - __rustc[8fa7c3cbc660c2b3]::rust_begin_unwind
[INFO] [stdout]   10:     0x64cfe4bf5ddc - core[df12db4294e9bfd3]::panicking::panic_fmt
[INFO] [stdout]   11:     0x64cfe4bf5bb2 - core[df12db4294e9bfd3]::result::unwrap_failed
[INFO] [stdout]   12:     0x64cfe4a50c0d - output_consistency[2799cad22419ea14]::run_fixtures
[INFO] [stdout]   13:     0x64cfe4a52654 - <output_consistency[2799cad22419ea14]::ensure_output_consistency_section_keys::{closure#0} as core[df12db4294e9bfd3]::ops::function::FnOnce<()>>::call_once
[INFO] [stdout]   14:     0x64cfe4a52d2b - test[9d35eded1c95d3be]::__rust_begin_short_backtrace::<core[df12db4294e9bfd3]::result::Result<(), alloc[2182bb758b4b3781]::string::String>, fn() -> core[df12db4294e9bfd3]::result::Result<(), alloc[2182bb758b4b3781]::string::String>>
[INFO] [stdout]   15:     0x64cfe4a60395 - test[9d35eded1c95d3be]::run_test::{closure#0}
[INFO] [stdout]   16:     0x64cfe4a59c54 - std[70759c8f55707aa4]::sys::backtrace::__rust_begin_short_backtrace::<test[9d35eded1c95d3be]::run_test::{closure#1}, ()>
[INFO] [stdout]   17:     0x64cfe4a634f2 - <std[70759c8f55707aa4]::thread::lifecycle::spawn_unchecked<test[9d35eded1c95d3be]::run_test::{closure#1}, ()>::{closure#1} as core[df12db4294e9bfd3]::ops::function::FnOnce<()>>::call_once::{shim:vtable#0}
[INFO] [stdout]   18:     0x64cfe4bde679 - <std[70759c8f55707aa4]::sys::thread::unix::Thread>::new::thread_start
[INFO] [stdout]   19:     0x745025304dfa - <unknown>
[INFO] [stdout]   20:     0x7450253983d4 - clone
[INFO] [stdout]   21:                0x0 - <unknown>
[INFO] [stdout] 
[INFO] [stdout] ---- ensure_output_consistency_sorted stdout ----
[INFO] [stdout] /opt/rustwide/workdir/tests/output_consistency_sorted/sort_with_suffix_comments.toml.out
[INFO] [stdout] /opt/rustwide/workdir/tests/output_consistency_sorted/sort_mixed_types.toml.out
[INFO] [stdout] /opt/rustwide/workdir/tests/output_consistency_sorted/sort_mixed_types.toml
[INFO] [stdout] 
[INFO] [stdout] thread 'ensure_output_consistency_sorted' (975) panicked at tests/output_consistency.rs:29:48:
[INFO] [stdout] copy to work: Os { code: 30, kind: ReadOnlyFilesystem, message: "Read-only file system" }
[INFO] [stdout] stack backtrace:
[INFO] [stdout]    0:     0x64cfe4bdf521 - <<std[70759c8f55707aa4]::sys::backtrace::BacktraceLock>::print::DisplayBacktrace as core[df12db4294e9bfd3]::fmt::Display>::fmt
[INFO] [stdout]    1:     0x64cfe4bf567a - core[df12db4294e9bfd3]::fmt::write
[INFO] [stdout]    2:     0x64cfe4be3d5c - <alloc[2182bb758b4b3781]::vec::Vec<u8> as core[df12db4294e9bfd3]::io::write::Write>::write_fmt
[INFO] [stdout]    3:     0x64cfe4bb9566 - std[70759c8f55707aa4]::panicking::default_hook::{closure#0}
[INFO] [stdout]    4:     0x64cfe4bd6259 - std[70759c8f55707aa4]::panicking::default_hook
[INFO] [stdout]    5:     0x64cfe4a5fa40 - test[9d35eded1c95d3be]::test_main_inner::<test[9d35eded1c95d3be]::test_main_static::{closure#0}>::{closure#0}
[INFO] [stdout]    6:     0x64cfe4bd6412 - std[70759c8f55707aa4]::panicking::panic_with_hook
[INFO] [stdout]    7:     0x64cfe4bb9612 - std[70759c8f55707aa4]::panicking::panic_handler::{closure#0}
[INFO] [stdout]    8:     0x64cfe4bb2089 - std[70759c8f55707aa4]::sys::backtrace::__rust_end_short_backtrace::<std[70759c8f55707aa4]::panicking::panic_handler::{closure#0}, !>
[INFO] [stdout]    9:     0x64cfe4bba20d - __rustc[8fa7c3cbc660c2b3]::rust_begin_unwind
[INFO] [stdout]   10:     0x64cfe4bf5ddc - core[df12db4294e9bfd3]::panicking::panic_fmt
[INFO] [stdout]   11:     0x64cfe4bf5bb2 - core[df12db4294e9bfd3]::result::unwrap_failed
[INFO] [stdout]   12:     0x64cfe4a50c0d - output_consistency[2799cad22419ea14]::run_fixtures
[INFO] [stdout]   13:     0x64cfe4a519f9 - <output_consistency[2799cad22419ea14]::ensure_output_consistency_sorted::{closure#0} as core[df12db4294e9bfd3]::ops::function::FnOnce<()>>::call_once
[INFO] [stdout]   14:     0x64cfe4a52d2b - test[9d35eded1c95d3be]::__rust_begin_short_backtrace::<core[df12db4294e9bfd3]::result::Result<(), alloc[2182bb758b4b3781]::string::String>, fn() -> core[df12db4294e9bfd3]::result::Result<(), alloc[2182bb758b4b3781]::string::String>>
[INFO] [stdout]   15:     0x64cfe4a60395 - test[9d35eded1c95d3be]::run_test::{closure#0}
[INFO] [stdout]   16:     0x64cfe4a59c54 - std[70759c8f55707aa4]::sys::backtrace::__rust_begin_short_backtrace::<test[9d35eded1c95d3be]::run_test::{closure#1}, ()>
[INFO] [stdout]   17:     0x64cfe4a634f2 - <std[70759c8f55707aa4]::thread::lifecycle::spawn_unchecked<test[9d35eded1c95d3be]::run_test::{closure#1}, ()>::{closure#1} as core[df12db4294e9bfd3]::ops::function::FnOnce<()>>::call_once::{shim:vtable#0}
[INFO] [stdout]   18:     0x64cfe4bde679 - <std[70759c8f55707aa4]::sys::thread::unix::Thread>::new::thread_start
[INFO] [stdout]   19:     0x745025304dfa - <unknown>
[INFO] [stdout]   20:     0x7450253983d4 - clone
[INFO] [stdout]   21:                0x0 - <unknown>
[INFO] [stdout] 
[INFO] [stdout] ---- ensure_output_consistency_indent stdout ----
[INFO] [stdout] /opt/rustwide/workdir/tests/output_consistency_indent/suffix_comment.toml.out
[INFO] [stdout] /opt/rustwide/workdir/tests/output_consistency_indent/normalize.toml
[INFO] [stdout] 
[INFO] [stdout] thread 'ensure_output_consistency_indent' (970) panicked at tests/output_consistency.rs:29:48:
[INFO] [stdout] copy to work: Os { code: 30, kind: ReadOnlyFilesystem, message: "Read-only file system" }
[INFO] [stdout] stack backtrace:
[INFO] [stdout]    0:     0x64cfe4bdf521 - <<std[70759c8f55707aa4]::sys::backtrace::BacktraceLock>::print::DisplayBacktrace as core[df12db4294e9bfd3]::fmt::Display>::fmt
[INFO] [stdout]    1:     0x64cfe4bf567a - core[df12db4294e9bfd3]::fmt::write
[INFO] [stdout]    2:     0x64cfe4be3d5c - <alloc[2182bb758b4b3781]::vec::Vec<u8> as core[df12db4294e9bfd3]::io::write::Write>::write_fmt
[INFO] [stdout]    3:     0x64cfe4bb9566 - std[70759c8f55707aa4]::panicking::default_hook::{closure#0}
[INFO] [stdout]    4:     0x64cfe4bd6259 - std[70759c8f55707aa4]::panicking::default_hook
[INFO] [stdout]    5:     0x64cfe4a5fa40 - test[9d35eded1c95d3be]::test_main_inner::<test[9d35eded1c95d3be]::test_main_static::{closure#0}>::{closure#0}
[INFO] [stdout]    6:     0x64cfe4bd6412 - std[70759c8f55707aa4]::panicking::panic_with_hook
[INFO] [stdout]    7:     0x64cfe4bb9612 - std[70759c8f55707aa4]::panicking::panic_handler::{closure#0}
[INFO] [stdout]    8:     0x64cfe4bb2089 - std[70759c8f55707aa4]::sys::backtrace::__rust_end_short_backtrace::<std[70759c8f55707aa4]::panicking::panic_handler::{closure#0}, !>
[INFO] [stdout]    9:     0x64cfe4bba20d - __rustc[8fa7c3cbc660c2b3]::rust_begin_unwind
[INFO] [stdout]   10:     0x64cfe4bf5ddc - core[df12db4294e9bfd3]::panicking::panic_fmt
[INFO] [stdout]   11:     0x64cfe4bf5bb2 - core[df12db4294e9bfd3]::result::unwrap_failed
[INFO] [stdout]   12:     0x64cfe4a50c0d - output_consistency[2799cad22419ea14]::run_fixtures
[INFO] [stdout]   13:     0x64cfe4a5178c - <output_consistency[2799cad22419ea14]::ensure_output_consistency_indent::{closure#0} as core[df12db4294e9bfd3]::ops::function::FnOnce<()>>::call_once
[INFO] [stdout]   14:     0x64cfe4a52d2b - test[9d35eded1c95d3be]::__rust_begin_short_backtrace::<core[df12db4294e9bfd3]::result::Result<(), alloc[2182bb758b4b3781]::string::String>, fn() -> core[df12db4294e9bfd3]::result::Result<(), alloc[2182bb758b4b3781]::string::String>>
[INFO] [stdout]   15:     0x64cfe4a60395 - test[9d35eded1c95d3be]::run_test::{closure#0}
[INFO] [stdout]   16:     0x64cfe4a59c54 - std[70759c8f55707aa4]::sys::backtrace::__rust_begin_short_backtrace::<test[9d35eded1c95d3be]::run_test::{closure#1}, ()>
[INFO] [stdout]   17:     0x64cfe4a634f2 - <std[70759c8f55707aa4]::thread::lifecycle::spawn_unchecked<test[9d35eded1c95d3be]::run_test::{closure#1}, ()>::{closure#1} as core[df12db4294e9bfd3]::ops::function::FnOnce<()>>::call_once::{shim:vtable#0}
[INFO] [stdout]   18:     0x64cfe4bde679 - <std[70759c8f55707aa4]::sys::thread::unix::Thread>::new::thread_start
[INFO] [stdout]   19:     0x745025304dfa - <unknown>
[INFO] [stdout]   20:     0x7450253983d4 - clone
[INFO] [stdout]   21:                0x0 - <unknown>
[INFO] [stdout] 
[INFO] [stdout] ---- ensure_output_consistency stdout ----
[INFO] [stdout] /opt/rustwide/workdir/tests/output_consistency/section_header_comment.toml.out
[INFO] [stdout] /opt/rustwide/workdir/tests/output_consistency/exemple.toml.out
[INFO] [stdout] /opt/rustwide/workdir/tests/output_consistency/quote_normalize.toml.out
[INFO] [stdout] /opt/rustwide/workdir/tests/output_consistency/dotted_keys.toml.out
[INFO] [stdout] /opt/rustwide/workdir/tests/output_consistency/empty_section.toml
[INFO] [stdout] 
[INFO] [stdout] thread 'ensure_output_consistency' (969) panicked at tests/output_consistency.rs:29:48:
[INFO] [stdout] copy to work: Os { code: 30, kind: ReadOnlyFilesystem, message: "Read-only file system" }
[INFO] [stdout] stack backtrace:
[INFO] [stdout]    0:     0x64cfe4bdf521 - <<std[70759c8f55707aa4]::sys::backtrace::BacktraceLock>::print::DisplayBacktrace as core[df12db4294e9bfd3]::fmt::Display>::fmt
[INFO] [stdout]    1:     0x64cfe4bf567a - core[df12db4294e9bfd3]::fmt::write
[INFO] [stdout]    2:     0x64cfe4be3d5c - <alloc[2182bb758b4b3781]::vec::Vec<u8> as core[df12db4294e9bfd3]::io::write::Write>::write_fmt
[INFO] [stdout]    3:     0x64cfe4bb9566 - std[70759c8f55707aa4]::panicking::default_hook::{closure#0}
[INFO] [stdout]    4:     0x64cfe4bd6259 - std[70759c8f55707aa4]::panicking::default_hook
[INFO] [stdout]    5:     0x64cfe4a5fa40 - test[9d35eded1c95d3be]::test_main_inner::<test[9d35eded1c95d3be]::test_main_static::{closure#0}>::{closure#0}
[INFO] [stdout]    6:     0x64cfe4bd6412 - std[70759c8f55707aa4]::panicking::panic_with_hook
[INFO] [stdout]    7:     0x64cfe4bb9612 - std[70759c8f55707aa4]::panicking::panic_handler::{closure#0}
[INFO] [stdout]    8:     0x64cfe4bb2089 - std[70759c8f55707aa4]::sys::backtrace::__rust_end_short_backtrace::<std[70759c8f55707aa4]::panicking::panic_handler::{closure#0}, !>
[INFO] [stdout]    9:     0x64cfe4bba20d - __rustc[8fa7c3cbc660c2b3]::rust_begin_unwind
[INFO] [stdout]   10:     0x64cfe4bf5ddc - core[df12db4294e9bfd3]::panicking::panic_fmt
[INFO] [stdout]   11:     0x64cfe4bf5bb2 - core[df12db4294e9bfd3]::result::unwrap_failed
[INFO] [stdout]   12:     0x64cfe4a50c0d - output_consistency[2799cad22419ea14]::run_fixtures
[INFO] [stdout]   13:     0x64cfe4a5155d - <output_consistency[2799cad22419ea14]::ensure_output_consistency::{closure#0} as core[df12db4294e9bfd3]::ops::function::FnOnce<()>>::call_once
[INFO] [stdout]   14:     0x64cfe4a52d2b - test[9d35eded1c95d3be]::__rust_begin_short_backtrace::<core[df12db4294e9bfd3]::result::Result<(), alloc[2182bb758b4b3781]::string::String>, fn() -> core[df12db4294e9bfd3]::result::Result<(), alloc[2182bb758b4b3781]::string::String>>
[INFO] [stdout]   15:     0x64cfe4a60395 - test[9d35eded1c95d3be]::run_test::{closure#0}
[INFO] [stdout]   16:     0x64cfe4a59c54 - std[70759c8f55707aa4]::sys::backtrace::__rust_begin_short_backtrace::<test[9d35eded1c95d3be]::run_test::{closure#1}, ()>
[INFO] [stdout]   17:     0x64cfe4a634f2 - <std[70759c8f55707aa4]::thread::lifecycle::spawn_unchecked<test[9d35eded1c95d3be]::run_test::{closure#1}, ()>::{closure#1} as core[df12db4294e9bfd3]::ops::function::FnOnce<()>>::call_once::{shim:vtable#0}
[INFO] [stdout]   18:     0x64cfe4bde679 - <std[70759c8f55707aa4]::sys::thread::unix::Thread>::new::thread_start
[INFO] [stdout]   19:     0x745025304dfa - <unknown>
[INFO] [stdout]   20:     0x7450253983d4 - clone
[INFO] [stdout]   21:                0x0 - <unknown>
[INFO] [stdout] 
[INFO] [stdout] 
[INFO] [stdout] failures:
[INFO] [stdout]     ensure_output_consistency
[INFO] [stdout]     ensure_output_consistency_indent
[INFO] [stdout]     ensure_output_consistency_indent7
[INFO] [stdout]     ensure_output_consistency_multiline
[INFO] [stdout]     ensure_output_consistency_normalize_comments
[INFO] [stdout]     ensure_output_consistency_section_keys
[INFO] [stdout]     ensure_output_consistency_sorted
[INFO] [stdout] 
[INFO] [stdout] test result: FAILED. 0 passed; 7 failed; 0 ignored; 0 measured; 0 filtered out; finished in 0.01s
[INFO] [stdout] 
[INFO] running `Command { std: "docker" "inspect" "204a855fbe53b763372c07024c87cade83fa1faf60324448e2726e13d0d68368", kill_on_drop: false }`
[INFO] running `Command { std: "docker" "rm" "-f" "204a855fbe53b763372c07024c87cade83fa1faf60324448e2726e13d0d68368", kill_on_drop: false }`
[INFO] [stdout] 204a855fbe53b763372c07024c87cade83fa1faf60324448e2726e13d0d68368
