[INFO] fetching crate tome-cli 0.1.0...
[INFO] testing tome-cli-0.1.0 against 1.99.0-beta.8+cargoflags=--release for beta-release-1.100-2
[INFO] extracting crate tome-cli 0.1.0 into /workspace/builds/worker-4-tc1/source
[INFO] started tweaking crates.io crate tome-cli 0.1.0
[INFO] removed 0 missing tests
[INFO] finished tweaking crates.io crate tome-cli 0.1.0
[INFO] tweaked toml for crates.io crate tome-cli 0.1.0 written to /workspace/builds/worker-4-tc1/source/Cargo.toml
[INFO] validating manifest of crates.io crate tome-cli 0.1.0 on toolchain 1.99.0-beta.8
[INFO] running `Command { std: CARGO_HOME="/workspace/cargo-home" RUSTUP_HOME="/workspace/rustup-home" "/workspace/cargo-home/bin/cargo" "+1.99.0-beta.8" "metadata" "--manifest-path" "Cargo.toml" "--no-deps", kill_on_drop: false }`
[INFO] crate crates.io crate tome-cli 0.1.0 already has a lockfile, it will not be regenerated
[INFO] running `Command { std: CARGO_HOME="/workspace/cargo-home" RUSTUP_HOME="/workspace/rustup-home" "/workspace/cargo-home/bin/cargo" "+1.99.0-beta.8" "fetch" "--manifest-path" "Cargo.toml", kill_on_drop: false }`
[INFO] [stderr]     Updating crates.io index
[INFO] [stderr]  Downloading crates ...
[INFO] [stderr]   Downloaded tome-core v0.1.0
[INFO] [stderr]   Downloaded diffy v0.5.0
[INFO] [stderr]   Downloaded tokio v1.52.4
[INFO] running `Command { std: "docker" "create" "-v" "/var/lib/crater-agent-workspace/builds/worker-4-tc1/source:/opt/rustwide/workdir:ro,Z" "-v" "/var/lib/crater-agent-workspace/builds/worker-4-tc1/target:/opt/rustwide/target:rw,Z" "-v" "/var/lib/crater-agent-workspace/cargo-home:/opt/rustwide/cargo-home:ro,Z" "-v" "/var/lib/crater-agent-workspace/rustup-home:/opt/rustwide/rustup-home:ro,Z" "-m" "1610612736" "--network" "none" "ghcr.io/rust-lang/crates-build-env/linux@sha256:77db811e55d90add9212f6832c23229e3de5f1c1f9905e8cb07319ea15df73ac" "sleep" "infinity", kill_on_drop: false }`
[INFO] [stdout] 8f846f66e5eb28ec39ce139f28b8e66fa036033f81f19701715a34dac7ab2dd4
[INFO] running `Command { std: "docker" "start" "8f846f66e5eb28ec39ce139f28b8e66fa036033f81f19701715a34dac7ab2dd4", kill_on_drop: false }`
[INFO] running `Command { std: "docker" "inspect" "8f846f66e5eb28ec39ce139f28b8e66fa036033f81f19701715a34dac7ab2dd4", kill_on_drop: false }`
[INFO] running `Command { std: "docker" "exec" "-e" "SOURCE_DIR=/opt/rustwide/workdir" "-e" "CARGO_HOME=/opt/rustwide/cargo-home" "-e" "RUSTUP_HOME=/opt/rustwide/rustup-home" "-e" "CARGO_TARGET_DIR=/opt/rustwide/target" "-w" "/opt/rustwide/workdir" "--user" "0:0" "8f846f66e5eb28ec39ce139f28b8e66fa036033f81f19701715a34dac7ab2dd4" "/opt/rustwide/cargo-home/bin/cargo" "+1.99.0-beta.8" "metadata" "--no-deps" "--format-version=1", kill_on_drop: false }`
[INFO] running `Command { std: "docker" "inspect" "8f846f66e5eb28ec39ce139f28b8e66fa036033f81f19701715a34dac7ab2dd4", kill_on_drop: false }`
[INFO] running `Command { std: "docker" "exec" "-e" "SOURCE_DIR=/opt/rustwide/workdir" "-e" "CARGO_HOME=/opt/rustwide/cargo-home" "-e" "RUSTUP_HOME=/opt/rustwide/rustup-home" "-e" "CARGO_TARGET_DIR=/opt/rustwide/target" "-e" "CARGO_INCREMENTAL=0" "-e" "RUST_BACKTRACE=full" "-e" "RUSTFLAGS=--cap-lints=warn" "-e" "RUSTDOCFLAGS=--cap-lints=warn" "-w" "/opt/rustwide/workdir" "--user" "0:0" "8f846f66e5eb28ec39ce139f28b8e66fa036033f81f19701715a34dac7ab2dd4" "/opt/rustwide/cargo-home/bin/cargo" "+1.99.0-beta.8" "build" "--frozen" "--message-format=json" "--release", kill_on_drop: false }`
[INFO] [stderr]    Compiling smallvec v1.15.2
[INFO] [stderr]    Compiling cc v1.2.67
[INFO] [stderr]    Compiling http v1.4.2
[INFO] [stderr]    Compiling rustls-pki-types v1.15.0
[INFO] [stderr]    Compiling syn v2.0.119
[INFO] [stderr]    Compiling mio v1.2.2
[INFO] [stderr]    Compiling socket2 v0.6.5
[INFO] [stderr]    Compiling getrandom v0.2.17
[INFO] [stderr]    Compiling futures-util v0.3.32
[INFO] [stderr]    Compiling rustls v0.23.42
[INFO] [stderr]    Compiling futures-channel v0.3.32
[INFO] [stderr]    Compiling rustix v1.1.4
[INFO] [stderr]    Compiling linux-raw-sys v0.12.1
[INFO] [stderr]    Compiling ipnet v2.12.0
[INFO] [stderr]    Compiling regex-automata v0.4.16
[INFO] [stderr]    Compiling hashbrown v0.15.5
[INFO] [stderr]    Compiling serde_json v1.0.150
[INFO] [stderr]    Compiling anyhow v1.0.103
[INFO] [stderr]    Compiling toml_parser v1.1.2+spec-1.1.0
[INFO] [stderr]    Compiling clap_builder v4.6.2
[INFO] [stderr]    Compiling diffy v0.5.0
[INFO] [stderr]    Compiling tracing-log v0.2.0
[INFO] [stderr]    Compiling webpki-roots v1.0.8
[INFO] [stderr]    Compiling thread_local v1.1.10
[INFO] [stderr]    Compiling toml_writer v1.1.2+spec-1.1.0
[INFO] [stderr]    Compiling time v0.3.53
[INFO] [stderr]    Compiling toml v0.9.12+spec-1.1.0
[INFO] [stderr]    Compiling http-body v1.1.0
[INFO] [stderr]    Compiling hashlink v0.10.0
[INFO] [stderr]    Compiling http-body-util v0.1.4
[INFO] [stderr]    Compiling ring v0.17.14
[INFO] [stderr]    Compiling libsqlite3-sys v0.35.0
[INFO] [stderr]    Compiling matchers v0.2.0
[INFO] [stderr]    Compiling tempfile v3.27.0
[INFO] [stderr]    Compiling gethostname v1.1.0
[INFO] [stderr]    Compiling synstructure v0.13.2
[INFO] [stderr]    Compiling zerovec-derive v0.11.3
[INFO] [stderr]    Compiling displaydoc v0.2.6
[INFO] [stderr]    Compiling tokio-macros v2.7.0
[INFO] [stderr]    Compiling tracing-attributes v0.1.31
[INFO] [stderr]    Compiling serde_derive v1.0.228
[INFO] [stderr]    Compiling thiserror-impl v2.0.18
[INFO] [stderr]    Compiling clap_derive v4.6.1
[INFO] [stderr]    Compiling zerofrom-derive v0.1.7
[INFO] [stderr]    Compiling yoke-derive v0.8.2
[INFO] [stderr]    Compiling tokio v1.52.4
[INFO] [stderr]    Compiling tracing v0.1.44
[INFO] [stderr]    Compiling zerofrom v0.1.8
[INFO] [stderr]    Compiling thiserror v2.0.18
[INFO] [stderr]    Compiling yoke v0.8.3
[INFO] [stderr]    Compiling tracing-subscriber v0.3.23
[INFO] [stderr]    Compiling zerovec v0.11.6
[INFO] [stderr]    Compiling zerotrie v0.2.4
[INFO] [stderr]    Compiling tinystr v0.8.3
[INFO] [stderr]    Compiling potential_utf v0.1.5
[INFO] [stderr]    Compiling icu_locale_core v2.2.0
[INFO] [stderr]    Compiling icu_collections v2.2.0
[INFO] [stderr]    Compiling clap v4.6.2
[INFO] [stderr]    Compiling icu_provider v2.2.0
[INFO] [stderr]    Compiling icu_normalizer v2.2.0
[INFO] [stderr]    Compiling icu_properties v2.2.0
[INFO] [stderr]    Compiling serde v1.0.228
[INFO] [stderr]    Compiling serde_urlencoded v0.7.1
[INFO] [stderr]    Compiling tome-core v0.1.0
[INFO] [stderr]    Compiling idna_adapter v1.2.2
[INFO] [stderr]    Compiling hyper v1.10.1
[INFO] [stderr]    Compiling tower v0.5.3
[INFO] [stderr]    Compiling idna v1.1.0
[INFO] [stderr]    Compiling url v2.5.8
[INFO] [stderr]    Compiling hyper-util v0.1.20
[INFO] [stderr]    Compiling tower-http v0.6.11
[INFO] [stderr]    Compiling rustls-webpki v0.103.13
[INFO] [stderr]    Compiling tokio-rustls v0.26.4
[INFO] [stderr]    Compiling hyper-rustls v0.27.9
[INFO] [stderr]    Compiling reqwest v0.12.28
[INFO] [stderr]    Compiling rusqlite v0.37.0
[INFO] [stderr]    Compiling tome-cli v0.1.0 (/opt/rustwide/workdir)
[INFO] [stderr]     Finished `release` profile [optimized] target(s) in 2m 42s
[INFO] running `Command { std: "docker" "inspect" "8f846f66e5eb28ec39ce139f28b8e66fa036033f81f19701715a34dac7ab2dd4", kill_on_drop: false }`
[INFO] running `Command { std: "docker" "exec" "-e" "SOURCE_DIR=/opt/rustwide/workdir" "-e" "CARGO_HOME=/opt/rustwide/cargo-home" "-e" "RUSTUP_HOME=/opt/rustwide/rustup-home" "-e" "CARGO_TARGET_DIR=/opt/rustwide/target" "-e" "CARGO_INCREMENTAL=0" "-e" "RUST_BACKTRACE=full" "-e" "RUSTFLAGS=--cap-lints=warn" "-e" "RUSTDOCFLAGS=--cap-lints=warn" "-w" "/opt/rustwide/workdir" "--user" "0:0" "8f846f66e5eb28ec39ce139f28b8e66fa036033f81f19701715a34dac7ab2dd4" "/opt/rustwide/cargo-home/bin/cargo" "+1.99.0-beta.8" "test" "--frozen" "--no-run" "--message-format=json" "--release", kill_on_drop: false }`
[INFO] [stderr]    Compiling regex-automata v0.4.16
[INFO] [stderr]    Compiling num-traits v0.2.19
[INFO] [stderr]    Compiling float-cmp v0.10.0
[INFO] [stderr]    Compiling matchers v0.2.0
[INFO] [stderr]    Compiling regex v1.13.1
[INFO] [stderr]    Compiling bstr v1.13.0
[INFO] [stderr]    Compiling tracing-subscriber v0.3.23
[INFO] [stderr]    Compiling predicates v3.1.4
[INFO] [stderr]    Compiling assert_cmd v2.2.2
[INFO] [stderr]    Compiling tome-cli v0.1.0 (/opt/rustwide/workdir)
[INFO] [stderr]     Finished `release` profile [optimized] target(s) in 50.73s
[INFO] running `Command { std: "docker" "inspect" "8f846f66e5eb28ec39ce139f28b8e66fa036033f81f19701715a34dac7ab2dd4", kill_on_drop: false }`
[INFO] running `Command { std: "docker" "exec" "-e" "SOURCE_DIR=/opt/rustwide/workdir" "-e" "CARGO_HOME=/opt/rustwide/cargo-home" "-e" "RUSTUP_HOME=/opt/rustwide/rustup-home" "-e" "CARGO_TARGET_DIR=/opt/rustwide/target" "-e" "CARGO_INCREMENTAL=0" "-e" "RUST_BACKTRACE=full" "-e" "RUSTFLAGS=--cap-lints=warn" "-e" "RUSTDOCFLAGS=--cap-lints=warn" "-w" "/opt/rustwide/workdir" "--user" "0:0" "8f846f66e5eb28ec39ce139f28b8e66fa036033f81f19701715a34dac7ab2dd4" "/opt/rustwide/cargo-home/bin/cargo" "+1.99.0-beta.8" "test" "--frozen" "--release", kill_on_drop: false }`
[INFO] [stderr]     Finished `release` profile [optimized] target(s) in 0.20s
[INFO] [stderr]      Running unittests src/main.rs (/opt/rustwide/target/release/deps/tome-b7b06cbf533014c5)
[INFO] [stdout] 
[INFO] [stdout] running 60 tests
[INFO] [stdout] test attrs::tests::parses_sync_and_bridge_with_longest_prefix_match ... ok
[INFO] [stdout] test bridge::marker::tests::block_round_trips_and_reports_sections ... ok
[INFO] [stdout] test bridge::marker::tests::round_trips_sections_byte_exactly ... ok
[INFO] [stdout] test attrs::tests::missing_file_is_all_defaults ... ok
[INFO] [stdout] test bridge::marker::tests::set_block_on_empty_or_missing_file_is_just_the_block ... ok
[INFO] [stdout] test bridge::marker::tests::set_block_preserves_user_content_byte_exactly ... ok
[INFO] [stdout] test attrs::tests::reserved_merge_union_warns_but_loads ... ok
[INFO] [stdout] test bridge::marker::tests::set_block_appends_to_a_file_without_one ... ok
[INFO] [stdout] test attrs::tests::unknown_values_and_keys_fail_loudly ... ok
[INFO] [stdout] test config::tests::catalog_path_conversion_prevents_workspace_escape ... ok
[INFO] [stdout] test config::tests::config_roundtrips_and_is_discoverable ... ok
[INFO] [stdout] test blob::tests::file_manifest_is_a_single_chunk ... ok
[INFO] [stdout] test config::tests::default_author_is_name_at_device ... ok
[INFO] [stdout] test config::tests::save_token_merges_and_preserves_existing_entries ... ok
[INFO] [stdout] test index::tests::cursor_is_zero_when_absent_and_advances_on_apply ... ok
[INFO] [stdout] test index::tests::conflicts_add_list_resolve ... ok
[INFO] [stdout] test bridge::tests::idempotent_second_sync_is_quiet ... ok
[INFO] [stdout] test index::tests::add_update_rename_delete_projection ... ok
[INFO] [stdout] test index::tests::fts_updates_with_apply ... ok
[INFO] [stdout] test index::tests::meta_get_set_roundtrip ... ok
[INFO] [stdout] test index::tests::applying_batch_twice_is_idempotent ... ok
[INFO] [stdout] test index::tests::batch_apply_matches_one_by_one_apply ... ok
[INFO] [stdout] test index::tests::materialized_crud_roundtrip ... ok
[INFO] [stdout] test index::tests::mirror_upsert_list_delete ... ok
[INFO] [stdout] test materialize::tests::conflict_copy_naming_variants ... ok
[INFO] [stdout] test index::tests::rename_with_higher_seq_target_skips_move_and_deletes_source_only ... ok
[INFO] [stdout] test materialize::tests::device_tag_takes_part_after_at ... ok
[INFO] [stdout] test bridge::tests::scenario1_reclaim_unchanged_origin_makes_origin_dirty ... ok
[INFO] [stdout] test materialize::tests::reconcile_clean_merge_of_different_regions ... ok
[INFO] [stdout] test index::tests::reapplying_lower_seq_does_not_overwrite_higher_seq ... ok
[INFO] [stdout] test materialize::tests::reconcile_crlf_merge_preserves_endings ... ok
[INFO] [stdout] test materialize::tests::reconcile_non_utf8_is_conflict ... ok
[INFO] [stdout] test materialize::tests::reconcile_same_line_edit_is_conflict ... ok
[INFO] [stdout] test materialize::tests::reconcile_oversize_text_is_conflict ... ok
[INFO] [stdout] test index::tests::update_with_none_desc_stays_none ... ok
[INFO] [stdout] test output::tests::escape_like_escapes_wildcards ... ok
[INFO] [stdout] test output::tests::human_size_boundaries ... ok
[INFO] [stdout] test output::tests::normalize_arg_path_strips_trailing_slash ... ok
[INFO] [stdout] test output::tests::overflow_note_format ... ok
[INFO] [stdout] test output::tests::truncate_desc_boundaries ... ok
[INFO] [stdout] test bridge::tests::deploy_projects_skills_and_rules ... ok
[INFO] [stdout] test sse::tests::non_success_status_is_an_error ... ok
[INFO] [stdout] test materialize::tests::crlf_materialize_round_trips_bytes ... FAILED
[INFO] [stdout] test bridge::tests::scenario3_conflict_keeps_origin_and_preserves_mirror_copy ... ok
[INFO] [stdout] test sse::tests::server_closing_the_connection_is_eof_error ... ok
[INFO] [stdout] test materialize::tests::remote_delete_with_local_edit_deletes_canonical_keeps_copy ... FAILED
[INFO] [stdout] test sse::tests::reads_events_split_across_writes ... ok
[INFO] [stdout] test materialize::tests::fast_forward_replaces_unchanged_local ... FAILED
[INFO] [stdout] test materialize::tests::stale_conflict_row_is_swept_when_copy_is_gone ... FAILED
[INFO] [stderr] error: package ID specification `tome-server` did not match any packages
[INFO] [stderr] error: package ID specification `tome-server` did not match any packages
[INFO] [stderr] error: package ID specification `tome-server` did not match any packages
[INFO] [stderr] error: package ID specification `tome-server` did not match any packages
[INFO] [stdout] test bridge::tests::scenario5_marker_block_preserves_surrounding_user_content ... ok
[INFO] [stdout] test sse::tests::read_timeout_on_silent_server_is_an_error ... ok
[INFO] [stderr] error: package ID specification `tome-server` did not match any packages
[INFO] [stdout] test bridge::tests::scenario7_removed_origin_reclaims_before_deleting_a_modified_mirror ... ok
[INFO] [stdout] test blob::tests::cache_path_validates_hash_and_shards ... ok
[INFO] [stdout] test materialize::tests::binary_dirty_local_takes_remote_and_preserves_bytes ... FAILED
[INFO] [stderr] error: package ID specification `tome-server` did not match any packages
[INFO] [stderr] error: package ID specification `tome-server` did not match any packages
[INFO] [stdout] test bridge::tests::scenario4_refuses_a_colliding_unmanaged_file ... ok
[INFO] [stdout] test materialize::tests::auto_merge_of_different_regions_stays_unpublished ... FAILED
[INFO] [stdout] test materialize::tests::conflict_keeps_remote_and_preserves_local_copy ... FAILED
[INFO] [stdout] test bridge::tests::scenario6_unlink_leaves_zero_residue ... ok
[INFO] [stdout] test bridge::tests::scenario2_three_way_merge_clean_path ... ok
[INFO] [stdout] test sse::tests::keep_alives_reset_the_read_timeout_indefinitely ... ok
[INFO] [stdout] 
[INFO] [stdout] failures:
[INFO] [stdout] 
[INFO] [stdout] ---- materialize::tests::crlf_materialize_round_trips_bytes stdout ----
[INFO] [stdout] 
[INFO] [stdout] thread 'materialize::tests::crlf_materialize_round_trips_bytes' (2368) panicked at src/materialize/tests.rs:125:9:
[INFO] [stdout] tome-server build failed
[INFO] [stdout] stack backtrace:
[INFO] [stdout]    0:     0x5b79ad20daf1 - <<std[70759c8f55707aa4]::sys::backtrace::BacktraceLock>::print::DisplayBacktrace as core[df12db4294e9bfd3]::fmt::Display>::fmt
[INFO] [stdout]    1:     0x5b79ad225fea - core[df12db4294e9bfd3]::fmt::write
[INFO] [stdout]    2:     0x5b79ad21313c - <alloc[2182bb758b4b3781]::vec::Vec<u8> as core[df12db4294e9bfd3]::io::write::Write>::write_fmt
[INFO] [stdout]    3:     0x5b79ad1e4356 - std[70759c8f55707aa4]::panicking::default_hook::{closure#0}
[INFO] [stdout]    4:     0x5b79ad2035c9 - std[70759c8f55707aa4]::panicking::default_hook
[INFO] [stdout]    5:     0x5b79acfe8790 - test[9d35eded1c95d3be]::test_main_inner::<test[9d35eded1c95d3be]::test_main_static::{closure#0}>::{closure#0}
[INFO] [stdout]    6:     0x5b79ad2038f2 - std[70759c8f55707aa4]::panicking::panic_with_hook
[INFO] [stdout]    7:     0x5b79ad1e4434 - std[70759c8f55707aa4]::panicking::panic_handler::{closure#0}
[INFO] [stdout]    8:     0x5b79ad1dc459 - std[70759c8f55707aa4]::sys::backtrace::__rust_end_short_backtrace::<std[70759c8f55707aa4]::panicking::panic_handler::{closure#0}, !>
[INFO] [stdout]    9:     0x5b79ad1e56cd - __rustc[8fa7c3cbc660c2b3]::rust_begin_unwind
[INFO] [stdout]   10:     0x5b79ad22678c - core[df12db4294e9bfd3]::panicking::panic_fmt
[INFO] [stdout]   11:     0x5b79acdace3b - <tome[8952cc195cde0a69]::materialize::tests::Server>::start
[INFO] [stdout]   12:     0x5b79acdadfdf - <tome[8952cc195cde0a69]::materialize::tests::crlf_materialize_round_trips_bytes::{closure#0} as core[df12db4294e9bfd3]::ops::function::FnOnce<()>>::call_once
[INFO] [stdout]   13:     0x5b79acfdba7b - test[9d35eded1c95d3be]::__rust_begin_short_backtrace::<core[df12db4294e9bfd3]::result::Result<(), alloc[2182bb758b4b3781]::string::String>, fn() -> core[df12db4294e9bfd3]::result::Result<(), alloc[2182bb758b4b3781]::string::String>>
[INFO] [stdout]   14:     0x5b79acfe90e5 - test[9d35eded1c95d3be]::run_test::{closure#0}
[INFO] [stdout]   15:     0x5b79acfe29a4 - std[70759c8f55707aa4]::sys::backtrace::__rust_begin_short_backtrace::<test[9d35eded1c95d3be]::run_test::{closure#1}, ()>
[INFO] [stdout]   16:     0x5b79acfec242 - <std[70759c8f55707aa4]::thread::lifecycle::spawn_unchecked<test[9d35eded1c95d3be]::run_test::{closure#1}, ()>::{closure#1} as core[df12db4294e9bfd3]::ops::function::FnOnce<()>>::call_once::{shim:vtable#0}
[INFO] [stdout]   17:     0x5b79ad20c2d9 - <std[70759c8f55707aa4]::sys::thread::unix::Thread>::new::thread_start
[INFO] [stdout]   18:     0x73bccbfe8dfa - <unknown>
[INFO] [stdout]   19:     0x73bccc07c3d4 - clone
[INFO] [stdout]   20:                0x0 - <unknown>
[INFO] [stdout] 
[INFO] [stdout] ---- materialize::tests::remote_delete_with_local_edit_deletes_canonical_keeps_copy stdout ----
[INFO] [stdout] 
[INFO] [stdout] thread 'materialize::tests::remote_delete_with_local_edit_deletes_canonical_keeps_copy' (2378) panicked at src/materialize/tests.rs:125:9:
[INFO] [stdout] tome-server build failed
[INFO] [stdout] stack backtrace:
[INFO] [stdout]    0:     0x5b79ad20daf1 - <<std[70759c8f55707aa4]::sys::backtrace::BacktraceLock>::print::DisplayBacktrace as core[df12db4294e9bfd3]::fmt::Display>::fmt
[INFO] [stdout]    1:     0x5b79ad225fea - core[df12db4294e9bfd3]::fmt::write
[INFO] [stdout]    2:     0x5b79ad21313c - <alloc[2182bb758b4b3781]::vec::Vec<u8> as core[df12db4294e9bfd3]::io::write::Write>::write_fmt
[INFO] [stdout]    3:     0x5b79ad1e4356 - std[70759c8f55707aa4]::panicking::default_hook::{closure#0}
[INFO] [stdout]    4:     0x5b79ad2035c9 - std[70759c8f55707aa4]::panicking::default_hook
[INFO] [stdout]    5:     0x5b79acfe8790 - test[9d35eded1c95d3be]::test_main_inner::<test[9d35eded1c95d3be]::test_main_static::{closure#0}>::{closure#0}
[INFO] [stdout]    6:     0x5b79ad2038f2 - std[70759c8f55707aa4]::panicking::panic_with_hook
[INFO] [stdout]    7:     0x5b79ad1e4434 - std[70759c8f55707aa4]::panicking::panic_handler::{closure#0}
[INFO] [stdout]    8:     0x5b79ad1dc459 - std[70759c8f55707aa4]::sys::backtrace::__rust_end_short_backtrace::<std[70759c8f55707aa4]::panicking::panic_handler::{closure#0}, !>
[INFO] [stdout]    9:     0x5b79ad1e56cd - __rustc[8fa7c3cbc660c2b3]::rust_begin_unwind
[INFO] [stdout]   10:     0x5b79ad22678c - core[df12db4294e9bfd3]::panicking::panic_fmt
[INFO] [stdout]   11:     0x5b79acdace3b - <tome[8952cc195cde0a69]::materialize::tests::Server>::start
[INFO] [stdout]   12:     0x5b79acdb1104 - <tome[8952cc195cde0a69]::materialize::tests::remote_delete_with_local_edit_deletes_canonical_keeps_copy::{closure#0} as core[df12db4294e9bfd3]::ops::function::FnOnce<()>>::call_once
[INFO] [stdout]   13:     0x5b79acfdba7b - test[9d35eded1c95d3be]::__rust_begin_short_backtrace::<core[df12db4294e9bfd3]::result::Result<(), alloc[2182bb758b4b3781]::string::String>, fn() -> core[df12db4294e9bfd3]::result::Result<(), alloc[2182bb758b4b3781]::string::String>>
[INFO] [stdout]   14:     0x5b79acfe90e5 - test[9d35eded1c95d3be]::run_test::{closure#0}
[INFO] [stdout]   15:     0x5b79acfe29a4 - std[70759c8f55707aa4]::sys::backtrace::__rust_begin_short_backtrace::<test[9d35eded1c95d3be]::run_test::{closure#1}, ()>
[INFO] [stdout]   16:     0x5b79acfec242 - <std[70759c8f55707aa4]::thread::lifecycle::spawn_unchecked<test[9d35eded1c95d3be]::run_test::{closure#1}, ()>::{closure#1} as core[df12db4294e9bfd3]::ops::function::FnOnce<()>>::call_once::{shim:vtable#0}
[INFO] [stdout]   17:     0x5b79ad20c2d9 - <std[70759c8f55707aa4]::sys::thread::unix::Thread>::new::thread_start
[INFO] [stdout]   18:     0x73bccbfe8dfa - <unknown>
[INFO] [stdout]   19:     0x73bccc07c3d4 - clone
[INFO] [stdout]   20:                0x0 - <unknown>
[INFO] [stdout] 
[INFO] [stdout] ---- materialize::tests::fast_forward_replaces_unchanged_local stdout ----
[INFO] [stdout] 
[INFO] [stdout] thread 'materialize::tests::fast_forward_replaces_unchanged_local' (2371) panicked at src/materialize/tests.rs:125:9:
[INFO] [stdout] tome-server build failed
[INFO] [stdout] stack backtrace:
[INFO] [stdout]    0:     0x5b79ad20daf1 - <<std[70759c8f55707aa4]::sys::backtrace::BacktraceLock>::print::DisplayBacktrace as core[df12db4294e9bfd3]::fmt::Display>::fmt
[INFO] [stdout]    1:     0x5b79ad225fea - core[df12db4294e9bfd3]::fmt::write
[INFO] [stdout]    2:     0x5b79ad21313c - <alloc[2182bb758b4b3781]::vec::Vec<u8> as core[df12db4294e9bfd3]::io::write::Write>::write_fmt
[INFO] [stdout]    3:     0x5b79ad1e4356 - std[70759c8f55707aa4]::panicking::default_hook::{closure#0}
[INFO] [stdout]    4:     0x5b79ad2035c9 - std[70759c8f55707aa4]::panicking::default_hook
[INFO] [stdout]    5:     0x5b79acfe8790 - test[9d35eded1c95d3be]::test_main_inner::<test[9d35eded1c95d3be]::test_main_static::{closure#0}>::{closure#0}
[INFO] [stdout]    6:     0x5b79ad2038f2 - std[70759c8f55707aa4]::panicking::panic_with_hook
[INFO] [stdout]    7:     0x5b79ad1e4434 - std[70759c8f55707aa4]::panicking::panic_handler::{closure#0}
[INFO] [stdout]    8:     0x5b79ad1dc459 - std[70759c8f55707aa4]::sys::backtrace::__rust_end_short_backtrace::<std[70759c8f55707aa4]::panicking::panic_handler::{closure#0}, !>
[INFO] [stdout]    9:     0x5b79ad1e56cd - __rustc[8fa7c3cbc660c2b3]::rust_begin_unwind
[INFO] [stdout]   10:     0x5b79ad22678c - core[df12db4294e9bfd3]::panicking::panic_fmt
[INFO] [stdout]   11:     0x5b79acdace3b - <tome[8952cc195cde0a69]::materialize::tests::Server>::start
[INFO] [stdout]   12:     0x5b79acdae51f - <tome[8952cc195cde0a69]::materialize::tests::fast_forward_replaces_unchanged_local::{closure#0} as core[df12db4294e9bfd3]::ops::function::FnOnce<()>>::call_once
[INFO] [stdout]   13:     0x5b79acfdba7b - test[9d35eded1c95d3be]::__rust_begin_short_backtrace::<core[df12db4294e9bfd3]::result::Result<(), alloc[2182bb758b4b3781]::string::String>, fn() -> core[df12db4294e9bfd3]::result::Result<(), alloc[2182bb758b4b3781]::string::String>>
[INFO] [stdout]   14:     0x5b79acfe90e5 - test[9d35eded1c95d3be]::run_test::{closure#0}
[INFO] [stdout]   15:     0x5b79acfe29a4 - std[70759c8f55707aa4]::sys::backtrace::__rust_begin_short_backtrace::<test[9d35eded1c95d3be]::run_test::{closure#1}, ()>
[INFO] [stdout]   16:     0x5b79acfec242 - <std[70759c8f55707aa4]::thread::lifecycle::spawn_unchecked<test[9d35eded1c95d3be]::run_test::{closure#1}, ()>::{closure#1} as core[df12db4294e9bfd3]::ops::function::FnOnce<()>>::call_once::{shim:vtable#0}
[INFO] [stdout]   17:     0x5b79ad20c2d9 - <std[70759c8f55707aa4]::sys::thread::unix::Thread>::new::thread_start
[INFO] [stdout]   18:     0x73bccbfe8dfa - <unknown>
[INFO] [stdout]   19:     0x73bccc07c3d4 - clone
[INFO] [stdout]   20:                0x0 - <unknown>
[INFO] [stdout] 
[INFO] [stdout] ---- materialize::tests::stale_conflict_row_is_swept_when_copy_is_gone stdout ----
[INFO] [stdout] 
[INFO] [stdout] thread 'materialize::tests::stale_conflict_row_is_swept_when_copy_is_gone' (2380) panicked at src/materialize/tests.rs:125:9:
[INFO] [stdout] tome-server build failed
[INFO] [stdout] stack backtrace:
[INFO] [stdout]    0:     0x5b79ad20daf1 - <<std[70759c8f55707aa4]::sys::backtrace::BacktraceLock>::print::DisplayBacktrace as core[df12db4294e9bfd3]::fmt::Display>::fmt
[INFO] [stdout]    1:     0x5b79ad225fea - core[df12db4294e9bfd3]::fmt::write
[INFO] [stdout]    2:     0x5b79ad21313c - <alloc[2182bb758b4b3781]::vec::Vec<u8> as core[df12db4294e9bfd3]::io::write::Write>::write_fmt
[INFO] [stdout]    3:     0x5b79ad1e4356 - std[70759c8f55707aa4]::panicking::default_hook::{closure#0}
[INFO] [stdout]    4:     0x5b79ad2035c9 - std[70759c8f55707aa4]::panicking::default_hook
[INFO] [stdout]    5:     0x5b79acfe8790 - test[9d35eded1c95d3be]::test_main_inner::<test[9d35eded1c95d3be]::test_main_static::{closure#0}>::{closure#0}
[INFO] [stdout]    6:     0x5b79ad2038f2 - std[70759c8f55707aa4]::panicking::panic_with_hook
[INFO] [stdout]    7:     0x5b79ad1e4434 - std[70759c8f55707aa4]::panicking::panic_handler::{closure#0}
[INFO] [stdout]    8:     0x5b79ad1dc459 - std[70759c8f55707aa4]::sys::backtrace::__rust_end_short_backtrace::<std[70759c8f55707aa4]::panicking::panic_handler::{closure#0}, !>
[INFO] [stdout]    9:     0x5b79ad1e56cd - __rustc[8fa7c3cbc660c2b3]::rust_begin_unwind
[INFO] [stdout]   10:     0x5b79ad22678c - core[df12db4294e9bfd3]::panicking::panic_fmt
[INFO] [stdout]   11:     0x5b79acdace3b - <tome[8952cc195cde0a69]::materialize::tests::Server>::start
[INFO] [stdout]   12:     0x5b79acdaeeb4 - <tome[8952cc195cde0a69]::materialize::tests::stale_conflict_row_is_swept_when_copy_is_gone::{closure#0} as core[df12db4294e9bfd3]::ops::function::FnOnce<()>>::call_once
[INFO] [stdout]   13:     0x5b79acfdba7b - test[9d35eded1c95d3be]::__rust_begin_short_backtrace::<core[df12db4294e9bfd3]::result::Result<(), alloc[2182bb758b4b3781]::string::String>, fn() -> core[df12db4294e9bfd3]::result::Result<(), alloc[2182bb758b4b3781]::string::String>>
[INFO] [stdout]   14:     0x5b79acfe90e5 - test[9d35eded1c95d3be]::run_test::{closure#0}
[INFO] [stdout]   15:     0x5b79acfe29a4 - std[70759c8f55707aa4]::sys::backtrace::__rust_begin_short_backtrace::<test[9d35eded1c95d3be]::run_test::{closure#1}, ()>
[INFO] [stdout]   16:     0x5b79acfec242 - <std[70759c8f55707aa4]::thread::lifecycle::spawn_unchecked<test[9d35eded1c95d3be]::run_test::{closure#1}, ()>::{closure#1} as core[df12db4294e9bfd3]::ops::function::FnOnce<()>>::call_once::{shim:vtable#0}
[INFO] [stdout]   17:     0x5b79ad20c2d9 - <std[70759c8f55707aa4]::sys::thread::unix::Thread>::new::thread_start
[INFO] [stdout]   18:     0x73bccbfe8dfa - <unknown>
[INFO] [stdout]   19:     0x73bccc07c3d4 - clone
[INFO] [stdout]   20:                0x0 - <unknown>
[INFO] [stdout] 
[INFO] [stdout] ---- materialize::tests::binary_dirty_local_takes_remote_and_preserves_bytes stdout ----
[INFO] [stdout] 
[INFO] [stdout] thread 'materialize::tests::binary_dirty_local_takes_remote_and_preserves_bytes' (2363) panicked at src/materialize/tests.rs:125:9:
[INFO] [stdout] tome-server build failed
[INFO] [stdout] stack backtrace:
[INFO] [stdout]    0:     0x5b79ad20daf1 - <<std[70759c8f55707aa4]::sys::backtrace::BacktraceLock>::print::DisplayBacktrace as core[df12db4294e9bfd3]::fmt::Display>::fmt
[INFO] [stdout]    1:     0x5b79ad225fea - core[df12db4294e9bfd3]::fmt::write
[INFO] [stdout]    2:     0x5b79ad21313c - <alloc[2182bb758b4b3781]::vec::Vec<u8> as core[df12db4294e9bfd3]::io::write::Write>::write_fmt
[INFO] [stdout]    3:     0x5b79ad1e4356 - std[70759c8f55707aa4]::panicking::default_hook::{closure#0}
[INFO] [stdout]    4:     0x5b79ad2035c9 - std[70759c8f55707aa4]::panicking::default_hook
[INFO] [stdout]    5:     0x5b79acfe8790 - test[9d35eded1c95d3be]::test_main_inner::<test[9d35eded1c95d3be]::test_main_static::{closure#0}>::{closure#0}
[INFO] [stdout]    6:     0x5b79ad2038f2 - std[70759c8f55707aa4]::panicking::panic_with_hook
[INFO] [stdout]    7:     0x5b79ad1e4434 - std[70759c8f55707aa4]::panicking::panic_handler::{closure#0}
[INFO] [stdout]    8:     0x5b79ad1dc459 - std[70759c8f55707aa4]::sys::backtrace::__rust_end_short_backtrace::<std[70759c8f55707aa4]::panicking::panic_handler::{closure#0}, !>
[INFO] [stdout]    9:     0x5b79ad1e56cd - __rustc[8fa7c3cbc660c2b3]::rust_begin_unwind
[INFO] [stdout]   10:     0x5b79ad22678c - core[df12db4294e9bfd3]::panicking::panic_fmt
[INFO] [stdout]   11:     0x5b79acdace3b - <tome[8952cc195cde0a69]::materialize::tests::Server>::start
[INFO] [stdout]   12:     0x5b79acdb05b1 - <tome[8952cc195cde0a69]::materialize::tests::binary_dirty_local_takes_remote_and_preserves_bytes::{closure#0} as core[df12db4294e9bfd3]::ops::function::FnOnce<()>>::call_once
[INFO] [stdout]   13:     0x5b79acfdba7b - test[9d35eded1c95d3be]::__rust_begin_short_backtrace::<core[df12db4294e9bfd3]::result::Result<(), alloc[2182bb758b4b3781]::string::String>, fn() -> core[df12db4294e9bfd3]::result::Result<(), alloc[2182bb758b4b3781]::string::String>>
[INFO] [stdout]   14:     0x5b79acfe90e5 - test[9d35eded1c95d3be]::run_test::{closure#0}
[INFO] [stdout]   15:     0x5b79acfe29a4 - std[70759c8f55707aa4]::sys::backtrace::__rust_begin_short_backtrace::<test[9d35eded1c95d3be]::run_test::{closure#1}, ()>
[INFO] [stdout]   16:     0x5b79acfec242 - <std[70759c8f55707aa4]::thread::lifecycle::spawn_unchecked<test[9d35eded1c95d3be]::run_test::{closure#1}, ()>::{closure#1} as core[df12db4294e9bfd3]::ops::function::FnOnce<()>>::call_once::{shim:vtable#0}
[INFO] [stdout]   17:     0x5b79ad20c2d9 - <std[70759c8f55707aa4]::sys::thread::unix::Thread>::new::thread_start
[INFO] [stdout]   18:     0x73bccbfe8dfa - <unknown>
[INFO] [stdout]   19:     0x73bccc07c3d4 - clone
[INFO] [stdout]   20:                0x0 - <unknown>
[INFO] [stdout] 
[INFO] [stdout] ---- materialize::tests::auto_merge_of_different_regions_stays_unpublished stdout ----
[INFO] [stdout] 
[INFO] [stdout] thread 'materialize::tests::auto_merge_of_different_regions_stays_unpublished' (2361) panicked at src/materialize/tests.rs:125:9:
[INFO] [stdout] tome-server build failed
[INFO] [stderr] error: test failed, to rerun pass `--bin tome`
[INFO] [stdout] stack backtrace:
[INFO] [stdout]    0:     0x5b79ad20daf1 - <<std[70759c8f55707aa4]::sys::backtrace::BacktraceLock>::print::DisplayBacktrace as core[df12db4294e9bfd3]::fmt::Display>::fmt
[INFO] [stdout]    1:     0x5b79ad225fea - core[df12db4294e9bfd3]::fmt::write
[INFO] [stdout]    2:     0x5b79ad21313c - <alloc[2182bb758b4b3781]::vec::Vec<u8> as core[df12db4294e9bfd3]::io::write::Write>::write_fmt
[INFO] [stdout]    3:     0x5b79ad1e4356 - std[70759c8f55707aa4]::panicking::default_hook::{closure#0}
[INFO] [stdout]    4:     0x5b79ad2035c9 - std[70759c8f55707aa4]::panicking::default_hook
[INFO] [stdout]    5:     0x5b79acfe8790 - test[9d35eded1c95d3be]::test_main_inner::<test[9d35eded1c95d3be]::test_main_static::{closure#0}>::{closure#0}
[INFO] [stdout]    6:     0x5b79ad2038f2 - std[70759c8f55707aa4]::panicking::panic_with_hook
[INFO] [stdout]    7:     0x5b79ad1e4434 - std[70759c8f55707aa4]::panicking::panic_handler::{closure#0}
[INFO] [stdout]    8:     0x5b79ad1dc459 - std[70759c8f55707aa4]::sys::backtrace::__rust_end_short_backtrace::<std[70759c8f55707aa4]::panicking::panic_handler::{closure#0}, !>
[INFO] [stdout]    9:     0x5b79ad1e56cd - __rustc[8fa7c3cbc660c2b3]::rust_begin_unwind
[INFO] [stdout]   10:     0x5b79ad22678c - core[df12db4294e9bfd3]::panicking::panic_fmt
[INFO] [stdout]   11:     0x5b79acdace3b - <tome[8952cc195cde0a69]::materialize::tests::Server>::start
[INFO] [stdout]   12:     0x5b79acdaff51 - <tome[8952cc195cde0a69]::materialize::tests::auto_merge_of_different_regions_stays_unpublished::{closure#0} as core[df12db4294e9bfd3]::ops::function::FnOnce<()>>::call_once
[INFO] [stdout]   13:     0x5b79acfdba7b - test[9d35eded1c95d3be]::__rust_begin_short_backtrace::<core[df12db4294e9bfd3]::result::Result<(), alloc[2182bb758b4b3781]::string::String>, fn() -> core[df12db4294e9bfd3]::result::Result<(), alloc[2182bb758b4b3781]::string::String>>
[INFO] [stdout]   14:     0x5b79acfe90e5 - test[9d35eded1c95d3be]::run_test::{closure#0}
[INFO] [stdout]   15:     0x5b79acfe29a4 - std[70759c8f55707aa4]::sys::backtrace::__rust_begin_short_backtrace::<test[9d35eded1c95d3be]::run_test::{closure#1}, ()>
[INFO] [stdout]   16:     0x5b79acfec242 - <std[70759c8f55707aa4]::thread::lifecycle::spawn_unchecked<test[9d35eded1c95d3be]::run_test::{closure#1}, ()>::{closure#1} as core[df12db4294e9bfd3]::ops::function::FnOnce<()>>::call_once::{shim:vtable#0}
[INFO] [stdout]   17:     0x5b79ad20c2d9 - <std[70759c8f55707aa4]::sys::thread::unix::Thread>::new::thread_start
[INFO] [stdout]   18:     0x73bccbfe8dfa - <unknown>
[INFO] [stdout]   19:     0x73bccc07c3d4 - clone
[INFO] [stdout]   20:                0x0 - <unknown>
[INFO] [stdout] 
[INFO] [stdout] ---- materialize::tests::conflict_keeps_remote_and_preserves_local_copy stdout ----
[INFO] [stdout] 
[INFO] [stdout] thread 'materialize::tests::conflict_keeps_remote_and_preserves_local_copy' (2366) panicked at src/materialize/tests.rs:125:9:
[INFO] [stdout] tome-server build failed
[INFO] [stdout] stack backtrace:
[INFO] [stdout]    0:     0x5b79ad20daf1 - <<std[70759c8f55707aa4]::sys::backtrace::BacktraceLock>::print::DisplayBacktrace as core[df12db4294e9bfd3]::fmt::Display>::fmt
[INFO] [stdout]    1:     0x5b79ad225fea - core[df12db4294e9bfd3]::fmt::write
[INFO] [stdout]    2:     0x5b79ad21313c - <alloc[2182bb758b4b3781]::vec::Vec<u8> as core[df12db4294e9bfd3]::io::write::Write>::write_fmt
[INFO] [stdout]    3:     0x5b79ad1e4356 - std[70759c8f55707aa4]::panicking::default_hook::{closure#0}
[INFO] [stdout]    4:     0x5b79ad2035c9 - std[70759c8f55707aa4]::panicking::default_hook
[INFO] [stdout]    5:     0x5b79acfe8790 - test[9d35eded1c95d3be]::test_main_inner::<test[9d35eded1c95d3be]::test_main_static::{closure#0}>::{closure#0}
[INFO] [stdout]    6:     0x5b79ad2038f2 - std[70759c8f55707aa4]::panicking::panic_with_hook
[INFO] [stdout]    7:     0x5b79ad1e4434 - std[70759c8f55707aa4]::panicking::panic_handler::{closure#0}
[INFO] [stdout]    8:     0x5b79ad1dc459 - std[70759c8f55707aa4]::sys::backtrace::__rust_end_short_backtrace::<std[70759c8f55707aa4]::panicking::panic_handler::{closure#0}, !>
[INFO] [stdout]    9:     0x5b79ad1e56cd - __rustc[8fa7c3cbc660c2b3]::rust_begin_unwind
[INFO] [stdout]   10:     0x5b79ad22678c - core[df12db4294e9bfd3]::panicking::panic_fmt
[INFO] [stdout]   11:     0x5b79acdace3b - <tome[8952cc195cde0a69]::materialize::tests::Server>::start
[INFO] [stdout]   12:     0x5b79acdaf561 - <tome[8952cc195cde0a69]::materialize::tests::conflict_keeps_remote_and_preserves_local_copy::{closure#0} as core[df12db4294e9bfd3]::ops::function::FnOnce<()>>::call_once
[INFO] [stdout]   13:     0x5b79acfdba7b - test[9d35eded1c95d3be]::__rust_begin_short_backtrace::<core[df12db4294e9bfd3]::result::Result<(), alloc[2182bb758b4b3781]::string::String>, fn() -> core[df12db4294e9bfd3]::result::Result<(), alloc[2182bb758b4b3781]::string::String>>
[INFO] [stdout]   14:     0x5b79acfe90e5 - test[9d35eded1c95d3be]::run_test::{closure#0}
[INFO] [stdout]   15:     0x5b79acfe29a4 - std[70759c8f55707aa4]::sys::backtrace::__rust_begin_short_backtrace::<test[9d35eded1c95d3be]::run_test::{closure#1}, ()>
[INFO] [stdout]   16:     0x5b79acfec242 - <std[70759c8f55707aa4]::thread::lifecycle::spawn_unchecked<test[9d35eded1c95d3be]::run_test::{closure#1}, ()>::{closure#1} as core[df12db4294e9bfd3]::ops::function::FnOnce<()>>::call_once::{shim:vtable#0}
[INFO] [stdout]   17:     0x5b79ad20c2d9 - <std[70759c8f55707aa4]::sys::thread::unix::Thread>::new::thread_start
[INFO] [stdout]   18:     0x73bccbfe8dfa - <unknown>
[INFO] [stdout]   19:     0x73bccc07c3d4 - clone
[INFO] [stdout]   20:                0x0 - <unknown>
[INFO] [stdout] 
[INFO] [stdout] 
[INFO] [stdout] failures:
[INFO] [stdout]     materialize::tests::auto_merge_of_different_regions_stays_unpublished
[INFO] [stdout]     materialize::tests::binary_dirty_local_takes_remote_and_preserves_bytes
[INFO] [stdout]     materialize::tests::conflict_keeps_remote_and_preserves_local_copy
[INFO] [stdout]     materialize::tests::crlf_materialize_round_trips_bytes
[INFO] [stdout]     materialize::tests::fast_forward_replaces_unchanged_local
[INFO] [stdout]     materialize::tests::remote_delete_with_local_edit_deletes_canonical_keeps_copy
[INFO] [stdout]     materialize::tests::stale_conflict_row_is_swept_when_copy_is_gone
[INFO] [stdout] 
[INFO] [stdout] test result: FAILED. 53 passed; 7 failed; 0 ignored; 0 measured; 0 filtered out; finished in 1.09s
[INFO] [stdout] 
[INFO] running `Command { std: "docker" "inspect" "8f846f66e5eb28ec39ce139f28b8e66fa036033f81f19701715a34dac7ab2dd4", kill_on_drop: false }`
[INFO] running `Command { std: "docker" "rm" "-f" "8f846f66e5eb28ec39ce139f28b8e66fa036033f81f19701715a34dac7ab2dd4", kill_on_drop: false }`
[INFO] [stdout] 8f846f66e5eb28ec39ce139f28b8e66fa036033f81f19701715a34dac7ab2dd4
