[INFO] fetching crate tol_binary_tree 0.1.0...
[INFO] testing tol_binary_tree-0.1.0 against 1.100.0-beta.1+cargoflags=--release for beta-release-1.100-2
[INFO] extracting crate tol_binary_tree 0.1.0 into /workspace/builds/worker-5-tc2/source
[INFO] started tweaking crates.io crate tol_binary_tree 0.1.0
[INFO] finished tweaking crates.io crate tol_binary_tree 0.1.0
[INFO] tweaked toml for crates.io crate tol_binary_tree 0.1.0 written to /workspace/builds/worker-5-tc2/source/Cargo.toml
[INFO] validating manifest of crates.io crate tol_binary_tree 0.1.0 on toolchain 1.100.0-beta.1
[INFO] running `Command { std: CARGO_HOME="/workspace/cargo-home" RUSTUP_HOME="/workspace/rustup-home" "/workspace/cargo-home/bin/cargo" "+1.100.0-beta.1" "metadata" "--manifest-path" "Cargo.toml" "--no-deps", kill_on_drop: false }`
[INFO] crate crates.io crate tol_binary_tree 0.1.0 already has a lockfile, it will not be regenerated
[INFO] running `Command { std: CARGO_HOME="/workspace/cargo-home" RUSTUP_HOME="/workspace/rustup-home" "/workspace/cargo-home/bin/cargo" "+1.100.0-beta.1" "fetch" "--manifest-path" "Cargo.toml", kill_on_drop: false }`
[INFO] running `Command { std: "docker" "create" "-v" "/var/lib/crater-agent-workspace/builds/worker-5-tc2/source:/opt/rustwide/workdir:ro,Z" "-v" "/var/lib/crater-agent-workspace/builds/worker-5-tc2/target:/opt/rustwide/target:rw,Z" "-v" "/var/lib/crater-agent-workspace/cargo-home:/opt/rustwide/cargo-home:ro,Z" "-v" "/var/lib/crater-agent-workspace/rustup-home:/opt/rustwide/rustup-home:ro,Z" "-m" "1610612736" "--network" "none" "ghcr.io/rust-lang/crates-build-env/linux@sha256:77db811e55d90add9212f6832c23229e3de5f1c1f9905e8cb07319ea15df73ac" "sleep" "infinity", kill_on_drop: false }`
[INFO] [stdout] b140b35b6c6b95558b7354642defdc303974b146bf2d0a4a5c2f912b3e41fd04
[INFO] running `Command { std: "docker" "start" "b140b35b6c6b95558b7354642defdc303974b146bf2d0a4a5c2f912b3e41fd04", kill_on_drop: false }`
[INFO] running `Command { std: "docker" "inspect" "b140b35b6c6b95558b7354642defdc303974b146bf2d0a4a5c2f912b3e41fd04", kill_on_drop: false }`
[INFO] running `Command { std: "docker" "exec" "-e" "SOURCE_DIR=/opt/rustwide/workdir" "-e" "CARGO_HOME=/opt/rustwide/cargo-home" "-e" "RUSTUP_HOME=/opt/rustwide/rustup-home" "-e" "CARGO_TARGET_DIR=/opt/rustwide/target" "-w" "/opt/rustwide/workdir" "--user" "0:0" "b140b35b6c6b95558b7354642defdc303974b146bf2d0a4a5c2f912b3e41fd04" "/opt/rustwide/cargo-home/bin/cargo" "+1.100.0-beta.1" "metadata" "--no-deps" "--format-version=1", kill_on_drop: false }`
[INFO] running `Command { std: "docker" "inspect" "b140b35b6c6b95558b7354642defdc303974b146bf2d0a4a5c2f912b3e41fd04", kill_on_drop: false }`
[INFO] running `Command { std: "docker" "exec" "-e" "SOURCE_DIR=/opt/rustwide/workdir" "-e" "CARGO_HOME=/opt/rustwide/cargo-home" "-e" "RUSTUP_HOME=/opt/rustwide/rustup-home" "-e" "CARGO_TARGET_DIR=/opt/rustwide/target" "-e" "CARGO_INCREMENTAL=0" "-e" "RUST_BACKTRACE=full" "-e" "RUSTFLAGS=--cap-lints=warn" "-e" "RUSTDOCFLAGS=--cap-lints=warn" "-w" "/opt/rustwide/workdir" "--user" "0:0" "b140b35b6c6b95558b7354642defdc303974b146bf2d0a4a5c2f912b3e41fd04" "/opt/rustwide/cargo-home/bin/cargo" "+1.100.0-beta.1" "build" "--frozen" "--message-format=json" "--release", kill_on_drop: false }`
[INFO] [stderr]    Compiling tol_binary_tree v0.1.0 (/opt/rustwide/workdir)
[INFO] [stderr]     Finished `release` profile [optimized] target(s) in 0.24s
[INFO] running `Command { std: "docker" "inspect" "b140b35b6c6b95558b7354642defdc303974b146bf2d0a4a5c2f912b3e41fd04", kill_on_drop: false }`
[INFO] running `Command { std: "docker" "exec" "-e" "SOURCE_DIR=/opt/rustwide/workdir" "-e" "CARGO_HOME=/opt/rustwide/cargo-home" "-e" "RUSTUP_HOME=/opt/rustwide/rustup-home" "-e" "CARGO_TARGET_DIR=/opt/rustwide/target" "-e" "CARGO_INCREMENTAL=0" "-e" "RUST_BACKTRACE=full" "-e" "RUSTFLAGS=--cap-lints=warn" "-e" "RUSTDOCFLAGS=--cap-lints=warn" "-w" "/opt/rustwide/workdir" "--user" "0:0" "b140b35b6c6b95558b7354642defdc303974b146bf2d0a4a5c2f912b3e41fd04" "/opt/rustwide/cargo-home/bin/cargo" "+1.100.0-beta.1" "test" "--frozen" "--no-run" "--message-format=json" "--release", kill_on_drop: false }`
[INFO] [stderr]    Compiling tol_binary_tree v0.1.0 (/opt/rustwide/workdir)
[INFO] [stderr]     Finished `release` profile [optimized] target(s) in 0.32s
[INFO] running `Command { std: "docker" "inspect" "b140b35b6c6b95558b7354642defdc303974b146bf2d0a4a5c2f912b3e41fd04", kill_on_drop: false }`
[INFO] running `Command { std: "docker" "exec" "-e" "SOURCE_DIR=/opt/rustwide/workdir" "-e" "CARGO_HOME=/opt/rustwide/cargo-home" "-e" "RUSTUP_HOME=/opt/rustwide/rustup-home" "-e" "CARGO_TARGET_DIR=/opt/rustwide/target" "-e" "CARGO_INCREMENTAL=0" "-e" "RUST_BACKTRACE=full" "-e" "RUSTFLAGS=--cap-lints=warn" "-e" "RUSTDOCFLAGS=--cap-lints=warn" "-w" "/opt/rustwide/workdir" "--user" "0:0" "b140b35b6c6b95558b7354642defdc303974b146bf2d0a4a5c2f912b3e41fd04" "/opt/rustwide/cargo-home/bin/cargo" "+1.100.0-beta.1" "test" "--frozen" "--release", kill_on_drop: false }`
[INFO] [stderr]     Finished `release` profile [optimized] target(s) in 0.02s
[INFO] [stderr]      Running unittests src/lib.rs (/opt/rustwide/target/release/build/tol_binary_tree/735d79b56de6f550/out/tol_binary_tree-735d79b56de6f550)
[INFO] [stdout] 
[INFO] [stdout] running 1 test
[INFO] [stdout] test binary_search::test::test_node_found_binary_search ... ok
[INFO] [stdout] 
[INFO] [stdout] test result: ok. 1 passed; 0 failed; 0 ignored; 0 measured; 0 filtered out; finished in 0.00s
[INFO] [stdout] 
[INFO] [stderr]      Running unittests src/main.rs (/opt/rustwide/target/release/build/tol_binary_tree/ea04124d219872a9/out/tol_binary_tree-ea04124d219872a9)
[INFO] [stdout] 
[INFO] [stdout] running 0 tests
[INFO] [stdout] 
[INFO] [stdout] test result: ok. 0 passed; 0 failed; 0 ignored; 0 measured; 0 filtered out; finished in 0.00s
[INFO] [stdout] 
[INFO] [stderr]    Doc-tests tol_binary_tree
[INFO] [stdout] 
[INFO] [stdout] running 1 test
[INFO] [stdout] test src/binary_search.rs - binary_search::binary_search (line 7) ... FAILED
[INFO] [stdout] 
[INFO] [stdout] failures:
[INFO] [stdout] 
[INFO] [stdout] ---- src/binary_search.rs - binary_search::binary_search (line 7) stdout ----
[INFO] [stdout] error[E0432]: unresolved import `binary_tree`
[INFO] [stdout]  --> src/binary_search.rs:8:5
[INFO] [stdout]   |
[INFO] [stdout] 8 | use binary_tree::{BinaryTree, binary_search};
[INFO] [stdout]   |     ^^^^^^^^^^^
[INFO] [stdout]   |
[INFO] [stdout] help: a similar path exists
[INFO] [stdout]   |
[INFO] [stdout] 8 | use tol_binary_tree::binary_tree::{BinaryTree, binary_search};
[INFO] [stdout]   |     +++++++++++++++++
[INFO] [stdout] 
[INFO] [stdout] error[E0433]: cannot find module or crate `binary_tree` in this scope
[INFO] [stdout]   --> src/binary_search.rs:10:53
[INFO] [stdout]    |
[INFO] [stdout] 10 | let mut binary_tree: binary_tree::BinaryTree<i32> = binary_tree::BinaryTree::new();
[INFO] [stdout]    |                                                     ^^^^^^^^^^^ use of unresolved module or unlinked crate `binary_tree`
[INFO] [stdout]    |
[INFO] [stdout] help: to make use of source file src/binary_tree.rs, use `mod binary_tree` in this file to declare the module
[INFO] [stdout]    |
[INFO] [stdout]  7 + mod binary_tree;
[INFO] [stdout]    |
[INFO] [stdout] 
[INFO] [stdout] error[E0433]: cannot find module or crate `binary_tree` in this scope
[INFO] [stdout]   --> src/binary_search.rs:10:22
[INFO] [stdout]    |
[INFO] [stdout] 10 | let mut binary_tree: binary_tree::BinaryTree<i32> = binary_tree::BinaryTree::new();
[INFO] [stdout]    |                      ^^^^^^^^^^^ use of unresolved module or unlinked crate `binary_tree`
[INFO] [stdout]    |
[INFO] [stdout] help: to make use of source file src/binary_tree.rs, use `mod binary_tree` in this file to declare the module
[INFO] [stdout]    |
[INFO] [stdout]  7 + mod binary_tree;
[INFO] [stdout]    |
[INFO] [stdout] 
[INFO] [stdout] error: aborting due to 3 previous errors
[INFO] [stdout] 
[INFO] [stdout] Some errors have detailed explanations: E0432, E0433.
[INFO] [stdout] For more information about an error, try `rustc --explain E0432`.
[INFO] [stdout] Couldn't compile the test.
[INFO] [stdout] 
[INFO] [stdout] failures:
[INFO] [stdout]     src/binary_search.rs - binary_search::binary_search (line 7)
[INFO] [stdout] 
[INFO] [stdout] test result: FAILED. 0 passed; 1 failed; 0 ignored; 0 measured; 0 filtered out; finished in 0.13s
[INFO] [stdout] 
[INFO] [stdout] all doctests ran in 0.22s; merged doctests compilation took 0.09s
[INFO] [stderr] error: doctest failed, to rerun pass `--doc`
[INFO] running `Command { std: "docker" "inspect" "b140b35b6c6b95558b7354642defdc303974b146bf2d0a4a5c2f912b3e41fd04", kill_on_drop: false }`
[INFO] running `Command { std: "docker" "rm" "-f" "b140b35b6c6b95558b7354642defdc303974b146bf2d0a4a5c2f912b3e41fd04", kill_on_drop: false }`
[INFO] [stdout] b140b35b6c6b95558b7354642defdc303974b146bf2d0a4a5c2f912b3e41fd04
