[INFO] fetching crate tokitai 0.6.1...
[INFO] testing tokitai-0.6.1 against 1.100.0-beta.1+cargoflags=--release for beta-release-1.100-2
[INFO] extracting crate tokitai 0.6.1 into /workspace/builds/worker-0-tc2/source
[INFO] started tweaking crates.io crate tokitai 0.6.1
[INFO] removed 0 missing tests
[INFO] finished tweaking crates.io crate tokitai 0.6.1
[INFO] tweaked toml for crates.io crate tokitai 0.6.1 written to /workspace/builds/worker-0-tc2/source/Cargo.toml
[INFO] validating manifest of crates.io crate tokitai 0.6.1 on toolchain 1.100.0-beta.1
[INFO] running `Command { std: CARGO_HOME="/workspace/cargo-home" RUSTUP_HOME="/workspace/rustup-home" "/workspace/cargo-home/bin/cargo" "+1.100.0-beta.1" "metadata" "--manifest-path" "Cargo.toml" "--no-deps", kill_on_drop: false }`
[INFO] crate crates.io crate tokitai 0.6.1 already has a lockfile, it will not be regenerated
[INFO] running `Command { std: CARGO_HOME="/workspace/cargo-home" RUSTUP_HOME="/workspace/rustup-home" "/workspace/cargo-home/bin/cargo" "+1.100.0-beta.1" "fetch" "--manifest-path" "Cargo.toml", kill_on_drop: false }`
[INFO] [stderr] warning: `package.homepage` is redundant with `package.repository`
[INFO] [stderr]   --> Cargo.toml:94:12
[INFO] [stderr]    |
[INFO] [stderr] 94 | homepage = "https://github.com/silverenternal/tokitai"
[INFO] [stderr]    |            ^^^^^^^^^^^^^^^^^^^^^^^^^^^^^^^^^^^^^^^^^^^
[INFO] [stderr] ...
[INFO] [stderr] 99 | repository = "https://github.com/silverenternal/tokitai"
[INFO] [stderr]    |              -------------------------------------------
[INFO] [stderr]    |
[INFO] [stderr]    = note: `cargo::redundant_homepage` is set to `warn` by default
[INFO] [stderr] help: consider removing `package.homepage`
[INFO] [stderr] warning: `tokitai` (manifest) generated 1 warning
[INFO] running `Command { std: "docker" "create" "-v" "/var/lib/crater-agent-workspace/builds/worker-0-tc2/source:/opt/rustwide/workdir:ro,Z" "-v" "/var/lib/crater-agent-workspace/builds/worker-0-tc2/target:/opt/rustwide/target:rw,Z" "-v" "/var/lib/crater-agent-workspace/cargo-home:/opt/rustwide/cargo-home:ro,Z" "-v" "/var/lib/crater-agent-workspace/rustup-home:/opt/rustwide/rustup-home:ro,Z" "-m" "1610612736" "--network" "none" "ghcr.io/rust-lang/crates-build-env/linux@sha256:77db811e55d90add9212f6832c23229e3de5f1c1f9905e8cb07319ea15df73ac" "sleep" "infinity", kill_on_drop: false }`
[INFO] [stdout] 1ac3e8fae3e0d203c45b80d29faf4d5280baf961fc7b7c86186a827758b09284
[INFO] running `Command { std: "docker" "start" "1ac3e8fae3e0d203c45b80d29faf4d5280baf961fc7b7c86186a827758b09284", kill_on_drop: false }`
[INFO] running `Command { std: "docker" "inspect" "1ac3e8fae3e0d203c45b80d29faf4d5280baf961fc7b7c86186a827758b09284", kill_on_drop: false }`
[INFO] running `Command { std: "docker" "exec" "-e" "SOURCE_DIR=/opt/rustwide/workdir" "-e" "CARGO_HOME=/opt/rustwide/cargo-home" "-e" "RUSTUP_HOME=/opt/rustwide/rustup-home" "-e" "CARGO_TARGET_DIR=/opt/rustwide/target" "-w" "/opt/rustwide/workdir" "--user" "0:0" "1ac3e8fae3e0d203c45b80d29faf4d5280baf961fc7b7c86186a827758b09284" "/opt/rustwide/cargo-home/bin/cargo" "+1.100.0-beta.1" "metadata" "--no-deps" "--format-version=1", kill_on_drop: false }`
[INFO] running `Command { std: "docker" "inspect" "1ac3e8fae3e0d203c45b80d29faf4d5280baf961fc7b7c86186a827758b09284", kill_on_drop: false }`
[INFO] running `Command { std: "docker" "exec" "-e" "SOURCE_DIR=/opt/rustwide/workdir" "-e" "CARGO_HOME=/opt/rustwide/cargo-home" "-e" "RUSTUP_HOME=/opt/rustwide/rustup-home" "-e" "CARGO_TARGET_DIR=/opt/rustwide/target" "-e" "CARGO_INCREMENTAL=0" "-e" "RUST_BACKTRACE=full" "-e" "RUSTFLAGS=--cap-lints=warn" "-e" "RUSTDOCFLAGS=--cap-lints=warn" "-w" "/opt/rustwide/workdir" "--user" "0:0" "1ac3e8fae3e0d203c45b80d29faf4d5280baf961fc7b7c86186a827758b09284" "/opt/rustwide/cargo-home/bin/cargo" "+1.100.0-beta.1" "build" "--frozen" "--message-format=json" "--release", kill_on_drop: false }`
[INFO] [stderr] warning: `package.homepage` is redundant with `package.repository`
[INFO] [stderr]   --> Cargo.toml:94:12
[INFO] [stderr]    |
[INFO] [stderr] 94 | homepage = "https://github.com/silverenternal/tokitai"
[INFO] [stderr]    |            ^^^^^^^^^^^^^^^^^^^^^^^^^^^^^^^^^^^^^^^^^^^
[INFO] [stderr] ...
[INFO] [stderr] 99 | repository = "https://github.com/silverenternal/tokitai"
[INFO] [stderr]    |              -------------------------------------------
[INFO] [stderr]    |
[INFO] [stderr]    = note: `cargo::redundant_homepage` is set to `warn` by default
[INFO] [stderr] help: consider removing `package.homepage`
[INFO] [stderr] warning: `tokitai` (manifest) generated 1 warning
[INFO] [stderr]    Compiling rand_core v0.6.4
[INFO] [stderr]    Compiling siphasher v1.0.2
[INFO] [stderr]    Compiling tokitai-macros v0.6.1
[INFO] [stderr]    Compiling tokitai v0.6.1 (/opt/rustwide/workdir)
[INFO] [stderr]    Compiling serde_json v1.0.149
[INFO] [stderr]    Compiling syn v2.0.117
[INFO] [stderr]    Compiling rand v0.8.5
[INFO] [stderr]    Compiling phf_shared v0.11.3
[INFO] [stderr]    Compiling phf_generator v0.11.3
[INFO] [stderr]    Compiling serde_derive v1.0.228
[INFO] [stderr]    Compiling phf_macros v0.11.3
[INFO] [stderr]    Compiling thiserror-impl v1.0.69
[INFO] [stderr]    Compiling phf v0.11.3
[INFO] [stderr]    Compiling thiserror v1.0.69
[INFO] [stderr]    Compiling serde v1.0.228
[INFO] [stderr]    Compiling tokitai-core v0.6.1
[INFO] [stderr]     Finished `release` profile [optimized] target(s) in 16.15s
[INFO] running `Command { std: "docker" "inspect" "1ac3e8fae3e0d203c45b80d29faf4d5280baf961fc7b7c86186a827758b09284", kill_on_drop: false }`
[INFO] running `Command { std: "docker" "exec" "-e" "SOURCE_DIR=/opt/rustwide/workdir" "-e" "CARGO_HOME=/opt/rustwide/cargo-home" "-e" "RUSTUP_HOME=/opt/rustwide/rustup-home" "-e" "CARGO_TARGET_DIR=/opt/rustwide/target" "-e" "CARGO_INCREMENTAL=0" "-e" "RUST_BACKTRACE=full" "-e" "RUSTFLAGS=--cap-lints=warn" "-e" "RUSTDOCFLAGS=--cap-lints=warn" "-w" "/opt/rustwide/workdir" "--user" "0:0" "1ac3e8fae3e0d203c45b80d29faf4d5280baf961fc7b7c86186a827758b09284" "/opt/rustwide/cargo-home/bin/cargo" "+1.100.0-beta.1" "test" "--frozen" "--no-run" "--message-format=json" "--release", kill_on_drop: false }`
[INFO] [stderr] warning: `package.homepage` is redundant with `package.repository`
[INFO] [stderr]   --> Cargo.toml:94:12
[INFO] [stderr]    |
[INFO] [stderr] 94 | homepage = "https://github.com/silverenternal/tokitai"
[INFO] [stderr]    |            ^^^^^^^^^^^^^^^^^^^^^^^^^^^^^^^^^^^^^^^^^^^
[INFO] [stderr] ...
[INFO] [stderr] 99 | repository = "https://github.com/silverenternal/tokitai"
[INFO] [stderr]    |              -------------------------------------------
[INFO] [stderr]    |
[INFO] [stderr]    = note: `cargo::redundant_homepage` is set to `warn` by default
[INFO] [stderr] help: consider removing `package.homepage`
[INFO] [stderr] warning: `tokitai` (manifest) generated 1 warning
[INFO] [stderr]    Compiling winnow v0.7.14
[INFO] [stderr]    Compiling target-triple v1.0.0
[INFO] [stderr]    Compiling regex-syntax v0.8.10
[INFO] [stderr]    Compiling thiserror-impl v1.0.69
[INFO] [stderr]    Compiling toml_writer v1.0.6+spec-1.1.0
[INFO] [stderr]    Compiling serde_json v1.0.149
[INFO] [stderr]    Compiling phf_macros v0.11.3
[INFO] [stderr]    Compiling serde v1.0.228
[INFO] [stderr]    Compiling serde_spanned v1.0.4
[INFO] [stderr]    Compiling toml_datetime v1.0.0+spec-1.1.0
[INFO] [stderr]    Compiling tracing v0.1.44
[INFO] [stderr]    Compiling phf v0.11.3
[INFO] [stderr]    Compiling tokitai-macros v0.6.1
[INFO] [stderr]    Compiling thiserror v1.0.69
[INFO] [stderr]    Compiling tokitai-core v0.6.1
[INFO] [stderr]    Compiling regex-automata v0.4.14
[INFO] [stderr]    Compiling toml_parser v1.0.9+spec-1.1.0
[INFO] [stderr]    Compiling toml v1.0.4+spec-1.1.0
[INFO] [stderr]    Compiling tokitai v0.6.1 (/opt/rustwide/workdir)
[INFO] [stderr]    Compiling trybuild v1.0.116
[INFO] [stderr]    Compiling matchers v0.2.0
[INFO] [stderr]    Compiling tracing-subscriber v0.3.22
[INFO] [stderr]     Finished `release` profile [optimized] target(s) in 38.72s
[INFO] running `Command { std: "docker" "inspect" "1ac3e8fae3e0d203c45b80d29faf4d5280baf961fc7b7c86186a827758b09284", kill_on_drop: false }`
[INFO] running `Command { std: "docker" "exec" "-e" "SOURCE_DIR=/opt/rustwide/workdir" "-e" "CARGO_HOME=/opt/rustwide/cargo-home" "-e" "RUSTUP_HOME=/opt/rustwide/rustup-home" "-e" "CARGO_TARGET_DIR=/opt/rustwide/target" "-e" "CARGO_INCREMENTAL=0" "-e" "RUST_BACKTRACE=full" "-e" "RUSTFLAGS=--cap-lints=warn" "-e" "RUSTDOCFLAGS=--cap-lints=warn" "-w" "/opt/rustwide/workdir" "--user" "0:0" "1ac3e8fae3e0d203c45b80d29faf4d5280baf961fc7b7c86186a827758b09284" "/opt/rustwide/cargo-home/bin/cargo" "+1.100.0-beta.1" "test" "--frozen" "--release", kill_on_drop: false }`
[INFO] [stderr] warning: `package.homepage` is redundant with `package.repository`
[INFO] [stderr]   --> Cargo.toml:94:12
[INFO] [stderr]    |
[INFO] [stderr] 94 | homepage = "https://github.com/silverenternal/tokitai"
[INFO] [stderr]    |            ^^^^^^^^^^^^^^^^^^^^^^^^^^^^^^^^^^^^^^^^^^^
[INFO] [stderr] ...
[INFO] [stderr] 99 | repository = "https://github.com/silverenternal/tokitai"
[INFO] [stderr]    |              -------------------------------------------
[INFO] [stderr]    |
[INFO] [stderr]    = note: `cargo::redundant_homepage` is set to `warn` by default
[INFO] [stderr] help: consider removing `package.homepage`
[INFO] [stderr] warning: `tokitai` (manifest) generated 1 warning
[INFO] [stderr]     Finished `release` profile [optimized] target(s) in 0.08s
[INFO] [stderr]      Running unittests src/lib.rs (/opt/rustwide/target/release/build/tokitai/e464fc1102601b00/out/tokitai-e464fc1102601b00)
[INFO] [stdout] 
[INFO] [stdout] running 0 tests
[INFO] [stdout] 
[INFO] [stdout] test result: ok. 0 passed; 0 failed; 0 ignored; 0 measured; 0 filtered out; finished in 0.00s
[INFO] [stdout] 
[INFO] [stderr]      Running tests/compose_test.rs (/opt/rustwide/target/release/build/tokitai/6a188fc58da932c9/out/compose_test-6a188fc58da932c9)
[INFO] [stdout] 
[INFO] [stdout] running 7 tests
[INFO] [stdout] test test_compose_2step_with_custom_struct_intermediate ... ok
[INFO] [stdout] test test_backwards_compat_plain_tool_unchanged ... ok
[INFO] [stdout] test test_compose_4step_end_to_end_invocation ... ok
[INFO] [stdout] test test_compose_4step_input_schema_is_first_step ... ok
[INFO] [stdout] test test_compose_4step_schema_has_one_entry ... ok
[INFO] [stdout] test test_compose_token_savings_assertion ... ok
[INFO] [stderr] warning: `package.homepage` is redundant with `package.repository`
[INFO] [stderr]   --> /opt/rustwide/workdir/Cargo.toml:94:12
[INFO] [stderr]    |
[INFO] [stderr] 94 | homepage = "https://github.com/silverenternal/tokitai"
[INFO] [stderr]    |            ^^^^^^^^^^^^^^^^^^^^^^^^^^^^^^^^^^^^^^^^^^^
[INFO] [stderr] ...
[INFO] [stderr] 99 | repository = "https://github.com/silverenternal/tokitai"
[INFO] [stderr]    |              -------------------------------------------
[INFO] [stderr]    |
[INFO] [stderr]    = note: `cargo::redundant_homepage` is set to `warn` by default
[INFO] [stderr] help: consider removing `package.homepage`
[INFO] [stderr] warning: `tokitai` (manifest) generated 1 warning
[INFO] [stderr]    Compiling proc-macro2 v1.0.106
[INFO] [stderr]    Compiling unicode-ident v1.0.24
[INFO] [stderr]    Compiling quote v1.0.45
[INFO] [stderr]    Compiling serde_core v1.0.228
[INFO] [stderr]    Compiling zmij v1.0.21
[INFO] [stderr]    Compiling serde_json v1.0.149
[INFO] [stderr]    Compiling serde v1.0.228
[INFO] [stderr]    Compiling rand_core v0.6.4
[INFO] [stderr]    Compiling siphasher v1.0.2
[INFO] [stderr]     Checking once_cell v1.21.3
[INFO] [stderr]     Checking itoa v1.0.17
[INFO] [stderr]    Compiling thiserror v1.0.69
[INFO] [stderr]    Compiling tokitai-macros v0.6.1
[INFO] [stderr]    Compiling memchr v2.8.0
[INFO] [stderr]     Checking tracing-core v0.1.36
[INFO] [stderr]     Checking regex-syntax v0.8.10
[INFO] [stderr]     Checking cfg-if v1.0.4
[INFO] [stderr]     Checking pin-project-lite v0.2.17
[INFO] [stderr]    Compiling semver v1.0.27
[INFO] [stderr]    Compiling tokitai v0.6.1 (/opt/rustwide/workdir)
[INFO] [stderr]    Compiling phf_shared v0.11.3
[INFO] [stderr]     Checking lazy_static v1.5.0
[INFO] [stderr]     Checking log v0.4.29
[INFO] [stderr]    Compiling rand v0.8.5
[INFO] [stderr]     Checking sharded-slab v0.1.7
[INFO] [stderr]     Checking thread_local v1.1.9
[INFO] [stderr]     Checking nu-ansi-term v0.50.3
[INFO] [stderr]     Checking smallvec v1.15.1
[INFO] [stderr]     Checking tracing-log v0.2.0
[INFO] [stderr]    Compiling syn v2.0.117
[INFO] [stderr]    Compiling phf_generator v0.11.3
[INFO] [stderr]     Checking regex-automata v0.4.14
[INFO] [stderr]     Checking matchers v0.2.0
[INFO] [stderr]    Compiling serde_derive v1.0.228
[INFO] [stderr]    Compiling phf_macros v0.11.3
[INFO] [stderr]    Compiling thiserror-impl v1.0.69
[INFO] [stderr]    Compiling tracing-attributes v0.1.31
[INFO] [stderr]    Compiling phf v0.11.3
[INFO] [stderr]     Checking tracing v0.1.44
[INFO] [stderr]     Checking tracing-subscriber v0.3.22
[INFO] [stderr]     Checking tokitai-core v0.6.1
[INFO] [stderr]     Checking tokitai-tests v0.0.0 (/opt/rustwide/target/tests/trybuild/tokitai)
[INFO] [stderr]     Finished `dev` profile [unoptimized + debuginfo] target(s) in 20.25s
[INFO] [stderr] 
[INFO] [stderr] 
[INFO] [stderr] test tests/ui/compose_chain_mismatch.rs ... mismatch
[INFO] [stdout] test test_compose_negative_compile_fail ... FAILED
[INFO] [stderr] 
[INFO] [stdout] 
[INFO] [stderr] EXPECTED:
[INFO] [stdout] failures:
[INFO] [stderr] ┈┈┈┈┈┈┈┈┈┈┈┈┈┈┈┈┈┈┈┈┈┈┈┈┈┈┈┈┈┈┈┈┈┈┈┈┈┈┈┈┈┈┈┈┈┈┈┈┈┈┈┈┈┈┈┈┈┈┈┈
[INFO] [stdout] 
[INFO] [stderr] error: error[E0001]: compose chain type mismatch: step `step_a` returns `String`, but step `step_b` expects `i32` as its first argument
[INFO] [stdout] ---- test_compose_negative_compile_fail stdout ----
[INFO] [stderr]               = help: make step `step_b`'s first argument type `String` (matching the previous step's return type), or change step `step_a`'s return type to match what `step_b` expects
[INFO] [stdout] 
[INFO] [stderr]               = help: see https://docs.rs/tokitai_macros/latest/tokitai_macros/enum.ErrorCode.html#variant.E0001
[INFO] [stdout] thread 'test_compose_negative_compile_fail' (1362) panicked at /opt/rustwide/cargo-home/registry/src/index.crates.io-1949cf8c6b5b557f/trybuild-1.0.116/src/run.rs:102:13:
[INFO] [stderr] 
[INFO] [stdout] 1 of 1 tests failed
[INFO] [stderr]   --> tests/ui/compose_chain_mismatch.rs:13:45
[INFO] [stdout] stack backtrace:
[INFO] [stderr]    |
[INFO] [stdout]    0:     0x5cd563ebdd61 - <<std[617be2ca0a6fd877]::sys::backtrace::BacktraceLock>::print::DisplayBacktrace as core[a373ad73a504971]::fmt::Display>::fmt
[INFO] [stderr] 13 | #[compose(name = "broken", steps = [step_a, step_b])]
[INFO] [stdout]    1:     0x5cd563ed44aa - core[a373ad73a504971]::fmt::write
[INFO] [stderr]    |                                             ^^^^^^
[INFO] [stdout]    2:     0x5cd563ec25ac - <alloc[2e1b2a31b91974c5]::vec::Vec<u8> as core[a373ad73a504971]::io::write::Write>::write_fmt
[INFO] [stderr] ┈┈┈┈┈┈┈┈┈┈┈┈┈┈┈┈┈┈┈┈┈┈┈┈┈┈┈┈┈┈┈┈┈┈┈┈┈┈┈┈┈┈┈┈┈┈┈┈┈┈┈┈┈┈┈┈┈┈┈┈
[INFO] [stdout]    3:     0x5cd563e971a6 - std[617be2ca0a6fd877]::panicking::default_hook::{closure#0}
[INFO] [stderr] 
[INFO] [stdout]    4:     0x5cd563eb52e9 - std[617be2ca0a6fd877]::panicking::default_hook
[INFO] [stderr] ACTUAL OUTPUT:
[INFO] [stdout]    5:     0x5cd563e3b830 - test[aada8e7e76ba119b]::test_main_inner::{closure#0}
[INFO] [stderr] ┈┈┈┈┈┈┈┈┈┈┈┈┈┈┈┈┈┈┈┈┈┈┈┈┈┈┈┈┈┈┈┈┈┈┈┈┈┈┈┈┈┈┈┈┈┈┈┈┈┈┈┈┈┈┈┈┈┈┈┈
[INFO] [stdout]    6:     0x5cd563eb54a2 - std[617be2ca0a6fd877]::panicking::panic_with_hook
[INFO] [stderr] error: error[E0001]: compose chain type mismatch: step `step_a` returns `String`, but step `step_b` expects `i32` as its first argument
[INFO] [stdout]    7:     0x5cd563e97252 - std[617be2ca0a6fd877]::panicking::panic_handler::{closure#0}
[INFO] [stderr]               = help: make step `step_b`'s first argument type `String` (matching the previous step's return type), or change step `step_a`'s return type to match what `step_b` expects
[INFO] [stdout]    8:     0x5cd563e8faa9 - std[617be2ca0a6fd877]::sys::backtrace::__rust_end_short_backtrace::<std[617be2ca0a6fd877]::panicking::panic_handler::{closure#0}, !>
[INFO] [stderr]               = help: see https://docs.rs/tokitai_macros/latest/tokitai_macros/enum.ErrorCode.html#variant.E0001
[INFO] [stdout]    9:     0x5cd563e97e5d - __rustc[ea4f61d10b84890b]::rust_begin_unwind
[INFO] [stderr] 
[INFO] [stdout]   10:     0x5cd563ed4c1c - core[a373ad73a504971]::panicking::panic_fmt
[INFO] [stderr]   --> tests/ui/compose_chain_mismatch.rs:13:45
[INFO] [stdout]   11:     0x5cd563d9330b - <trybuild[b7a3c57b43df0e4e]::Runner>::run
[INFO] [stderr]    |
[INFO] [stdout]   12:     0x5cd563d96420 - <trybuild[b7a3c57b43df0e4e]::TestCases as core[a373ad73a504971]::ops::drop::Drop>::drop
[INFO] [stderr] 13 | #[compose(name = "broken", steps = [step_a, step_b])]
[INFO] [stdout]   13:     0x5cd563d7dff4 - <compose_test[8344aa99f46fb803]::test_compose_negative_compile_fail::{closure#0} as core[a373ad73a504971]::ops::function::FnOnce<()>>::call_once
[INFO] [stderr]    |                                             ^^^^^^
[INFO] [stdout]   14:     0x5cd563e2ec7b - test[aada8e7e76ba119b]::__rust_begin_short_backtrace::<core[a373ad73a504971]::result::Result<(), alloc[2e1b2a31b91974c5]::string::String>, fn() -> core[a373ad73a504971]::result::Result<(), alloc[2e1b2a31b91974c5]::string::String>>
[INFO] [stderr] 
[INFO] [stdout]   15:     0x5cd563e3be55 - test[aada8e7e76ba119b]::run_test::{closure#0}
[INFO] [stderr] error[E0432]: unresolved import `serde_json`
[INFO] [stdout]   16:     0x5cd563e35744 - std[617be2ca0a6fd877]::sys::backtrace::__rust_begin_short_backtrace::<test[aada8e7e76ba119b]::run_test::{closure#1}, ()>
[INFO] [stderr]   --> tests/ui/compose_chain_mismatch.rs:14:1
[INFO] [stdout]   17:     0x5cd563e3eee2 - <std[617be2ca0a6fd877]::thread::lifecycle::spawn_unchecked<test[aada8e7e76ba119b]::run_test::{closure#1}, ()>::{closure#1} as core[a373ad73a504971]::ops::function::FnOnce<()>>::call_once::{shim:vtable#0}
[INFO] [stderr]    |
[INFO] [stdout]   18:     0x5cd563ebcfbf - <std[617be2ca0a6fd877]::sys::thread::unix::Thread>::new::thread_start
[INFO] [stderr] 14 | #[tool]
[INFO] [stdout]   19:     0x76b29c599dfa - <unknown>
[INFO] [stderr]    | ^^^^^^^ use of unresolved module or unlinked crate `serde_json`
[INFO] [stdout]   20:     0x76b29c62d3d4 - clone
[INFO] [stderr]    |
[INFO] [stdout]   21:                0x0 - <unknown>
[INFO] [stderr]    = help: if you wanted to use a crate named `serde_json`, use `cargo add serde_json` to add it to your `Cargo.toml`
[INFO] [stdout] 
[INFO] [stderr]    = note: this error originates in the attribute macro `tool` (in Nightly builds, run with -Z macro-backtrace for more info)
[INFO] [stdout] 
[INFO] [stderr] ┈┈┈┈┈┈┈┈┈┈┈┈┈┈┈┈┈┈┈┈┈┈┈┈┈┈┈┈┈┈┈┈┈┈┈┈┈┈┈┈┈┈┈┈┈┈┈┈┈┈┈┈┈┈┈┈┈┈┈┈
[INFO] [stdout] failures:
[INFO] [stderr] note: If the actual output is the correct output you can bless it by rerunning
[INFO] [stdout]     test_compose_negative_compile_fail
[INFO] [stderr]       your test with the environment variable TRYBUILD=overwrite
[INFO] [stdout] 
[INFO] [stderr] 
[INFO] [stdout] test result: FAILED. 6 passed; 1 failed; 0 ignored; 0 measured; 0 filtered out; finished in 25.32s
[INFO] [stderr] 
[INFO] [stdout] 
[INFO] [stderr] 
[INFO] [stderr] error: test failed, to rerun pass `--test compose_test`
[INFO] running `Command { std: "docker" "inspect" "1ac3e8fae3e0d203c45b80d29faf4d5280baf961fc7b7c86186a827758b09284", kill_on_drop: false }`
[INFO] running `Command { std: "docker" "rm" "-f" "1ac3e8fae3e0d203c45b80d29faf4d5280baf961fc7b7c86186a827758b09284", kill_on_drop: false }`
[INFO] [stdout] 1ac3e8fae3e0d203c45b80d29faf4d5280baf961fc7b7c86186a827758b09284
