[INFO] fetching crate tokio-wifiscanner 0.2.2...
[INFO] testing tokio-wifiscanner-0.2.2 against 1.100.0-beta.1+cargoflags=--release for beta-release-1.100-2
[INFO] extracting crate tokio-wifiscanner 0.2.2 into /workspace/builds/worker-1-tc2/source
[INFO] started tweaking crates.io crate tokio-wifiscanner 0.2.2
[INFO] removed 0 missing examples
[INFO] finished tweaking crates.io crate tokio-wifiscanner 0.2.2
[INFO] tweaked toml for crates.io crate tokio-wifiscanner 0.2.2 written to /workspace/builds/worker-1-tc2/source/Cargo.toml
[INFO] validating manifest of crates.io crate tokio-wifiscanner 0.2.2 on toolchain 1.100.0-beta.1
[INFO] running `Command { std: CARGO_HOME="/workspace/cargo-home" RUSTUP_HOME="/workspace/rustup-home" "/workspace/cargo-home/bin/cargo" "+1.100.0-beta.1" "metadata" "--manifest-path" "Cargo.toml" "--no-deps", kill_on_drop: false }`
[INFO] crate crates.io crate tokio-wifiscanner 0.2.2 already has a lockfile, it will not be regenerated
[INFO] running `Command { std: CARGO_HOME="/workspace/cargo-home" RUSTUP_HOME="/workspace/rustup-home" "/workspace/cargo-home/bin/cargo" "+1.100.0-beta.1" "fetch" "--manifest-path" "Cargo.toml", kill_on_drop: false }`
[INFO] running `Command { std: "docker" "create" "-v" "/var/lib/crater-agent-workspace/builds/worker-1-tc2/source:/opt/rustwide/workdir:ro,Z" "-v" "/var/lib/crater-agent-workspace/builds/worker-1-tc2/target:/opt/rustwide/target:rw,Z" "-v" "/var/lib/crater-agent-workspace/cargo-home:/opt/rustwide/cargo-home:ro,Z" "-v" "/var/lib/crater-agent-workspace/rustup-home:/opt/rustwide/rustup-home:ro,Z" "-m" "1610612736" "--network" "none" "ghcr.io/rust-lang/crates-build-env/linux@sha256:77db811e55d90add9212f6832c23229e3de5f1c1f9905e8cb07319ea15df73ac" "sleep" "infinity", kill_on_drop: false }`
[INFO] [stdout] 250f8a06741e0f3c4778cb588fd6fb2df116e12508c7afaca1ecb1a7170e3777
[INFO] running `Command { std: "docker" "start" "250f8a06741e0f3c4778cb588fd6fb2df116e12508c7afaca1ecb1a7170e3777", kill_on_drop: false }`
[INFO] running `Command { std: "docker" "inspect" "250f8a06741e0f3c4778cb588fd6fb2df116e12508c7afaca1ecb1a7170e3777", kill_on_drop: false }`
[INFO] running `Command { std: "docker" "exec" "-e" "SOURCE_DIR=/opt/rustwide/workdir" "-e" "CARGO_HOME=/opt/rustwide/cargo-home" "-e" "RUSTUP_HOME=/opt/rustwide/rustup-home" "-e" "CARGO_TARGET_DIR=/opt/rustwide/target" "-w" "/opt/rustwide/workdir" "--user" "0:0" "250f8a06741e0f3c4778cb588fd6fb2df116e12508c7afaca1ecb1a7170e3777" "/opt/rustwide/cargo-home/bin/cargo" "+1.100.0-beta.1" "metadata" "--no-deps" "--format-version=1", kill_on_drop: false }`
[INFO] running `Command { std: "docker" "inspect" "250f8a06741e0f3c4778cb588fd6fb2df116e12508c7afaca1ecb1a7170e3777", kill_on_drop: false }`
[INFO] running `Command { std: "docker" "exec" "-e" "SOURCE_DIR=/opt/rustwide/workdir" "-e" "CARGO_HOME=/opt/rustwide/cargo-home" "-e" "RUSTUP_HOME=/opt/rustwide/rustup-home" "-e" "CARGO_TARGET_DIR=/opt/rustwide/target" "-e" "CARGO_INCREMENTAL=0" "-e" "RUST_BACKTRACE=full" "-e" "RUSTFLAGS=--cap-lints=warn" "-e" "RUSTDOCFLAGS=--cap-lints=warn" "-w" "/opt/rustwide/workdir" "--user" "0:0" "250f8a06741e0f3c4778cb588fd6fb2df116e12508c7afaca1ecb1a7170e3777" "/opt/rustwide/cargo-home/bin/cargo" "+1.100.0-beta.1" "build" "--frozen" "--message-format=json" "--release", kill_on_drop: false }`
[INFO] [stderr]    Compiling proc-macro2 v1.0.92
[INFO] [stderr]    Compiling libc v0.2.167
[INFO] [stderr]    Compiling unicode-ident v1.0.14
[INFO] [stderr]    Compiling memchr v2.7.4
[INFO] [stderr]    Compiling anyhow v1.0.93
[INFO] [stderr]    Compiling regex-syntax v0.8.5
[INFO] [stderr]    Compiling bytes v1.9.0
[INFO] [stderr]    Compiling pin-project-lite v0.2.15
[INFO] [stderr]    Compiling either v1.13.0
[INFO] [stderr]    Compiling version-compare v0.2.0
[INFO] [stderr]    Compiling itertools v0.10.5
[INFO] [stderr]    Compiling os-version v0.2.0
[INFO] [stderr]    Compiling quote v1.0.37
[INFO] [stderr]    Compiling aho-corasick v1.1.3
[INFO] [stderr]    Compiling syn v2.0.90
[INFO] [stderr]    Compiling mio v1.0.3
[INFO] [stderr]    Compiling signal-hook-registry v1.4.2
[INFO] [stderr]    Compiling regex-automata v0.4.9
[INFO] [stderr]    Compiling tokio-macros v2.4.0
[INFO] [stderr]    Compiling tokio v1.41.1
[INFO] [stderr]    Compiling regex v1.11.1
[INFO] [stderr]    Compiling tokio-wifiscanner v0.2.2 (/opt/rustwide/workdir)
[INFO] [stderr] warning: unused dependency `itertools`
[INFO] [stderr]  --> Cargo.toml:1:15
[INFO] [stderr]   |
[INFO] [stderr] 1 | [dependencies.itertools]
[INFO] [stderr]   |               ^^^^^^^^^^
[INFO] [stderr]   |
[INFO] [stderr]   = note: `cargo::unused_dependencies` is set to `warn` by default
[INFO] [stderr] help: consider removing the dependency on `itertools`
[INFO] [stderr] warning: unused dependency `os-version`
[INFO] [stderr]  --> Cargo.toml:4:15
[INFO] [stderr]   |
[INFO] [stderr] 4 | [dependencies.os-version]
[INFO] [stderr]   |               ^^^^^^^^^^^
[INFO] [stderr]   |
[INFO] [stderr] help: consider removing the dependency on `os-version`
[INFO] [stderr] warning: unused dependency `regex`
[INFO] [stderr]  --> Cargo.toml:7:15
[INFO] [stderr]   |
[INFO] [stderr] 7 | [dependencies.regex]
[INFO] [stderr]   |               ^^^^^^
[INFO] [stderr]   |
[INFO] [stderr] help: consider removing the dependency on `regex`
[INFO] [stderr] warning: unused dependency `version-compare`
[INFO] [stderr]   --> Cargo.toml:14:15
[INFO] [stderr]    |
[INFO] [stderr] 14 | [dependencies.version-compare]
[INFO] [stderr]    |               ^^^^^^^^^^^^^^^^
[INFO] [stderr]    |
[INFO] [stderr] help: consider removing the dependency on `version-compare`
[INFO] [stderr] warning: `tokio-wifiscanner` (manifest) generated 4 warnings
[INFO] [stderr]     Finished `release` profile [optimized] target(s) in 23.23s
[INFO] running `Command { std: "docker" "inspect" "250f8a06741e0f3c4778cb588fd6fb2df116e12508c7afaca1ecb1a7170e3777", kill_on_drop: false }`
[INFO] running `Command { std: "docker" "exec" "-e" "SOURCE_DIR=/opt/rustwide/workdir" "-e" "CARGO_HOME=/opt/rustwide/cargo-home" "-e" "RUSTUP_HOME=/opt/rustwide/rustup-home" "-e" "CARGO_TARGET_DIR=/opt/rustwide/target" "-e" "CARGO_INCREMENTAL=0" "-e" "RUST_BACKTRACE=full" "-e" "RUSTFLAGS=--cap-lints=warn" "-e" "RUSTDOCFLAGS=--cap-lints=warn" "-w" "/opt/rustwide/workdir" "--user" "0:0" "250f8a06741e0f3c4778cb588fd6fb2df116e12508c7afaca1ecb1a7170e3777" "/opt/rustwide/cargo-home/bin/cargo" "+1.100.0-beta.1" "test" "--frozen" "--no-run" "--message-format=json" "--release", kill_on_drop: false }`
[INFO] [stderr]    Compiling tokio-wifiscanner v0.2.2 (/opt/rustwide/workdir)
[INFO] [stderr] warning: unused dependency `itertools`
[INFO] [stderr]  --> Cargo.toml:1:15
[INFO] [stderr]   |
[INFO] [stderr] 1 | [dependencies.itertools]
[INFO] [stderr]   |               ^^^^^^^^^^
[INFO] [stderr]   |
[INFO] [stderr]   = note: `cargo::unused_dependencies` is set to `warn` by default
[INFO] [stderr] help: consider removing the dependency on `itertools`
[INFO] [stderr] warning: unused dependency `itertools`
[INFO] [stderr]   --> Cargo.toml:17:19
[INFO] [stderr]    |
[INFO] [stderr] 17 | [dev-dependencies.itertools]
[INFO] [stderr]    |                   ^^^^^^^^^^
[INFO] [stderr]    |
[INFO] [stderr] help: consider removing the dependency on `itertools`
[INFO] [stderr] warning: unused dependency `os-version`
[INFO] [stderr]  --> Cargo.toml:4:15
[INFO] [stderr]   |
[INFO] [stderr] 4 | [dependencies.os-version]
[INFO] [stderr]   |               ^^^^^^^^^^^
[INFO] [stderr]   |
[INFO] [stderr] help: consider removing the dependency on `os-version`
[INFO] [stderr] warning: unused dependency `regex`
[INFO] [stderr]  --> Cargo.toml:7:15
[INFO] [stderr]   |
[INFO] [stderr] 7 | [dependencies.regex]
[INFO] [stderr]   |               ^^^^^^
[INFO] [stderr]   |
[INFO] [stderr] help: consider removing the dependency on `regex`
[INFO] [stderr] warning: unused dependency `regex`
[INFO] [stderr]   --> Cargo.toml:20:19
[INFO] [stderr]    |
[INFO] [stderr] 20 | [dev-dependencies.regex]
[INFO] [stderr]    |                   ^^^^^^
[INFO] [stderr]    |
[INFO] [stderr] help: consider removing the dependency on `regex`
[INFO] [stderr] warning: unused dependency `version-compare`
[INFO] [stderr]   --> Cargo.toml:14:15
[INFO] [stderr]    |
[INFO] [stderr] 14 | [dependencies.version-compare]
[INFO] [stderr]    |               ^^^^^^^^^^^^^^^^
[INFO] [stderr]    |
[INFO] [stderr] help: consider removing the dependency on `version-compare`
[INFO] [stderr] warning: `tokio-wifiscanner` (manifest) generated 6 warnings
[INFO] [stderr]     Finished `release` profile [optimized] target(s) in 1.04s
[INFO] running `Command { std: "docker" "inspect" "250f8a06741e0f3c4778cb588fd6fb2df116e12508c7afaca1ecb1a7170e3777", kill_on_drop: false }`
[INFO] running `Command { std: "docker" "exec" "-e" "SOURCE_DIR=/opt/rustwide/workdir" "-e" "CARGO_HOME=/opt/rustwide/cargo-home" "-e" "RUSTUP_HOME=/opt/rustwide/rustup-home" "-e" "CARGO_TARGET_DIR=/opt/rustwide/target" "-e" "CARGO_INCREMENTAL=0" "-e" "RUST_BACKTRACE=full" "-e" "RUSTFLAGS=--cap-lints=warn" "-e" "RUSTDOCFLAGS=--cap-lints=warn" "-w" "/opt/rustwide/workdir" "--user" "0:0" "250f8a06741e0f3c4778cb588fd6fb2df116e12508c7afaca1ecb1a7170e3777" "/opt/rustwide/cargo-home/bin/cargo" "+1.100.0-beta.1" "test" "--frozen" "--release", kill_on_drop: false }`
[INFO] [stderr] warning: unused dependency `itertools`
[INFO] [stderr]  --> Cargo.toml:1:15
[INFO] [stderr]   |
[INFO] [stderr] 1 | [dependencies.itertools]
[INFO] [stderr]   |               ^^^^^^^^^^
[INFO] [stderr]   |
[INFO] [stderr]   = note: `cargo::unused_dependencies` is set to `warn` by default
[INFO] [stderr] help: consider removing the dependency on `itertools`
[INFO] [stderr] warning: unused dependency `itertools`
[INFO] [stderr]   --> Cargo.toml:17:19
[INFO] [stderr]    |
[INFO] [stderr] 17 | [dev-dependencies.itertools]
[INFO] [stderr]    |                   ^^^^^^^^^^
[INFO] [stderr]    |
[INFO] [stderr] help: consider removing the dependency on `itertools`
[INFO] [stderr] warning: unused dependency `os-version`
[INFO] [stderr]  --> Cargo.toml:4:15
[INFO] [stderr]   |
[INFO] [stderr] 4 | [dependencies.os-version]
[INFO] [stderr]   |               ^^^^^^^^^^^
[INFO] [stderr]   |
[INFO] [stderr] help: consider removing the dependency on `os-version`
[INFO] [stderr] warning: unused dependency `regex`
[INFO] [stderr]  --> Cargo.toml:7:15
[INFO] [stderr]   |
[INFO] [stderr] 7 | [dependencies.regex]
[INFO] [stderr]   |               ^^^^^^
[INFO] [stderr]   |
[INFO] [stderr] help: consider removing the dependency on `regex`
[INFO] [stderr] warning: unused dependency `regex`
[INFO] [stderr]   --> Cargo.toml:20:19
[INFO] [stderr]    |
[INFO] [stderr] 20 | [dev-dependencies.regex]
[INFO] [stderr]    |                   ^^^^^^
[INFO] [stderr]    |
[INFO] [stderr] help: consider removing the dependency on `regex`
[INFO] [stderr] warning: unused dependency `version-compare`
[INFO] [stderr]   --> Cargo.toml:14:15
[INFO] [stderr]    |
[INFO] [stderr] 14 | [dependencies.version-compare]
[INFO] [stderr]    |               ^^^^^^^^^^^^^^^^
[INFO] [stderr]    |
[INFO] [stderr] help: consider removing the dependency on `version-compare`
[INFO] [stderr] warning: `tokio-wifiscanner` (manifest) generated 6 warnings
[INFO] [stderr]     Finished `release` profile [optimized] target(s) in 0.06s
[INFO] [stderr]      Running unittests src/lib.rs (/opt/rustwide/target/release/build/tokio-wifiscanner/82308d8a6bd37409/out/tokio_wifiscanner-82308d8a6bd37409)
[INFO] [stdout] 
[INFO] [stdout] running 2 tests
[INFO] [stdout] test sys::linux::tests::should_parse_iw_dev_scan ... ok
[INFO] [stdout] test sys::linux::tests::should_parse_iw_dev ... ok
[INFO] [stdout] 
[INFO] [stdout] test result: ok. 2 passed; 0 failed; 0 ignored; 0 measured; 0 filtered out; finished in 0.00s
[INFO] [stdout] 
[INFO] [stderr]    Doc-tests tokio_wifiscanner
[INFO] [stdout] 
[INFO] [stdout] running 2 tests
[INFO] [stdout] test src/lib.rs - (line 25) ... ok
[INFO] [stdout] test src/lib.rs - (line 31) ... FAILED
[INFO] [stdout] 
[INFO] [stdout] failures:
[INFO] [stdout] 
[INFO] [stdout] ---- src/lib.rs - (line 31) stdout ----
[INFO] [stdout] Test executable failed (exit status: 101).
[INFO] [stdout] 
[INFO] [stdout] stderr:
[INFO] [stdout] 
[INFO] [stdout] thread 'main' (702) panicked at src/lib.rs:6:51:
[INFO] [stdout] Cannot scan network: CommandNotFound
[INFO] [stdout] stack backtrace:
[INFO] [stdout]    0:     0x641220c3fec1 - std[617be2ca0a6fd877]::backtrace_rs::backtrace::libunwind::trace
[INFO] [stdout]                                at /rustc/e3feeb59cd1bdd011a2bfcc0747b55125d9b8527/library/std/src/../../backtrace/src/backtrace/libunwind.rs:117:9
[INFO] [stdout]    1:     0x641220c3fec1 - std[617be2ca0a6fd877]::backtrace_rs::backtrace::trace_unsynchronized::<std[617be2ca0a6fd877]::sys::backtrace::_print_fmt::{closure#1}>
[INFO] [stdout]                                at /rustc/e3feeb59cd1bdd011a2bfcc0747b55125d9b8527/library/std/src/../../backtrace/src/backtrace/mod.rs:66:14
[INFO] [stdout]    2:     0x641220c3fec1 - std[617be2ca0a6fd877]::sys::backtrace::_print_fmt
[INFO] [stdout]                                at /rustc/e3feeb59cd1bdd011a2bfcc0747b55125d9b8527/library/std/src/sys/backtrace.rs:74:9
[INFO] [stdout]    3:     0x641220c3fec1 - <<std[617be2ca0a6fd877]::sys::backtrace::BacktraceLock>::print::DisplayBacktrace as core[a373ad73a504971]::fmt::Display>::fmt
[INFO] [stdout]                                at /rustc/e3feeb59cd1bdd011a2bfcc0747b55125d9b8527/library/std/src/sys/backtrace.rs:44:26
[INFO] [stdout]    4:     0x641220c51a2a - <core[a373ad73a504971]::fmt::rt::Argument>::fmt
[INFO] [stdout]                                at /rustc/e3feeb59cd1bdd011a2bfcc0747b55125d9b8527/library/core/src/fmt/rt.rs:152:76
[INFO] [stdout]    5:     0x641220c51a2a - core[a373ad73a504971]::fmt::write
[INFO] [stdout]    6:     0x641220c43c4c - core[a373ad73a504971]::io::write::default_write_fmt::<std[617be2ca0a6fd877]::sys::stdio::unix::Stderr>
[INFO] [stdout]                                at /rustc/e3feeb59cd1bdd011a2bfcc0747b55125d9b8527/library/core/src/io/write.rs:402:11
[INFO] [stdout]    7:     0x641220c43c4c - <std[617be2ca0a6fd877]::sys::stdio::unix::Stderr as core[a373ad73a504971]::io::write::Write>::write_fmt
[INFO] [stdout]                                at /rustc/e3feeb59cd1bdd011a2bfcc0747b55125d9b8527/library/core/src/io/write.rs:335:13
[INFO] [stdout]    8:     0x641220c21386 - <std[617be2ca0a6fd877]::sys::backtrace::BacktraceLock>::print
[INFO] [stdout]                                at /rustc/e3feeb59cd1bdd011a2bfcc0747b55125d9b8527/library/std/src/sys/backtrace.rs:47:9
[INFO] [stdout]    9:     0x641220c21386 - std[617be2ca0a6fd877]::panicking::default_hook::{closure#0}
[INFO] [stdout]                                at /rustc/e3feeb59cd1bdd011a2bfcc0747b55125d9b8527/library/std/src/panicking.rs:289:27
[INFO] [stdout]   10:     0x641220c3b5b1 - std[617be2ca0a6fd877]::panicking::default_hook
[INFO] [stdout]                                at /rustc/e3feeb59cd1bdd011a2bfcc0747b55125d9b8527/library/std/src/panicking.rs:316:9
[INFO] [stdout]   11:     0x641220c3b8db - std[617be2ca0a6fd877]::panicking::panic_with_hook
[INFO] [stdout]                                at /rustc/e3feeb59cd1bdd011a2bfcc0747b55125d9b8527/library/std/src/panicking.rs:811:13
[INFO] [stdout]   12:     0x641220c21432 - std[617be2ca0a6fd877]::panicking::panic_handler::{closure#0}
[INFO] [stdout]                                at /rustc/e3feeb59cd1bdd011a2bfcc0747b55125d9b8527/library/std/src/panicking.rs:685:13
[INFO] [stdout]   13:     0x641220c1a339 - std[617be2ca0a6fd877]::sys::backtrace::__rust_end_short_backtrace::<std[617be2ca0a6fd877]::panicking::panic_handler::{closure#0}, !>
[INFO] [stdout]                                at /rustc/e3feeb59cd1bdd011a2bfcc0747b55125d9b8527/library/std/src/sys/backtrace.rs:182:18
[INFO] [stdout]   14:     0x641220c21c6d - __rustc[ea4f61d10b84890b]::rust_begin_unwind
[INFO] [stdout]                                at /rustc/e3feeb59cd1bdd011a2bfcc0747b55125d9b8527/library/std/src/panicking.rs:676:5
[INFO] [stdout]   15:     0x641220c5218c - core[a373ad73a504971]::panicking::panic_fmt
[INFO] [stdout]                                at /rustc/e3feeb59cd1bdd011a2bfcc0747b55125d9b8527/library/core/src/panicking.rs:80:14
[INFO] [stdout]   16:     0x641220c51f62 - core[a373ad73a504971]::result::unwrap_failed
[INFO] [stdout]                                at /rustc/e3feeb59cd1bdd011a2bfcc0747b55125d9b8527/library/core/src/result.rs:1870:5
[INFO] [stdout]   17:     0x641220bf2961 - <core[a373ad73a504971]::result::Result<alloc[2e1b2a31b91974c5]::vec::Vec<tokio_wifiscanner[5890938dad0a5548]::Wifi>, tokio_wifiscanner[5890938dad0a5548]::Error>>::expect
[INFO] [stdout]   18:     0x641220bf0205 - rust_out[72a830746f8703f]::main::{closure#0}
[INFO] [stdout]   19:     0x641220bf7c86 - <core[a373ad73a504971]::pin::Pin<&mut rust_out[72a830746f8703f]::main::{closure#0}> as core[a373ad73a504971]::future::future::Future>::poll
[INFO] [stdout]   20:     0x641220befa89 - <tokio[3df3148fd461bb5]::runtime::scheduler::current_thread::CoreGuard>::block_on::<core[a373ad73a504971]::pin::Pin<&mut rust_out[72a830746f8703f]::main::{closure#0}>>::{closure#0}::{closure#0}::{closure#0}
[INFO] [stdout]   21:     0x641220befa22 - <tokio[3df3148fd461bb5]::runtime::scheduler::current_thread::CoreGuard>::block_on::<core[a373ad73a504971]::pin::Pin<&mut rust_out[72a830746f8703f]::main::{closure#0}>>::{closure#0}::{closure#0}
[INFO] [stdout]   22:     0x641220be8e43 - <tokio[3df3148fd461bb5]::runtime::scheduler::current_thread::Context>::enter::<core[a373ad73a504971]::task::poll::Poll<()>, <tokio[3df3148fd461bb5]::runtime::scheduler::current_thread::CoreGuard>::block_on<core[a373ad73a504971]::pin::Pin<&mut rust_out[72a830746f8703f]::main::{closure#0}>>::{closure#0}::{closure#0}>
[INFO] [stdout]   23:     0x641220beecf8 - <tokio[3df3148fd461bb5]::runtime::scheduler::current_thread::CoreGuard>::block_on::<core[a373ad73a504971]::pin::Pin<&mut rust_out[72a830746f8703f]::main::{closure#0}>>::{closure#0}
[INFO] [stdout]   24:     0x641220beeba4 - <tokio[3df3148fd461bb5]::runtime::scheduler::current_thread::CoreGuard>::enter::<<tokio[3df3148fd461bb5]::runtime::scheduler::current_thread::CoreGuard>::block_on<core[a373ad73a504971]::pin::Pin<&mut rust_out[72a830746f8703f]::main::{closure#0}>>::{closure#0}, core[a373ad73a504971]::option::Option<()>>::{closure#0}
[INFO] [stdout]   25:     0x641220be89d4 - <tokio[3df3148fd461bb5]::runtime::context::scoped::Scoped<tokio[3df3148fd461bb5]::runtime::scheduler::Context>>::set::<<tokio[3df3148fd461bb5]::runtime::scheduler::current_thread::CoreGuard>::enter<<tokio[3df3148fd461bb5]::runtime::scheduler::current_thread::CoreGuard>::block_on<core[a373ad73a504971]::pin::Pin<&mut rust_out[72a830746f8703f]::main::{closure#0}>>::{closure#0}, core[a373ad73a504971]::option::Option<()>>::{closure#0}, (alloc[2e1b2a31b91974c5]::boxed::Box<tokio[3df3148fd461bb5]::runtime::scheduler::current_thread::Core>, core[a373ad73a504971]::option::Option<()>)>
[INFO] [stdout]   26:     0x641220bef764 - tokio[3df3148fd461bb5]::runtime::context::set_scheduler::<(alloc[2e1b2a31b91974c5]::boxed::Box<tokio[3df3148fd461bb5]::runtime::scheduler::current_thread::Core>, core[a373ad73a504971]::option::Option<()>), <tokio[3df3148fd461bb5]::runtime::scheduler::current_thread::CoreGuard>::enter<<tokio[3df3148fd461bb5]::runtime::scheduler::current_thread::CoreGuard>::block_on<core[a373ad73a504971]::pin::Pin<&mut rust_out[72a830746f8703f]::main::{closure#0}>>::{closure#0}, core[a373ad73a504971]::option::Option<()>>::{closure#0}>::{closure#0}
[INFO] [stdout]   27:     0x641220be9327 - <std[617be2ca0a6fd877]::thread::local::LocalKey<tokio[3df3148fd461bb5]::runtime::context::Context>>::try_with::<tokio[3df3148fd461bb5]::runtime::context::set_scheduler<(alloc[2e1b2a31b91974c5]::boxed::Box<tokio[3df3148fd461bb5]::runtime::scheduler::current_thread::Core>, core[a373ad73a504971]::option::Option<()>), <tokio[3df3148fd461bb5]::runtime::scheduler::current_thread::CoreGuard>::enter<<tokio[3df3148fd461bb5]::runtime::scheduler::current_thread::CoreGuard>::block_on<core[a373ad73a504971]::pin::Pin<&mut rust_out[72a830746f8703f]::main::{closure#0}>>::{closure#0}, core[a373ad73a504971]::option::Option<()>>::{closure#0}>::{closure#0}, (alloc[2e1b2a31b91974c5]::boxed::Box<tokio[3df3148fd461bb5]::runtime::scheduler::current_thread::Core>, core[a373ad73a504971]::option::Option<()>)>
[INFO] [stdout]   28:     0x641220be91d9 - <std[617be2ca0a6fd877]::thread::local::LocalKey<tokio[3df3148fd461bb5]::runtime::context::Context>>::with::<tokio[3df3148fd461bb5]::runtime::context::set_scheduler<(alloc[2e1b2a31b91974c5]::boxed::Box<tokio[3df3148fd461bb5]::runtime::scheduler::current_thread::Core>, core[a373ad73a504971]::option::Option<()>), <tokio[3df3148fd461bb5]::runtime::scheduler::current_thread::CoreGuard>::enter<<tokio[3df3148fd461bb5]::runtime::scheduler::current_thread::CoreGuard>::block_on<core[a373ad73a504971]::pin::Pin<&mut rust_out[72a830746f8703f]::main::{closure#0}>>::{closure#0}, core[a373ad73a504971]::option::Option<()>>::{closure#0}>::{closure#0}, (alloc[2e1b2a31b91974c5]::boxed::Box<tokio[3df3148fd461bb5]::runtime::scheduler::current_thread::Core>, core[a373ad73a504971]::option::Option<()>)>
[INFO] [stdout]   29:     0x641220be9c9a - <tokio[3df3148fd461bb5]::runtime::scheduler::current_thread::CoreGuard>::enter::<<tokio[3df3148fd461bb5]::runtime::scheduler::current_thread::CoreGuard>::block_on<core[a373ad73a504971]::pin::Pin<&mut rust_out[72a830746f8703f]::main::{closure#0}>>::{closure#0}, core[a373ad73a504971]::option::Option<()>>
[INFO] [stdout]   30:     0x641220be9e0e - <tokio[3df3148fd461bb5]::runtime::scheduler::current_thread::CoreGuard>::block_on::<core[a373ad73a504971]::pin::Pin<&mut rust_out[72a830746f8703f]::main::{closure#0}>>
[INFO] [stdout]   31:     0x641220bee9f7 - <tokio[3df3148fd461bb5]::runtime::scheduler::current_thread::CurrentThread>::block_on::<rust_out[72a830746f8703f]::main::{closure#0}>::{closure#0}
[INFO] [stdout]   32:     0x641220bee6b7 - tokio[3df3148fd461bb5]::runtime::context::runtime::enter_runtime::<<tokio[3df3148fd461bb5]::runtime::scheduler::current_thread::CurrentThread>::block_on<rust_out[72a830746f8703f]::main::{closure#0}>::{closure#0}, ()>
[INFO] [stdout]   33:     0x641220be8aa4 - <tokio[3df3148fd461bb5]::runtime::scheduler::current_thread::CurrentThread>::block_on::<rust_out[72a830746f8703f]::main::{closure#0}>
[INFO] [stdout]   34:     0x641220be889a - <tokio[3df3148fd461bb5]::runtime::runtime::Runtime>::block_on_inner::<rust_out[72a830746f8703f]::main::{closure#0}>
[INFO] [stdout]   35:     0x641220be8952 - <tokio[3df3148fd461bb5]::runtime::runtime::Runtime>::block_on::<rust_out[72a830746f8703f]::main::{closure#0}>
[INFO] [stdout]   36:     0x641220bf26b5 - rust_out[72a830746f8703f]::main
[INFO] [stdout]   37:     0x641220bf8983 - <fn() as core[a373ad73a504971]::ops::function::FnOnce<()>>::call_once
[INFO] [stdout]   38:     0x641220becbe6 - std[617be2ca0a6fd877]::sys::backtrace::__rust_begin_short_backtrace::<fn(), ()>
[INFO] [stdout]   39:     0x641220bef6b9 - std[617be2ca0a6fd877]::rt::lang_start::<()>::{closure#0}
[INFO] [stdout]   40:     0x641220c3aa18 - <&dyn core[a373ad73a504971]::ops::function::Fn<(), Output = i32> + core[a373ad73a504971]::marker::Sync + core[a373ad73a504971]::panic::unwind_safe::RefUnwindSafe as core[a373ad73a504971]::ops::function::FnOnce<()>>::call_once
[INFO] [stdout]                                at /rustc/e3feeb59cd1bdd011a2bfcc0747b55125d9b8527/library/core/src/ops/function.rs:287:21
[INFO] [stdout]   41:     0x641220c3aa18 - std[617be2ca0a6fd877]::panicking::catch_unwind::do_call::<&dyn core[a373ad73a504971]::ops::function::Fn<(), Output = i32> + core[a373ad73a504971]::marker::Sync + core[a373ad73a504971]::panic::unwind_safe::RefUnwindSafe, i32>
[INFO] [stdout]                                at /rustc/e3feeb59cd1bdd011a2bfcc0747b55125d9b8527/library/std/src/panicking.rs:573:43
[INFO] [stdout]   42:     0x641220c3aa18 - std[617be2ca0a6fd877]::panicking::catch_unwind::<i32, &dyn core[a373ad73a504971]::ops::function::Fn<(), Output = i32> + core[a373ad73a504971]::marker::Sync + core[a373ad73a504971]::panic::unwind_safe::RefUnwindSafe>
[INFO] [stdout]                                at /rustc/e3feeb59cd1bdd011a2bfcc0747b55125d9b8527/library/std/src/panicking.rs:541:19
[INFO] [stdout]   43:     0x641220c3aa18 - std[617be2ca0a6fd877]::panic::catch_unwind::<&dyn core[a373ad73a504971]::ops::function::Fn<(), Output = i32> + core[a373ad73a504971]::marker::Sync + core[a373ad73a504971]::panic::unwind_safe::RefUnwindSafe, i32>
[INFO] [stdout]                                at /rustc/e3feeb59cd1bdd011a2bfcc0747b55125d9b8527/library/std/src/panic.rs:359:14
[INFO] [stdout]   44:     0x641220c3aa18 - std[617be2ca0a6fd877]::rt::lang_start_internal::{closure#0}
[INFO] [stdout]                                at /rustc/e3feeb59cd1bdd011a2bfcc0747b55125d9b8527/library/std/src/rt.rs:175:24
[INFO] [stdout]   45:     0x641220c3aa18 - std[617be2ca0a6fd877]::panicking::catch_unwind::do_call::<std[617be2ca0a6fd877]::rt::lang_start_internal::{closure#0}, isize>
[INFO] [stdout]                                at /rustc/e3feeb59cd1bdd011a2bfcc0747b55125d9b8527/library/std/src/panicking.rs:573:43
[INFO] [stdout]   46:     0x641220c3aa18 - std[617be2ca0a6fd877]::panicking::catch_unwind::<isize, std[617be2ca0a6fd877]::rt::lang_start_internal::{closure#0}>
[INFO] [stdout]                                at /rustc/e3feeb59cd1bdd011a2bfcc0747b55125d9b8527/library/std/src/panicking.rs:541:19
[INFO] [stdout]   47:     0x641220c3aa18 - std[617be2ca0a6fd877]::panic::catch_unwind::<std[617be2ca0a6fd877]::rt::lang_start_internal::{closure#0}, isize>
[INFO] [stdout]                                at /rustc/e3feeb59cd1bdd011a2bfcc0747b55125d9b8527/library/std/src/panic.rs:359:14
[INFO] [stdout]   48:     0x641220c3aa18 - std[617be2ca0a6fd877]::rt::lang_start_internal
[INFO] [stdout]                                at /rustc/e3feeb59cd1bdd011a2bfcc0747b55125d9b8527/library/std/src/rt.rs:171:5
[INFO] [stdout]   49:     0x641220bea561 - std[617be2ca0a6fd877]::rt::lang_start::<()>
[INFO] [stdout]   50:     0x641220bf8c75 - main
[INFO] [stdout]   51:     0x741c2bcac601 - <unknown>
[INFO] [stdout]   52:     0x741c2bcac718 - __libc_start_main
[INFO] [stdout]   53:     0x641220be8325 - _start
[INFO] [stdout]   54:                0x0 - <unknown>
[INFO] [stdout] 
[INFO] [stdout] 
[INFO] [stdout] 
[INFO] [stdout] failures:
[INFO] [stdout]     src/lib.rs - (line 31)
[INFO] [stdout] 
[INFO] [stdout] test result: FAILED. 1 passed; 1 failed; 0 ignored; 0 measured; 0 filtered out; finished in 0.49s
[INFO] [stdout] 
[INFO] [stderr] error: doctest failed, to rerun pass `--doc`
[INFO] running `Command { std: "docker" "inspect" "250f8a06741e0f3c4778cb588fd6fb2df116e12508c7afaca1ecb1a7170e3777", kill_on_drop: false }`
[INFO] running `Command { std: "docker" "rm" "-f" "250f8a06741e0f3c4778cb588fd6fb2df116e12508c7afaca1ecb1a7170e3777", kill_on_drop: false }`
[INFO] [stdout] 250f8a06741e0f3c4778cb588fd6fb2df116e12508c7afaca1ecb1a7170e3777
