[INFO] fetching crate tokio-vsock 0.7.2...
[INFO] testing tokio-vsock-0.7.2 against 1.99.0-beta.8+cargoflags=--release for beta-release-1.100-2
[INFO] extracting crate tokio-vsock 0.7.2 into /workspace/builds/worker-7-tc1/source
[INFO] removed /workspace/builds/worker-7-tc1/source/.cargo/config.toml
[INFO] started tweaking crates.io crate tokio-vsock 0.7.2
[INFO] removed 0 missing tests
[INFO] finished tweaking crates.io crate tokio-vsock 0.7.2
[INFO] tweaked toml for crates.io crate tokio-vsock 0.7.2 written to /workspace/builds/worker-7-tc1/source/Cargo.toml
[INFO] validating manifest of crates.io crate tokio-vsock 0.7.2 on toolchain 1.99.0-beta.8
[INFO] running `Command { std: CARGO_HOME="/workspace/cargo-home" RUSTUP_HOME="/workspace/rustup-home" "/workspace/cargo-home/bin/cargo" "+1.99.0-beta.8" "metadata" "--manifest-path" "Cargo.toml" "--no-deps", kill_on_drop: false }`
[INFO] crate crates.io crate tokio-vsock 0.7.2 already has a lockfile, it will not be regenerated
[INFO] running `Command { std: CARGO_HOME="/workspace/cargo-home" RUSTUP_HOME="/workspace/rustup-home" "/workspace/cargo-home/bin/cargo" "+1.99.0-beta.8" "fetch" "--manifest-path" "Cargo.toml", kill_on_drop: false }`
[INFO] [stderr]     Updating crates.io index
[INFO] [stderr]  Downloading crates ...
[INFO] [stderr]   Downloaded vsock v0.5.1
[INFO] [stderr]   Downloaded bitflags v2.4.2
[INFO] [stderr]   Downloaded tracing-attributes v0.1.27
[INFO] [stderr]   Downloaded futures-sink v0.3.30
[INFO] [stderr]   Downloaded tonic v0.14.1
[INFO] [stderr]   Downloaded futures-io v0.3.30
[INFO] [stderr]   Downloaded quote v1.0.35
[INFO] [stderr]   Downloaded proc-macro2 v1.0.76
[INFO] [stderr]   Downloaded slab v0.4.9
[INFO] [stderr]   Downloaded socket2 v0.5.9
[INFO] [stderr]   Downloaded equivalent v1.0.1
[INFO] [stderr]   Downloaded log v0.4.27
[INFO] [stderr]   Downloaded futures-core v0.3.30
[INFO] [stderr]   Downloaded tokio-util v0.7.10
[INFO] [stderr]   Downloaded bytes v1.10.1
[INFO] [stderr]   Downloaded tokio-stream v0.1.17
[INFO] [stderr]   Downloaded futures-task v0.3.30
[INFO] [stderr]   Downloaded async-stream-impl v0.3.5
[INFO] [stderr]   Downloaded hyper-util v0.1.11
[INFO] [stderr]   Downloaded axum-core v0.5.2
[INFO] [stderr]   Downloaded tokio-io-timeout v1.2.0
[INFO] [stderr]   Downloaded http-body v0.4.6
[INFO] [stderr]   Downloaded tracing-futures v0.2.5
[INFO] [stderr]   Downloaded prost v0.8.0
[INFO] [stderr]   Downloaded mio v0.8.10
[INFO] [stderr]   Downloaded memchr v2.7.1
[INFO] [stderr]   Downloaded futures-macro v0.3.30
[INFO] [stderr]   Downloaded socket2 v0.6.0
[INFO] [stderr]   Downloaded itoa v1.0.10
[INFO] [stderr]   Downloaded serde_derive v1.0.195
[INFO] [stderr]   Downloaded tonic v0.13.0
[INFO] [stderr]   Downloaded prost v0.13.5
[INFO] [stderr]   Downloaded ppv-lite86 v0.2.17
[INFO] [stderr]   Downloaded prost v0.11.9
[INFO] [stderr]   Downloaded futures-channel v0.3.30
[INFO] [stderr]   Downloaded serde v1.0.195
[INFO] [stderr]   Downloaded async-trait v0.1.77
[INFO] [stderr]   Downloaded wit-bindgen-rt v0.39.0
[INFO] [stderr]   Downloaded prost-derive v0.10.1
[INFO] [stderr]   Downloaded prost-derive v0.9.0
[INFO] [stderr]   Downloaded cpufeatures v0.2.12
[INFO] [stderr]   Downloaded smallvec v1.15.0
[INFO] [stderr]   Downloaded prost-derive v0.8.0
[INFO] [stderr]   Downloaded hyper-timeout v0.4.1
[INFO] [stderr]   Downloaded getrandom v0.2.12
[INFO] [stderr]   Downloaded async-stream v0.3.5
[INFO] [stderr]   Downloaded hashbrown v0.14.3
[INFO] [stderr]   Downloaded prost v0.10.4
[INFO] [stderr]   Downloaded matchit v0.5.0
[INFO] [stderr]   Downloaded axum-core v0.2.9
[INFO] [stderr]   Downloaded prost v0.9.0
[INFO] [stderr]   Downloaded prost-derive v0.11.9
[INFO] [stderr]   Downloaded anyhow v1.0.97
[INFO] [stderr]   Downloaded sha2 v0.10.8
[INFO] [stderr]   Downloaded futures-executor v0.3.30
[INFO] [stderr]   Downloaded indexmap v2.1.0
[INFO] [stderr]   Downloaded futures-util v0.3.30
[INFO] [stderr]   Downloaded hyper v1.6.0
[INFO] [stderr]   Downloaded h2 v0.4.8
[INFO] [stderr]   Downloaded prost v0.12.3
[INFO] [stderr]   Downloaded tokio-util v0.6.10
[INFO] [stderr]   Downloaded getrandom v0.3.2
[INFO] [stderr]   Downloaded r-efi v5.2.0
[INFO] [stderr]   Downloaded tonic v0.11.0
[INFO] [stderr]   Downloaded futures v0.3.30
[INFO] [stderr]   Downloaded syn v2.0.48
[INFO] [stderr]   Downloaded tonic v0.12.3
[INFO] [stderr]   Downloaded tonic v0.7.2
[INFO] [stderr]   Downloaded zerocopy-derive v0.8.24
[INFO] [stderr]   Downloaded http v1.3.1
[INFO] [stderr]   Downloaded tonic v0.10.2
[INFO] [stderr]   Downloaded tonic v0.9.2
[INFO] [stderr]   Downloaded tonic v0.8.3
[INFO] [stderr]   Downloaded tower-http v0.3.5
[INFO] [stderr]   Downloaded tonic v0.6.2
[INFO] [stderr]   Downloaded tonic v0.5.2
[INFO] [stderr]   Downloaded rand v0.9.0
[INFO] [stderr]   Downloaded itertools v0.10.5
[INFO] [stderr]   Downloaded axum v0.5.17
[INFO] [stderr]   Downloaded wasi v0.14.2+wasi-0.2.4
[INFO] [stderr]   Downloaded axum v0.8.3
[INFO] [stderr]   Downloaded h2 v0.3.26
[INFO] [stderr]   Downloaded hyper v0.14.28
[INFO] [stderr]   Downloaded zerocopy v0.8.24
[INFO] [stderr]   Downloaded libc v0.2.175
[INFO] [stderr]   Downloaded tokio v1.35.1
[INFO] running `Command { std: "docker" "create" "-v" "/var/lib/crater-agent-workspace/builds/worker-7-tc1/source:/opt/rustwide/workdir:ro,Z" "-v" "/var/lib/crater-agent-workspace/builds/worker-7-tc1/target:/opt/rustwide/target:rw,Z" "-v" "/var/lib/crater-agent-workspace/cargo-home:/opt/rustwide/cargo-home:ro,Z" "-v" "/var/lib/crater-agent-workspace/rustup-home:/opt/rustwide/rustup-home:ro,Z" "-m" "1610612736" "--network" "none" "ghcr.io/rust-lang/crates-build-env/linux@sha256:77db811e55d90add9212f6832c23229e3de5f1c1f9905e8cb07319ea15df73ac" "sleep" "infinity", kill_on_drop: false }`
[INFO] [stdout] dd8e134ff6aa557713a6ecfa2a52568364713cb491942a4d91e28bb767fe193f
[INFO] running `Command { std: "docker" "start" "dd8e134ff6aa557713a6ecfa2a52568364713cb491942a4d91e28bb767fe193f", kill_on_drop: false }`
[INFO] running `Command { std: "docker" "inspect" "dd8e134ff6aa557713a6ecfa2a52568364713cb491942a4d91e28bb767fe193f", kill_on_drop: false }`
[INFO] running `Command { std: "docker" "exec" "-e" "SOURCE_DIR=/opt/rustwide/workdir" "-e" "CARGO_HOME=/opt/rustwide/cargo-home" "-e" "RUSTUP_HOME=/opt/rustwide/rustup-home" "-e" "CARGO_TARGET_DIR=/opt/rustwide/target" "-w" "/opt/rustwide/workdir" "--user" "0:0" "dd8e134ff6aa557713a6ecfa2a52568364713cb491942a4d91e28bb767fe193f" "/opt/rustwide/cargo-home/bin/cargo" "+1.99.0-beta.8" "metadata" "--no-deps" "--format-version=1", kill_on_drop: false }`
[INFO] running `Command { std: "docker" "inspect" "dd8e134ff6aa557713a6ecfa2a52568364713cb491942a4d91e28bb767fe193f", kill_on_drop: false }`
[INFO] running `Command { std: "docker" "exec" "-e" "SOURCE_DIR=/opt/rustwide/workdir" "-e" "CARGO_HOME=/opt/rustwide/cargo-home" "-e" "RUSTUP_HOME=/opt/rustwide/rustup-home" "-e" "CARGO_TARGET_DIR=/opt/rustwide/target" "-e" "CARGO_INCREMENTAL=0" "-e" "RUST_BACKTRACE=full" "-e" "RUSTFLAGS=--cap-lints=warn" "-e" "RUSTDOCFLAGS=--cap-lints=warn" "-w" "/opt/rustwide/workdir" "--user" "0:0" "dd8e134ff6aa557713a6ecfa2a52568364713cb491942a4d91e28bb767fe193f" "/opt/rustwide/cargo-home/bin/cargo" "+1.99.0-beta.8" "build" "--frozen" "--message-format=json" "--release", kill_on_drop: false }`
[INFO] [stderr]    Compiling autocfg v1.1.0
[INFO] [stderr]    Compiling proc-macro2 v1.0.76
[INFO] [stderr]    Compiling unicode-ident v1.0.12
[INFO] [stderr]    Compiling libc v0.2.175
[INFO] [stderr]    Compiling futures-sink v0.3.30
[INFO] [stderr]    Compiling futures-core v0.3.30
[INFO] [stderr]    Compiling pin-project-lite v0.2.13
[INFO] [stderr]    Compiling cfg_aliases v0.2.1
[INFO] [stderr]    Compiling futures-task v0.3.30
[INFO] [stderr]    Compiling memchr v2.7.1
[INFO] [stderr]    Compiling futures-io v0.3.30
[INFO] [stderr]    Compiling cfg-if v1.0.0
[INFO] [stderr]    Compiling bitflags v2.4.2
[INFO] [stderr]    Compiling bytes v1.10.1
[INFO] [stderr]    Compiling nix v0.29.0
[INFO] [stderr]    Compiling futures-channel v0.3.30
[INFO] [stderr]    Compiling slab v0.4.9
[INFO] [stderr]    Compiling memoffset v0.9.0
[INFO] [stderr]    Compiling quote v1.0.35
[INFO] [stderr]    Compiling syn v2.0.48
[INFO] [stderr]    Compiling mio v0.8.10
[INFO] [stderr]    Compiling socket2 v0.5.9
[INFO] [stderr]    Compiling vsock v0.5.1
[INFO] [stderr]    Compiling futures-macro v0.3.30
[INFO] [stderr]    Compiling tokio-macros v2.2.0
[INFO] [stderr]    Compiling tokio v1.35.1
[INFO] [stderr]    Compiling futures-util v0.3.30
[INFO] [stderr]    Compiling futures-executor v0.3.30
[INFO] [stderr]    Compiling futures v0.3.30
[INFO] [stderr]    Compiling tokio-vsock v0.7.2 (/opt/rustwide/workdir)
[INFO] [stderr]     Finished `release` profile [optimized] target(s) in 17.39s
[INFO] running `Command { std: "docker" "inspect" "dd8e134ff6aa557713a6ecfa2a52568364713cb491942a4d91e28bb767fe193f", kill_on_drop: false }`
[INFO] running `Command { std: "docker" "exec" "-e" "SOURCE_DIR=/opt/rustwide/workdir" "-e" "CARGO_HOME=/opt/rustwide/cargo-home" "-e" "RUSTUP_HOME=/opt/rustwide/rustup-home" "-e" "CARGO_TARGET_DIR=/opt/rustwide/target" "-e" "CARGO_INCREMENTAL=0" "-e" "RUST_BACKTRACE=full" "-e" "RUSTFLAGS=--cap-lints=warn" "-e" "RUSTDOCFLAGS=--cap-lints=warn" "-w" "/opt/rustwide/workdir" "--user" "0:0" "dd8e134ff6aa557713a6ecfa2a52568364713cb491942a4d91e28bb767fe193f" "/opt/rustwide/cargo-home/bin/cargo" "+1.99.0-beta.8" "test" "--frozen" "--no-run" "--message-format=json" "--release", kill_on_drop: false }`
[INFO] [stderr]    Compiling typenum v1.17.0
[INFO] [stderr]    Compiling version_check v0.9.4
[INFO] [stderr]    Compiling getrandom v0.3.2
[INFO] [stderr]    Compiling zerocopy v0.8.24
[INFO] [stderr]    Compiling ppv-lite86 v0.2.17
[INFO] [stderr]    Compiling cpufeatures v0.2.12
[INFO] [stderr]    Compiling generic-array v0.14.7
[INFO] [stderr]    Compiling rand_core v0.9.3
[INFO] [stderr]    Compiling rand_chacha v0.9.0
[INFO] [stderr]    Compiling block-buffer v0.10.4
[INFO] [stderr]    Compiling crypto-common v0.1.6
[INFO] [stderr]    Compiling digest v0.10.7
[INFO] [stderr]    Compiling sha2 v0.10.8
[INFO] [stderr]    Compiling rand v0.9.0
[INFO] [stderr]    Compiling tokio-vsock v0.7.2 (/opt/rustwide/workdir)
[INFO] [stderr]     Finished `release` profile [optimized] target(s) in 7.20s
[INFO] running `Command { std: "docker" "inspect" "dd8e134ff6aa557713a6ecfa2a52568364713cb491942a4d91e28bb767fe193f", kill_on_drop: false }`
[INFO] running `Command { std: "docker" "exec" "-e" "SOURCE_DIR=/opt/rustwide/workdir" "-e" "CARGO_HOME=/opt/rustwide/cargo-home" "-e" "RUSTUP_HOME=/opt/rustwide/rustup-home" "-e" "CARGO_TARGET_DIR=/opt/rustwide/target" "-e" "CARGO_INCREMENTAL=0" "-e" "RUST_BACKTRACE=full" "-e" "RUSTFLAGS=--cap-lints=warn" "-e" "RUSTDOCFLAGS=--cap-lints=warn" "-w" "/opt/rustwide/workdir" "--user" "0:0" "dd8e134ff6aa557713a6ecfa2a52568364713cb491942a4d91e28bb767fe193f" "/opt/rustwide/cargo-home/bin/cargo" "+1.99.0-beta.8" "test" "--frozen" "--release", kill_on_drop: false }`
[INFO] [stderr]     Finished `release` profile [optimized] target(s) in 0.11s
[INFO] [stderr]      Running unittests src/lib.rs (/opt/rustwide/target/release/deps/tokio_vsock-c43e3424c1175627)
[INFO] [stdout] 
[INFO] [stderr]      Running tests/vsock.rs (/opt/rustwide/target/release/deps/vsock-cdaf3bb8550efe55)
[INFO] [stdout] running 0 tests
[INFO] [stdout] 
[INFO] [stdout] test result: ok. 0 passed; 0 failed; 0 ignored; 0 measured; 0 filtered out; finished in 0.00s
[INFO] [stdout] 
[INFO] [stdout] 
[INFO] [stdout] running 4 tests
[INFO] [stdout] test test_vsock_conn_error ... ok
[INFO] [stdout] test split_vsock ... FAILED
[INFO] [stdout] test test_vsock_server ... FAILED
[INFO] [stdout] test into_split_vsock ... FAILED
[INFO] [stdout] 
[INFO] [stdout] failures:
[INFO] [stdout] 
[INFO] [stdout] ---- split_vsock stdout ----
[INFO] [stdout] 
[INFO] [stdout] thread 'split_vsock' (946) panicked at tests/vsock.rs:101:46:
[INFO] [stdout] connection failed: Os { code: 1, kind: PermissionDenied, message: "Operation not permitted" }
[INFO] [stdout] stack backtrace:
[INFO] [stdout]    0:     0x62d7d5793ca1 - <<std[70759c8f55707aa4]::sys::backtrace::BacktraceLock>::print::DisplayBacktrace as core[df12db4294e9bfd3]::fmt::Display>::fmt
[INFO] [stdout]    1:     0x62d7d57a872a - core[df12db4294e9bfd3]::fmt::write
[INFO] [stdout]    2:     0x62d7d57982bc - <alloc[2182bb758b4b3781]::vec::Vec<u8> as core[df12db4294e9bfd3]::io::write::Write>::write_fmt
[INFO] [stdout]    3:     0x62d7d576ff26 - std[70759c8f55707aa4]::panicking::default_hook::{closure#0}
[INFO] [stdout]    4:     0x62d7d578c359 - std[70759c8f55707aa4]::panicking::default_hook
[INFO] [stdout]    5:     0x62d7d5712c20 - test[9d35eded1c95d3be]::test_main_inner::<test[9d35eded1c95d3be]::test_main_static::{closure#0}>::{closure#0}
[INFO] [stdout]    6:     0x62d7d578c512 - std[70759c8f55707aa4]::panicking::panic_with_hook
[INFO] [stdout]    7:     0x62d7d576ffd2 - std[70759c8f55707aa4]::panicking::panic_handler::{closure#0}
[INFO] [stdout]    8:     0x62d7d5768d29 - std[70759c8f55707aa4]::sys::backtrace::__rust_end_short_backtrace::<std[70759c8f55707aa4]::panicking::panic_handler::{closure#0}, !>
[INFO] [stdout]    9:     0x62d7d5770bcd - __rustc[8fa7c3cbc660c2b3]::rust_begin_unwind
[INFO] [stdout]   10:     0x62d7d57a8e8c - core[df12db4294e9bfd3]::panicking::panic_fmt
[INFO] [stdout]   11:     0x62d7d57a8c62 - core[df12db4294e9bfd3]::result::unwrap_failed
[INFO] [stdout]   12:     0x62d7d56fe5b7 - vsock[95c01491906e2305]::split_vsock::{closure#0}
[INFO] [stdout]   13:     0x62d7d5703db3 - <tokio[5b0141c336ddeaac]::runtime::scheduler::current_thread::Context>::enter::<core[df12db4294e9bfd3]::task::poll::Poll<()>, <tokio[5b0141c336ddeaac]::runtime::scheduler::current_thread::CoreGuard>::block_on<core[df12db4294e9bfd3]::pin::Pin<&mut core[df12db4294e9bfd3]::pin::Pin<&mut dyn core[df12db4294e9bfd3]::future::future::Future<Output = ()>>>>::{closure#0}::{closure#0}>
[INFO] [stdout]   14:     0x62d7d570530f - <std[70759c8f55707aa4]::thread::local::LocalKey<tokio[5b0141c336ddeaac]::runtime::context::Context>>::with::<tokio[5b0141c336ddeaac]::runtime::context::set_scheduler<(alloc[2182bb758b4b3781]::boxed::Box<tokio[5b0141c336ddeaac]::runtime::scheduler::current_thread::Core>, core[df12db4294e9bfd3]::option::Option<()>), <tokio[5b0141c336ddeaac]::runtime::scheduler::current_thread::CoreGuard>::enter<<tokio[5b0141c336ddeaac]::runtime::scheduler::current_thread::CoreGuard>::block_on<core[df12db4294e9bfd3]::pin::Pin<&mut core[df12db4294e9bfd3]::pin::Pin<&mut dyn core[df12db4294e9bfd3]::future::future::Future<Output = ()>>>>::{closure#0}, core[df12db4294e9bfd3]::option::Option<()>>::{closure#0}>::{closure#0}, (alloc[2182bb758b4b3781]::boxed::Box<tokio[5b0141c336ddeaac]::runtime::scheduler::current_thread::Core>, core[df12db4294e9bfd3]::option::Option<()>)>
[INFO] [stdout]   15:     0x62d7d5703a9a - <tokio[5b0141c336ddeaac]::runtime::scheduler::current_thread::CurrentThread>::block_on::<core[df12db4294e9bfd3]::pin::Pin<&mut dyn core[df12db4294e9bfd3]::future::future::Future<Output = ()>>>
[INFO] [stdout]   16:     0x62d7d5704f4d - <tokio[5b0141c336ddeaac]::runtime::runtime::Runtime>::block_on::<core[df12db4294e9bfd3]::pin::Pin<&mut dyn core[df12db4294e9bfd3]::future::future::Future<Output = ()>>>
[INFO] [stdout]   17:     0x62d7d5700069 - <vsock[95c01491906e2305]::split_vsock::{closure#0} as core[df12db4294e9bfd3]::ops::function::FnOnce<()>>::call_once
[INFO] [stdout]   18:     0x62d7d5705f0b - test[9d35eded1c95d3be]::__rust_begin_short_backtrace::<core[df12db4294e9bfd3]::result::Result<(), alloc[2182bb758b4b3781]::string::String>, fn() -> core[df12db4294e9bfd3]::result::Result<(), alloc[2182bb758b4b3781]::string::String>>
[INFO] [stdout]   19:     0x62d7d5713575 - test[9d35eded1c95d3be]::run_test::{closure#0}
[INFO] [stdout]   20:     0x62d7d570ce34 - std[70759c8f55707aa4]::sys::backtrace::__rust_begin_short_backtrace::<test[9d35eded1c95d3be]::run_test::{closure#1}, ()>
[INFO] [stdout]   21:     0x62d7d57166d2 - <std[70759c8f55707aa4]::thread::lifecycle::spawn_unchecked<test[9d35eded1c95d3be]::run_test::{closure#1}, ()>::{closure#1} as core[df12db4294e9bfd3]::ops::function::FnOnce<()>>::call_once::{shim:vtable#0}
[INFO] [stdout]   22:     0x62d7d5793579 - <std[70759c8f55707aa4]::sys::thread::unix::Thread>::new::thread_start
[INFO] [stdout]   23:     0x74df1810ddfa - <unknown>
[INFO] [stdout]   24:     0x74df181a13d4 - clone
[INFO] [stdout]   25:                0x0 - <unknown>
[INFO] [stdout] 
[INFO] [stdout] ---- test_vsock_server stdout ----
[INFO] [stdout] 
[INFO] [stdout] thread 'test_vsock_server' (948) panicked at tests/vsock.rs:45:55:
[INFO] [stdout] connection failed: Os { code: 1, kind: PermissionDenied, message: "Operation not permitted" }
[INFO] [stdout] stack backtrace:
[INFO] [stdout]    0:     0x62d7d5793ca1 - <<std[70759c8f55707aa4]::sys::backtrace::BacktraceLock>::print::DisplayBacktrace as core[df12db4294e9bfd3]::fmt::Display>::fmt
[INFO] [stdout]    1:     0x62d7d57a872a - core[df12db4294e9bfd3]::fmt::write
[INFO] [stdout]    2:     0x62d7d57982bc - <alloc[2182bb758b4b3781]::vec::Vec<u8> as core[df12db4294e9bfd3]::io::write::Write>::write_fmt
[INFO] [stdout]    3:     0x62d7d576ff26 - std[70759c8f55707aa4]::panicking::default_hook::{closure#0}
[INFO] [stdout]    4:     0x62d7d578c359 - std[70759c8f55707aa4]::panicking::default_hook
[INFO] [stdout]    5:     0x62d7d5712c20 - test[9d35eded1c95d3be]::test_main_inner::<test[9d35eded1c95d3be]::test_main_static::{closure#0}>::{closure#0}
[INFO] [stdout]    6:     0x62d7d578c512 - std[70759c8f55707aa4]::panicking::panic_with_hook
[INFO] [stdout]    7:     0x62d7d576ffd2 - std[70759c8f55707aa4]::panicking::panic_handler::{closure#0}
[INFO] [stdout]    8:     0x62d7d5768d29 - std[70759c8f55707aa4]::sys::backtrace::__rust_end_short_backtrace::<std[70759c8f55707aa4]::panicking::panic_handler::{closure#0}, !>
[INFO] [stdout]    9:     0x62d7d5770bcd - __rustc[8fa7c3cbc660c2b3]::rust_begin_unwind
[INFO] [stdout]   10:     0x62d7d57a8e8c - core[df12db4294e9bfd3]::panicking::panic_fmt
[INFO] [stdout]   11:     0x62d7d57a8c62 - core[df12db4294e9bfd3]::result::unwrap_failed
[INFO] [stdout]   12:     0x62d7d56ff25c - vsock[95c01491906e2305]::test_vsock_server::{closure#0}
[INFO] [stdout]   13:     0x62d7d5703db3 - <tokio[5b0141c336ddeaac]::runtime::scheduler::current_thread::Context>::enter::<core[df12db4294e9bfd3]::task::poll::Poll<()>, <tokio[5b0141c336ddeaac]::runtime::scheduler::current_thread::CoreGuard>::block_on<core[df12db4294e9bfd3]::pin::Pin<&mut core[df12db4294e9bfd3]::pin::Pin<&mut dyn core[df12db4294e9bfd3]::future::future::Future<Output = ()>>>>::{closure#0}::{closure#0}>
[INFO] [stdout]   14:     0x62d7d570530f - <std[70759c8f55707aa4]::thread::local::LocalKey<tokio[5b0141c336ddeaac]::runtime::context::Context>>::with::<tokio[5b0141c336ddeaac]::runtime::context::set_scheduler<(alloc[2182bb758b4b3781]::boxed::Box<tokio[5b0141c336ddeaac]::runtime::scheduler::current_thread::Core>, core[df12db4294e9bfd3]::option::Option<()>), <tokio[5b0141c336ddeaac]::runtime::scheduler::current_thread::CoreGuard>::enter<<tokio[5b0141c336ddeaac]::runtime::scheduler::current_thread::CoreGuard>::block_on<core[df12db4294e9bfd3]::pin::Pin<&mut core[df12db4294e9bfd3]::pin::Pin<&mut dyn core[df12db4294e9bfd3]::future::future::Future<Output = ()>>>>::{closure#0}, core[df12db4294e9bfd3]::option::Option<()>>::{closure#0}>::{closure#0}, (alloc[2182bb758b4b3781]::boxed::Box<tokio[5b0141c336ddeaac]::runtime::scheduler::current_thread::Core>, core[df12db4294e9bfd3]::option::Option<()>)>
[INFO] [stdout]   15:     0x62d7d5703a9a - <tokio[5b0141c336ddeaac]::runtime::scheduler::current_thread::CurrentThread>::block_on::<core[df12db4294e9bfd3]::pin::Pin<&mut dyn core[df12db4294e9bfd3]::future::future::Future<Output = ()>>>
[INFO] [stdout]   16:     0x62d7d5704f4d - <tokio[5b0141c336ddeaac]::runtime::runtime::Runtime>::block_on::<core[df12db4294e9bfd3]::pin::Pin<&mut dyn core[df12db4294e9bfd3]::future::future::Future<Output = ()>>>
[INFO] [stdout]   17:     0x62d7d57002e9 - <vsock[95c01491906e2305]::test_vsock_server::{closure#0} as core[df12db4294e9bfd3]::ops::function::FnOnce<()>>::call_once
[INFO] [stdout]   18:     0x62d7d5705f0b - test[9d35eded1c95d3be]::__rust_begin_short_backtrace::<core[df12db4294e9bfd3]::result::Result<(), alloc[2182bb758b4b3781]::string::String>, fn() -> core[df12db4294e9bfd3]::result::Result<(), alloc[2182bb758b4b3781]::string::String>>
[INFO] [stdout]   19:     0x62d7d5713575 - test[9d35eded1c95d3be]::run_test::{closure#0}
[INFO] [stdout]   20:     0x62d7d570ce34 - std[70759c8f55707aa4]::sys::backtrace::__rust_begin_short_backtrace::<test[9d35eded1c95d3be]::run_test::{closure#1}, ()>
[INFO] [stdout]   21:     0x62d7d57166d2 - <std[70759c8f55707aa4]::thread::lifecycle::spawn_unchecked<test[9d35eded1c95d3be]::run_test::{closure#1}, ()>::{closure#1} as core[df12db4294e9bfd3]::ops::function::FnOnce<()>>::call_once::{shim:vtable#0}
[INFO] [stdout]   22:     0x62d7d5793579 - <std[70759c8f55707aa4]::sys::thread::unix::Thread>::new::thread_start
[INFO] [stdout]   23:     0x74df1810ddfa - <unknown>
[INFO] [stdout]   24:     0x74df181a13d4 - clone
[INFO] [stdout]   25:                0x0 - <unknown>
[INFO] [stdout] 
[INFO] [stdout] ---- into_split_vsock stdout ----
[INFO] [stdout] 
[INFO] [stdout] thread 'into_split_vsock' (945) panicked at tests/vsock.rs:151:46:
[INFO] [stdout] connection failed: Os { code: 1, kind: PermissionDenied, message: "Operation not permitted" }
[INFO] [stdout] stack backtrace:
[INFO] [stderr] error: test failed, to rerun pass `--test vsock`
[INFO] [stdout]    0:     0x62d7d5793ca1 - <<std[70759c8f55707aa4]::sys::backtrace::BacktraceLock>::print::DisplayBacktrace as core[df12db4294e9bfd3]::fmt::Display>::fmt
[INFO] [stdout]    1:     0x62d7d57a872a - core[df12db4294e9bfd3]::fmt::write
[INFO] [stdout]    2:     0x62d7d57982bc - <alloc[2182bb758b4b3781]::vec::Vec<u8> as core[df12db4294e9bfd3]::io::write::Write>::write_fmt
[INFO] [stdout]    3:     0x62d7d576ff26 - std[70759c8f55707aa4]::panicking::default_hook::{closure#0}
[INFO] [stdout]    4:     0x62d7d578c359 - std[70759c8f55707aa4]::panicking::default_hook
[INFO] [stdout]    5:     0x62d7d5712c20 - test[9d35eded1c95d3be]::test_main_inner::<test[9d35eded1c95d3be]::test_main_static::{closure#0}>::{closure#0}
[INFO] [stdout]    6:     0x62d7d578c512 - std[70759c8f55707aa4]::panicking::panic_with_hook
[INFO] [stdout]    7:     0x62d7d576ffd2 - std[70759c8f55707aa4]::panicking::panic_handler::{closure#0}
[INFO] [stdout]    8:     0x62d7d5768d29 - std[70759c8f55707aa4]::sys::backtrace::__rust_end_short_backtrace::<std[70759c8f55707aa4]::panicking::panic_handler::{closure#0}, !>
[INFO] [stdout]    9:     0x62d7d5770bcd - __rustc[8fa7c3cbc660c2b3]::rust_begin_unwind
[INFO] [stdout]   10:     0x62d7d57a8e8c - core[df12db4294e9bfd3]::panicking::panic_fmt
[INFO] [stdout]   11:     0x62d7d57a8c62 - core[df12db4294e9bfd3]::result::unwrap_failed
[INFO] [stdout]   12:     0x62d7d56feb44 - vsock[95c01491906e2305]::into_split_vsock::{closure#0}
[INFO] [stdout]   13:     0x62d7d5703db3 - <tokio[5b0141c336ddeaac]::runtime::scheduler::current_thread::Context>::enter::<core[df12db4294e9bfd3]::task::poll::Poll<()>, <tokio[5b0141c336ddeaac]::runtime::scheduler::current_thread::CoreGuard>::block_on<core[df12db4294e9bfd3]::pin::Pin<&mut core[df12db4294e9bfd3]::pin::Pin<&mut dyn core[df12db4294e9bfd3]::future::future::Future<Output = ()>>>>::{closure#0}::{closure#0}>
[INFO] [stdout]   14:     0x62d7d570530f - <std[70759c8f55707aa4]::thread::local::LocalKey<tokio[5b0141c336ddeaac]::runtime::context::Context>>::with::<tokio[5b0141c336ddeaac]::runtime::context::set_scheduler<(alloc[2182bb758b4b3781]::boxed::Box<tokio[5b0141c336ddeaac]::runtime::scheduler::current_thread::Core>, core[df12db4294e9bfd3]::option::Option<()>), <tokio[5b0141c336ddeaac]::runtime::scheduler::current_thread::CoreGuard>::enter<<tokio[5b0141c336ddeaac]::runtime::scheduler::current_thread::CoreGuard>::block_on<core[df12db4294e9bfd3]::pin::Pin<&mut core[df12db4294e9bfd3]::pin::Pin<&mut dyn core[df12db4294e9bfd3]::future::future::Future<Output = ()>>>>::{closure#0}, core[df12db4294e9bfd3]::option::Option<()>>::{closure#0}>::{closure#0}, (alloc[2182bb758b4b3781]::boxed::Box<tokio[5b0141c336ddeaac]::runtime::scheduler::current_thread::Core>, core[df12db4294e9bfd3]::option::Option<()>)>
[INFO] [stdout]   15:     0x62d7d5703a9a - <tokio[5b0141c336ddeaac]::runtime::scheduler::current_thread::CurrentThread>::block_on::<core[df12db4294e9bfd3]::pin::Pin<&mut dyn core[df12db4294e9bfd3]::future::future::Future<Output = ()>>>
[INFO] [stdout]   16:     0x62d7d5704f4d - <tokio[5b0141c336ddeaac]::runtime::runtime::Runtime>::block_on::<core[df12db4294e9bfd3]::pin::Pin<&mut dyn core[df12db4294e9bfd3]::future::future::Future<Output = ()>>>
[INFO] [stdout]   17:     0x62d7d57001a9 - <vsock[95c01491906e2305]::into_split_vsock::{closure#0} as core[df12db4294e9bfd3]::ops::function::FnOnce<()>>::call_once
[INFO] [stdout]   18:     0x62d7d5705f0b - test[9d35eded1c95d3be]::__rust_begin_short_backtrace::<core[df12db4294e9bfd3]::result::Result<(), alloc[2182bb758b4b3781]::string::String>, fn() -> core[df12db4294e9bfd3]::result::Result<(), alloc[2182bb758b4b3781]::string::String>>
[INFO] [stdout]   19:     0x62d7d5713575 - test[9d35eded1c95d3be]::run_test::{closure#0}
[INFO] [stdout]   20:     0x62d7d570ce34 - std[70759c8f55707aa4]::sys::backtrace::__rust_begin_short_backtrace::<test[9d35eded1c95d3be]::run_test::{closure#1}, ()>
[INFO] [stdout]   21:     0x62d7d57166d2 - <std[70759c8f55707aa4]::thread::lifecycle::spawn_unchecked<test[9d35eded1c95d3be]::run_test::{closure#1}, ()>::{closure#1} as core[df12db4294e9bfd3]::ops::function::FnOnce<()>>::call_once::{shim:vtable#0}
[INFO] [stdout]   22:     0x62d7d5793579 - <std[70759c8f55707aa4]::sys::thread::unix::Thread>::new::thread_start
[INFO] [stdout]   23:     0x74df1810ddfa - <unknown>
[INFO] [stdout]   24:     0x74df181a13d4 - clone
[INFO] [stdout]   25:                0x0 - <unknown>
[INFO] [stdout] 
[INFO] [stdout] 
[INFO] [stdout] failures:
[INFO] [stdout]     into_split_vsock
[INFO] [stdout]     split_vsock
[INFO] [stdout]     test_vsock_server
[INFO] [stdout] 
[INFO] [stdout] test result: FAILED. 1 passed; 3 failed; 0 ignored; 0 measured; 0 filtered out; finished in 0.01s
[INFO] [stdout] 
[INFO] running `Command { std: "docker" "inspect" "dd8e134ff6aa557713a6ecfa2a52568364713cb491942a4d91e28bb767fe193f", kill_on_drop: false }`
[INFO] running `Command { std: "docker" "rm" "-f" "dd8e134ff6aa557713a6ecfa2a52568364713cb491942a4d91e28bb767fe193f", kill_on_drop: false }`
[INFO] [stdout] dd8e134ff6aa557713a6ecfa2a52568364713cb491942a4d91e28bb767fe193f
