[INFO] fetching crate tokio-socketcan 0.3.1...
[INFO] testing tokio-socketcan-0.3.1 against 1.100.0-beta.1+cargoflags=--release for beta-release-1.100-2
[INFO] extracting crate tokio-socketcan 0.3.1 into /workspace/builds/worker-1-tc2/source
[INFO] started tweaking crates.io crate tokio-socketcan 0.3.1
[INFO] finished tweaking crates.io crate tokio-socketcan 0.3.1
[INFO] tweaked toml for crates.io crate tokio-socketcan 0.3.1 written to /workspace/builds/worker-1-tc2/source/Cargo.toml
[INFO] validating manifest of crates.io crate tokio-socketcan 0.3.1 on toolchain 1.100.0-beta.1
[INFO] running `Command { std: CARGO_HOME="/workspace/cargo-home" RUSTUP_HOME="/workspace/rustup-home" "/workspace/cargo-home/bin/cargo" "+1.100.0-beta.1" "metadata" "--manifest-path" "Cargo.toml" "--no-deps", kill_on_drop: false }`
[INFO] crate crates.io crate tokio-socketcan 0.3.1 already has a lockfile, it will not be regenerated
[INFO] running `Command { std: CARGO_HOME="/workspace/cargo-home" RUSTUP_HOME="/workspace/rustup-home" "/workspace/cargo-home/bin/cargo" "+1.100.0-beta.1" "fetch" "--manifest-path" "Cargo.toml", kill_on_drop: false }`
[INFO] running `Command { std: "docker" "create" "-v" "/var/lib/crater-agent-workspace/builds/worker-1-tc2/source:/opt/rustwide/workdir:ro,Z" "-v" "/var/lib/crater-agent-workspace/builds/worker-1-tc2/target:/opt/rustwide/target:rw,Z" "-v" "/var/lib/crater-agent-workspace/cargo-home:/opt/rustwide/cargo-home:ro,Z" "-v" "/var/lib/crater-agent-workspace/rustup-home:/opt/rustwide/rustup-home:ro,Z" "-m" "1610612736" "--network" "none" "ghcr.io/rust-lang/crates-build-env/linux@sha256:77db811e55d90add9212f6832c23229e3de5f1c1f9905e8cb07319ea15df73ac" "sleep" "infinity", kill_on_drop: false }`
[INFO] [stdout] 4631ea7bd4f1dd382f73fef9705147735dba146ad41a907fad705841248dc756
[INFO] running `Command { std: "docker" "start" "4631ea7bd4f1dd382f73fef9705147735dba146ad41a907fad705841248dc756", kill_on_drop: false }`
[INFO] running `Command { std: "docker" "inspect" "4631ea7bd4f1dd382f73fef9705147735dba146ad41a907fad705841248dc756", kill_on_drop: false }`
[INFO] running `Command { std: "docker" "exec" "-e" "SOURCE_DIR=/opt/rustwide/workdir" "-e" "CARGO_HOME=/opt/rustwide/cargo-home" "-e" "RUSTUP_HOME=/opt/rustwide/rustup-home" "-e" "CARGO_TARGET_DIR=/opt/rustwide/target" "-w" "/opt/rustwide/workdir" "--user" "0:0" "4631ea7bd4f1dd382f73fef9705147735dba146ad41a907fad705841248dc756" "/opt/rustwide/cargo-home/bin/cargo" "+1.100.0-beta.1" "metadata" "--no-deps" "--format-version=1", kill_on_drop: false }`
[INFO] running `Command { std: "docker" "inspect" "4631ea7bd4f1dd382f73fef9705147735dba146ad41a907fad705841248dc756", kill_on_drop: false }`
[INFO] running `Command { std: "docker" "exec" "-e" "SOURCE_DIR=/opt/rustwide/workdir" "-e" "CARGO_HOME=/opt/rustwide/cargo-home" "-e" "RUSTUP_HOME=/opt/rustwide/rustup-home" "-e" "CARGO_TARGET_DIR=/opt/rustwide/target" "-e" "CARGO_INCREMENTAL=0" "-e" "RUST_BACKTRACE=full" "-e" "RUSTFLAGS=--cap-lints=warn" "-e" "RUSTDOCFLAGS=--cap-lints=warn" "-w" "/opt/rustwide/workdir" "--user" "0:0" "4631ea7bd4f1dd382f73fef9705147735dba146ad41a907fad705841248dc756" "/opt/rustwide/cargo-home/bin/cargo" "+1.100.0-beta.1" "build" "--frozen" "--message-format=json" "--release", kill_on_drop: false }`
[INFO] [stderr]    Compiling proc-macro2 v1.0.32
[INFO] [stderr]    Compiling autocfg v1.0.1
[INFO] [stderr]    Compiling syn v1.0.81
[INFO] [stderr]    Compiling libc v0.2.107
[INFO] [stderr]    Compiling proc-macro-hack v0.5.19
[INFO] [stderr]    Compiling futures-core v0.3.17
[INFO] [stderr]    Compiling futures-task v0.3.17
[INFO] [stderr]    Compiling log v0.4.14
[INFO] [stderr]    Compiling proc-macro-nested v0.1.7
[INFO] [stderr]    Compiling futures-channel v0.3.17
[INFO] [stderr]    Compiling pin-project-lite v0.2.7
[INFO] [stderr]    Compiling futures-sink v0.3.17
[INFO] [stderr]    Compiling slab v0.4.5
[INFO] [stderr]    Compiling futures-io v0.3.17
[INFO] [stderr]    Compiling bitflags v0.4.0
[INFO] [stderr]    Compiling try_from v0.2.2
[INFO] [stderr]    Compiling itertools v0.4.19
[INFO] [stderr]    Compiling hex v0.2.0
[INFO] [stderr]    Compiling futures-macro v0.3.17
[INFO] [stderr]    Compiling futures-util v0.3.17
[INFO] [stderr]    Compiling tokio v1.14.0
[INFO] [stderr]    Compiling quote v1.0.10
[INFO] [stderr]    Compiling num_cpus v1.13.0
[INFO] [stderr]    Compiling nix v0.5.1
[INFO] [stderr]    Compiling mio v0.7.14
[INFO] [stderr]    Compiling mio v0.8.0
[INFO] [stderr]    Compiling socketcan v1.7.0
[INFO] [stderr]    Compiling thiserror-impl v1.0.30
[INFO] [stderr]    Compiling tokio-macros v1.6.0
[INFO] [stderr]    Compiling thiserror v1.0.30
[INFO] [stderr]    Compiling futures-executor v0.3.17
[INFO] [stderr]    Compiling futures v0.3.17
[INFO] [stderr]    Compiling tokio-socketcan v0.3.1 (/opt/rustwide/workdir)
[INFO] [stderr]     Finished `release` profile [optimized] target(s) in 14.09s
[INFO] [stderr] warning: the following packages contain code that will be rejected by a future version of Rust: bitflags v0.4.0
[INFO] [stderr] note: to see what the problems were, use the option `--future-incompat-report`, or run `cargo report future-incompatibilities --id 4`
[INFO] running `Command { std: "docker" "inspect" "4631ea7bd4f1dd382f73fef9705147735dba146ad41a907fad705841248dc756", kill_on_drop: false }`
[INFO] running `Command { std: "docker" "exec" "-e" "SOURCE_DIR=/opt/rustwide/workdir" "-e" "CARGO_HOME=/opt/rustwide/cargo-home" "-e" "RUSTUP_HOME=/opt/rustwide/rustup-home" "-e" "CARGO_TARGET_DIR=/opt/rustwide/target" "-e" "CARGO_INCREMENTAL=0" "-e" "RUST_BACKTRACE=full" "-e" "RUSTFLAGS=--cap-lints=warn" "-e" "RUSTDOCFLAGS=--cap-lints=warn" "-w" "/opt/rustwide/workdir" "--user" "0:0" "4631ea7bd4f1dd382f73fef9705147735dba146ad41a907fad705841248dc756" "/opt/rustwide/cargo-home/bin/cargo" "+1.100.0-beta.1" "test" "--frozen" "--no-run" "--message-format=json" "--release", kill_on_drop: false }`
[INFO] [stderr]    Compiling futures-timer v3.0.2
[INFO] [stderr]    Compiling tokio-socketcan v0.3.1 (/opt/rustwide/workdir)
[INFO] [stderr]     Finished `release` profile [optimized] target(s) in 2.06s
[INFO] [stderr] warning: the following packages contain code that will be rejected by a future version of Rust: bitflags v0.4.0
[INFO] [stderr] note: to see what the problems were, use the option `--future-incompat-report`, or run `cargo report future-incompatibilities --id 4`
[INFO] running `Command { std: "docker" "inspect" "4631ea7bd4f1dd382f73fef9705147735dba146ad41a907fad705841248dc756", kill_on_drop: false }`
[INFO] running `Command { std: "docker" "exec" "-e" "SOURCE_DIR=/opt/rustwide/workdir" "-e" "CARGO_HOME=/opt/rustwide/cargo-home" "-e" "RUSTUP_HOME=/opt/rustwide/rustup-home" "-e" "CARGO_TARGET_DIR=/opt/rustwide/target" "-e" "CARGO_INCREMENTAL=0" "-e" "RUST_BACKTRACE=full" "-e" "RUSTFLAGS=--cap-lints=warn" "-e" "RUSTDOCFLAGS=--cap-lints=warn" "-w" "/opt/rustwide/workdir" "--user" "0:0" "4631ea7bd4f1dd382f73fef9705147735dba146ad41a907fad705841248dc756" "/opt/rustwide/cargo-home/bin/cargo" "+1.100.0-beta.1" "test" "--frozen" "--release", kill_on_drop: false }`
[INFO] [stderr]     Finished `release` profile [optimized] target(s) in 0.06s
[INFO] [stderr] warning: the following packages contain code that will be rejected by a future version of Rust: bitflags v0.4.0
[INFO] [stderr] note: to see what the problems were, use the option `--future-incompat-report`, or run `cargo report future-incompatibilities --id 4`
[INFO] [stderr]      Running unittests src/lib.rs (/opt/rustwide/target/release/build/tokio-socketcan/7aff459f5f0ce5ca/out/tokio_socketcan-7aff459f5f0ce5ca)
[INFO] [stdout] 
[INFO] [stdout] running 2 tests
[INFO] [stdout] test tests::test_receive ... FAILED
[INFO] [stdout] test tests::test_sink_stream ... FAILED
[INFO] [stdout] 
[INFO] [stdout] failures:
[INFO] [stdout] 
[INFO] [stdout] ---- tests::test_receive stdout ----
[INFO] [stdout] 
[INFO] [stdout] thread 'tests::test_receive' (1025) panicked at src/lib.rs:262:48:
[INFO] [stdout] called `Result::unwrap()` on an `Err` value: CANSocketOpen(LookupError(Sys(ENODEV)))
[INFO] [stdout] stack backtrace:
[INFO] [stdout]    0:     0x55dfac648801 - <<std[617be2ca0a6fd877]::sys::backtrace::BacktraceLock>::print::DisplayBacktrace as core[a373ad73a504971]::fmt::Display>::fmt
[INFO] [stdout]    1:     0x55dfac65c92a - core[a373ad73a504971]::fmt::write
[INFO] [stdout]    2:     0x55dfac64cbac - <alloc[2e1b2a31b91974c5]::vec::Vec<u8> as core[a373ad73a504971]::io::write::Write>::write_fmt
[INFO] [stdout]    3:     0x55dfac624306 - std[617be2ca0a6fd877]::panicking::default_hook::{closure#0}
[INFO] [stdout]    4:     0x55dfac640999 - std[617be2ca0a6fd877]::panicking::default_hook
[INFO] [stdout]    5:     0x55dfac5bda30 - test[aada8e7e76ba119b]::test_main_inner::{closure#0}
[INFO] [stdout]    6:     0x55dfac640cc2 - std[617be2ca0a6fd877]::panicking::panic_with_hook
[INFO] [stdout]    7:     0x55dfac6243b2 - std[617be2ca0a6fd877]::panicking::panic_handler::{closure#0}
[INFO] [stdout]    8:     0x55dfac61d099 - std[617be2ca0a6fd877]::sys::backtrace::__rust_end_short_backtrace::<std[617be2ca0a6fd877]::panicking::panic_handler::{closure#0}, !>
[INFO] [stdout]    9:     0x55dfac624fbd - __rustc[ea4f61d10b84890b]::rust_begin_unwind
[INFO] [stdout]   10:     0x55dfac65d08c - core[a373ad73a504971]::panicking::panic_fmt
[INFO] [stdout]   11:     0x55dfac65ce62 - core[a373ad73a504971]::result::unwrap_failed
[INFO] [stdout]   12:     0x55dfac5aee9f - <core[a373ad73a504971]::pin::Pin<&mut tokio_socketcan[2f168514d11bb6c5]::tests::test_receive::{closure#0}> as core[a373ad73a504971]::future::future::Future>::poll
[INFO] [stdout]   13:     0x55dfac5a4cde - <tokio[84298f7396abe59a]::macros::scoped_tls::ScopedKey<tokio[84298f7396abe59a]::runtime::basic_scheduler::Context>>::set::<tokio[84298f7396abe59a]::runtime::basic_scheduler::enter<<tokio[84298f7396abe59a]::runtime::basic_scheduler::Inner<tokio[84298f7396abe59a]::runtime::driver::Driver>>::block_on<core[a373ad73a504971]::pin::Pin<&mut tokio_socketcan[2f168514d11bb6c5]::tests::test_receive::{closure#0}>>::{closure#0}, core[a373ad73a504971]::result::Result<(), tokio_socketcan[2f168514d11bb6c5]::Error>, tokio[84298f7396abe59a]::runtime::driver::Driver>::{closure#0}, core[a373ad73a504971]::result::Result<(), tokio_socketcan[2f168514d11bb6c5]::Error>>
[INFO] [stdout]   14:     0x55dfac5a9cd9 - <tokio[84298f7396abe59a]::runtime::basic_scheduler::BasicScheduler<tokio[84298f7396abe59a]::runtime::driver::Driver>>::block_on::<tokio_socketcan[2f168514d11bb6c5]::tests::test_receive::{closure#0}>
[INFO] [stdout]   15:     0x55dfac5ac3b3 - <tokio[84298f7396abe59a]::runtime::Runtime>::block_on::<tokio_socketcan[2f168514d11bb6c5]::tests::test_receive::{closure#0}>
[INFO] [stdout]   16:     0x55dfac5a940f - <tokio_socketcan[2f168514d11bb6c5]::tests::test_receive::{closure#0} as core[a373ad73a504971]::ops::function::FnOnce<()>>::call_once
[INFO] [stdout]   17:     0x55dfac5b0e7b - test[aada8e7e76ba119b]::__rust_begin_short_backtrace::<core[a373ad73a504971]::result::Result<(), alloc[2e1b2a31b91974c5]::string::String>, fn() -> core[a373ad73a504971]::result::Result<(), alloc[2e1b2a31b91974c5]::string::String>>
[INFO] [stdout]   18:     0x55dfac5be055 - test[aada8e7e76ba119b]::run_test::{closure#0}
[INFO] [stdout]   19:     0x55dfac5b7944 - std[617be2ca0a6fd877]::sys::backtrace::__rust_begin_short_backtrace::<test[aada8e7e76ba119b]::run_test::{closure#1}, ()>
[INFO] [stdout]   20:     0x55dfac5c10e2 - <std[617be2ca0a6fd877]::thread::lifecycle::spawn_unchecked<test[aada8e7e76ba119b]::run_test::{closure#1}, ()>::{closure#1} as core[a373ad73a504971]::ops::function::FnOnce<()>>::call_once::{shim:vtable#0}
[INFO] [stdout]   21:     0x55dfac64801f - <std[617be2ca0a6fd877]::sys::thread::unix::Thread>::new::thread_start
[INFO] [stdout]   22:     0x7de804636dfa - <unknown>
[INFO] [stdout]   23:     0x7de8046ca3d4 - clone
[INFO] [stdout]   24:                0x0 - <unknown>
[INFO] [stdout] 
[INFO] [stdout] ---- tests::test_sink_stream stdout ----
[INFO] [stdout] 
[INFO] [stdout] thread 'tests::test_sink_stream' (1026) panicked at src/lib.rs:280:48:
[INFO] [stdout] called `Result::unwrap()` on an `Err` value: CANSocketOpen(LookupError(Sys(ENODEV)))
[INFO] [stdout] stack backtrace:
[INFO] [stdout]    0:     0x55dfac648801 - <<std[617be2ca0a6fd877]::sys::backtrace::BacktraceLock>::print::DisplayBacktrace as core[a373ad73a504971]::fmt::Display>::fmt
[INFO] [stdout]    1:     0x55dfac65c92a - core[a373ad73a504971]::fmt::write
[INFO] [stdout]    2:     0x55dfac64cbac - <alloc[2e1b2a31b91974c5]::vec::Vec<u8> as core[a373ad73a504971]::io::write::Write>::write_fmt
[INFO] [stdout]    3:     0x55dfac624306 - std[617be2ca0a6fd877]::panicking::default_hook::{closure#0}
[INFO] [stdout]    4:     0x55dfac640999 - std[617be2ca0a6fd877]::panicking::default_hook
[INFO] [stdout]    5:     0x55dfac5bda30 - test[aada8e7e76ba119b]::test_main_inner::{closure#0}
[INFO] [stdout]    6:     0x55dfac640cc2 - std[617be2ca0a6fd877]::panicking::panic_with_hook
[INFO] [stdout]    7:     0x55dfac6243b2 - std[617be2ca0a6fd877]::panicking::panic_handler::{closure#0}
[INFO] [stdout]    8:     0x55dfac61d099 - std[617be2ca0a6fd877]::sys::backtrace::__rust_end_short_backtrace::<std[617be2ca0a6fd877]::panicking::panic_handler::{closure#0}, !>
[INFO] [stdout]    9:     0x55dfac624fbd - __rustc[ea4f61d10b84890b]::rust_begin_unwind
[INFO] [stdout]   10:     0x55dfac65d08c - core[a373ad73a504971]::panicking::panic_fmt
[INFO] [stdout]   11:     0x55dfac65ce62 - core[a373ad73a504971]::result::unwrap_failed
[INFO] [stdout]   12:     0x55dfac5af428 - <core[a373ad73a504971]::pin::Pin<&mut tokio_socketcan[2f168514d11bb6c5]::tests::test_sink_stream::{closure#0}> as core[a373ad73a504971]::future::future::Future>::poll
[INFO] [stdout]   13:     0x55dfac5a51bd - <tokio[84298f7396abe59a]::macros::scoped_tls::ScopedKey<tokio[84298f7396abe59a]::runtime::basic_scheduler::Context>>::set::<tokio[84298f7396abe59a]::runtime::basic_scheduler::enter<<tokio[84298f7396abe59a]::runtime::basic_scheduler::Inner<tokio[84298f7396abe59a]::runtime::driver::Driver>>::block_on<core[a373ad73a504971]::pin::Pin<&mut tokio_socketcan[2f168514d11bb6c5]::tests::test_sink_stream::{closure#0}>>::{closure#0}, core[a373ad73a504971]::result::Result<(), core[a373ad73a504971]::io::error::Error>, tokio[84298f7396abe59a]::runtime::driver::Driver>::{closure#0}, core[a373ad73a504971]::result::Result<(), core[a373ad73a504971]::io::error::Error>>
[INFO] [stdout]   14:     0x55dfac5aa06a - <tokio[84298f7396abe59a]::runtime::basic_scheduler::BasicScheduler<tokio[84298f7396abe59a]::runtime::driver::Driver>>::block_on::<tokio_socketcan[2f168514d11bb6c5]::tests::test_sink_stream::{closure#0}>
[INFO] [stdout]   15:     0x55dfac5ac46c - <tokio[84298f7396abe59a]::runtime::Runtime>::block_on::<tokio_socketcan[2f168514d11bb6c5]::tests::test_sink_stream::{closure#0}>
[INFO] [stdout]   16:     0x55dfac5a9588 - <tokio_socketcan[2f168514d11bb6c5]::tests::test_sink_stream::{closure#0} as core[a373ad73a504971]::ops::function::FnOnce<()>>::call_once
[INFO] [stdout]   17:     0x55dfac5b0e7b - test[aada8e7e76ba119b]::__rust_begin_short_backtrace::<core[a373ad73a504971]::result::Result<(), alloc[2e1b2a31b91974c5]::string::String>, fn() -> core[a373ad73a504971]::result::Result<(), alloc[2e1b2a31b91974c5]::string::String>>
[INFO] [stdout]   18:     0x55dfac5be055 - test[aada8e7e76ba119b]::run_test::{closure#0}
[INFO] [stdout]   19:     0x55dfac5b7944 - std[617be2ca0a6fd877]::sys::backtrace::__rust_begin_short_backtrace::<test[aada8e7e76ba119b]::run_test::{closure#1}, ()>
[INFO] [stdout]   20:     0x55dfac5c10e2 - <std[617be2ca0a6fd877]::thread::lifecycle::spawn_unchecked<test[aada8e7e76ba119b]::run_test::{closure#1}, ()>::{closure#1} as core[a373ad73a504971]::ops::function::FnOnce<()>>::call_once::{shim:vtable#0}
[INFO] [stdout]   21:     0x55dfac64801f - <std[617be2ca0a6fd877]::sys::thread::unix::Thread>::new::thread_start
[INFO] [stdout]   22:     0x7de804636dfa - <unknown>
[INFO] [stdout]   23:     0x7de8046ca3d4 - clone
[INFO] [stdout]   24:                0x0 - <unknown>
[INFO] [stdout] 
[INFO] [stdout] 
[INFO] [stdout] failures:
[INFO] [stdout]     tests::test_receive
[INFO] [stdout]     tests::test_sink_stream
[INFO] [stdout] 
[INFO] [stdout] test result: FAILED. 0 passed; 2 failed; 0 ignored; 0 measured; 0 filtered out; finished in 0.00s
[INFO] [stdout] 
[INFO] [stderr] error: test failed, to rerun pass `--lib`
[INFO] running `Command { std: "docker" "inspect" "4631ea7bd4f1dd382f73fef9705147735dba146ad41a907fad705841248dc756", kill_on_drop: false }`
[INFO] running `Command { std: "docker" "rm" "-f" "4631ea7bd4f1dd382f73fef9705147735dba146ad41a907fad705841248dc756", kill_on_drop: false }`
[INFO] [stdout] 4631ea7bd4f1dd382f73fef9705147735dba146ad41a907fad705841248dc756
