[INFO] fetching crate tokio-redis-pool 0.3.0...
[INFO] testing tokio-redis-pool-0.3.0 against 1.99.0-beta.8+cargoflags=--release for beta-release-1.100-2
[INFO] extracting crate tokio-redis-pool 0.3.0 into /workspace/builds/worker-1-tc1/source
[INFO] started tweaking crates.io crate tokio-redis-pool 0.3.0
[INFO] finished tweaking crates.io crate tokio-redis-pool 0.3.0
[INFO] tweaked toml for crates.io crate tokio-redis-pool 0.3.0 written to /workspace/builds/worker-1-tc1/source/Cargo.toml
[INFO] validating manifest of crates.io crate tokio-redis-pool 0.3.0 on toolchain 1.99.0-beta.8
[INFO] running `Command { std: CARGO_HOME="/workspace/cargo-home" RUSTUP_HOME="/workspace/rustup-home" "/workspace/cargo-home/bin/cargo" "+1.99.0-beta.8" "metadata" "--manifest-path" "Cargo.toml" "--no-deps", kill_on_drop: false }`
[INFO] running `Command { std: CARGO_HOME="/workspace/cargo-home" RUSTUP_HOME="/workspace/rustup-home" "/workspace/cargo-home/bin/cargo" "+1.99.0-beta.8" "generate-lockfile" "--manifest-path" "Cargo.toml", kill_on_drop: false }`
[INFO] [stderr]     Updating crates.io index
[INFO] [stderr]      Locking 77 packages to highest compatible versions
[INFO] [stderr]       Adding futures v0.1.31 (available: v0.3.34)
[INFO] [stderr]       Adding redis v0.11.0 (available: v1.7.1)
[INFO] [stderr]       Adding tokio v0.1.22 (available: v1.53.3)
[INFO] running `Command { std: CARGO_HOME="/workspace/cargo-home" RUSTUP_HOME="/workspace/rustup-home" "/workspace/cargo-home/bin/cargo" "+1.99.0-beta.8" "fetch" "--manifest-path" "Cargo.toml", kill_on_drop: false }`
[INFO] [stderr]  Downloading crates ...
[INFO] [stderr]   Downloaded tokio-uds v0.2.7
[INFO] [stderr]   Downloaded tokio-resource-pool v0.4.1
[INFO] [stderr]   Downloaded tokio-codec v0.1.2
[INFO] [stderr]   Downloaded tokio-udp v0.1.6
[INFO] [stderr]   Downloaded tokio-fs v0.1.7
[INFO] [stderr]   Downloaded redis v0.11.0
[INFO] running `Command { std: "docker" "create" "-v" "/var/lib/crater-agent-workspace/builds/worker-1-tc1/source:/opt/rustwide/workdir:ro,Z" "-v" "/var/lib/crater-agent-workspace/builds/worker-1-tc1/target:/opt/rustwide/target:rw,Z" "-v" "/var/lib/crater-agent-workspace/cargo-home:/opt/rustwide/cargo-home:ro,Z" "-v" "/var/lib/crater-agent-workspace/rustup-home:/opt/rustwide/rustup-home:ro,Z" "-m" "1610612736" "--network" "none" "ghcr.io/rust-lang/crates-build-env/linux@sha256:77db811e55d90add9212f6832c23229e3de5f1c1f9905e8cb07319ea15df73ac" "sleep" "infinity", kill_on_drop: false }`
[INFO] [stdout] 4d41efb54ef7328f5b4719ddb0ad36adde64de3d86061fd925c51237428f3ad7
[INFO] running `Command { std: "docker" "start" "4d41efb54ef7328f5b4719ddb0ad36adde64de3d86061fd925c51237428f3ad7", kill_on_drop: false }`
[INFO] running `Command { std: "docker" "inspect" "4d41efb54ef7328f5b4719ddb0ad36adde64de3d86061fd925c51237428f3ad7", kill_on_drop: false }`
[INFO] running `Command { std: "docker" "exec" "-e" "SOURCE_DIR=/opt/rustwide/workdir" "-e" "CARGO_HOME=/opt/rustwide/cargo-home" "-e" "RUSTUP_HOME=/opt/rustwide/rustup-home" "-e" "CARGO_TARGET_DIR=/opt/rustwide/target" "-w" "/opt/rustwide/workdir" "--user" "0:0" "4d41efb54ef7328f5b4719ddb0ad36adde64de3d86061fd925c51237428f3ad7" "/opt/rustwide/cargo-home/bin/cargo" "+1.99.0-beta.8" "metadata" "--no-deps" "--format-version=1", kill_on_drop: false }`
[INFO] running `Command { std: "docker" "inspect" "4d41efb54ef7328f5b4719ddb0ad36adde64de3d86061fd925c51237428f3ad7", kill_on_drop: false }`
[INFO] running `Command { std: "docker" "exec" "-e" "SOURCE_DIR=/opt/rustwide/workdir" "-e" "CARGO_HOME=/opt/rustwide/cargo-home" "-e" "RUSTUP_HOME=/opt/rustwide/rustup-home" "-e" "CARGO_TARGET_DIR=/opt/rustwide/target" "-e" "CARGO_INCREMENTAL=0" "-e" "RUST_BACKTRACE=full" "-e" "RUSTFLAGS=--cap-lints=warn" "-e" "RUSTDOCFLAGS=--cap-lints=warn" "-w" "/opt/rustwide/workdir" "--user" "0:0" "4d41efb54ef7328f5b4719ddb0ad36adde64de3d86061fd925c51237428f3ad7" "/opt/rustwide/cargo-home/bin/cargo" "+1.99.0-beta.8" "build" "--frozen" "--message-format=json" "--release", kill_on_drop: false }`
[INFO] [stderr]    Compiling cfg-if v0.1.10
[INFO] [stderr]    Compiling iovec v0.1.4
[INFO] [stderr]    Compiling maybe-uninit v2.0.0
[INFO] [stderr]    Compiling futures v0.1.31
[INFO] [stderr]    Compiling num_cpus v1.17.0
[INFO] [stderr]    Compiling matches v0.1.10
[INFO] [stderr]    Compiling crossbeam-utils v0.7.2
[INFO] [stderr]    Compiling lock_api v0.3.4
[INFO] [stderr]    Compiling percent-encoding v1.0.1
[INFO] [stderr]    Compiling memchr v2.8.3
[INFO] [stderr]    Compiling ascii v0.9.3
[INFO] [stderr]    Compiling parking_lot_core v0.6.3
[INFO] [stderr]    Compiling parking_lot v0.9.0
[INFO] [stderr]    Compiling unreachable v1.0.0
[INFO] [stderr]    Compiling sha1 v0.6.1
[INFO] [stderr]    Compiling itoa v0.4.8
[INFO] [stderr]    Compiling net2 v0.2.39
[INFO] [stderr]    Compiling crossbeam-utils v0.6.6
[INFO] [stderr]    Compiling idna v0.1.5
[INFO] [stderr]    Compiling dtoa v0.4.8
[INFO] [stderr]    Compiling bytes v0.4.12
[INFO] [stderr]    Compiling smallvec v0.6.14
[INFO] [stderr]    Compiling mio v0.6.23
[INFO] [stderr]    Compiling crossbeam-queue v0.1.2
[INFO] [stderr]    Compiling url v1.7.2
[INFO] [stderr]    Compiling combine v3.8.1
[INFO] [stderr]    Compiling tokio-io v0.1.13
[INFO] [stderr]    Compiling tokio-sync v0.1.8
[INFO] [stderr]    Compiling tokio-executor v0.1.10
[INFO] [stderr]    Compiling tokio-resource-pool v0.4.1
[INFO] [stderr]    Compiling tokio-codec v0.1.2
[INFO] [stderr]    Compiling tokio-reactor v0.1.12
[INFO] [stderr]    Compiling mio-uds v0.6.8
[INFO] [stderr]    Compiling tokio-tcp v0.1.4
[INFO] [stderr]    Compiling tokio-uds v0.2.7
[INFO] [stderr]    Compiling redis v0.11.0
[INFO] [stderr]    Compiling tokio-redis-pool v0.3.0 (/opt/rustwide/workdir)
[INFO] [stderr]     Finished `release` profile [optimized] target(s) in 18.93s
[INFO] [stderr] warning: the following packages contain code that will be rejected by a future version of Rust: redis v0.11.0
[INFO] [stderr] note: to see what the problems were, use the option `--future-incompat-report`, or run `cargo report future-incompatibilities --id 2`
[INFO] running `Command { std: "docker" "inspect" "4d41efb54ef7328f5b4719ddb0ad36adde64de3d86061fd925c51237428f3ad7", kill_on_drop: false }`
[INFO] running `Command { std: "docker" "exec" "-e" "SOURCE_DIR=/opt/rustwide/workdir" "-e" "CARGO_HOME=/opt/rustwide/cargo-home" "-e" "RUSTUP_HOME=/opt/rustwide/rustup-home" "-e" "CARGO_TARGET_DIR=/opt/rustwide/target" "-e" "CARGO_INCREMENTAL=0" "-e" "RUST_BACKTRACE=full" "-e" "RUSTFLAGS=--cap-lints=warn" "-e" "RUSTDOCFLAGS=--cap-lints=warn" "-w" "/opt/rustwide/workdir" "--user" "0:0" "4d41efb54ef7328f5b4719ddb0ad36adde64de3d86061fd925c51237428f3ad7" "/opt/rustwide/cargo-home/bin/cargo" "+1.99.0-beta.8" "test" "--frozen" "--no-run" "--message-format=json" "--release", kill_on_drop: false }`
[INFO] [stderr]    Compiling memoffset v0.5.6
[INFO] [stderr]    Compiling crossbeam-epoch v0.8.2
[INFO] [stderr]    Compiling crossbeam-queue v0.2.3
[INFO] [stderr]    Compiling tokio-current-thread v0.1.7
[INFO] [stderr]    Compiling tokio-timer v0.2.13
[INFO] [stderr]    Compiling tokio-udp v0.1.6
[INFO] [stderr]    Compiling crossbeam-deque v0.7.4
[INFO] [stderr]    Compiling tokio-threadpool v0.1.18
[INFO] [stderr]    Compiling tokio-fs v0.1.7
[INFO] [stderr]    Compiling tokio v0.1.22
[INFO] [stderr]    Compiling tokio-redis-pool v0.3.0 (/opt/rustwide/workdir)
[INFO] [stderr]     Finished `release` profile [optimized] target(s) in 5.46s
[INFO] [stderr] warning: the following packages contain code that will be rejected by a future version of Rust: redis v0.11.0
[INFO] [stderr] note: to see what the problems were, use the option `--future-incompat-report`, or run `cargo report future-incompatibilities --id 2`
[INFO] running `Command { std: "docker" "inspect" "4d41efb54ef7328f5b4719ddb0ad36adde64de3d86061fd925c51237428f3ad7", kill_on_drop: false }`
[INFO] running `Command { std: "docker" "exec" "-e" "SOURCE_DIR=/opt/rustwide/workdir" "-e" "CARGO_HOME=/opt/rustwide/cargo-home" "-e" "RUSTUP_HOME=/opt/rustwide/rustup-home" "-e" "CARGO_TARGET_DIR=/opt/rustwide/target" "-e" "CARGO_INCREMENTAL=0" "-e" "RUST_BACKTRACE=full" "-e" "RUSTFLAGS=--cap-lints=warn" "-e" "RUSTDOCFLAGS=--cap-lints=warn" "-w" "/opt/rustwide/workdir" "--user" "0:0" "4d41efb54ef7328f5b4719ddb0ad36adde64de3d86061fd925c51237428f3ad7" "/opt/rustwide/cargo-home/bin/cargo" "+1.99.0-beta.8" "test" "--frozen" "--release", kill_on_drop: false }`
[INFO] [stderr]     Finished `release` profile [optimized] target(s) in 0.10s
[INFO] [stderr] warning: the following packages contain code that will be rejected by a future version of Rust: redis v0.11.0
[INFO] [stderr] note: to see what the problems were, use the option `--future-incompat-report`, or run `cargo report future-incompatibilities --id 2`
[INFO] [stderr]      Running unittests src/lib.rs (/opt/rustwide/target/release/deps/tokio_redis_pool-cd88cab7aeb85f2e)
[INFO] [stdout] 
[INFO] [stdout] running 1 test
[INFO] [stdout] test tests::checkout_and_read ... FAILED
[INFO] [stdout] 
[INFO] [stdout] failures:
[INFO] [stdout] 
[INFO] [stdout] ---- tests::checkout_and_read stdout ----
[INFO] [stdout] 
[INFO] [stdout] thread 'tests::checkout_and_read' (896) panicked at /opt/rustwide/cargo-home/registry/src/index.crates.io-1949cf8c6b5b557f/redis-0.11.0/src/cmd.rs:394:37:
[INFO] [stdout] called `Result::unwrap()` on an `Err` value: Connection refused (os error 111)
[INFO] [stdout] stack backtrace:
[INFO] [stdout]    0:     0x6258d2a9c731 - <<std[70759c8f55707aa4]::sys::backtrace::BacktraceLock>::print::DisplayBacktrace as core[df12db4294e9bfd3]::fmt::Display>::fmt
[INFO] [stdout]    1:     0x6258d2ab1e2a - core[df12db4294e9bfd3]::fmt::write
[INFO] [stdout]    2:     0x6258d2aa130c - <alloc[2182bb758b4b3781]::vec::Vec<u8> as core[df12db4294e9bfd3]::io::write::Write>::write_fmt
[INFO] [stdout]    3:     0x6258d2a77d36 - std[70759c8f55707aa4]::panicking::default_hook::{closure#0}
[INFO] [stdout]    4:     0x6258d2a94769 - std[70759c8f55707aa4]::panicking::default_hook
[INFO] [stdout]    5:     0x6258d29dd040 - test[9d35eded1c95d3be]::test_main_inner::<test[9d35eded1c95d3be]::test_main_static::{closure#0}>::{closure#0}
[INFO] [stdout]    6:     0x6258d2a94922 - std[70759c8f55707aa4]::panicking::panic_with_hook
[INFO] [stdout]    7:     0x6258d2a77de2 - std[70759c8f55707aa4]::panicking::panic_handler::{closure#0}
[INFO] [stdout]    8:     0x6258d2a70a89 - std[70759c8f55707aa4]::sys::backtrace::__rust_end_short_backtrace::<std[70759c8f55707aa4]::panicking::panic_handler::{closure#0}, !>
[INFO] [stdout]    9:     0x6258d2a78bcd - __rustc[8fa7c3cbc660c2b3]::rust_begin_unwind
[INFO] [stdout]   10:     0x6258d2ab258c - core[df12db4294e9bfd3]::panicking::panic_fmt
[INFO] [stdout]   11:     0x6258d2ab2362 - core[df12db4294e9bfd3]::result::unwrap_failed
[INFO] [stdout]   12:     0x6258d29bb116 - tokio_redis_pool[bfc03b350088c6c7]::tests::checkout_and_read
[INFO] [stdout]   13:     0x6258d29b9c19 - <tokio_redis_pool[bfc03b350088c6c7]::tests::checkout_and_read::{closure#0} as core[df12db4294e9bfd3]::ops::function::FnOnce<()>>::call_once
[INFO] [stdout]   14:     0x6258d29d032b - test[9d35eded1c95d3be]::__rust_begin_short_backtrace::<core[df12db4294e9bfd3]::result::Result<(), alloc[2182bb758b4b3781]::string::String>, fn() -> core[df12db4294e9bfd3]::result::Result<(), alloc[2182bb758b4b3781]::string::String>>
[INFO] [stdout]   15:     0x6258d29dd995 - test[9d35eded1c95d3be]::run_test::{closure#0}
[INFO] [stdout]   16:     0x6258d29d7254 - std[70759c8f55707aa4]::sys::backtrace::__rust_begin_short_backtrace::<test[9d35eded1c95d3be]::run_test::{closure#1}, ()>
[INFO] [stdout]   17:     0x6258d29e0af2 - <std[70759c8f55707aa4]::thread::lifecycle::spawn_unchecked<test[9d35eded1c95d3be]::run_test::{closure#1}, ()>::{closure#1} as core[df12db4294e9bfd3]::ops::function::FnOnce<()>>::call_once::{shim:vtable#0}
[INFO] [stdout]   18:     0x6258d2a9bae9 - <std[70759c8f55707aa4]::sys::thread::unix::Thread>::new::thread_start
[INFO] [stdout]   19:     0x73bf61031dfa - <unknown>
[INFO] [stdout]   20:     0x73bf610c53d4 - clone
[INFO] [stdout]   21:                0x0 - <unknown>
[INFO] [stdout] 
[INFO] [stdout] 
[INFO] [stdout] failures:
[INFO] [stdout]     tests::checkout_and_read
[INFO] [stdout] 
[INFO] [stdout] test result: FAILED. 0 passed; 1 failed; 0 ignored; 0 measured; 0 filtered out; finished in 0.00s
[INFO] [stdout] 
[INFO] [stderr] error: test failed, to rerun pass `--lib`
[INFO] running `Command { std: "docker" "inspect" "4d41efb54ef7328f5b4719ddb0ad36adde64de3d86061fd925c51237428f3ad7", kill_on_drop: false }`
[INFO] running `Command { std: "docker" "rm" "-f" "4d41efb54ef7328f5b4719ddb0ad36adde64de3d86061fd925c51237428f3ad7", kill_on_drop: false }`
[INFO] [stdout] 4d41efb54ef7328f5b4719ddb0ad36adde64de3d86061fd925c51237428f3ad7
