[INFO] fetching crate tokio-pty-process-stream 0.2.0...
[INFO] testing tokio-pty-process-stream-0.2.0 against 1.100.0-beta.1+cargoflags=--release for beta-release-1.100-2
[INFO] extracting crate tokio-pty-process-stream 0.2.0 into /workspace/builds/worker-0-tc2/source
[INFO] started tweaking crates.io crate tokio-pty-process-stream 0.2.0
[INFO] finished tweaking crates.io crate tokio-pty-process-stream 0.2.0
[INFO] tweaked toml for crates.io crate tokio-pty-process-stream 0.2.0 written to /workspace/builds/worker-0-tc2/source/Cargo.toml
[INFO] validating manifest of crates.io crate tokio-pty-process-stream 0.2.0 on toolchain 1.100.0-beta.1
[INFO] running `Command { std: CARGO_HOME="/workspace/cargo-home" RUSTUP_HOME="/workspace/rustup-home" "/workspace/cargo-home/bin/cargo" "+1.100.0-beta.1" "metadata" "--manifest-path" "Cargo.toml" "--no-deps", kill_on_drop: false }`
[INFO] crate crates.io crate tokio-pty-process-stream 0.2.0 already has a lockfile, it will not be regenerated
[INFO] running `Command { std: CARGO_HOME="/workspace/cargo-home" RUSTUP_HOME="/workspace/rustup-home" "/workspace/cargo-home/bin/cargo" "+1.100.0-beta.1" "fetch" "--manifest-path" "Cargo.toml", kill_on_drop: false }`
[INFO] running `Command { std: "docker" "create" "-v" "/var/lib/crater-agent-workspace/builds/worker-0-tc2/source:/opt/rustwide/workdir:ro,Z" "-v" "/var/lib/crater-agent-workspace/builds/worker-0-tc2/target:/opt/rustwide/target:rw,Z" "-v" "/var/lib/crater-agent-workspace/cargo-home:/opt/rustwide/cargo-home:ro,Z" "-v" "/var/lib/crater-agent-workspace/rustup-home:/opt/rustwide/rustup-home:ro,Z" "-m" "1610612736" "--network" "none" "ghcr.io/rust-lang/crates-build-env/linux@sha256:77db811e55d90add9212f6832c23229e3de5f1c1f9905e8cb07319ea15df73ac" "sleep" "infinity", kill_on_drop: false }`
[INFO] [stdout] 184326b7ed558097bb40853476b16edb63f89f6ed16a8862a4d1bc70fe1687c8
[INFO] running `Command { std: "docker" "start" "184326b7ed558097bb40853476b16edb63f89f6ed16a8862a4d1bc70fe1687c8", kill_on_drop: false }`
[INFO] running `Command { std: "docker" "inspect" "184326b7ed558097bb40853476b16edb63f89f6ed16a8862a4d1bc70fe1687c8", kill_on_drop: false }`
[INFO] running `Command { std: "docker" "exec" "-e" "SOURCE_DIR=/opt/rustwide/workdir" "-e" "CARGO_HOME=/opt/rustwide/cargo-home" "-e" "RUSTUP_HOME=/opt/rustwide/rustup-home" "-e" "CARGO_TARGET_DIR=/opt/rustwide/target" "-w" "/opt/rustwide/workdir" "--user" "0:0" "184326b7ed558097bb40853476b16edb63f89f6ed16a8862a4d1bc70fe1687c8" "/opt/rustwide/cargo-home/bin/cargo" "+1.100.0-beta.1" "metadata" "--no-deps" "--format-version=1", kill_on_drop: false }`
[INFO] running `Command { std: "docker" "inspect" "184326b7ed558097bb40853476b16edb63f89f6ed16a8862a4d1bc70fe1687c8", kill_on_drop: false }`
[INFO] running `Command { std: "docker" "exec" "-e" "SOURCE_DIR=/opt/rustwide/workdir" "-e" "CARGO_HOME=/opt/rustwide/cargo-home" "-e" "RUSTUP_HOME=/opt/rustwide/rustup-home" "-e" "CARGO_TARGET_DIR=/opt/rustwide/target" "-e" "CARGO_INCREMENTAL=0" "-e" "RUST_BACKTRACE=full" "-e" "RUSTFLAGS=--cap-lints=warn" "-e" "RUSTDOCFLAGS=--cap-lints=warn" "-w" "/opt/rustwide/workdir" "--user" "0:0" "184326b7ed558097bb40853476b16edb63f89f6ed16a8862a4d1bc70fe1687c8" "/opt/rustwide/cargo-home/bin/cargo" "+1.100.0-beta.1" "build" "--frozen" "--message-format=json" "--release", kill_on_drop: false }`
[INFO] [stderr]    Compiling libc v0.2.65
[INFO] [stderr]    Compiling semver-parser v0.7.0
[INFO] [stderr]    Compiling futures v0.1.29
[INFO] [stderr]    Compiling log v0.4.8
[INFO] [stderr]    Compiling scopeguard v1.0.0
[INFO] [stderr]    Compiling byteorder v1.3.2
[INFO] [stderr]    Compiling smallvec v0.6.10
[INFO] [stderr]    Compiling fnv v1.0.6
[INFO] [stderr]    Compiling proc-macro2 v0.4.30
[INFO] [stderr]    Compiling unicode-xid v0.1.0
[INFO] [stderr]    Compiling cc v1.0.46
[INFO] [stderr]    Compiling arc-swap v0.4.3
[INFO] [stderr]    Compiling crossbeam-utils v0.6.6
[INFO] [stderr]    Compiling syn v0.15.44
[INFO] [stderr]    Compiling doc-comment v0.3.1
[INFO] [stderr]    Compiling rustc-demangle v0.1.16
[INFO] [stderr]    Compiling lock_api v0.3.1
[INFO] [stderr]    Compiling semver v0.9.0
[INFO] [stderr]    Compiling rustc_version v0.2.3
[INFO] [stderr]    Compiling crossbeam-queue v0.1.2
[INFO] [stderr]    Compiling parking_lot_core v0.6.2
[INFO] [stderr]    Compiling parking_lot v0.9.0
[INFO] [stderr]    Compiling memoffset v0.5.1
[INFO] [stderr]    Compiling crossbeam-epoch v0.7.2
[INFO] [stderr]    Compiling backtrace-sys v0.1.32
[INFO] [stderr]    Compiling iovec v0.1.4
[INFO] [stderr]    Compiling net2 v0.2.33
[INFO] [stderr]    Compiling num_cpus v1.10.1
[INFO] [stderr]    Compiling signal-hook-registry v1.1.1
[INFO] [stderr]    Compiling term_size v0.3.1
[INFO] [stderr]    Compiling quote v0.6.13
[INFO] [stderr]    Compiling bytes v0.4.12
[INFO] [stderr]    Compiling signal-hook v0.1.10
[INFO] [stderr]    Compiling crossbeam-deque v0.7.1
[INFO] [stderr]    Compiling mio v0.6.19
[INFO] [stderr]    Compiling tokio-executor v0.1.8
[INFO] [stderr]    Compiling tokio-io v0.1.12
[INFO] [stderr]    Compiling tokio-sync v0.1.7
[INFO] [stderr]    Compiling futures01 v0.1.29
[INFO] [stderr]    Compiling component-future v0.1.0
[INFO] [stderr]    Compiling tokio-threadpool v0.1.16
[INFO] [stderr]    Compiling tokio-timer v0.2.11
[INFO] [stderr]    Compiling tokio-current-thread v0.1.6
[INFO] [stderr]    Compiling mio-uds v0.6.7
[INFO] [stderr]    Compiling tokio-codec v0.1.1
[INFO] [stderr]    Compiling tokio-reactor v0.1.10
[INFO] [stderr]    Compiling tokio-fs v0.1.6
[INFO] [stderr]    Compiling tokio-udp v0.1.5
[INFO] [stderr]    Compiling tokio-uds v0.2.5
[INFO] [stderr]    Compiling tokio-tcp v0.1.3
[INFO] [stderr]    Compiling tokio-signal v0.2.7
[INFO] [stderr]    Compiling tokio v0.1.22
[INFO] [stderr]    Compiling tokio-pty-process v0.4.0
[INFO] [stderr]    Compiling snafu-derive v0.5.0
[INFO] [stderr]    Compiling backtrace v0.3.40
[INFO] [stderr]    Compiling snafu v0.5.0
[INFO] [stderr]    Compiling tokio-terminal-resize v0.1.0
[INFO] [stderr]    Compiling tokio-pty-process-stream v0.2.0 (/opt/rustwide/workdir)
[INFO] [stdout] warning: the `must_use` attribute cannot be used on trait impl blocks
[INFO] [stdout]    --> src/process.rs:295:3
[INFO] [stdout]     |
[INFO] [stdout] 295 | #[must_use = "streams do nothing unless polled"]
[INFO] [stdout]     |   ^^^^^^^^
[INFO] [stdout]     |
[INFO] [stdout]     = help: the `must_use` attribute can be applied to data types, functions, and traits
[INFO] [stdout]     = warning: this was previously accepted by the compiler but is being phased out; it will become a hard error in a future release!
[INFO] [stdout]     = note: `#[warn(unused_attributes)]` (part of `#[warn(unused)]`) on by default
[INFO] [stdout] 
[INFO] [stdout] 
[INFO] [stdout] warning: the `must_use` attribute cannot be used on trait impl blocks
[INFO] [stdout]   --> src/resize.rs:77:3
[INFO] [stdout]    |
[INFO] [stdout] 77 | #[must_use = "streams do nothing unless polled"]
[INFO] [stdout]    |   ^^^^^^^^
[INFO] [stdout]    |
[INFO] [stdout]    = help: the `must_use` attribute can be applied to data types, functions, and traits
[INFO] [stdout]    = warning: this was previously accepted by the compiler but is being phased out; it will become a hard error in a future release!
[INFO] [stdout] 
[INFO] [stdout] 
[INFO] [stderr]     Finished `release` profile [optimized] target(s) in 17.69s
[INFO] running `Command { std: "docker" "inspect" "184326b7ed558097bb40853476b16edb63f89f6ed16a8862a4d1bc70fe1687c8", kill_on_drop: false }`
[INFO] running `Command { std: "docker" "exec" "-e" "SOURCE_DIR=/opt/rustwide/workdir" "-e" "CARGO_HOME=/opt/rustwide/cargo-home" "-e" "RUSTUP_HOME=/opt/rustwide/rustup-home" "-e" "CARGO_TARGET_DIR=/opt/rustwide/target" "-e" "CARGO_INCREMENTAL=0" "-e" "RUST_BACKTRACE=full" "-e" "RUSTFLAGS=--cap-lints=warn" "-e" "RUSTDOCFLAGS=--cap-lints=warn" "-w" "/opt/rustwide/workdir" "--user" "0:0" "184326b7ed558097bb40853476b16edb63f89f6ed16a8862a4d1bc70fe1687c8" "/opt/rustwide/cargo-home/bin/cargo" "+1.100.0-beta.1" "test" "--frozen" "--no-run" "--message-format=json" "--release", kill_on_drop: false }`
[INFO] [stderr]    Compiling crossterm_utils v0.4.0
[INFO] [stderr]    Compiling memchr v2.2.1
[INFO] [stderr]    Compiling crossterm_utils v0.3.1
[INFO] [stderr]    Compiling thread_local v0.3.6
[INFO] [stderr]    Compiling regex-syntax v0.6.12
[INFO] [stdout] warning: the `must_use` attribute cannot be used on trait impl blocks
[INFO] [stdout]    --> src/process.rs:295:3
[INFO] [stdout]     |
[INFO] [stdout] 295 | #[must_use = "streams do nothing unless polled"]
[INFO] [stdout]     |   ^^^^^^^^
[INFO] [stdout]     |
[INFO] [stdout]     = help: the `must_use` attribute can be applied to data types, functions, and traits
[INFO] [stdout]     = warning: this was previously accepted by the compiler but is being phased out; it will become a hard error in a future release!
[INFO] [stdout]     = note: `#[warn(unused_attributes)]` (part of `#[warn(unused)]`) on by default
[INFO] [stdout] 
[INFO] [stdout] 
[INFO] [stdout] warning: the `must_use` attribute cannot be used on trait impl blocks
[INFO] [stdout]   --> src/resize.rs:77:3
[INFO] [stdout]    |
[INFO] [stdout] 77 | #[must_use = "streams do nothing unless polled"]
[INFO] [stdout]    |   ^^^^^^^^
[INFO] [stdout]    |
[INFO] [stdout]    = help: the `must_use` attribute can be applied to data types, functions, and traits
[INFO] [stdout]    = warning: this was previously accepted by the compiler but is being phased out; it will become a hard error in a future release!
[INFO] [stdout] 
[INFO] [stdout] 
[INFO] [stderr]    Compiling crossterm_screen v0.3.2
[INFO] [stderr]    Compiling crossterm_style v0.5.2
[INFO] [stderr]    Compiling crossterm_cursor v0.3.1
[INFO] [stderr]    Compiling crossterm_input v0.5.0
[INFO] [stderr]    Compiling crossterm_input v0.4.1
[INFO] [stderr]    Compiling crossterm_cursor v0.4.0
[INFO] [stderr]    Compiling aho-corasick v0.7.6
[INFO] [stderr]    Compiling crossterm_terminal v0.3.2
[INFO] [stderr]    Compiling crossterm v0.11.1
[INFO] [stderr]    Compiling regex v1.3.1
[INFO] [stderr]    Compiling tokio-pty-process-stream v0.2.0 (/opt/rustwide/workdir)
[INFO] [stdout] warning: the `must_use` attribute cannot be used on trait impl blocks
[INFO] [stdout]    --> src/process.rs:295:3
[INFO] [stdout]     |
[INFO] [stdout] 295 | #[must_use = "streams do nothing unless polled"]
[INFO] [stdout]     |   ^^^^^^^^
[INFO] [stdout]     |
[INFO] [stdout]     = help: the `must_use` attribute can be applied to data types, functions, and traits
[INFO] [stdout]     = warning: this was previously accepted by the compiler but is being phased out; it will become a hard error in a future release!
[INFO] [stdout]     = note: `#[warn(unused_attributes)]` (part of `#[warn(unused)]`) on by default
[INFO] [stdout] 
[INFO] [stdout] 
[INFO] [stdout] warning: the `must_use` attribute cannot be used on trait impl blocks
[INFO] [stdout]   --> src/resize.rs:77:3
[INFO] [stdout]    |
[INFO] [stdout] 77 | #[must_use = "streams do nothing unless polled"]
[INFO] [stdout]    |   ^^^^^^^^
[INFO] [stdout]    |
[INFO] [stdout]    = help: the `must_use` attribute can be applied to data types, functions, and traits
[INFO] [stdout]    = warning: this was previously accepted by the compiler but is being phased out; it will become a hard error in a future release!
[INFO] [stdout] 
[INFO] [stdout] 
[INFO] [stdout] warning: panic message is not a string literal
[INFO] [stdout]   --> examples/shell.rs:41:33
[INFO] [stdout]    |
[INFO] [stdout] 41 |             .map_err(|e| panic!(e)),
[INFO] [stdout]    |                                 ^
[INFO] [stdout]    |
[INFO] [stdout]    = note: this usage of `panic!()` is deprecated; it will be a hard error in Rust 2021
[INFO] [stdout]    = note: for more information, see <https://doc.rust-lang.org/edition-guide/rust-2021/panic-macro-consistency.html>
[INFO] [stdout]    = note: for more information, see <https://doc.rust-lang.org/edition-guide/rust-2021/panic-macro-consistency.html>
[INFO] [stdout]    = note: `#[warn(non_fmt_panics)]` (part of `#[warn(rust_2021_compatibility)]`) on by default
[INFO] [stdout] help: add a "{}" format string to `Display` the message
[INFO] [stdout]    |
[INFO] [stdout] 41 |             .map_err(|e| panic!("{}", e)),
[INFO] [stdout]    |                                 +++++
[INFO] [stdout] help: or use std::panic::panic_any instead
[INFO] [stdout]    |
[INFO] [stdout] 41 -             .map_err(|e| panic!(e)),
[INFO] [stdout] 41 +             .map_err(|e| std::panic::panic_any(e)),
[INFO] [stdout]    |
[INFO] [stdout] 
[INFO] [stdout] 
[INFO] [stdout] warning: panic message is not a string literal
[INFO] [stdout]   --> examples/expect.rs:52:37
[INFO] [stdout]    |
[INFO] [stdout] 52 |                 .map_err(|e| panic!(e)));
[INFO] [stdout]    |                                     ^
[INFO] [stdout]    |
[INFO] [stdout]    = note: this usage of `panic!()` is deprecated; it will be a hard error in Rust 2021
[INFO] [stdout]    = note: for more information, see <https://doc.rust-lang.org/edition-guide/rust-2021/panic-macro-consistency.html>
[INFO] [stdout]    = note: for more information, see <https://doc.rust-lang.org/edition-guide/rust-2021/panic-macro-consistency.html>
[INFO] [stdout]    = note: `#[warn(non_fmt_panics)]` (part of `#[warn(rust_2021_compatibility)]`) on by default
[INFO] [stdout] help: add a "{}" format string to `Display` the message
[INFO] [stdout]    |
[INFO] [stdout] 52 |                 .map_err(|e| panic!("{}", e)));
[INFO] [stdout]    |                                     +++++
[INFO] [stdout] help: or use std::panic::panic_any instead
[INFO] [stdout]    |
[INFO] [stdout] 52 -                 .map_err(|e| panic!(e)));
[INFO] [stdout] 52 +                 .map_err(|e| std::panic::panic_any(e)));
[INFO] [stdout]    |
[INFO] [stdout] 
[INFO] [stdout] 
[INFO] [stdout] warning: panic message is not a string literal
[INFO] [stdout]   --> examples/interhack.rs:80:33
[INFO] [stdout]    |
[INFO] [stdout] 80 |             .map_err(|e| panic!(e)));
[INFO] [stdout]    |                                 ^
[INFO] [stdout]    |
[INFO] [stdout]    = note: this usage of `panic!()` is deprecated; it will be a hard error in Rust 2021
[INFO] [stdout]    = note: for more information, see <https://doc.rust-lang.org/edition-guide/rust-2021/panic-macro-consistency.html>
[INFO] [stdout]    = note: for more information, see <https://doc.rust-lang.org/edition-guide/rust-2021/panic-macro-consistency.html>
[INFO] [stdout]    = note: `#[warn(non_fmt_panics)]` (part of `#[warn(rust_2021_compatibility)]`) on by default
[INFO] [stdout] help: add a "{}" format string to `Display` the message
[INFO] [stdout]    |
[INFO] [stdout] 80 |             .map_err(|e| panic!("{}", e)));
[INFO] [stdout]    |                                 +++++
[INFO] [stdout] help: or use std::panic::panic_any instead
[INFO] [stdout]    |
[INFO] [stdout] 80 -             .map_err(|e| panic!(e)));
[INFO] [stdout] 80 +             .map_err(|e| std::panic::panic_any(e)));
[INFO] [stdout]    |
[INFO] [stdout] 
[INFO] [stdout] 
[INFO] [stdout] warning: panic message is not a string literal
[INFO] [stdout]   --> examples/interhack.rs:90:33
[INFO] [stdout]    |
[INFO] [stdout] 90 |             .map_err(|e| panic!(e)));
[INFO] [stdout]    |                                 ^
[INFO] [stdout]    |
[INFO] [stdout]    = note: this usage of `panic!()` is deprecated; it will be a hard error in Rust 2021
[INFO] [stdout]    = note: for more information, see <https://doc.rust-lang.org/edition-guide/rust-2021/panic-macro-consistency.html>
[INFO] [stdout]    = note: for more information, see <https://doc.rust-lang.org/edition-guide/rust-2021/panic-macro-consistency.html>
[INFO] [stdout] help: add a "{}" format string to `Display` the message
[INFO] [stdout]    |
[INFO] [stdout] 90 |             .map_err(|e| panic!("{}", e)));
[INFO] [stdout]    |                                 +++++
[INFO] [stdout] help: or use std::panic::panic_any instead
[INFO] [stdout]    |
[INFO] [stdout] 90 -             .map_err(|e| panic!(e)));
[INFO] [stdout] 90 +             .map_err(|e| std::panic::panic_any(e)));
[INFO] [stdout]    |
[INFO] [stdout] 
[INFO] [stdout] 
[INFO] [stderr]     Finished `release` profile [optimized] target(s) in 15.60s
[INFO] running `Command { std: "docker" "inspect" "184326b7ed558097bb40853476b16edb63f89f6ed16a8862a4d1bc70fe1687c8", kill_on_drop: false }`
[INFO] running `Command { std: "docker" "exec" "-e" "SOURCE_DIR=/opt/rustwide/workdir" "-e" "CARGO_HOME=/opt/rustwide/cargo-home" "-e" "RUSTUP_HOME=/opt/rustwide/rustup-home" "-e" "CARGO_TARGET_DIR=/opt/rustwide/target" "-e" "CARGO_INCREMENTAL=0" "-e" "RUST_BACKTRACE=full" "-e" "RUSTFLAGS=--cap-lints=warn" "-e" "RUSTDOCFLAGS=--cap-lints=warn" "-w" "/opt/rustwide/workdir" "--user" "0:0" "184326b7ed558097bb40853476b16edb63f89f6ed16a8862a4d1bc70fe1687c8" "/opt/rustwide/cargo-home/bin/cargo" "+1.100.0-beta.1" "test" "--frozen" "--release", kill_on_drop: false }`
[INFO] [stderr] warning: the `must_use` attribute cannot be used on trait impl blocks
[INFO] [stderr]    --> src/process.rs:295:3
[INFO] [stderr]     |
[INFO] [stderr] 295 | #[must_use = "streams do nothing unless polled"]
[INFO] [stderr]     |   ^^^^^^^^
[INFO] [stderr]     |
[INFO] [stderr]     = help: the `must_use` attribute can be applied to data types, functions, and traits
[INFO] [stderr]     = warning: this was previously accepted by the compiler but is being phased out; it will become a hard error in a future release!
[INFO] [stderr]     = note: `#[warn(unused_attributes)]` (part of `#[warn(unused)]`) on by default
[INFO] [stderr] 
[INFO] [stderr] warning: the `must_use` attribute cannot be used on trait impl blocks
[INFO] [stderr]   --> src/resize.rs:77:3
[INFO] [stderr]    |
[INFO] [stderr] 77 | #[must_use = "streams do nothing unless polled"]
[INFO] [stderr]    |   ^^^^^^^^
[INFO] [stderr]    |
[INFO] [stderr]    = help: the `must_use` attribute can be applied to data types, functions, and traits
[INFO] [stderr]    = warning: this was previously accepted by the compiler but is being phased out; it will become a hard error in a future release!
[INFO] [stderr] 
[INFO] [stderr] warning: `tokio-pty-process-stream` (lib) generated 2 warnings (run `cargo fix --lib -p tokio-pty-process-stream` to apply 2 suggestions)
[INFO] [stderr] warning: `tokio-pty-process-stream` (lib test) generated 2 warnings (2 duplicates)
[INFO] [stderr] warning: panic message is not a string literal
[INFO] [stderr]   --> examples/shell.rs:41:33
[INFO] [stderr]    |
[INFO] [stderr] 41 |             .map_err(|e| panic!(e)),
[INFO] [stderr]    |                                 ^
[INFO] [stderr]    |
[INFO] [stderr]    = note: this usage of `panic!()` is deprecated; it will be a hard error in Rust 2021
[INFO] [stderr]    = note: for more information, see <https://doc.rust-lang.org/edition-guide/rust-2021/panic-macro-consistency.html>
[INFO] [stderr]    = note: for more information, see <https://doc.rust-lang.org/edition-guide/rust-2021/panic-macro-consistency.html>
[INFO] [stderr]    = note: `#[warn(non_fmt_panics)]` (part of `#[warn(rust_2021_compatibility)]`) on by default
[INFO] [stderr] help: add a "{}" format string to `Display` the message
[INFO] [stderr]    |
[INFO] [stderr] 41 |             .map_err(|e| panic!("{}", e)),
[INFO] [stderr]    |                                 +++++
[INFO] [stderr] help: or use std::panic::panic_any instead
[INFO] [stderr]    |
[INFO] [stderr] 41 -             .map_err(|e| panic!(e)),
[INFO] [stderr] 41 +             .map_err(|e| std::panic::panic_any(e)),
[INFO] [stderr]    |
[INFO] [stderr] 
[INFO] [stderr] warning: panic message is not a string literal
[INFO] [stderr]   --> examples/interhack.rs:80:33
[INFO] [stderr]    |
[INFO] [stderr] 80 |             .map_err(|e| panic!(e)));
[INFO] [stderr]    |                                 ^
[INFO] [stderr]    |
[INFO] [stderr]    = note: this usage of `panic!()` is deprecated; it will be a hard error in Rust 2021
[INFO] [stderr]    = note: for more information, see <https://doc.rust-lang.org/edition-guide/rust-2021/panic-macro-consistency.html>
[INFO] [stderr]    = note: for more information, see <https://doc.rust-lang.org/edition-guide/rust-2021/panic-macro-consistency.html>
[INFO] [stderr]    = note: `#[warn(non_fmt_panics)]` (part of `#[warn(rust_2021_compatibility)]`) on by default
[INFO] [stderr] help: add a "{}" format string to `Display` the message
[INFO] [stderr]    |
[INFO] [stderr] 80 |             .map_err(|e| panic!("{}", e)));
[INFO] [stderr]    |                                 +++++
[INFO] [stderr] help: or use std::panic::panic_any instead
[INFO] [stderr]    |
[INFO] [stderr] 80 -             .map_err(|e| panic!(e)));
[INFO] [stderr] 80 +             .map_err(|e| std::panic::panic_any(e)));
[INFO] [stderr]    |
[INFO] [stderr] 
[INFO] [stderr] warning: panic message is not a string literal
[INFO] [stderr]   --> examples/interhack.rs:90:33
[INFO] [stderr]    |
[INFO] [stderr] 90 |             .map_err(|e| panic!(e)));
[INFO] [stderr]    |                                 ^
[INFO] [stderr]    |
[INFO] [stderr]    = note: this usage of `panic!()` is deprecated; it will be a hard error in Rust 2021
[INFO] [stderr]    = note: for more information, see <https://doc.rust-lang.org/edition-guide/rust-2021/panic-macro-consistency.html>
[INFO] [stderr]    = note: for more information, see <https://doc.rust-lang.org/edition-guide/rust-2021/panic-macro-consistency.html>
[INFO] [stderr] help: add a "{}" format string to `Display` the message
[INFO] [stderr]    |
[INFO] [stderr] 90 |             .map_err(|e| panic!("{}", e)));
[INFO] [stderr]    |                                 +++++
[INFO] [stderr] help: or use std::panic::panic_any instead
[INFO] [stderr]    |
[INFO] [stderr] 90 -             .map_err(|e| panic!(e)));
[INFO] [stderr] 90 +             .map_err(|e| std::panic::panic_any(e)));
[INFO] [stderr]    |
[INFO] [stderr] 
[INFO] [stderr] warning: panic message is not a string literal
[INFO] [stderr]   --> examples/expect.rs:52:37
[INFO] [stderr]    |
[INFO] [stderr] 52 |                 .map_err(|e| panic!(e)));
[INFO] [stderr]    |                                     ^
[INFO] [stderr]    |
[INFO] [stderr]    = note: this usage of `panic!()` is deprecated; it will be a hard error in Rust 2021
[INFO] [stderr]    = note: for more information, see <https://doc.rust-lang.org/edition-guide/rust-2021/panic-macro-consistency.html>
[INFO] [stderr]    = note: for more information, see <https://doc.rust-lang.org/edition-guide/rust-2021/panic-macro-consistency.html>
[INFO] [stderr]    = note: `#[warn(non_fmt_panics)]` (part of `#[warn(rust_2021_compatibility)]`) on by default
[INFO] [stderr] help: add a "{}" format string to `Display` the message
[INFO] [stderr]    |
[INFO] [stderr] 52 |                 .map_err(|e| panic!("{}", e)));
[INFO] [stderr]    |                                     +++++
[INFO] [stderr] help: or use std::panic::panic_any instead
[INFO] [stderr]    |
[INFO] [stderr] 52 -                 .map_err(|e| panic!(e)));
[INFO] [stderr] 52 +                 .map_err(|e| std::panic::panic_any(e)));
[INFO] [stderr]    |
[INFO] [stderr] 
[INFO] [stderr] warning: `tokio-pty-process-stream` (example "shell") generated 1 warning (run `cargo fix --example "shell" -p tokio-pty-process-stream` to apply 1 suggestion)
[INFO] [stderr] warning: `tokio-pty-process-stream` (example "interhack") generated 2 warnings (run `cargo fix --example "interhack" -p tokio-pty-process-stream` to apply 2 suggestions)
[INFO] [stderr] warning: `tokio-pty-process-stream` (example "expect") generated 1 warning (run `cargo fix --example "expect" -p tokio-pty-process-stream` to apply 1 suggestion)
[INFO] [stderr]     Finished `release` profile [optimized] target(s) in 0.14s
[INFO] [stderr]      Running unittests src/lib.rs (/opt/rustwide/target/release/build/tokio-pty-process-stream/e7bbbadc7e007242/out/tokio_pty_process_stream-e7bbbadc7e007242)
[INFO] [stdout] 
[INFO] [stdout] running 1 test
[INFO] [stdout] test process::test::test_simple ... FAILED
[INFO] [stdout] 
[INFO] [stdout] failures:
[INFO] [stdout] 
[INFO] [stdout] ---- process::test::test_simple stdout ----
[INFO] [stdout] 
[INFO] [stdout] thread 'process::test::test_simple' (1474) panicked at src/process.rs:348:31:
[INFO] [stdout] called `Result::unwrap()` on an `Err` value: ReadPty { source: Os { code: 5, kind: InputOutputError, message: "Input/output error" } }
[INFO] [stdout] stack backtrace:
[INFO] [stdout]    0:     0x57d6c141f9a1 - <<std[617be2ca0a6fd877]::sys::backtrace::BacktraceLock>::print::DisplayBacktrace as core[a373ad73a504971]::fmt::Display>::fmt
[INFO] [stdout]    1:     0x57d6c143404a - core[a373ad73a504971]::fmt::write
[INFO] [stdout]    2:     0x57d6c1423fec - <alloc[2e1b2a31b91974c5]::vec::Vec<u8> as core[a373ad73a504971]::io::write::Write>::write_fmt
[INFO] [stdout]    3:     0x57d6c13fb7a6 - std[617be2ca0a6fd877]::panicking::default_hook::{closure#0}
[INFO] [stdout]    4:     0x57d6c1417ff9 - std[617be2ca0a6fd877]::panicking::default_hook
[INFO] [stdout]    5:     0x57d6c13853c0 - test[aada8e7e76ba119b]::test_main_inner::{closure#0}
[INFO] [stdout]    6:     0x57d6c14181b2 - std[617be2ca0a6fd877]::panicking::panic_with_hook
[INFO] [stdout]    7:     0x57d6c13fb852 - std[617be2ca0a6fd877]::panicking::panic_handler::{closure#0}
[INFO] [stdout]    8:     0x57d6c13f4539 - std[617be2ca0a6fd877]::sys::backtrace::__rust_end_short_backtrace::<std[617be2ca0a6fd877]::panicking::panic_handler::{closure#0}, !>
[INFO] [stdout]    9:     0x57d6c13fc45d - __rustc[ea4f61d10b84890b]::rust_begin_unwind
[INFO] [stdout]   10:     0x57d6c14347ac - core[a373ad73a504971]::panicking::panic_fmt
[INFO] [stdout]   11:     0x57d6c1434582 - core[a373ad73a504971]::result::unwrap_failed
[INFO] [stdout]   12:     0x57d6c13750f8 - <tokio_pty_process_stream[c713302dfc8fa5c4]::process::test::test_simple::{closure#0} as core[a373ad73a504971]::ops::function::FnOnce<()>>::call_once
[INFO] [stdout]   13:     0x57d6c137880b - test[aada8e7e76ba119b]::__rust_begin_short_backtrace::<core[a373ad73a504971]::result::Result<(), alloc[2e1b2a31b91974c5]::string::String>, fn() -> core[a373ad73a504971]::result::Result<(), alloc[2e1b2a31b91974c5]::string::String>>
[INFO] [stdout]   14:     0x57d6c13859e5 - test[aada8e7e76ba119b]::run_test::{closure#0}
[INFO] [stdout]   15:     0x57d6c137f2d4 - std[617be2ca0a6fd877]::sys::backtrace::__rust_begin_short_backtrace::<test[aada8e7e76ba119b]::run_test::{closure#1}, ()>
[INFO] [stdout]   16:     0x57d6c1388a72 - <std[617be2ca0a6fd877]::thread::lifecycle::spawn_unchecked<test[aada8e7e76ba119b]::run_test::{closure#1}, ()>::{closure#1} as core[a373ad73a504971]::ops::function::FnOnce<()>>::call_once::{shim:vtable#0}
[INFO] [stdout]   17:     0x57d6c141f1ff - <std[617be2ca0a6fd877]::sys::thread::unix::Thread>::new::thread_start
[INFO] [stdout]   18:     0x7375fd823dfa - <unknown>
[INFO] [stdout]   19:     0x7375fd8b73d4 - clone
[INFO] [stdout]   20:                0x0 - <unknown>
[INFO] [stdout] 
[INFO] [stdout] 
[INFO] [stdout] failures:
[INFO] [stdout]     process::test::test_simple
[INFO] [stdout] 
[INFO] [stdout] test result: FAILED. 0 passed; 1 failed; 0 ignored; 0 measured; 0 filtered out; finished in 0.01s
[INFO] [stdout] 
[INFO] [stderr] error: test failed, to rerun pass `--lib`
[INFO] running `Command { std: "docker" "inspect" "184326b7ed558097bb40853476b16edb63f89f6ed16a8862a4d1bc70fe1687c8", kill_on_drop: false }`
[INFO] running `Command { std: "docker" "rm" "-f" "184326b7ed558097bb40853476b16edb63f89f6ed16a8862a4d1bc70fe1687c8", kill_on_drop: false }`
[INFO] [stdout] 184326b7ed558097bb40853476b16edb63f89f6ed16a8862a4d1bc70fe1687c8
