[INFO] fetching crate tokio-memory 0.2.0...
[INFO] testing tokio-memory-0.2.0 against 1.100.0-beta.1+cargoflags=--release for beta-release-1.100-2
[INFO] extracting crate tokio-memory 0.2.0 into /workspace/builds/worker-5-tc2/source
[INFO] started tweaking crates.io crate tokio-memory 0.2.0
[INFO] removed 0 missing tests
[INFO] finished tweaking crates.io crate tokio-memory 0.2.0
[INFO] tweaked toml for crates.io crate tokio-memory 0.2.0 written to /workspace/builds/worker-5-tc2/source/Cargo.toml
[INFO] validating manifest of crates.io crate tokio-memory 0.2.0 on toolchain 1.100.0-beta.1
[INFO] running `Command { std: CARGO_HOME="/workspace/cargo-home" RUSTUP_HOME="/workspace/rustup-home" "/workspace/cargo-home/bin/cargo" "+1.100.0-beta.1" "metadata" "--manifest-path" "Cargo.toml" "--no-deps", kill_on_drop: false }`
[INFO] crate crates.io crate tokio-memory 0.2.0 already has a lockfile, it will not be regenerated
[INFO] running `Command { std: CARGO_HOME="/workspace/cargo-home" RUSTUP_HOME="/workspace/rustup-home" "/workspace/cargo-home/bin/cargo" "+1.100.0-beta.1" "fetch" "--manifest-path" "Cargo.toml", kill_on_drop: false }`
[INFO] [stderr] warning: `package.homepage` is redundant with `package.repository`
[INFO] [stderr]   --> Cargo.toml:68:12
[INFO] [stderr]    |
[INFO] [stderr] 68 | homepage = "https://gitlab.com/mattbusel/tokio-memory"
[INFO] [stderr]    |            ^^^^^^^^^^^^^^^^^^^^^^^^^^^^^^^^^^^^^^^^^^^
[INFO] [stderr] ...
[INFO] [stderr] 73 | repository = "https://gitlab.com/mattbusel/tokio-memory"
[INFO] [stderr]    |              -------------------------------------------
[INFO] [stderr]    |
[INFO] [stderr]    = note: `cargo::redundant_homepage` is set to `warn` by default
[INFO] [stderr] help: consider removing `package.homepage`
[INFO] [stderr] warning: `tokio-memory` (manifest) generated 1 warning
[INFO] running `Command { std: "docker" "create" "-v" "/var/lib/crater-agent-workspace/builds/worker-5-tc2/source:/opt/rustwide/workdir:ro,Z" "-v" "/var/lib/crater-agent-workspace/builds/worker-5-tc2/target:/opt/rustwide/target:rw,Z" "-v" "/var/lib/crater-agent-workspace/cargo-home:/opt/rustwide/cargo-home:ro,Z" "-v" "/var/lib/crater-agent-workspace/rustup-home:/opt/rustwide/rustup-home:ro,Z" "-m" "1610612736" "--network" "none" "ghcr.io/rust-lang/crates-build-env/linux@sha256:77db811e55d90add9212f6832c23229e3de5f1c1f9905e8cb07319ea15df73ac" "sleep" "infinity", kill_on_drop: false }`
[INFO] [stdout] c7c5320aeb9fb62e9dee3e49113d266ad36251de2590bde57a1590c19b4ce6b0
[INFO] running `Command { std: "docker" "start" "c7c5320aeb9fb62e9dee3e49113d266ad36251de2590bde57a1590c19b4ce6b0", kill_on_drop: false }`
[INFO] running `Command { std: "docker" "inspect" "c7c5320aeb9fb62e9dee3e49113d266ad36251de2590bde57a1590c19b4ce6b0", kill_on_drop: false }`
[INFO] running `Command { std: "docker" "exec" "-e" "SOURCE_DIR=/opt/rustwide/workdir" "-e" "CARGO_HOME=/opt/rustwide/cargo-home" "-e" "RUSTUP_HOME=/opt/rustwide/rustup-home" "-e" "CARGO_TARGET_DIR=/opt/rustwide/target" "-w" "/opt/rustwide/workdir" "--user" "0:0" "c7c5320aeb9fb62e9dee3e49113d266ad36251de2590bde57a1590c19b4ce6b0" "/opt/rustwide/cargo-home/bin/cargo" "+1.100.0-beta.1" "metadata" "--no-deps" "--format-version=1", kill_on_drop: false }`
[INFO] running `Command { std: "docker" "inspect" "c7c5320aeb9fb62e9dee3e49113d266ad36251de2590bde57a1590c19b4ce6b0", kill_on_drop: false }`
[INFO] running `Command { std: "docker" "exec" "-e" "SOURCE_DIR=/opt/rustwide/workdir" "-e" "CARGO_HOME=/opt/rustwide/cargo-home" "-e" "RUSTUP_HOME=/opt/rustwide/rustup-home" "-e" "CARGO_TARGET_DIR=/opt/rustwide/target" "-e" "CARGO_INCREMENTAL=0" "-e" "RUST_BACKTRACE=full" "-e" "RUSTFLAGS=--cap-lints=warn" "-e" "RUSTDOCFLAGS=--cap-lints=warn" "-w" "/opt/rustwide/workdir" "--user" "0:0" "c7c5320aeb9fb62e9dee3e49113d266ad36251de2590bde57a1590c19b4ce6b0" "/opt/rustwide/cargo-home/bin/cargo" "+1.100.0-beta.1" "build" "--frozen" "--message-format=json" "--release", kill_on_drop: false }`
[INFO] [stderr] warning: `package.homepage` is redundant with `package.repository`
[INFO] [stderr]   --> Cargo.toml:68:12
[INFO] [stderr]    |
[INFO] [stderr] 68 | homepage = "https://gitlab.com/mattbusel/tokio-memory"
[INFO] [stderr]    |            ^^^^^^^^^^^^^^^^^^^^^^^^^^^^^^^^^^^^^^^^^^^
[INFO] [stderr] ...
[INFO] [stderr] 73 | repository = "https://gitlab.com/mattbusel/tokio-memory"
[INFO] [stderr]    |              -------------------------------------------
[INFO] [stderr]    |
[INFO] [stderr]    = note: `cargo::redundant_homepage` is set to `warn` by default
[INFO] [stderr] help: consider removing `package.homepage`
[INFO] [stderr] warning: `tokio-memory` (manifest) generated 1 warning
[INFO] [stderr]    Compiling libc v0.2.190
[INFO] [stderr]    Compiling serde_core v1.0.229
[INFO] [stderr]    Compiling serde v1.0.229
[INFO] [stderr]    Compiling smallvec v1.16.2
[INFO] [stderr]    Compiling thiserror v2.0.21
[INFO] [stderr]    Compiling heapless v0.7.17
[INFO] [stderr]    Compiling syn v3.0.6
[INFO] [stderr]    Compiling num-traits v0.2.19
[INFO] [stderr]    Compiling byteorder v1.5.0
[INFO] [stderr]    Compiling syn v2.0.119
[INFO] [stderr]    Compiling spin v0.9.9
[INFO] [stderr]    Compiling hash32 v0.2.1
[INFO] [stderr]    Compiling hashbrown v0.14.5
[INFO] [stderr]    Compiling parking_lot_core v0.9.12
[INFO] [stderr]    Compiling errno v0.3.14
[INFO] [stderr]    Compiling getrandom v0.3.4
[INFO] [stderr]    Compiling mio v1.2.4
[INFO] [stderr]    Compiling socket2 v0.6.5
[INFO] [stderr]    Compiling signal-hook-registry v1.4.8
[INFO] [stderr]    Compiling parking_lot v0.12.5
[INFO] [stderr]    Compiling dashmap v6.2.1
[INFO] [stderr]    Compiling thiserror-impl v1.0.69
[INFO] [stderr]    Compiling thiserror v1.0.69
[INFO] [stderr]    Compiling serde_json v1.0.151
[INFO] [stderr]    Compiling uuid v1.20.0
[INFO] [stderr]    Compiling serde_derive v1.0.229
[INFO] [stderr]    Compiling thiserror-impl v2.0.21
[INFO] [stderr]    Compiling tokio-macros v2.7.2
[INFO] [stderr]    Compiling async-trait v0.1.92
[INFO] [stderr]    Compiling tokio v1.53.2
[INFO] [stderr]    Compiling cobs v0.3.0
[INFO] [stderr]    Compiling chrono v0.4.45
[INFO] [stderr]    Compiling postcard v1.1.3
[INFO] [stderr]    Compiling tokio-memory v0.2.0 (/opt/rustwide/workdir)
[INFO] [stderr] warning: unused dependency `serde_json`
[INFO] [stderr]   --> Cargo.toml:24:15
[INFO] [stderr]    |
[INFO] [stderr] 24 | [dependencies.serde_json]
[INFO] [stderr]    |               ^^^^^^^^^^^
[INFO] [stderr]    |
[INFO] [stderr]    = note: `cargo::unused_dependencies` is set to `warn` by default
[INFO] [stderr] help: consider removing the dependency on `serde_json`
[INFO] [stderr] warning: unused dependency `tokio`
[INFO] [stderr]   --> Cargo.toml:30:15
[INFO] [stderr]    |
[INFO] [stderr] 30 | [dependencies.tokio]
[INFO] [stderr]    |               ^^^^^^
[INFO] [stderr]    |
[INFO] [stderr] help: consider removing the dependency on `tokio`
[INFO] [stderr] warning: `tokio-memory` (manifest) generated 2 warnings
[INFO] [stderr]     Finished `release` profile [optimized] target(s) in 53.11s
[INFO] running `Command { std: "docker" "inspect" "c7c5320aeb9fb62e9dee3e49113d266ad36251de2590bde57a1590c19b4ce6b0", kill_on_drop: false }`
[INFO] running `Command { std: "docker" "exec" "-e" "SOURCE_DIR=/opt/rustwide/workdir" "-e" "CARGO_HOME=/opt/rustwide/cargo-home" "-e" "RUSTUP_HOME=/opt/rustwide/rustup-home" "-e" "CARGO_TARGET_DIR=/opt/rustwide/target" "-e" "CARGO_INCREMENTAL=0" "-e" "RUST_BACKTRACE=full" "-e" "RUSTFLAGS=--cap-lints=warn" "-e" "RUSTDOCFLAGS=--cap-lints=warn" "-w" "/opt/rustwide/workdir" "--user" "0:0" "c7c5320aeb9fb62e9dee3e49113d266ad36251de2590bde57a1590c19b4ce6b0" "/opt/rustwide/cargo-home/bin/cargo" "+1.100.0-beta.1" "test" "--frozen" "--no-run" "--message-format=json" "--release", kill_on_drop: false }`
[INFO] [stderr] warning: `package.homepage` is redundant with `package.repository`
[INFO] [stderr]   --> Cargo.toml:68:12
[INFO] [stderr]    |
[INFO] [stderr] 68 | homepage = "https://gitlab.com/mattbusel/tokio-memory"
[INFO] [stderr]    |            ^^^^^^^^^^^^^^^^^^^^^^^^^^^^^^^^^^^^^^^^^^^
[INFO] [stderr] ...
[INFO] [stderr] 73 | repository = "https://gitlab.com/mattbusel/tokio-memory"
[INFO] [stderr]    |              -------------------------------------------
[INFO] [stderr]    |
[INFO] [stderr]    = note: `cargo::redundant_homepage` is set to `warn` by default
[INFO] [stderr] help: consider removing `package.homepage`
[INFO] [stderr] warning: `tokio-memory` (manifest) generated 1 warning
[INFO] [stderr]    Compiling getrandom v0.3.4
[INFO] [stderr]    Compiling rustix v1.1.5
[INFO] [stderr]    Compiling bitflags v2.13.2
[INFO] [stderr]    Compiling linux-raw-sys v0.12.1
[INFO] [stderr]    Compiling fastrand v2.5.0
[INFO] [stderr]    Compiling ppv-lite86 v0.2.21
[INFO] [stderr]    Compiling wait-timeout v0.2.1
[INFO] [stderr]    Compiling quick-error v1.2.3
[INFO] [stderr]    Compiling bit-vec v0.8.0
[INFO] [stderr]    Compiling rand_core v0.9.5
[INFO] [stderr]    Compiling chrono v0.4.45
[INFO] [stderr]    Compiling tokio v1.53.2
[INFO] [stderr]    Compiling uuid v1.20.0
[INFO] [stderr]    Compiling bit-set v0.8.0
[INFO] [stderr]    Compiling rand v0.9.5
[INFO] [stderr]    Compiling rand_chacha v0.9.0
[INFO] [stderr]    Compiling rand_xorshift v0.4.0
[INFO] [stderr]    Compiling unarray v0.1.4
[INFO] [stderr]    Compiling tempfile v3.27.0
[INFO] [stderr]    Compiling rusty-fork v0.3.1
[INFO] [stderr]    Compiling proptest v1.8.0
[INFO] [stderr]    Compiling tokio-memory v0.2.0 (/opt/rustwide/workdir)
[INFO] [stderr] warning: unused dependency `serde_json`
[INFO] [stderr]   --> Cargo.toml:24:15
[INFO] [stderr]    |
[INFO] [stderr] 24 | [dependencies.serde_json]
[INFO] [stderr]    |               ^^^^^^^^^^^
[INFO] [stderr]    |
[INFO] [stderr]    = note: `cargo::unused_dependencies` is set to `warn` by default
[INFO] [stderr] help: consider removing the dependency on `serde_json`
[INFO] [stderr] warning: unused dependency `tokio`
[INFO] [stderr]   --> Cargo.toml:44:19
[INFO] [stderr]    |
[INFO] [stderr] 44 | [dev-dependencies.tokio]
[INFO] [stderr]    |                   ^^^^^^
[INFO] [stderr]    |
[INFO] [stderr] help: consider removing the dependency on `tokio`
[INFO] [stderr] help: to still use for development builds, move to `dev-dependencies`
[INFO] [stderr] warning: unused dependency `tokio`
[INFO] [stderr]   --> Cargo.toml:30:15
[INFO] [stderr]    |
[INFO] [stderr] 30 | [dependencies.tokio]
[INFO] [stderr]    |               ^^^^^^
[INFO] [stderr]    |
[INFO] [stderr] help: consider removing the dependency on `tokio`
[INFO] [stderr] help: to still use for development builds, move to `dev-dependencies`
[INFO] [stderr] warning: `tokio-memory` (manifest) generated 3 warnings
[INFO] [stderr]     Finished `release` profile [optimized] target(s) in 52.72s
[INFO] running `Command { std: "docker" "inspect" "c7c5320aeb9fb62e9dee3e49113d266ad36251de2590bde57a1590c19b4ce6b0", kill_on_drop: false }`
[INFO] running `Command { std: "docker" "exec" "-e" "SOURCE_DIR=/opt/rustwide/workdir" "-e" "CARGO_HOME=/opt/rustwide/cargo-home" "-e" "RUSTUP_HOME=/opt/rustwide/rustup-home" "-e" "CARGO_TARGET_DIR=/opt/rustwide/target" "-e" "CARGO_INCREMENTAL=0" "-e" "RUST_BACKTRACE=full" "-e" "RUSTFLAGS=--cap-lints=warn" "-e" "RUSTDOCFLAGS=--cap-lints=warn" "-w" "/opt/rustwide/workdir" "--user" "0:0" "c7c5320aeb9fb62e9dee3e49113d266ad36251de2590bde57a1590c19b4ce6b0" "/opt/rustwide/cargo-home/bin/cargo" "+1.100.0-beta.1" "test" "--frozen" "--release", kill_on_drop: false }`
[INFO] [stderr] warning: `package.homepage` is redundant with `package.repository`
[INFO] [stderr]   --> Cargo.toml:68:12
[INFO] [stderr]    |
[INFO] [stderr] 68 | homepage = "https://gitlab.com/mattbusel/tokio-memory"
[INFO] [stderr]    |            ^^^^^^^^^^^^^^^^^^^^^^^^^^^^^^^^^^^^^^^^^^^
[INFO] [stderr] ...
[INFO] [stderr] 73 | repository = "https://gitlab.com/mattbusel/tokio-memory"
[INFO] [stderr]    |              -------------------------------------------
[INFO] [stderr]    |
[INFO] [stderr]    = note: `cargo::redundant_homepage` is set to `warn` by default
[INFO] [stderr] help: consider removing `package.homepage`
[INFO] [stderr] warning: `tokio-memory` (manifest) generated 1 warning
[INFO] [stderr] warning: unused dependency `serde_json`
[INFO] [stderr]   --> Cargo.toml:24:15
[INFO] [stderr]    |
[INFO] [stderr] 24 | [dependencies.serde_json]
[INFO] [stderr]    |               ^^^^^^^^^^^
[INFO] [stderr]    |
[INFO] [stderr]    = note: `cargo::unused_dependencies` is set to `warn` by default
[INFO] [stderr] help: consider removing the dependency on `serde_json`
[INFO] [stderr] warning: unused dependency `tokio`
[INFO] [stderr]   --> Cargo.toml:44:19
[INFO] [stderr]    |
[INFO] [stderr] 44 | [dev-dependencies.tokio]
[INFO] [stderr]    |                   ^^^^^^
[INFO] [stderr]    |
[INFO] [stderr] help: consider removing the dependency on `tokio`
[INFO] [stderr] help: to still use for development builds, move to `dev-dependencies`
[INFO] [stderr] warning: unused dependency `tokio`
[INFO] [stderr]   --> Cargo.toml:30:15
[INFO] [stderr]    |
[INFO] [stderr] 30 | [dependencies.tokio]
[INFO] [stderr]    |               ^^^^^^
[INFO] [stderr]    |
[INFO] [stderr] help: consider removing the dependency on `tokio`
[INFO] [stderr] help: to still use for development builds, move to `dev-dependencies`
[INFO] [stderr] warning: `tokio-memory` (manifest) generated 3 warnings
[INFO] [stderr]     Finished `release` profile [optimized] target(s) in 0.19s
[INFO] [stderr]      Running unittests src/lib.rs (/opt/rustwide/target/release/build/tokio-memory/9f2bec4de2d4b77c/out/tokio_memory-9f2bec4de2d4b77c)
[INFO] [stdout] 
[INFO] [stdout] running 106 tests
[INFO] [stdout] test consolidation::pipeline::tests::test_consolidation_pipeline_no_policies_extracts_nothing ... ok
[INFO] [stdout] test consolidation::pipeline::tests::test_consolidation_pipeline_all_high_strength_all_extracted ... ok
[INFO] [stdout] test consolidation::policy::tests::test_frequency_policy_does_not_consolidate_below_threshold ... ok
[INFO] [stdout] test consolidation::pipeline::tests::test_consolidation_pipeline_run_once_report_struct ... ok
[INFO] [stdout] test consolidation::policy::tests::test_frequency_policy_extracted_fact_content_matches_episode ... ok
[INFO] [stdout] test consolidation::pipeline::tests::test_consolidation_pipeline_extracts_facts_from_episodes ... ok
[INFO] [stdout] test consolidation::policy::tests::test_frequency_policy_consolidates_above_threshold ... ok
[INFO] [stdout] test consolidation::policy::tests::test_frequency_policy_extract_facts_returns_one_fact ... ok
[INFO] [stdout] test decay::ebbinghaus::tests::test_exponential_decay_clamped_to_zero_minimum ... ok
[INFO] [stdout] test consolidation::pipeline::tests::test_consolidation_pipeline_empty_store_produces_empty_report ... ok
[INFO] [stdout] test decay::ebbinghaus::tests::test_exponential_decay_negative_elapsed_clamped ... ok
[INFO] [stdout] test episodic::episode::tests::test_episode_content_stored_correctly ... ok
[INFO] [stdout] test episodic::episode::tests::test_episode_kind_variants_are_distinct ... ok
[INFO] [stdout] test episodic::episode::tests::test_confidence_invalid_range_returns_error_negative ... ok
[INFO] [stdout] test episodic::episode::tests::test_episode_new_strength_one_is_valid ... ok
[INFO] [stdout] test decay::ebbinghaus::tests::test_exponential_decay_at_half_life_returns_point_five ... ok
[INFO] [stdout] test decay::ebbinghaus::tests::test_exponential_decay_decreases_monotonically ... ok
[INFO] [stdout] test episodic::episode::tests::test_episode_new_strength_zero_is_valid ... ok
[INFO] [stdout] test consolidation::policy::tests::test_frequency_policy_does_not_consolidate_at_threshold ... ok
[INFO] [stdout] test episodic::episode::tests::test_episode_new_valid_strength_returns_ok ... ok
[INFO] [stdout] test episodic::episode::tests::test_confidence_invalid_range_returns_error_above_one ... ok
[INFO] [stdout] test episodic::episode::tests::test_episode_with_timestamp_stores_timestamp ... ok
[INFO] [stdout] test episodic::store::tests::test_episodic_store_all_returns_insertion_order ... ok
[INFO] [stdout] test episodic::store::tests::test_episodic_store_recall_by_tag_filters_correctly ... ok
[INFO] [stdout] test episodic::store::tests::test_episodic_store_len_and_is_empty ... ok
[INFO] [stdout] test episodic::store::tests::test_episodic_store_recall_missing_id_returns_not_found ... ok
[INFO] [stdout] test episodic::store::tests::test_episodic_store_recall_range_filters_correctly ... ok
[INFO] [stdout] test decay::ebbinghaus::tests::test_exponential_decay_at_zero_elapsed_returns_one ... ok
[INFO] [stdout] test episodic::store::tests::test_episodic_store_record_and_recall_returns_same_episode ... ok
[INFO] [stdout] test decay::ebbinghaus::tests::test_exponential_decay_zero_half_life_returns_zero_for_nonzero_elapsed ... ok
[INFO] [stdout] test episodic::episode::tests::test_episode_tags_stored_correctly ... ok
[INFO] [stdout] test episodic::store::tests::test_episodic_store_recall_by_session_filters_correctly ... ok
[INFO] [stdout] test episodic::timeline::tests::test_time_range_contains_midpoint ... ok
[INFO] [stdout] test episodic::timeline::tests::test_time_range_excludes_before_start ... ok
[INFO] [stdout] test error::tests::test_buffer_full_error_displays_capacity ... ok
[INFO] [stdout] test episodic::timeline::tests::test_time_range_contains_end_boundary ... ok
[INFO] [stdout] test error::tests::test_conflict_rejected_error_has_message ... ok
[INFO] [stdout] test episodic::timeline::tests::test_time_range_contains_start_boundary ... ok
[INFO] [stdout] test error::tests::test_consolidation_failed_error_displays_reason ... ok
[INFO] [stdout] test error::tests::test_invalid_confidence_error_displays_value ... ok
[INFO] [stdout] test id::tests::test_entity_id_as_str ... ok
[INFO] [stdout] test error::tests::test_not_found_error_displays_id ... ok
[INFO] [stdout] test error::tests::test_persistence_error_displays_message ... ok
[INFO] [stdout] test error::tests::test_serialization_error_display ... ok
[INFO] [stdout] test id::tests::test_agent_id_display_is_stable ... ok
[INFO] [stdout] test id::tests::test_memory_id_clone_equals_original ... ok
[INFO] [stdout] test id::tests::test_memory_id_display_is_stable ... ok
[INFO] [stdout] test id::tests::test_namespace_id_display_returns_inner ... ok
[INFO] [stdout] test id::tests::test_memory_id_display_contains_uuid ... ok
[INFO] [stdout] test id::tests::test_memory_id_from_uuid_roundtrip ... ok
[INFO] [stdout] test id::tests::test_memory_id_new_is_unique ... ok
[INFO] [stdout] test id::tests::test_session_id_display_is_stable ... ok
[INFO] [stdout] test id::tests::test_tag_display_returns_inner ... ok
[INFO] [stdout] test persistence::tests::test_snapshot_decode_invalid_bytes_returns_error ... ok
[INFO] [stdout] test property_tests::test_decay_strength_always_in_unit_interval ... ok
[INFO] [stdout] test persistence::tests::test_snapshot_encode_decode_roundtrip ... ok
[INFO] [stdout] test persistence::tests::test_snapshot_empty_roundtrip ... ok
[INFO] [stdout] test episodic::store::tests::test_episodic_store_recall_by_agent_filters_correctly ... ok
[INFO] [stdout] test episodic::timeline::tests::test_time_range_excludes_after_end ... ok
[INFO] [stdout] test id::tests::test_tag_as_str ... ok
[INFO] [stdout] test episodic::timeline::tests::test_time_range_new_constructs_correctly ... ok
[INFO] [stdout] test id::tests::test_entity_id_display_returns_inner ... ok
[INFO] [stdout] test property_tests::test_memory_id_display_is_stable_proptest ... ok
[INFO] [stdout] test property_tests::test_snapshot_roundtrip_preserves_all_episodes_proptest ... ok
[INFO] [stdout] test retrieval::query::tests::test_memory_query_builder_no_filter_returns_all ... ok
[INFO] [stdout] test retrieval::query::tests::test_memory_query_filters_by_kind ... ok
[INFO] [stdout] test retrieval::query::tests::test_memory_query_since_excludes_old_episodes ... ok
[INFO] [stdout] test retrieval::query::tests::test_memory_query_filters_by_session ... ok
[INFO] [stdout] test retrieval::query::tests::test_memory_query_limit_caps_results ... ok
[INFO] [stdout] test semantic::fact::tests::test_fact_value_bool_stores_correctly ... ok
[INFO] [stdout] test semantic::fact::tests::test_fact_value_number_stores_correctly ... ok
[INFO] [stdout] test semantic::fact::tests::test_fact_value_text_stores_correctly ... ok
[INFO] [stdout] test semantic::fact::tests::test_fact_new_invalid_confidence_above_one_returns_error ... ok
[INFO] [stdout] test semantic::store::tests::test_semantic_store_assert_and_query ... ok
[INFO] [stdout] test semantic::store::tests::test_semantic_store_assert_same_id_replaces ... ok
[INFO] [stdout] test semantic::store::tests::test_semantic_store_multiple_facts_per_subject ... ok
[INFO] [stdout] test semantic::store::tests::test_semantic_store_query_missing_subject_returns_empty ... ok
[INFO] [stdout] test semantic::fact::tests::test_fact_new_invalid_confidence_negative_returns_error ... ok
[INFO] [stdout] test semantic::store::tests::test_semantic_store_retract_missing_returns_not_found ... ok
[INFO] [stdout] test semantic::fact::tests::test_fact_new_valid_returns_ok ... ok
[INFO] [stdout] test shared::conflict::tests::test_last_write_wins_always_accepts ... ok
[INFO] [stdout] test shared::conflict::tests::test_shared_space_highest_confidence_wins_rejects_lower ... ok
[INFO] [stdout] test semantic::store::tests::test_semantic_store_retract_removes_fact ... ok
[INFO] [stdout] test semantic::store::tests::test_semantic_store_all_facts_returns_all ... ok
[INFO] [stdout] test shared::conflict::tests::test_highest_confidence_wins_accepts_higher_confidence_incoming ... ok
[INFO] [stdout] test semantic::fact::tests::test_fact_predicate_stored_correctly ... ok
[INFO] [stdout] test shared::conflict::tests::test_highest_confidence_wins_rejects_equal_confidence ... ok
[INFO] [stdout] test shared::space::tests::test_shared_space_highest_confidence_wins_rejects_lower_confidence ... ok
[INFO] [stdout] test shared::space::tests::test_shared_space_is_empty_initially ... ok
[INFO] [stdout] test shared::space::tests::test_shared_space_read_missing_key_returns_error ... ok
[INFO] [stdout] test shared::space::tests::test_shared_space_last_write_wins_accepts_incoming ... ok
[INFO] [stdout] test working::buffer::tests::test_working_buffer_capacity_returns_configured_value ... ok
[INFO] [stdout] test retrieval::query::tests::test_memory_query_builder_filters_by_agent ... ok
[INFO] [stdout] test retrieval::query::tests::test_memory_query_builder_filters_by_tag ... ok
[INFO] [stdout] test shared::space::tests::test_shared_space_version_increments_on_accept ... ok
[INFO] [stdout] test shared::space::tests::test_shared_space_first_write_accepted_unconditionally ... ok
[INFO] [stdout] test shared::space::tests::test_shared_space_highest_confidence_wins_accepts_higher ... ok
[INFO] [stdout] test working::buffer::tests::test_working_buffer_pop_empty_returns_none ... ok
[INFO] [stdout] test working::buffer::tests::test_working_buffer_pop_highest_returns_max_priority ... ok
[INFO] [stdout] test working::buffer::tests::test_working_buffer_pop_highest_stable_on_tie ... ok
[INFO] [stdout] test working::buffer::tests::test_working_buffer_push_beyond_capacity_returns_buffer_full ... ok
[INFO] [stdout] test working::buffer::tests::test_working_buffer_snapshot_priorities_insertion_order ... ok
[INFO] [stdout] test working::buffer::tests::test_working_buffer_push_within_capacity_succeeds ... ok
[INFO] [stdout] test working::buffer::tests::test_working_buffer_debug_format ... ok
[INFO] [stdout] test working::buffer::tests::test_working_buffer_is_full_at_capacity ... ok
[INFO] [stdout] test working::buffer::tests::test_working_buffer_len_tracks_pushes_and_pops ... ok
[INFO] [stdout] 
[INFO] [stdout] test result: ok. 106 passed; 0 failed; 0 ignored; 0 measured; 0 filtered out; finished in 0.02s
[INFO] [stdout] 
[INFO] [stderr]      Running tests/consolidation_pipeline.rs (/opt/rustwide/target/release/build/tokio-memory/ba256fbd94083215/out/consolidation_pipeline-ba256fbd94083215)
[INFO] [stdout] 
[INFO] [stdout] running 3 tests
[INFO] [stdout] test test_consolidation_pipeline_end_to_end_high_strength_episodes_become_facts ... ok
[INFO] [stdout] test test_consolidation_pipeline_no_episodes_produces_empty_report ... ok
[INFO] [stdout] test test_consolidation_pipeline_run_twice_is_idempotent_in_count ... ok
[INFO] [stdout] 
[INFO] [stdout] test result: ok. 3 passed; 0 failed; 0 ignored; 0 measured; 0 filtered out; finished in 0.00s
[INFO] [stdout] 
[INFO] [stderr]      Running tests/episodic_lifecycle.rs (/opt/rustwide/target/release/build/tokio-memory/5a43521b38d08558/out/episodic_lifecycle-5a43521b38d08558)
[INFO] [stdout] 
[INFO] [stdout] running 4 tests
[INFO] [stderr]      Running tests/persistence_roundtrip.rs (/opt/rustwide/target/release/build/tokio-memory/da187b568cfa1340/out/persistence_roundtrip-da187b568cfa1340)
[INFO] [stdout] test test_episodic_lifecycle_record_many_and_recall_range ... ok
[INFO] [stdout] test test_episodic_lifecycle_recall_by_session ... ok
[INFO] [stdout] test test_episodic_lifecycle_recall_by_tag ... ok
[INFO] [stdout] test test_episodic_lifecycle_all_returns_all_in_insertion_order ... ok
[INFO] [stdout] 
[INFO] [stdout] test result: ok. 4 passed; 0 failed; 0 ignored; 0 measured; 0 filtered out; finished in 0.01s
[INFO] [stdout] 
[INFO] [stdout] 
[INFO] [stdout] running 4 tests
[INFO] [stderr]    Doc-tests tokio_memory
[INFO] [stdout] test test_persistence_decode_bad_bytes_returns_error ... ok
[INFO] [stdout] test test_persistence_roundtrip_all_data_preserved ... ok
[INFO] [stdout] test test_persistence_roundtrip_empty_snapshot_preserved ... ok
[INFO] [stdout] test test_persistence_roundtrip_episode_strength_preserved ... ok
[INFO] [stdout] 
[INFO] [stdout] test result: ok. 4 passed; 0 failed; 0 ignored; 0 measured; 0 filtered out; finished in 0.02s
[INFO] [stdout] 
[INFO] [stdout] 
[INFO] [stdout] running 17 tests
[INFO] [stdout] test src/id.rs - id::NamespaceId (line 124) ... ok
[INFO] [stdout] test src/consolidation/pipeline.rs - consolidation::pipeline::ConsolidationPipeline (line 36) - compile ... ok
[INFO] [stdout] test src/consolidation/policy.rs - consolidation::policy::FrequencyPolicy (line 39) ... ok
[INFO] [stdout] test src/id.rs - id::MemoryId (line 19) ... ok
[INFO] [stdout] test src/decay/ebbinghaus.rs - decay::ebbinghaus::ExponentialDecay (line 21) ... ok
[INFO] [stdout] test src/episodic/timeline.rs - episodic::timeline::TimeRange (line 14) ... ok
[INFO] [stdout] test src/id.rs - id::AgentId (line 62) ... ok
[INFO] [stdout] test src/id.rs - id::EntityId (line 154) ... ok
[INFO] [stdout] test src/retrieval/query.rs - retrieval::query (line 6) - compile ... ok
[INFO] [stdout] test src/shared/conflict.rs - shared::conflict::HighestConfidenceWins (line 68) ... ok
[INFO] [stdout] test src/id.rs - id::SessionId (line 93) ... ok
[INFO] [stdout] test src/working/buffer.rs - working::buffer::WorkingBuffer (line 23) ... ok
[INFO] [stdout] test src/shared/conflict.rs - shared::conflict::LastWriteWins (line 47) ... ok
[INFO] [stdout] test src/id.rs - id::Tag (line 184) ... ok
[INFO] [stdout] test src/lib.rs - readme_examples (line 188) - compile ... FAILED
[INFO] [stdout] test src/shared/space.rs - shared::space::SharedSpace (line 36) ... ok
[INFO] [stdout] test src/lib.rs - readme_examples (line 134) ... ok
[INFO] [stdout] 
[INFO] [stdout] failures:
[INFO] [stdout] 
[INFO] [stdout] ---- src/lib.rs - readme_examples (line 188) stdout ----
[INFO] [stdout] error[E0432]: unresolved import `tokio_memory::sqlite`
[INFO] [stdout]    --> src/lib.rs:192:19
[INFO] [stdout]     |
[INFO] [stdout] 192 | use tokio_memory::sqlite::SqliteMemory;
[INFO] [stdout]     |                   ^^^^^^ could not find `sqlite` in `tokio_memory`
[INFO] [stdout]     |
[INFO] [stdout] note: found an item that was configured out
[INFO] [stdout]    --> src/lib.rs:28:9
[INFO] [stdout]     |
[INFO] [stdout]  27 | #[cfg(feature = "sqlite")]
[INFO] [stdout]     |       ------------------ the item is gated behind the `sqlite` feature
[INFO] [stdout]  28 | pub mod sqlite;
[INFO] [stdout]     |         ^^^^^^
[INFO] [stdout] 
[INFO] [stdout] warning: method call on a diverging inference variable
[INFO] [stdout]    --> src/lib.rs:199:12
[INFO] [stdout]     |
[INFO] [stdout] 199 |     memory.record(Episode::new(agent.clone(), session.clone(), EpisodeKind::Observation,
[INFO] [stdout]     |            ^^^^^^
[INFO] [stdout]     |
[INFO] [stdout]     = help: consider providing a type annotation
[INFO] [stdout]     = warning: this was previously accepted by the compiler but is being phased out; it will become a hard error in a future release!
[INFO] [stdout]     = note: for more information, see issue #156047 <https://github.com/rust-lang/rust/issues/156047>
[INFO] [stdout]     = note: `#[warn(method_call_on_diverging_infer_var)]` (part of `#[warn(future_incompatible)]`) on by default
[INFO] [stdout] 
[INFO] [stdout] error[E0599]: no method named `record` found for type `!` in the current scope
[INFO] [stdout]    --> src/lib.rs:199:12
[INFO] [stdout]     |
[INFO] [stdout] 199 |     memory.record(Episode::new(agent.clone(), session.clone(), EpisodeKind::Observation,
[INFO] [stdout]     |            ^^^^^^
[INFO] [stdout]     |
[INFO] [stdout] help: there is a method `report` with a similar name, but with different arguments
[INFO] [stdout]    --> /rustc/e3feeb59cd1bdd011a2bfcc0747b55125d9b8527/library/std/src/process.rs:2685:4
[INFO] [stdout] 
[INFO] [stdout] error[E0599]: no method named `record` found for type `!` in the current scope
[INFO] [stdout]    --> src/lib.rs:201:12
[INFO] [stdout]     |
[INFO] [stdout] 201 |     memory.record(Episode::new(agent, session, EpisodeKind::Observation,
[INFO] [stdout]     |            ^^^^^^
[INFO] [stdout]     |
[INFO] [stdout] help: there is a method `report` with a similar name, but with different arguments
[INFO] [stdout]    --> /rustc/e3feeb59cd1bdd011a2bfcc0747b55125d9b8527/library/std/src/process.rs:2685:4
[INFO] [stdout] 
[INFO] [stdout] error[E0599]: no method named `search` found for type `!` in the current scope
[INFO] [stdout]    --> src/lib.rs:205:36
[INFO] [stdout]     |
[INFO] [stdout] 205 |     for (episode, score) in memory.search("lisbon flight", 5).await? {
[INFO] [stdout]     |                                    ^^^^^^ method not found in `!`
[INFO] [stdout] 
[INFO] [stdout] error: aborting due to 4 previous errors; 1 warning emitted
[INFO] [stdout] 
[INFO] [stdout] Some errors have detailed explanations: E0432, E0599.
[INFO] [stdout] For more information about an error, try `rustc --explain E0432`.
[INFO] [stdout] Couldn't compile the test.
[INFO] [stdout] 
[INFO] [stdout] failures:
[INFO] [stdout]     src/lib.rs - readme_examples (line 188)
[INFO] [stdout] 
[INFO] [stdout] test result: FAILED. 16 passed; 1 failed; 0 ignored; 0 measured; 0 filtered out; finished in 1.70s
[INFO] [stdout] 
[INFO] [stderr] error: doctest failed, to rerun pass `--doc`
[INFO] running `Command { std: "docker" "inspect" "c7c5320aeb9fb62e9dee3e49113d266ad36251de2590bde57a1590c19b4ce6b0", kill_on_drop: false }`
[INFO] running `Command { std: "docker" "rm" "-f" "c7c5320aeb9fb62e9dee3e49113d266ad36251de2590bde57a1590c19b4ce6b0", kill_on_drop: false }`
[INFO] [stdout] c7c5320aeb9fb62e9dee3e49113d266ad36251de2590bde57a1590c19b4ce6b0
