[INFO] fetching crate tokio-gaussdb 0.1.0...
[INFO] testing tokio-gaussdb-0.1.0 against 1.100.0-beta.1+cargoflags=--release for beta-release-1.100-2
[INFO] extracting crate tokio-gaussdb 0.1.0 into /workspace/builds/worker-5-tc2/source
[INFO] started tweaking crates.io crate tokio-gaussdb 0.1.0
[INFO] removed 0 missing tests
[INFO] finished tweaking crates.io crate tokio-gaussdb 0.1.0
[INFO] tweaked toml for crates.io crate tokio-gaussdb 0.1.0 written to /workspace/builds/worker-5-tc2/source/Cargo.toml
[INFO] validating manifest of crates.io crate tokio-gaussdb 0.1.0 on toolchain 1.100.0-beta.1
[INFO] running `Command { std: CARGO_HOME="/workspace/cargo-home" RUSTUP_HOME="/workspace/rustup-home" "/workspace/cargo-home/bin/cargo" "+1.100.0-beta.1" "metadata" "--manifest-path" "Cargo.toml" "--no-deps", kill_on_drop: false }`
[INFO] crate crates.io crate tokio-gaussdb 0.1.0 already has a lockfile, it will not be regenerated
[INFO] running `Command { std: CARGO_HOME="/workspace/cargo-home" RUSTUP_HOME="/workspace/rustup-home" "/workspace/cargo-home/bin/cargo" "+1.100.0-beta.1" "fetch" "--manifest-path" "Cargo.toml", kill_on_drop: false }`
[INFO] [stderr]     Blocking waiting for file lock on package cache
[INFO] [stderr]     Blocking waiting for file lock on package cache
[INFO] running `Command { std: "docker" "create" "-v" "/var/lib/crater-agent-workspace/builds/worker-5-tc2/source:/opt/rustwide/workdir:ro,Z" "-v" "/var/lib/crater-agent-workspace/builds/worker-5-tc2/target:/opt/rustwide/target:rw,Z" "-v" "/var/lib/crater-agent-workspace/cargo-home:/opt/rustwide/cargo-home:ro,Z" "-v" "/var/lib/crater-agent-workspace/rustup-home:/opt/rustwide/rustup-home:ro,Z" "-m" "1610612736" "--network" "none" "ghcr.io/rust-lang/crates-build-env/linux@sha256:77db811e55d90add9212f6832c23229e3de5f1c1f9905e8cb07319ea15df73ac" "sleep" "infinity", kill_on_drop: false }`
[INFO] [stdout] 85e39254ce27ec16b6a8eece4ab601f3174d00470ec438f2fe6e5fe017c7ac7d
[INFO] running `Command { std: "docker" "start" "85e39254ce27ec16b6a8eece4ab601f3174d00470ec438f2fe6e5fe017c7ac7d", kill_on_drop: false }`
[INFO] running `Command { std: "docker" "inspect" "85e39254ce27ec16b6a8eece4ab601f3174d00470ec438f2fe6e5fe017c7ac7d", kill_on_drop: false }`
[INFO] running `Command { std: "docker" "exec" "-e" "SOURCE_DIR=/opt/rustwide/workdir" "-e" "CARGO_HOME=/opt/rustwide/cargo-home" "-e" "RUSTUP_HOME=/opt/rustwide/rustup-home" "-e" "CARGO_TARGET_DIR=/opt/rustwide/target" "-w" "/opt/rustwide/workdir" "--user" "0:0" "85e39254ce27ec16b6a8eece4ab601f3174d00470ec438f2fe6e5fe017c7ac7d" "/opt/rustwide/cargo-home/bin/cargo" "+1.100.0-beta.1" "metadata" "--no-deps" "--format-version=1", kill_on_drop: false }`
[INFO] running `Command { std: "docker" "inspect" "85e39254ce27ec16b6a8eece4ab601f3174d00470ec438f2fe6e5fe017c7ac7d", kill_on_drop: false }`
[INFO] running `Command { std: "docker" "exec" "-e" "SOURCE_DIR=/opt/rustwide/workdir" "-e" "CARGO_HOME=/opt/rustwide/cargo-home" "-e" "RUSTUP_HOME=/opt/rustwide/rustup-home" "-e" "CARGO_TARGET_DIR=/opt/rustwide/target" "-e" "CARGO_INCREMENTAL=0" "-e" "RUST_BACKTRACE=full" "-e" "RUSTFLAGS=--cap-lints=warn" "-e" "RUSTDOCFLAGS=--cap-lints=warn" "-w" "/opt/rustwide/workdir" "--user" "0:0" "85e39254ce27ec16b6a8eece4ab601f3174d00470ec438f2fe6e5fe017c7ac7d" "/opt/rustwide/cargo-home/bin/cargo" "+1.100.0-beta.1" "build" "--frozen" "--message-format=json" "--release", kill_on_drop: false }`
[INFO] [stderr]    Compiling unicode-properties v0.1.3
[INFO] [stderr]    Compiling unicode-bidi v0.3.18
[INFO] [stderr]    Compiling siphasher v1.0.1
[INFO] [stderr]    Compiling smallvec v1.15.0
[INFO] [stderr]    Compiling getrandom v0.3.3
[INFO] [stderr]    Compiling unicode-normalization v0.1.24
[INFO] [stderr]    Compiling socket2 v0.5.10
[INFO] [stderr]    Compiling mio v1.0.4
[INFO] [stderr]    Compiling syn v2.0.101
[INFO] [stderr]    Compiling whoami v1.6.0
[INFO] [stderr]    Compiling hmac v0.12.1
[INFO] [stderr]    Compiling sha2 v0.10.9
[INFO] [stderr]    Compiling md-5 v0.10.6
[INFO] [stderr]    Compiling sha1 v0.10.6
[INFO] [stderr]    Compiling phf_shared v0.11.3
[INFO] [stderr]    Compiling pbkdf2 v0.12.2
[INFO] [stderr]    Compiling rand_core v0.9.3
[INFO] [stderr]    Compiling phf v0.11.3
[INFO] [stderr]    Compiling parking_lot_core v0.9.11
[INFO] [stderr]    Compiling rand_chacha v0.9.0
[INFO] [stderr]    Compiling tokio v1.45.1
[INFO] [stderr]    Compiling parking_lot v0.12.4
[INFO] [stderr]    Compiling rand v0.9.1
[INFO] [stderr]    Compiling stringprep v0.1.5
[INFO] [stderr]    Compiling gaussdb-protocol v0.1.0
[INFO] [stderr]    Compiling gaussdb-types v0.1.0
[INFO] [stderr]    Compiling futures-macro v0.3.31
[INFO] [stderr]    Compiling async-trait v0.1.88
[INFO] [stderr]    Compiling tokio-util v0.7.15
[INFO] [stderr]    Compiling futures-util v0.3.31
[INFO] [stderr]    Compiling tokio-gaussdb v0.1.0 (/opt/rustwide/workdir)
[INFO] [stderr]     Finished `release` profile [optimized] target(s) in 13.15s
[INFO] running `Command { std: "docker" "inspect" "85e39254ce27ec16b6a8eece4ab601f3174d00470ec438f2fe6e5fe017c7ac7d", kill_on_drop: false }`
[INFO] running `Command { std: "docker" "exec" "-e" "SOURCE_DIR=/opt/rustwide/workdir" "-e" "CARGO_HOME=/opt/rustwide/cargo-home" "-e" "RUSTUP_HOME=/opt/rustwide/rustup-home" "-e" "CARGO_TARGET_DIR=/opt/rustwide/target" "-e" "CARGO_INCREMENTAL=0" "-e" "RUST_BACKTRACE=full" "-e" "RUSTFLAGS=--cap-lints=warn" "-e" "RUSTDOCFLAGS=--cap-lints=warn" "-w" "/opt/rustwide/workdir" "--user" "0:0" "85e39254ce27ec16b6a8eece4ab601f3174d00470ec438f2fe6e5fe017c7ac7d" "/opt/rustwide/cargo-home/bin/cargo" "+1.100.0-beta.1" "test" "--frozen" "--no-run" "--message-format=json" "--release", kill_on_drop: false }`
[INFO] [stderr]    Compiling num-traits v0.2.19
[INFO] [stderr]    Compiling standback v0.2.17
[INFO] [stderr]    Compiling syn v1.0.109
[INFO] [stderr]    Compiling serde_derive v1.0.219
[INFO] [stderr]    Compiling tokio-macros v2.5.0
[INFO] [stderr]    Compiling serde_json v1.0.140
[INFO] [stderr]    Compiling half v2.6.0
[INFO] [stderr]    Compiling const_fn v0.4.11
[INFO] [stderr]    Compiling clap_builder v4.5.39
[INFO] [stderr]    Compiling time v0.2.27
[INFO] [stderr]    Compiling anstream v0.6.18
[INFO] [stderr]    Compiling deranged v0.4.0
[INFO] [stderr]    Compiling rayon v1.10.0
[INFO] [stderr]    Compiling env_filter v0.1.3
[INFO] [stderr]    Compiling jiff v0.2.14
[INFO] [stderr]    Compiling time-core v0.1.4
[INFO] [stderr]    Compiling futures-executor v0.3.31
[INFO] [stderr]    Compiling eui48 v1.1.0
[INFO] [stderr]    Compiling uuid v1.17.0
[INFO] [stderr]    Compiling uuid v0.8.2
[INFO] [stderr]    Compiling ciborium-ll v0.2.2
[INFO] [stderr]    Compiling jiff v0.1.29
[INFO] [stderr]    Compiling tokio v1.45.1
[INFO] [stderr]    Compiling time v0.3.41
[INFO] [stderr]    Compiling time-macros-impl v0.1.2
[INFO] [stderr]    Compiling approx v0.3.2
[INFO] [stderr]    Compiling plotters v0.3.7
[INFO] [stderr]    Compiling chrono v0.4.41
[INFO] [stderr]    Compiling geo-types v0.7.16
[INFO] [stderr]    Compiling geo-types v0.6.2
[INFO] [stderr]    Compiling time-macros v0.1.1
[INFO] [stderr]    Compiling clap v4.5.39
[INFO] [stderr]    Compiling serde v1.0.219
[INFO] [stderr]    Compiling tokio-util v0.7.15
[INFO] [stderr]    Compiling tokio-gaussdb v0.1.0 (/opt/rustwide/workdir)
[INFO] [stderr]    Compiling env_logger v0.11.8
[INFO] [stderr]    Compiling ciborium v0.2.2
[INFO] [stderr]    Compiling smol_str v0.1.24
[INFO] [stderr]    Compiling tinytemplate v1.2.1
[INFO] [stderr]    Compiling criterion v0.6.0
[INFO] [stdout] warning: use of deprecated constant `std::f32::INFINITY`: replaced by the `INFINITY` associated constant on `f32`
[INFO] [stdout]    --> tests/test/types/mod.rs:167:24
[INFO] [stdout]     |
[INFO] [stdout] 167 |             (Some(f32::INFINITY), "'infinity'"),
[INFO] [stdout]     |                        ^^^^^^^^
[INFO] [stdout]     |
[INFO] [stdout]     = note: `#[warn(deprecated)]` on by default
[INFO] [stdout] 
[INFO] [stdout] 
[INFO] [stdout] warning: use of deprecated constant `std::f32::NEG_INFINITY`: replaced by the `NEG_INFINITY` associated constant on `f32`
[INFO] [stdout]    --> tests/test/types/mod.rs:168:24
[INFO] [stdout]     |
[INFO] [stdout] 168 |             (Some(f32::NEG_INFINITY), "'-infinity'"),
[INFO] [stdout]     |                        ^^^^^^^^^^^^
[INFO] [stdout] 
[INFO] [stdout] 
[INFO] [stdout] warning: use of deprecated constant `std::f64::INFINITY`: replaced by the `INFINITY` associated constant on `f64`
[INFO] [stdout]    --> tests/test/types/mod.rs:181:24
[INFO] [stdout]     |
[INFO] [stdout] 181 |             (Some(f64::INFINITY), "'infinity'"),
[INFO] [stdout]     |                        ^^^^^^^^
[INFO] [stdout] 
[INFO] [stdout] 
[INFO] [stdout] warning: use of deprecated constant `std::f64::NEG_INFINITY`: replaced by the `NEG_INFINITY` associated constant on `f64`
[INFO] [stdout]    --> tests/test/types/mod.rs:182:24
[INFO] [stdout]     |
[INFO] [stdout] 182 |             (Some(f64::NEG_INFINITY), "'-infinity'"),
[INFO] [stdout]     |                        ^^^^^^^^^^^^
[INFO] [stdout] 
[INFO] [stdout] 
[INFO] [stderr]     Finished `release` profile [optimized] target(s) in 29.46s
[INFO] running `Command { std: "docker" "inspect" "85e39254ce27ec16b6a8eece4ab601f3174d00470ec438f2fe6e5fe017c7ac7d", kill_on_drop: false }`
[INFO] running `Command { std: "docker" "exec" "-e" "SOURCE_DIR=/opt/rustwide/workdir" "-e" "CARGO_HOME=/opt/rustwide/cargo-home" "-e" "RUSTUP_HOME=/opt/rustwide/rustup-home" "-e" "CARGO_TARGET_DIR=/opt/rustwide/target" "-e" "CARGO_INCREMENTAL=0" "-e" "RUST_BACKTRACE=full" "-e" "RUSTFLAGS=--cap-lints=warn" "-e" "RUSTDOCFLAGS=--cap-lints=warn" "-w" "/opt/rustwide/workdir" "--user" "0:0" "85e39254ce27ec16b6a8eece4ab601f3174d00470ec438f2fe6e5fe017c7ac7d" "/opt/rustwide/cargo-home/bin/cargo" "+1.100.0-beta.1" "test" "--frozen" "--release", kill_on_drop: false }`
[INFO] [stderr] warning: use of deprecated constant `std::f32::INFINITY`: replaced by the `INFINITY` associated constant on `f32`
[INFO] [stderr]    --> tests/test/types/mod.rs:167:24
[INFO] [stderr]     |
[INFO] [stderr] 167 |             (Some(f32::INFINITY), "'infinity'"),
[INFO] [stderr]     |                        ^^^^^^^^
[INFO] [stderr]     |
[INFO] [stderr]     = note: `#[warn(deprecated)]` on by default
[INFO] [stderr] 
[INFO] [stderr] warning: use of deprecated constant `std::f32::NEG_INFINITY`: replaced by the `NEG_INFINITY` associated constant on `f32`
[INFO] [stderr]    --> tests/test/types/mod.rs:168:24
[INFO] [stderr]     |
[INFO] [stderr] 168 |             (Some(f32::NEG_INFINITY), "'-infinity'"),
[INFO] [stderr]     |                        ^^^^^^^^^^^^
[INFO] [stderr] 
[INFO] [stderr] warning: use of deprecated constant `std::f64::INFINITY`: replaced by the `INFINITY` associated constant on `f64`
[INFO] [stderr]    --> tests/test/types/mod.rs:181:24
[INFO] [stderr]     |
[INFO] [stderr] 181 |             (Some(f64::INFINITY), "'infinity'"),
[INFO] [stderr]     |                        ^^^^^^^^
[INFO] [stderr] 
[INFO] [stderr] warning: use of deprecated constant `std::f64::NEG_INFINITY`: replaced by the `NEG_INFINITY` associated constant on `f64`
[INFO] [stderr]    --> tests/test/types/mod.rs:182:24
[INFO] [stderr]     |
[INFO] [stderr] 182 |             (Some(f64::NEG_INFINITY), "'-infinity'"),
[INFO] [stderr]     |                        ^^^^^^^^^^^^
[INFO] [stderr] 
[INFO] [stderr] warning: `tokio-gaussdb` (test "test") generated 4 warnings
[INFO] [stderr]     Finished `release` profile [optimized] target(s) in 0.11s
[INFO] [stderr]      Running tests/gaussdb_auth_test.rs (/opt/rustwide/target/release/build/tokio-gaussdb/2b0f92f46423ec40/out/gaussdb_auth_test-2b0f92f46423ec40)
[INFO] [stdout] 
[INFO] [stdout] running 7 tests
[INFO] [stdout] test test_md5_sha256_authentication ... ok
[INFO] [stdout] test test_nonexistent_user ... ok
[INFO] [stdout] test test_sha256_authentication ... ok
[INFO] [stdout] test test_connection_params ... ok
[INFO] [stdout] test test_basic_connection ... FAILED
[INFO] [stdout] test test_wrong_credentials ... FAILED
[INFO] [stdout] test test_concurrent_connections ... FAILED
[INFO] [stdout] 
[INFO] [stdout] failures:
[INFO] [stdout] 
[INFO] [stdout] ---- test_basic_connection stdout ----
[INFO] [stdout] 
[INFO] [stdout] thread 'test_basic_connection' (1574) panicked at tests/gaussdb_auth_test.rs:40:13:
[INFO] [stdout] ❌ Connection failed: error connecting to server: Connection refused (os error 111)
[INFO] [stdout] stack backtrace:
[INFO] [stdout]    0:     0x5fce47f4df01 - <<std[617be2ca0a6fd877]::sys::backtrace::BacktraceLock>::print::DisplayBacktrace as core[a373ad73a504971]::fmt::Display>::fmt
[INFO] [stdout]    1:     0x5fce47f6404a - core[a373ad73a504971]::fmt::write
[INFO] [stdout]    2:     0x5fce47f526bc - <alloc[2e1b2a31b91974c5]::vec::Vec<u8> as core[a373ad73a504971]::io::write::Write>::write_fmt
[INFO] [stdout]    3:     0x5fce47f292b6 - std[617be2ca0a6fd877]::panicking::default_hook::{closure#0}
[INFO] [stdout]    4:     0x5fce47f45f49 - std[617be2ca0a6fd877]::panicking::default_hook
[INFO] [stdout]    5:     0x5fce47e89870 - test[aada8e7e76ba119b]::test_main_inner::{closure#0}
[INFO] [stdout]    6:     0x5fce47f46272 - std[617be2ca0a6fd877]::panicking::panic_with_hook
[INFO] [stdout]    7:     0x5fce47f29362 - std[617be2ca0a6fd877]::panicking::panic_handler::{closure#0}
[INFO] [stdout]    8:     0x5fce47f21f99 - std[617be2ca0a6fd877]::sys::backtrace::__rust_end_short_backtrace::<std[617be2ca0a6fd877]::panicking::panic_handler::{closure#0}, !>
[INFO] [stdout]    9:     0x5fce47f2a15d - __rustc[ea4f61d10b84890b]::rust_begin_unwind
[INFO] [stdout]   10:     0x5fce47f647ac - core[a373ad73a504971]::panicking::panic_fmt
[INFO] [stdout]   11:     0x5fce47e3301f - gaussdb_auth_test[5d113111bda20799]::test_basic_connection::{closure#0}
[INFO] [stdout]   12:     0x5fce47e6aa3a - <tokio[5f0167f99045a1a0]::runtime::scheduler::current_thread::CurrentThread>::block_on::<core[a373ad73a504971]::pin::Pin<&mut dyn core[a373ad73a504971]::future::future::Future<Output = ()>>>
[INFO] [stdout]   13:     0x5fce47e7aaa2 - <tokio[5f0167f99045a1a0]::runtime::runtime::Runtime>::block_on::<core[a373ad73a504971]::pin::Pin<&mut dyn core[a373ad73a504971]::future::future::Future<Output = ()>>>
[INFO] [stdout]   14:     0x5fce47e3d94e - <gaussdb_auth_test[5d113111bda20799]::test_basic_connection::{closure#0} as core[a373ad73a504971]::ops::function::FnOnce<()>>::call_once
[INFO] [stdout]   15:     0x5fce47e7ccbb - test[aada8e7e76ba119b]::__rust_begin_short_backtrace::<core[a373ad73a504971]::result::Result<(), alloc[2e1b2a31b91974c5]::string::String>, fn() -> core[a373ad73a504971]::result::Result<(), alloc[2e1b2a31b91974c5]::string::String>>
[INFO] [stdout]   16:     0x5fce47e89e95 - test[aada8e7e76ba119b]::run_test::{closure#0}
[INFO] [stdout]   17:     0x5fce47e83784 - std[617be2ca0a6fd877]::sys::backtrace::__rust_begin_short_backtrace::<test[aada8e7e76ba119b]::run_test::{closure#1}, ()>
[INFO] [stdout]   18:     0x5fce47e8cf22 - <std[617be2ca0a6fd877]::thread::lifecycle::spawn_unchecked<test[aada8e7e76ba119b]::run_test::{closure#1}, ()>::{closure#1} as core[a373ad73a504971]::ops::function::FnOnce<()>>::call_once::{shim:vtable#0}
[INFO] [stdout]   19:     0x5fce47f4d3df - <std[617be2ca0a6fd877]::sys::thread::unix::Thread>::new::thread_start
[INFO] [stdout]   20:     0x7f2b527d4dfa - <unknown>
[INFO] [stdout]   21:     0x7f2b528683d4 - clone
[INFO] [stdout]   22:                0x0 - <unknown>
[INFO] [stdout] 
[INFO] [stdout] ---- test_wrong_credentials stdout ----
[INFO] [stdout] ✅ Correctly rejected wrong password: error connecting to server: Connection refused (os error 111)
[INFO] [stdout] 
[INFO] [stdout] thread 'test_wrong_credentials' (1582) panicked at tests/gaussdb_auth_test.rs:166:13:
[INFO] [stdout] assertion failed: e.to_string().contains("password") || e.to_string().contains("authentication")
[INFO] [stdout] stack backtrace:
[INFO] [stdout]    0:     0x5fce47f4df01 - <<std[617be2ca0a6fd877]::sys::backtrace::BacktraceLock>::print::DisplayBacktrace as core[a373ad73a504971]::fmt::Display>::fmt
[INFO] [stdout]    1:     0x5fce47f6404a - core[a373ad73a504971]::fmt::write
[INFO] [stdout]    2:     0x5fce47f526bc - <alloc[2e1b2a31b91974c5]::vec::Vec<u8> as core[a373ad73a504971]::io::write::Write>::write_fmt
[INFO] [stdout]    3:     0x5fce47f292b6 - std[617be2ca0a6fd877]::panicking::default_hook::{closure#0}
[INFO] [stdout]    4:     0x5fce47f45f49 - std[617be2ca0a6fd877]::panicking::default_hook
[INFO] [stdout]    5:     0x5fce47e89870 - test[aada8e7e76ba119b]::test_main_inner::{closure#0}
[INFO] [stdout]    6:     0x5fce47f46272 - std[617be2ca0a6fd877]::panicking::panic_with_hook
[INFO] [stdout]    7:     0x5fce47f29394 - std[617be2ca0a6fd877]::panicking::panic_handler::{closure#0}
[INFO] [stdout]    8:     0x5fce47f21f99 - std[617be2ca0a6fd877]::sys::backtrace::__rust_end_short_backtrace::<std[617be2ca0a6fd877]::panicking::panic_handler::{closure#0}, !>
[INFO] [stdout]    9:     0x5fce47f2a15d - __rustc[ea4f61d10b84890b]::rust_begin_unwind
[INFO] [stdout]   10:     0x5fce47f647ac - core[a373ad73a504971]::panicking::panic_fmt
[INFO] [stdout]   11:     0x5fce47f64772 - core[a373ad73a504971]::panicking::panic
[INFO] [stdout]   12:     0x5fce47e33e0d - gaussdb_auth_test[5d113111bda20799]::test_wrong_credentials::{closure#0}
[INFO] [stdout]   13:     0x5fce47e6aa3a - <tokio[5f0167f99045a1a0]::runtime::scheduler::current_thread::CurrentThread>::block_on::<core[a373ad73a504971]::pin::Pin<&mut dyn core[a373ad73a504971]::future::future::Future<Output = ()>>>
[INFO] [stdout]   14:     0x5fce47e7aaa2 - <tokio[5f0167f99045a1a0]::runtime::runtime::Runtime>::block_on::<core[a373ad73a504971]::pin::Pin<&mut dyn core[a373ad73a504971]::future::future::Future<Output = ()>>>
[INFO] [stdout]   15:     0x5fce47e3ddae - <gaussdb_auth_test[5d113111bda20799]::test_wrong_credentials::{closure#0} as core[a373ad73a504971]::ops::function::FnOnce<()>>::call_once
[INFO] [stdout]   16:     0x5fce47e7ccbb - test[aada8e7e76ba119b]::__rust_begin_short_backtrace::<core[a373ad73a504971]::result::Result<(), alloc[2e1b2a31b91974c5]::string::String>, fn() -> core[a373ad73a504971]::result::Result<(), alloc[2e1b2a31b91974c5]::string::String>>
[INFO] [stdout]   17:     0x5fce47e89e95 - test[aada8e7e76ba119b]::run_test::{closure#0}
[INFO] [stdout]   18:     0x5fce47e83784 - std[617be2ca0a6fd877]::sys::backtrace::__rust_begin_short_backtrace::<test[aada8e7e76ba119b]::run_test::{closure#1}, ()>
[INFO] [stdout]   19:     0x5fce47e8cf22 - <std[617be2ca0a6fd877]::thread::lifecycle::spawn_unchecked<test[aada8e7e76ba119b]::run_test::{closure#1}, ()>::{closure#1} as core[a373ad73a504971]::ops::function::FnOnce<()>>::call_once::{shim:vtable#0}
[INFO] [stdout]   20:     0x5fce47f4d3df - <std[617be2ca0a6fd877]::sys::thread::unix::Thread>::new::thread_start
[INFO] [stdout]   21:     0x7f2b527d4dfa - <unknown>
[INFO] [stdout]   22:     0x7f2b528683d4 - clone
[INFO] [stdout]   23:                0x0 - <unknown>
[INFO] [stdout] 
[INFO] [stdout] ---- test_concurrent_connections stdout ----
[INFO] [stdout] ❌ Concurrent connection 1 failed: error connecting to server: Connection refused (os error 111)
[INFO] [stdout] ❌ Concurrent connection 0 failed: error connecting to server: Connection refused (os error 111)
[INFO] [stdout] ❌ Concurrent connection 2 failed: error connecting to server: Connection refused (os error 111)
[INFO] [stdout] ✅ 0/3 concurrent connections successful
[INFO] [stdout] 
[INFO] [stdout] thread 'test_concurrent_connections' (1575) panicked at tests/gaussdb_auth_test.rs:288:5:
[INFO] [stdout] At least one connection should succeed
[INFO] [stdout] stack backtrace:
[INFO] [stdout]    0:     0x5fce47f4df01 - <<std[617be2ca0a6fd877]::sys::backtrace::BacktraceLock>::print::DisplayBacktrace as core[a373ad73a504971]::fmt::Display>::fmt
[INFO] [stdout]    1:     0x5fce47f6404a - core[a373ad73a504971]::fmt::write
[INFO] [stdout]    2:     0x5fce47f526bc - <alloc[2e1b2a31b91974c5]::vec::Vec<u8> as core[a373ad73a504971]::io::write::Write>::write_fmt
[INFO] [stdout]    3:     0x5fce47f292b6 - std[617be2ca0a6fd877]::panicking::default_hook::{closure#0}
[INFO] [stdout]    4:     0x5fce47f45f49 - std[617be2ca0a6fd877]::panicking::default_hook
[INFO] [stdout]    5:     0x5fce47e89870 - test[aada8e7e76ba119b]::test_main_inner::{closure#0}
[INFO] [stdout]    6:     0x5fce47f46272 - std[617be2ca0a6fd877]::panicking::panic_with_hook
[INFO] [stdout]    7:     0x5fce47f2894c - std[617be2ca0a6fd877]::panicking::begin_panic::<&str>::{closure#0}
[INFO] [stdout]    8:     0x5fce47f21f79 - std[617be2ca0a6fd877]::sys::backtrace::__rust_end_short_backtrace::<std[617be2ca0a6fd877]::panicking::begin_panic<&str>::{closure#0}, !>
[INFO] [stdout]    9:     0x5fce47f1f65b - std[617be2ca0a6fd877]::panicking::begin_panic::<&str>
[INFO] [stdout]   10:     0x5fce47e34fed - gaussdb_auth_test[5d113111bda20799]::test_concurrent_connections::{closure#0}
[INFO] [stdout]   11:     0x5fce47e6aa3a - <tokio[5f0167f99045a1a0]::runtime::scheduler::current_thread::CurrentThread>::block_on::<core[a373ad73a504971]::pin::Pin<&mut dyn core[a373ad73a504971]::future::future::Future<Output = ()>>>
[INFO] [stdout]   12:     0x5fce47e7aaa2 - <tokio[5f0167f99045a1a0]::runtime::runtime::Runtime>::block_on::<core[a373ad73a504971]::pin::Pin<&mut dyn core[a373ad73a504971]::future::future::Future<Output = ()>>>
[INFO] [stdout]   13:     0x5fce47e3e0ae - <gaussdb_auth_test[5d113111bda20799]::test_concurrent_connections::{closure#0} as core[a373ad73a504971]::ops::function::FnOnce<()>>::call_once
[INFO] [stdout]   14:     0x5fce47e7ccbb - test[aada8e7e76ba119b]::__rust_begin_short_backtrace::<core[a373ad73a504971]::result::Result<(), alloc[2e1b2a31b91974c5]::string::String>, fn() -> core[a373ad73a504971]::result::Result<(), alloc[2e1b2a31b91974c5]::string::String>>
[INFO] [stdout]   15:     0x5fce47e89e95 - test[aada8e7e76ba119b]::run_test::{closure#0}
[INFO] [stdout]   16:     0x5fce47e83784 - std[617be2ca0a6fd877]::sys::backtrace::__rust_begin_short_backtrace::<test[aada8e7e76ba119b]::run_test::{closure#1}, ()>
[INFO] [stdout]   17:     0x5fce47e8cf22 - <std[617be2ca0a6fd877]::thread::lifecycle::spawn_unchecked<test[aada8e7e76ba119b]::run_test::{closure#1}, ()>::{closure#1} as core[a373ad73a504971]::ops::function::FnOnce<()>>::call_once::{shim:vtable#0}
[INFO] [stdout]   18:     0x5fce47f4d3df - <std[617be2ca0a6fd877]::sys::thread::unix::Thread>::new::thread_start
[INFO] [stdout]   19:     0x7f2b527d4dfa - <unknown>
[INFO] [stdout]   20:     0x7f2b528683d4 - clone
[INFO] [stdout]   21:                0x0 - <unknown>
[INFO] [stdout] 
[INFO] [stdout] 
[INFO] [stdout] failures:
[INFO] [stdout]     test_basic_connection
[INFO] [stdout]     test_concurrent_connections
[INFO] [stdout]     test_wrong_credentials
[INFO] [stdout] 
[INFO] [stdout] test result: FAILED. 4 passed; 3 failed; 0 ignored; 0 measured; 0 filtered out; finished in 0.03s
[INFO] [stdout] 
[INFO] [stderr] error: test failed, to rerun pass `--test gaussdb_auth_test`
[INFO] running `Command { std: "docker" "inspect" "85e39254ce27ec16b6a8eece4ab601f3174d00470ec438f2fe6e5fe017c7ac7d", kill_on_drop: false }`
[INFO] running `Command { std: "docker" "rm" "-f" "85e39254ce27ec16b6a8eece4ab601f3174d00470ec438f2fe6e5fe017c7ac7d", kill_on_drop: false }`
[INFO] [stdout] 85e39254ce27ec16b6a8eece4ab601f3174d00470ec438f2fe6e5fe017c7ac7d
