[INFO] fetching crate tokio-fsm-macros 0.4.1...
[INFO] testing tokio-fsm-macros-0.4.1 against 1.99.0-beta.8+cargoflags=--release for beta-release-1.100-2
[INFO] extracting crate tokio-fsm-macros 0.4.1 into /workspace/builds/worker-1-tc1/source
[INFO] started tweaking crates.io crate tokio-fsm-macros 0.4.1
[INFO] removed 0 missing tests
[INFO] finished tweaking crates.io crate tokio-fsm-macros 0.4.1
[INFO] tweaked toml for crates.io crate tokio-fsm-macros 0.4.1 written to /workspace/builds/worker-1-tc1/source/Cargo.toml
[INFO] validating manifest of crates.io crate tokio-fsm-macros 0.4.1 on toolchain 1.99.0-beta.8
[INFO] running `Command { std: CARGO_HOME="/workspace/cargo-home" RUSTUP_HOME="/workspace/rustup-home" "/workspace/cargo-home/bin/cargo" "+1.99.0-beta.8" "metadata" "--manifest-path" "Cargo.toml" "--no-deps", kill_on_drop: false }`
[INFO] crate crates.io crate tokio-fsm-macros 0.4.1 already has a lockfile, it will not be regenerated
[INFO] running `Command { std: CARGO_HOME="/workspace/cargo-home" RUSTUP_HOME="/workspace/rustup-home" "/workspace/cargo-home/bin/cargo" "+1.99.0-beta.8" "fetch" "--manifest-path" "Cargo.toml", kill_on_drop: false }`
[INFO] [stderr]     Updating crates.io index
[INFO] [stderr]  Downloading crates ...
[INFO] [stderr]   Downloaded target-triple v1.0.0
[INFO] [stderr]   Downloaded trybuild v1.0.116
[INFO] [stderr]   Downloaded toml v1.1.2+spec-1.1.0
[INFO] running `Command { std: "docker" "create" "-v" "/var/lib/crater-agent-workspace/builds/worker-1-tc1/source:/opt/rustwide/workdir:ro,Z" "-v" "/var/lib/crater-agent-workspace/builds/worker-1-tc1/target:/opt/rustwide/target:rw,Z" "-v" "/var/lib/crater-agent-workspace/cargo-home:/opt/rustwide/cargo-home:ro,Z" "-v" "/var/lib/crater-agent-workspace/rustup-home:/opt/rustwide/rustup-home:ro,Z" "-m" "1610612736" "--network" "none" "ghcr.io/rust-lang/crates-build-env/linux@sha256:77db811e55d90add9212f6832c23229e3de5f1c1f9905e8cb07319ea15df73ac" "sleep" "infinity", kill_on_drop: false }`
[INFO] [stdout] df9da40eaee14bd063a151859f253c27e50436237ac94fc0ea0c6da2e099bd2a
[INFO] running `Command { std: "docker" "start" "df9da40eaee14bd063a151859f253c27e50436237ac94fc0ea0c6da2e099bd2a", kill_on_drop: false }`
[INFO] running `Command { std: "docker" "inspect" "df9da40eaee14bd063a151859f253c27e50436237ac94fc0ea0c6da2e099bd2a", kill_on_drop: false }`
[INFO] running `Command { std: "docker" "exec" "-e" "SOURCE_DIR=/opt/rustwide/workdir" "-e" "CARGO_HOME=/opt/rustwide/cargo-home" "-e" "RUSTUP_HOME=/opt/rustwide/rustup-home" "-e" "CARGO_TARGET_DIR=/opt/rustwide/target" "-w" "/opt/rustwide/workdir" "--user" "0:0" "df9da40eaee14bd063a151859f253c27e50436237ac94fc0ea0c6da2e099bd2a" "/opt/rustwide/cargo-home/bin/cargo" "+1.99.0-beta.8" "metadata" "--no-deps" "--format-version=1", kill_on_drop: false }`
[INFO] running `Command { std: "docker" "inspect" "df9da40eaee14bd063a151859f253c27e50436237ac94fc0ea0c6da2e099bd2a", kill_on_drop: false }`
[INFO] running `Command { std: "docker" "exec" "-e" "SOURCE_DIR=/opt/rustwide/workdir" "-e" "CARGO_HOME=/opt/rustwide/cargo-home" "-e" "RUSTUP_HOME=/opt/rustwide/rustup-home" "-e" "CARGO_TARGET_DIR=/opt/rustwide/target" "-e" "CARGO_INCREMENTAL=0" "-e" "RUST_BACKTRACE=full" "-e" "RUSTFLAGS=--cap-lints=warn" "-e" "RUSTDOCFLAGS=--cap-lints=warn" "-w" "/opt/rustwide/workdir" "--user" "0:0" "df9da40eaee14bd063a151859f253c27e50436237ac94fc0ea0c6da2e099bd2a" "/opt/rustwide/cargo-home/bin/cargo" "+1.99.0-beta.8" "build" "--frozen" "--message-format=json" "--release", kill_on_drop: false }`
[INFO] [stderr]    Compiling syn v2.0.117
[INFO] [stderr]    Compiling darling_core v0.20.11
[INFO] [stderr]    Compiling darling_macro v0.20.11
[INFO] [stderr]    Compiling darling v0.20.11
[INFO] [stderr]    Compiling tokio-fsm-macros v0.4.1 (/opt/rustwide/workdir)
[INFO] [stderr]     Finished `release` profile [optimized] target(s) in 17.31s
[INFO] running `Command { std: "docker" "inspect" "df9da40eaee14bd063a151859f253c27e50436237ac94fc0ea0c6da2e099bd2a", kill_on_drop: false }`
[INFO] running `Command { std: "docker" "exec" "-e" "SOURCE_DIR=/opt/rustwide/workdir" "-e" "CARGO_HOME=/opt/rustwide/cargo-home" "-e" "RUSTUP_HOME=/opt/rustwide/rustup-home" "-e" "CARGO_TARGET_DIR=/opt/rustwide/target" "-e" "CARGO_INCREMENTAL=0" "-e" "RUST_BACKTRACE=full" "-e" "RUSTFLAGS=--cap-lints=warn" "-e" "RUSTDOCFLAGS=--cap-lints=warn" "-w" "/opt/rustwide/workdir" "--user" "0:0" "df9da40eaee14bd063a151859f253c27e50436237ac94fc0ea0c6da2e099bd2a" "/opt/rustwide/cargo-home/bin/cargo" "+1.99.0-beta.8" "test" "--frozen" "--no-run" "--message-format=json" "--release", kill_on_drop: false }`
[INFO] [stderr]    Compiling serde_core v1.0.228
[INFO] [stderr]    Compiling libc v0.2.183
[INFO] [stderr]    Compiling getrandom v0.4.3
[INFO] [stderr]    Compiling serde_json v1.0.149
[INFO] [stderr]    Compiling target-triple v1.0.0
[INFO] [stderr]    Compiling memchr v2.8.0
[INFO] [stderr]    Compiling serde v1.0.228
[INFO] [stderr]    Compiling regex-syntax v0.8.11
[INFO] [stderr]    Compiling proc-macro2 v1.0.106
[INFO] [stderr]    Compiling unicode-ident v1.0.24
[INFO] [stderr]    Compiling serde_derive v1.0.228
[INFO] [stderr]    Compiling zmij v1.0.21
[INFO] [stderr]    Compiling quote v1.0.45
[INFO] [stderr]    Compiling rand_core v0.10.1
[INFO] [stderr]    Compiling log v0.4.32
[INFO] [stderr]    Compiling winnow v1.0.1
[INFO] [stderr]    Compiling aho-corasick v1.1.4
[INFO] [stderr]    Compiling toml_parser v1.1.2+spec-1.1.0
[INFO] [stderr]    Compiling regex-automata v0.4.14
[INFO] [stderr]    Compiling toml_datetime v1.1.1+spec-1.1.0
[INFO] [stderr]    Compiling serde_spanned v1.1.1
[INFO] [stderr]    Compiling toml_writer v1.1.1+spec-1.1.0
[INFO] [stderr]    Compiling toml v1.1.2+spec-1.1.0
[INFO] [stderr]    Compiling syn v2.0.117
[INFO] [stderr]    Compiling rand v0.10.1
[INFO] [stderr]    Compiling regex v1.12.4
[INFO] [stderr]    Compiling termcolor v1.4.1
[INFO] [stderr]    Compiling ident_case v1.0.1
[INFO] [stderr]    Compiling env_filter v1.0.1
[INFO] [stderr]    Compiling trybuild v1.0.116
[INFO] [stderr]    Compiling env_logger v0.11.10
[INFO] [stderr]    Compiling quickcheck v1.1.0
[INFO] [stderr]    Compiling tokio-fsm-macros v0.4.1 (/opt/rustwide/workdir)
[INFO] [stderr]    Compiling glob v0.3.3
[INFO] [stderr]    Compiling darling_core v0.20.11
[INFO] [stderr]    Compiling darling v0.20.11
[INFO] [stderr]     Finished `release` profile [optimized] target(s) in 2m 24s
[INFO] running `Command { std: "docker" "inspect" "df9da40eaee14bd063a151859f253c27e50436237ac94fc0ea0c6da2e099bd2a", kill_on_drop: false }`
[INFO] running `Command { std: "docker" "exec" "-e" "SOURCE_DIR=/opt/rustwide/workdir" "-e" "CARGO_HOME=/opt/rustwide/cargo-home" "-e" "RUSTUP_HOME=/opt/rustwide/rustup-home" "-e" "CARGO_TARGET_DIR=/opt/rustwide/target" "-e" "CARGO_INCREMENTAL=0" "-e" "RUST_BACKTRACE=full" "-e" "RUSTFLAGS=--cap-lints=warn" "-e" "RUSTDOCFLAGS=--cap-lints=warn" "-w" "/opt/rustwide/workdir" "--user" "0:0" "df9da40eaee14bd063a151859f253c27e50436237ac94fc0ea0c6da2e099bd2a" "/opt/rustwide/cargo-home/bin/cargo" "+1.99.0-beta.8" "test" "--frozen" "--release", kill_on_drop: false }`
[INFO] [stderr]     Finished `release` profile [optimized] target(s) in 0.09s
[INFO] [stderr]      Running unittests src/lib.rs (/opt/rustwide/target/release/deps/tokio_fsm_macros-d1dcd27ed6958db8)
[INFO] [stdout] 
[INFO] [stdout] running 5 tests
[INFO] [stdout] test validation::graph::tests::test_valid_fsm_passes_validation ... ok
[INFO] [stdout] test validation::validator::tests::canonical_websocket_graph_has_no_diagnostics ... ok
[INFO] [stdout] test validation::graph::tests::test_unreachable_state_fails_validation ... ok
[INFO] [stdout] test validation::validator::tests::prop_graph_validation_matches_reference_implementation ... ok
[INFO] [stderr]      Running tests/trybuild.rs (/opt/rustwide/target/release/deps/trybuild-45a07369b7804c8a)
[INFO] [stdout] test validation::graph::tests::test_duplicate_handlers_fails_validation ... ok
[INFO] [stdout] 
[INFO] [stdout] test result: ok. 5 passed; 0 failed; 0 ignored; 0 measured; 0 filtered out; finished in 0.00s
[INFO] [stdout] 
[INFO] [stdout] 
[INFO] [stdout] running 1 test
[INFO] [stderr]    Compiling proc-macro2 v1.0.106
[INFO] [stderr]    Compiling quote v1.0.45
[INFO] [stderr]    Compiling unicode-ident v1.0.24
[INFO] [stderr]    Compiling memchr v2.8.0
[INFO] [stderr]    Compiling ident_case v1.0.1
[INFO] [stderr]    Compiling fnv v1.0.7
[INFO] [stderr]    Compiling regex-syntax v0.8.11
[INFO] [stderr]    Compiling strsim v0.11.1
[INFO] [stderr]    Compiling libc v0.2.183
[INFO] [stderr]    Compiling getrandom v0.4.3
[INFO] [stderr]    Compiling cfg-if v1.0.4
[INFO] [stderr]    Compiling rand_core v0.10.1
[INFO] [stderr]    Compiling log v0.4.32
[INFO] [stderr]    Compiling aho-corasick v1.1.4
[INFO] [stderr]    Compiling syn v2.0.117
[INFO] [stderr]    Compiling regex-automata v0.4.14
[INFO] [stderr]    Compiling rand v0.10.1
[INFO] [stderr]    Compiling regex v1.12.4
[INFO] [stderr]    Compiling env_filter v1.0.1
[INFO] [stderr]    Compiling env_logger v0.11.10
[INFO] [stderr]    Compiling darling_core v0.20.11
[INFO] [stderr]    Compiling quickcheck v1.1.0
[INFO] [stderr]    Compiling darling_macro v0.20.11
[INFO] [stderr]    Compiling darling v0.20.11
[INFO] [stderr]    Compiling tokio-fsm-macros v0.4.1 (/opt/rustwide/workdir)
[INFO] [stderr]    Compiling tokio-fsm-macros-tests v0.0.0 (/opt/rustwide/target/tests/trybuild/tokio-fsm-macros)
[INFO] [stderr]     Finished `dev` profile [unoptimized + debuginfo] target(s) in 43.50s
[INFO] [stderr] 
[INFO] [stderr] 
[INFO] [stdout] test ui has been running for over 60 seconds
[INFO] [stderr] test tests/pass/non_clone_payload.rs [should pass] ... error
[INFO] [stderr] ┈┈┈┈┈┈┈┈┈┈┈┈┈┈┈┈┈┈┈┈┈┈┈┈┈┈┈┈┈┈┈┈┈┈┈┈┈┈┈┈┈┈┈┈┈┈┈┈┈┈┈┈┈┈┈┈┈┈┈┈
[INFO] [stderr] error[E0432]: unresolved import `tokio_fsm`
[INFO] [stderr]  --> tests/pass/non_clone_payload.rs:1:5
[INFO] [stderr]   |
[INFO] [stderr] 1 | use tokio_fsm::fsm;
[INFO] [stderr]   |     ^^^^^^^^^ use of unresolved module or unlinked crate `tokio_fsm`
[INFO] [stderr]   |
[INFO] [stderr]   = help: if you wanted to use a crate named `tokio_fsm`, use `cargo add tokio_fsm` to add it to your `Cargo.toml`
[INFO] [stderr] 
[INFO] [stderr] error: cannot find attribute `on` in this scope
[INFO] [stderr]   --> tests/pass/non_clone_payload.rs:10:7
[INFO] [stderr]    |
[INFO] [stderr] 10 |     #[on(state = Idle, event = Start, next = Done)]
[INFO] [stderr]    |       ^^
[INFO] [stderr] 
[INFO] [stderr] error[E0425]: cannot find type `NonClonePayloadFsm` in this scope
[INFO] [stderr]  --> tests/pass/non_clone_payload.rs:6:6
[INFO] [stderr]   |
[INFO] [stderr] 3 | pub struct NonClonePayload(String);
[INFO] [stderr]   | ----------------------------------- similarly named struct `NonClonePayload` defined here
[INFO] [stderr] ...
[INFO] [stderr] 6 | impl NonClonePayloadFsm {
[INFO] [stderr]   |      ^^^^^^^^^^^^^^^^^^
[INFO] [stderr]   |
[INFO] [stderr] help: a struct with a similar name exists
[INFO] [stderr]   |
[INFO] [stderr] 6 - impl NonClonePayloadFsm {
[INFO] [stderr] 6 + impl NonClonePayload {
[INFO] [stderr]   |
[INFO] [stderr] 
[INFO] [stderr] error[E0658]: inherent associated types are unstable
[INFO] [stderr]  --> tests/pass/non_clone_payload.rs:7:5
[INFO] [stderr]   |
[INFO] [stderr] 7 |     type Context = ();
[INFO] [stderr]   |     ^^^^^^^^^^^^^^^^^^
[INFO] [stderr]   |
[INFO] [stderr]   = note: see issue #8995 <https://github.com/rust-lang/rust/issues/8995> for more information
[INFO] [stderr] 
[INFO] [stderr] error[E0658]: inherent associated types are unstable
[INFO] [stderr]  --> tests/pass/non_clone_payload.rs:8:5
[INFO] [stderr]   |
[INFO] [stderr] 8 |     type Error = std::convert::Infallible;
[INFO] [stderr]   |     ^^^^^^^^^^^^^^^^^^^^^^^^^^^^^^^^^^^^^^
[INFO] [stderr]   |
[INFO] [stderr]   = note: see issue #8995 <https://github.com/rust-lang/rust/issues/8995> for more information
[INFO] [stderr] ┈┈┈┈┈┈┈┈┈┈┈┈┈┈┈┈┈┈┈┈┈┈┈┈┈┈┈┈┈┈┈┈┈┈┈┈┈┈┈┈┈┈┈┈┈┈┈┈┈┈┈┈┈┈┈┈┈┈┈┈
[INFO] [stderr] 
[INFO] [stderr] test tests/pass/reused_state_names.rs [should pass] ... error
[INFO] [stderr] ┈┈┈┈┈┈┈┈┈┈┈┈┈┈┈┈┈┈┈┈┈┈┈┈┈┈┈┈┈┈┈┈┈┈┈┈┈┈┈┈┈┈┈┈┈┈┈┈┈┈┈┈┈┈┈┈┈┈┈┈
[INFO] [stderr] error[E0432]: unresolved import `tokio_fsm`
[INFO] [stderr]  --> tests/pass/reused_state_names.rs:1:5
[INFO] [stderr]   |
[INFO] [stderr] 1 | use tokio_fsm::fsm;
[INFO] [stderr]   |     ^^^^^^^^^ use of unresolved module or unlinked crate `tokio_fsm`
[INFO] [stderr]   |
[INFO] [stderr]   = help: if you wanted to use a crate named `tokio_fsm`, use `cargo add tokio_fsm` to add it to your `Cargo.toml`
[INFO] [stderr] 
[INFO] [stderr] error: cannot find attribute `on` in this scope
[INFO] [stderr]   --> tests/pass/reused_state_names.rs:18:7
[INFO] [stderr]    |
[INFO] [stderr] 18 |     #[on(state = Idle, event = Start, next = Done)]
[INFO] [stderr]    |       ^^
[INFO] [stderr] 
[INFO] [stderr] error: cannot find attribute `on` in this scope
[INFO] [stderr]  --> tests/pass/reused_state_names.rs:8:7
[INFO] [stderr]   |
[INFO] [stderr] 8 |     #[on(state = Idle, event = Start, next = Done)]
[INFO] [stderr]   |       ^^
[INFO] [stderr] 
[INFO] [stderr] error[E0425]: cannot find type `FirstFsm` in this scope
[INFO] [stderr]  --> tests/pass/reused_state_names.rs:4:6
[INFO] [stderr]   |
[INFO] [stderr] 4 | impl FirstFsm {
[INFO] [stderr]   |      ^^^^^^^^ not found in this scope
[INFO] [stderr] 
[INFO] [stderr] error[E0425]: cannot find type `SecondFsm` in this scope
[INFO] [stderr]   --> tests/pass/reused_state_names.rs:14:6
[INFO] [stderr]    |
[INFO] [stderr] 14 | impl SecondFsm {
[INFO] [stderr]    |      ^^^^^^^^^ not found in this scope
[INFO] [stderr] 
[INFO] [stderr] error[E0658]: inherent associated types are unstable
[INFO] [stderr]  --> tests/pass/reused_state_names.rs:5:5
[INFO] [stderr]   |
[INFO] [stderr] 5 |     type Context = ();
[INFO] [stderr]   |     ^^^^^^^^^^^^^^^^^^
[INFO] [stderr]   |
[INFO] [stderr]   = note: see issue #8995 <https://github.com/rust-lang/rust/issues/8995> for more information
[INFO] [stderr] 
[INFO] [stderr] error[E0658]: inherent associated types are unstable
[INFO] [stderr]  --> tests/pass/reused_state_names.rs:6:5
[INFO] [stderr]   |
[INFO] [stderr] 6 |     type Error = std::convert::Infallible;
[INFO] [stderr]   |     ^^^^^^^^^^^^^^^^^^^^^^^^^^^^^^^^^^^^^^
[INFO] [stderr]   |
[INFO] [stderr]   = note: see issue #8995 <https://github.com/rust-lang/rust/issues/8995> for more information
[INFO] [stderr] 
[INFO] [stderr] error[E0658]: inherent associated types are unstable
[INFO] [stderr]   --> tests/pass/reused_state_names.rs:15:5
[INFO] [stderr]    |
[INFO] [stderr] 15 |     type Context = ();
[INFO] [stderr]    |     ^^^^^^^^^^^^^^^^^^
[INFO] [stderr]    |
[INFO] [stderr]    = note: see issue #8995 <https://github.com/rust-lang/rust/issues/8995> for more information
[INFO] [stderr] 
[INFO] [stderr] error[E0658]: inherent associated types are unstable
[INFO] [stderr]   --> tests/pass/reused_state_names.rs:16:5
[INFO] [stderr]    |
[INFO] [stderr] 16 |     type Error = std::convert::Infallible;
[INFO] [stderr]    |     ^^^^^^^^^^^^^^^^^^^^^^^^^^^^^^^^^^^^^^
[INFO] [stderr]    |
[INFO] [stderr]    = note: see issue #8995 <https://github.com/rust-lang/rust/issues/8995> for more information
[INFO] [stderr] ┈┈┈┈┈┈┈┈┈┈┈┈┈┈┈┈┈┈┈┈┈┈┈┈┈┈┈┈┈┈┈┈┈┈┈┈┈┈┈┈┈┈┈┈┈┈┈┈┈┈┈┈┈┈┈┈┈┈┈┈
[INFO] [stderr] 
[INFO] [stderr] test tests/ui/duplicate_source_state.rs [should fail to compile] ... mismatch
[INFO] [stderr] 
[INFO] [stderr] EXPECTED:
[INFO] [stderr] ┈┈┈┈┈┈┈┈┈┈┈┈┈┈┈┈┈┈┈┈┈┈┈┈┈┈┈┈┈┈┈┈┈┈┈┈┈┈┈┈┈┈┈┈┈┈┈┈┈┈┈┈┈┈┈┈┈┈┈┈
[INFO] [stderr] error: Duplicate #[on] source state 'Idle' on handler 'on_start'
[INFO] [stderr]  --> tests/ui/duplicate_source_state.rs:9:5
[INFO] [stderr]   |
[INFO] [stderr] 9 |     #[on(state = Idle, event = Start, next = Running)]
[INFO] [stderr]   |     ^^^^^^^^^^^^^^^^^^^^^^^^^^^^^^^^^^^^^^^^^^^^^^^^^^
[INFO] [stderr] ┈┈┈┈┈┈┈┈┈┈┈┈┈┈┈┈┈┈┈┈┈┈┈┈┈┈┈┈┈┈┈┈┈┈┈┈┈┈┈┈┈┈┈┈┈┈┈┈┈┈┈┈┈┈┈┈┈┈┈┈
[INFO] [stderr] 
[INFO] [stderr] ACTUAL OUTPUT:
[INFO] [stderr] ┈┈┈┈┈┈┈┈┈┈┈┈┈┈┈┈┈┈┈┈┈┈┈┈┈┈┈┈┈┈┈┈┈┈┈┈┈┈┈┈┈┈┈┈┈┈┈┈┈┈┈┈┈┈┈┈┈┈┈┈
[INFO] [stderr] error[E0432]: unresolved import `tokio_fsm`
[INFO] [stderr]  --> tests/ui/duplicate_source_state.rs:1:5
[INFO] [stderr]   |
[INFO] [stderr] 1 | use tokio_fsm::fsm;
[INFO] [stderr]   |     ^^^^^^^^^ use of unresolved module or unlinked crate `tokio_fsm`
[INFO] [stderr]   |
[INFO] [stderr]   = help: if you wanted to use a crate named `tokio_fsm`, use `cargo add tokio_fsm` to add it to your `Cargo.toml`
[INFO] [stderr] 
[INFO] [stderr] error: cannot find attribute `on` in this scope
[INFO] [stderr]  --> tests/ui/duplicate_source_state.rs:8:7
[INFO] [stderr]   |
[INFO] [stderr] 8 |     #[on(state = Idle, event = Start, next = Running)]
[INFO] [stderr]   |       ^^
[INFO] [stderr] 
[INFO] [stderr] error: cannot find attribute `on` in this scope
[INFO] [stderr]  --> tests/ui/duplicate_source_state.rs:9:7
[INFO] [stderr]   |
[INFO] [stderr] 9 |     #[on(state = Idle, event = Start, next = Running)]
[INFO] [stderr]   |       ^^
[INFO] [stderr] 
[INFO] [stderr] error[E0425]: cannot find type `DuplicateSourceStateFsm` in this scope
[INFO] [stderr]  --> tests/ui/duplicate_source_state.rs:4:6
[INFO] [stderr]   |
[INFO] [stderr] 4 | impl DuplicateSourceStateFsm {
[INFO] [stderr]   |      ^^^^^^^^^^^^^^^^^^^^^^^ not found in this scope
[INFO] [stderr] 
[INFO] [stderr] error[E0658]: inherent associated types are unstable
[INFO] [stderr]  --> tests/ui/duplicate_source_state.rs:5:5
[INFO] [stderr]   |
[INFO] [stderr] 5 |     type Context = ();
[INFO] [stderr]   |     ^^^^^^^^^^^^^^^^^^
[INFO] [stderr]   |
[INFO] [stderr]   = note: see issue #8995 <https://github.com/rust-lang/rust/issues/8995> for more information
[INFO] [stderr] 
[INFO] [stderr] error[E0658]: inherent associated types are unstable
[INFO] [stderr]  --> tests/ui/duplicate_source_state.rs:6:5
[INFO] [stderr]   |
[INFO] [stderr] 6 |     type Error = std::convert::Infallible;
[INFO] [stderr]   |     ^^^^^^^^^^^^^^^^^^^^^^^^^^^^^^^^^^^^^^
[INFO] [stderr]   |
[INFO] [stderr]   = note: see issue #8995 <https://github.com/rust-lang/rust/issues/8995> for more information
[INFO] [stderr] ┈┈┈┈┈┈┈┈┈┈┈┈┈┈┈┈┈┈┈┈┈┈┈┈┈┈┈┈┈┈┈┈┈┈┈┈┈┈┈┈┈┈┈┈┈┈┈┈┈┈┈┈┈┈┈┈┈┈┈┈
[INFO] [stderr] note: If the actual output is the correct output you can bless it by rerunning
[INFO] [stderr]       your test with the environment variable TRYBUILD=overwrite
[INFO] [stderr] 
[INFO] [stderr] test tests/ui/duplicate_transition_handler.rs [should fail to compile] ... mismatch
[INFO] [stderr] 
[INFO] [stderr] EXPECTED:
[INFO] [stderr] ┈┈┈┈┈┈┈┈┈┈┈┈┈┈┈┈┈┈┈┈┈┈┈┈┈┈┈┈┈┈┈┈┈┈┈┈┈┈┈┈┈┈┈┈┈┈┈┈┈┈┈┈┈┈┈┈┈┈┈┈
[INFO] [stderr] error: Duplicate handler for state 'Idle' and event 'Start': 'first' and 'second'
[INFO] [stderr]   --> tests/ui/duplicate_transition_handler.rs:13:14
[INFO] [stderr]    |
[INFO] [stderr] 13 |     async fn second(&mut self) {
[INFO] [stderr]    |              ^^^^^^
[INFO] [stderr] ┈┈┈┈┈┈┈┈┈┈┈┈┈┈┈┈┈┈┈┈┈┈┈┈┈┈┈┈┈┈┈┈┈┈┈┈┈┈┈┈┈┈┈┈┈┈┈┈┈┈┈┈┈┈┈┈┈┈┈┈
[INFO] [stderr] 
[INFO] [stderr] ACTUAL OUTPUT:
[INFO] [stderr] ┈┈┈┈┈┈┈┈┈┈┈┈┈┈┈┈┈┈┈┈┈┈┈┈┈┈┈┈┈┈┈┈┈┈┈┈┈┈┈┈┈┈┈┈┈┈┈┈┈┈┈┈┈┈┈┈┈┈┈┈
[INFO] [stderr] error[E0432]: unresolved import `tokio_fsm`
[INFO] [stderr]  --> tests/ui/duplicate_transition_handler.rs:1:5
[INFO] [stderr]   |
[INFO] [stderr] 1 | use tokio_fsm::fsm;
[INFO] [stderr]   |     ^^^^^^^^^ use of unresolved module or unlinked crate `tokio_fsm`
[INFO] [stderr]   |
[INFO] [stderr]   = help: if you wanted to use a crate named `tokio_fsm`, use `cargo add tokio_fsm` to add it to your `Cargo.toml`
[INFO] [stderr] 
[INFO] [stderr] error: cannot find attribute `on` in this scope
[INFO] [stderr]  --> tests/ui/duplicate_transition_handler.rs:8:7
[INFO] [stderr]   |
[INFO] [stderr] 8 |     #[on(state = Idle, event = Start, next = One)]
[INFO] [stderr]   |       ^^
[INFO] [stderr] 
[INFO] [stderr] error: cannot find attribute `on` in this scope
[INFO] [stderr]   --> tests/ui/duplicate_transition_handler.rs:12:7
[INFO] [stderr]    |
[INFO] [stderr] 12 |     #[on(state = Idle, event = Start, next = Two)]
[INFO] [stderr]    |       ^^
[INFO] [stderr] 
[INFO] [stderr] error[E0425]: cannot find type `DuplicateTransitionFsm` in this scope
[INFO] [stderr]  --> tests/ui/duplicate_transition_handler.rs:4:6
[INFO] [stderr]   |
[INFO] [stderr] 4 | impl DuplicateTransitionFsm {
[INFO] [stderr]   |      ^^^^^^^^^^^^^^^^^^^^^^ not found in this scope
[INFO] [stderr] 
[INFO] [stderr] error[E0658]: inherent associated types are unstable
[INFO] [stderr]  --> tests/ui/duplicate_transition_handler.rs:5:5
[INFO] [stderr]   |
[INFO] [stderr] 5 |     type Context = ();
[INFO] [stderr]   |     ^^^^^^^^^^^^^^^^^^
[INFO] [stderr]   |
[INFO] [stderr]   = note: see issue #8995 <https://github.com/rust-lang/rust/issues/8995> for more information
[INFO] [stderr] 
[INFO] [stderr] error[E0658]: inherent associated types are unstable
[INFO] [stderr]  --> tests/ui/duplicate_transition_handler.rs:6:5
[INFO] [stderr]   |
[INFO] [stderr] 6 |     type Error = std::convert::Infallible;
[INFO] [stderr]   |     ^^^^^^^^^^^^^^^^^^^^^^^^^^^^^^^^^^^^^^
[INFO] [stderr]   |
[INFO] [stderr]   = note: see issue #8995 <https://github.com/rust-lang/rust/issues/8995> for more information
[INFO] [stderr] ┈┈┈┈┈┈┈┈┈┈┈┈┈┈┈┈┈┈┈┈┈┈┈┈┈┈┈┈┈┈┈┈┈┈┈┈┈┈┈┈┈┈┈┈┈┈┈┈┈┈┈┈┈┈┈┈┈┈┈┈
[INFO] [stderr] note: If the actual output is the correct output you can bless it by rerunning
[INFO] [stderr]       your test with the environment variable TRYBUILD=overwrite
[INFO] [stderr] 
[INFO] [stderr] test tests/ui/invalid_return_type.rs [should fail to compile] ... mismatch
[INFO] [stderr] 
[INFO] [stderr] EXPECTED:
[INFO] [stderr] ┈┈┈┈┈┈┈┈┈┈┈┈┈┈┈┈┈┈┈┈┈┈┈┈┈┈┈┈┈┈┈┈┈┈┈┈┈┈┈┈┈┈┈┈┈┈┈┈┈┈┈┈┈┈┈┈┈┈┈┈
[INFO] [stderr] error: FSM handlers must return (), Result<(), E>, Transition<State>, or Result<Transition<State>, E>
[INFO] [stderr]  --> tests/ui/invalid_return_type.rs:9:37
[INFO] [stderr]   |
[INFO] [stderr] 9 |     async fn on_start(&mut self) -> usize {
[INFO] [stderr]   |                                     ^^^^^
[INFO] [stderr] ┈┈┈┈┈┈┈┈┈┈┈┈┈┈┈┈┈┈┈┈┈┈┈┈┈┈┈┈┈┈┈┈┈┈┈┈┈┈┈┈┈┈┈┈┈┈┈┈┈┈┈┈┈┈┈┈┈┈┈┈
[INFO] [stderr] 
[INFO] [stderr] ACTUAL OUTPUT:
[INFO] [stderr] ┈┈┈┈┈┈┈┈┈┈┈┈┈┈┈┈┈┈┈┈┈┈┈┈┈┈┈┈┈┈┈┈┈┈┈┈┈┈┈┈┈┈┈┈┈┈┈┈┈┈┈┈┈┈┈┈┈┈┈┈
[INFO] [stderr] error[E0432]: unresolved import `tokio_fsm`
[INFO] [stderr]  --> tests/ui/invalid_return_type.rs:1:5
[INFO] [stderr]   |
[INFO] [stderr] 1 | use tokio_fsm::fsm;
[INFO] [stderr]   |     ^^^^^^^^^ use of unresolved module or unlinked crate `tokio_fsm`
[INFO] [stderr]   |
[INFO] [stderr]   = help: if you wanted to use a crate named `tokio_fsm`, use `cargo add tokio_fsm` to add it to your `Cargo.toml`
[INFO] [stderr] 
[INFO] [stderr] error: cannot find attribute `on` in this scope
[INFO] [stderr]  --> tests/ui/invalid_return_type.rs:8:7
[INFO] [stderr]   |
[INFO] [stderr] 8 |     #[on(state = Idle, event = Start, next = Running)]
[INFO] [stderr]   |       ^^
[INFO] [stderr] 
[INFO] [stderr] error[E0425]: cannot find type `InvalidReturnTypeFsm` in this scope
[INFO] [stderr]  --> tests/ui/invalid_return_type.rs:4:6
[INFO] [stderr]   |
[INFO] [stderr] 4 | impl InvalidReturnTypeFsm {
[INFO] [stderr]   |      ^^^^^^^^^^^^^^^^^^^^ not found in this scope
[INFO] [stderr] 
[INFO] [stderr] error[E0658]: inherent associated types are unstable
[INFO] [stderr]  --> tests/ui/invalid_return_type.rs:5:5
[INFO] [stderr]   |
[INFO] [stderr] 5 |     type Context = ();
[INFO] [stderr]   |     ^^^^^^^^^^^^^^^^^^
[INFO] [stderr]   |
[INFO] [stderr]   = note: see issue #8995 <https://github.com/rust-lang/rust/issues/8995> for more information
[INFO] [stderr] 
[INFO] [stderr] error[E0658]: inherent associated types are unstable
[INFO] [stderr]  --> tests/ui/invalid_return_type.rs:6:5
[INFO] [stderr]   |
[INFO] [stderr] 6 |     type Error = std::convert::Infallible;
[INFO] [stderr]   |     ^^^^^^^^^^^^^^^^^^^^^^^^^^^^^^^^^^^^^^
[INFO] [stderr]   |
[INFO] [stderr]   = note: see issue #8995 <https://github.com/rust-lang/rust/issues/8995> for more information
[INFO] [stderr] ┈┈┈┈┈┈┈┈┈┈┈┈┈┈┈┈┈┈┈┈┈┈┈┈┈┈┈┈┈┈┈┈┈┈┈┈┈┈┈┈┈┈┈┈┈┈┈┈┈┈┈┈┈┈┈┈┈┈┈┈
[INFO] [stderr] note: If the actual output is the correct output you can bless it by rerunning
[INFO] [stderr]       your test with the environment variable TRYBUILD=overwrite
[INFO] [stderr] 
[INFO] [stderr] test tests/ui/mixed_events.rs [should fail to compile] ... mismatch
[INFO] [stderr] 
[INFO] [stderr] EXPECTED:
[INFO] [stderr] ┈┈┈┈┈┈┈┈┈┈┈┈┈┈┈┈┈┈┈┈┈┈┈┈┈┈┈┈┈┈┈┈┈┈┈┈┈┈┈┈┈┈┈┈┈┈┈┈┈┈┈┈┈┈┈┈┈┈┈┈
[INFO] [stderr] error: Handler method 'start_or_stop' handles multiple different events: 'Start' and 'Stop'
[INFO] [stderr]   --> tests/ui/mixed_events.rs:13:35
[INFO] [stderr]    |
[INFO] [stderr] 13 |     #[on(state = Running, event = Stop, next = Idle)]
[INFO] [stderr]    |                                   ^^^^
[INFO] [stderr] ┈┈┈┈┈┈┈┈┈┈┈┈┈┈┈┈┈┈┈┈┈┈┈┈┈┈┈┈┈┈┈┈┈┈┈┈┈┈┈┈┈┈┈┈┈┈┈┈┈┈┈┈┈┈┈┈┈┈┈┈
[INFO] [stderr] 
[INFO] [stderr] ACTUAL OUTPUT:
[INFO] [stderr] ┈┈┈┈┈┈┈┈┈┈┈┈┈┈┈┈┈┈┈┈┈┈┈┈┈┈┈┈┈┈┈┈┈┈┈┈┈┈┈┈┈┈┈┈┈┈┈┈┈┈┈┈┈┈┈┈┈┈┈┈
[INFO] [stderr] error[E0432]: unresolved import `tokio_fsm`
[INFO] [stderr]  --> tests/ui/mixed_events.rs:1:5
[INFO] [stderr]   |
[INFO] [stderr] 1 | use tokio_fsm::fsm;
[INFO] [stderr]   |     ^^^^^^^^^ use of unresolved module or unlinked crate `tokio_fsm`
[INFO] [stderr]   |
[INFO] [stderr]   = help: if you wanted to use a crate named `tokio_fsm`, use `cargo add tokio_fsm` to add it to your `Cargo.toml`
[INFO] [stderr] 
[INFO] [stderr] error: cannot find attribute `on` in this scope
[INFO] [stderr]  --> tests/ui/mixed_events.rs:8:7
[INFO] [stderr]   |
[INFO] [stderr] 8 |     #[on(state = Idle, event = Dummy, next = Running)]
[INFO] [stderr]   |       ^^
[INFO] [stderr] 
[INFO] [stderr] error: cannot find attribute `on` in this scope
[INFO] [stderr]   --> tests/ui/mixed_events.rs:12:7
[INFO] [stderr]    |
[INFO] [stderr] 12 |     #[on(state = Idle, event = Start, next = Idle)]
[INFO] [stderr]    |       ^^
[INFO] [stderr] 
[INFO] [stderr] error: cannot find attribute `on` in this scope
[INFO] [stderr]   --> tests/ui/mixed_events.rs:13:7
[INFO] [stderr]    |
[INFO] [stderr] 13 |     #[on(state = Running, event = Stop, next = Idle)]
[INFO] [stderr]    |       ^^
[INFO] [stderr] 
[INFO] [stderr] error[E0425]: cannot find type `MixedEvents` in this scope
[INFO] [stderr]  --> tests/ui/mixed_events.rs:4:6
[INFO] [stderr]   |
[INFO] [stderr] 4 | impl MixedEvents {
[INFO] [stderr]   |      ^^^^^^^^^^^ not found in this scope
[INFO] [stderr] 
[INFO] [stderr] error[E0658]: inherent associated types are unstable
[INFO] [stderr]  --> tests/ui/mixed_events.rs:5:5
[INFO] [stderr]   |
[INFO] [stderr] 5 |     type Context = ();
[INFO] [stderr]   |     ^^^^^^^^^^^^^^^^^^
[INFO] [stderr]   |
[INFO] [stderr]   = note: see issue #8995 <https://github.com/rust-lang/rust/issues/8995> for more information
[INFO] [stderr] 
[INFO] [stderr] error[E0658]: inherent associated types are unstable
[INFO] [stderr]  --> tests/ui/mixed_events.rs:6:5
[INFO] [stderr]   |
[INFO] [stderr] 6 |     type Error = ();
[INFO] [stderr]   |     ^^^^^^^^^^^^^^^^
[INFO] [stderr]   |
[INFO] [stderr]   = note: see issue #8995 <https://github.com/rust-lang/rust/issues/8995> for more information
[INFO] [stderr] ┈┈┈┈┈┈┈┈┈┈┈┈┈┈┈┈┈┈┈┈┈┈┈┈┈┈┈┈┈┈┈┈┈┈┈┈┈┈┈┈┈┈┈┈┈┈┈┈┈┈┈┈┈┈┈┈┈┈┈┈
[INFO] [stderr] note: If the actual output is the correct output you can bless it by rerunning
[INFO] [stderr]       your test with the environment variable TRYBUILD=overwrite
[INFO] [stderr] 
[INFO] [stderr] test tests/ui/payload_mismatch.rs [should fail to compile] ... mismatch
[INFO] [stderr] 
[INFO] [stderr] EXPECTED:
[INFO] [stderr] ┈┈┈┈┈┈┈┈┈┈┈┈┈┈┈┈┈┈┈┈┈┈┈┈┈┈┈┈┈┈┈┈┈┈┈┈┈┈┈┈┈┈┈┈┈┈┈┈┈┈┈┈┈┈┈┈┈┈┈┈
[INFO] [stderr] error: Event 'Start' has inconsistent payload types across handlers: expected 'String', found 'u32'
[INFO] [stderr]   --> tests/ui/payload_mismatch.rs:13:32
[INFO] [stderr]    |
[INFO] [stderr] 13 |     #[on(state = Idle, event = Start, next = Idle)]
[INFO] [stderr]    |                                ^^^^^
[INFO] [stderr] ┈┈┈┈┈┈┈┈┈┈┈┈┈┈┈┈┈┈┈┈┈┈┈┈┈┈┈┈┈┈┈┈┈┈┈┈┈┈┈┈┈┈┈┈┈┈┈┈┈┈┈┈┈┈┈┈┈┈┈┈
[INFO] [stderr] 
[INFO] [stderr] ACTUAL OUTPUT:
[INFO] [stderr] ┈┈┈┈┈┈┈┈┈┈┈┈┈┈┈┈┈┈┈┈┈┈┈┈┈┈┈┈┈┈┈┈┈┈┈┈┈┈┈┈┈┈┈┈┈┈┈┈┈┈┈┈┈┈┈┈┈┈┈┈
[INFO] [stderr] error[E0432]: unresolved import `tokio_fsm`
[INFO] [stderr]  --> tests/ui/payload_mismatch.rs:1:5
[INFO] [stderr]   |
[INFO] [stderr] 1 | use tokio_fsm::fsm;
[INFO] [stderr]   |     ^^^^^^^^^ use of unresolved module or unlinked crate `tokio_fsm`
[INFO] [stderr]   |
[INFO] [stderr]   = help: if you wanted to use a crate named `tokio_fsm`, use `cargo add tokio_fsm` to add it to your `Cargo.toml`
[INFO] [stderr] 
[INFO] [stderr] error: cannot find attribute `on` in this scope
[INFO] [stderr]  --> tests/ui/payload_mismatch.rs:8:7
[INFO] [stderr]   |
[INFO] [stderr] 8 |     #[on(state = Idle, event = Start, next = Idle)]
[INFO] [stderr]   |       ^^
[INFO] [stderr] 
[INFO] [stderr] error: cannot find attribute `on` in this scope
[INFO] [stderr]   --> tests/ui/payload_mismatch.rs:13:7
[INFO] [stderr]    |
[INFO] [stderr] 13 |     #[on(state = Idle, event = Start, next = Idle)]
[INFO] [stderr]    |       ^^
[INFO] [stderr] 
[INFO] [stderr] error[E0425]: cannot find type `PayloadMismatch` in this scope
[INFO] [stderr]  --> tests/ui/payload_mismatch.rs:4:6
[INFO] [stderr]   |
[INFO] [stderr] 4 | impl PayloadMismatch {
[INFO] [stderr]   |      ^^^^^^^^^^^^^^^ not found in this scope
[INFO] [stderr] 
[INFO] [stderr] error[E0658]: inherent associated types are unstable
[INFO] [stderr]  --> tests/ui/payload_mismatch.rs:5:5
[INFO] [stderr]   |
[INFO] [stderr] 5 |     type Context = ();
[INFO] [stderr]   |     ^^^^^^^^^^^^^^^^^^
[INFO] [stderr]   |
[INFO] [stderr]   = note: see issue #8995 <https://github.com/rust-lang/rust/issues/8995> for more information
[INFO] [stderr] 
[INFO] [stderr] error[E0658]: inherent associated types are unstable
[INFO] [stderr]  --> tests/ui/payload_mismatch.rs:6:5
[INFO] [stderr]   |
[INFO] [stderr] 6 |     type Error = ();
[INFO] [stderr]   |     ^^^^^^^^^^^^^^^^
[INFO] [stderr]   |
[INFO] [stderr]   = note: see issue #8995 <https://github.com/rust-lang/rust/issues/8995> for more information
[INFO] [stderr] ┈┈┈┈┈┈┈┈┈┈┈┈┈┈┈┈┈┈┈┈┈┈┈┈┈┈┈┈┈┈┈┈┈┈┈┈┈┈┈┈┈┈┈┈┈┈┈┈┈┈┈┈┈┈┈┈┈┈┈┈
[INFO] [stderr] note: If the actual output is the correct output you can bless it by rerunning
[INFO] [stderr]       your test with the environment variable TRYBUILD=overwrite
[INFO] [stderr] 
[INFO] [stderr] test tests/ui/serde_feature_required.rs [should fail to compile] ... mismatch
[INFO] [stderr] 
[INFO] [stderr] EXPECTED:
[INFO] [stderr] ┈┈┈┈┈┈┈┈┈┈┈┈┈┈┈┈┈┈┈┈┈┈┈┈┈┈┈┈┈┈┈┈┈┈┈┈┈┈┈┈┈┈┈┈┈┈┈┈┈┈┈┈┈┈┈┈┈┈┈┈
[INFO] [stderr] error: `#[fsm(serde = true)]` requires enabling the `serde` feature on the `tokio-fsm` dependency
[INFO] [stderr]  --> tests/ui/serde_feature_required.rs:3:1
[INFO] [stderr]   |
[INFO] [stderr] 3 | #[fsm(initial = Idle, serde = true)]
[INFO] [stderr]   | ^^^^^^^^^^^^^^^^^^^^^^^^^^^^^^^^^^^^
[INFO] [stderr]   |
[INFO] [stderr]   = note: this error originates in the macro `::tokio_fsm::__tokio_fsm_serde_derive` which comes from the expansion of the attribute macro `fsm` (in Nightly builds, run with -Z macro-backtrace for more info)
[INFO] [stderr] ┈┈┈┈┈┈┈┈┈┈┈┈┈┈┈┈┈┈┈┈┈┈┈┈┈┈┈┈┈┈┈┈┈┈┈┈┈┈┈┈┈┈┈┈┈┈┈┈┈┈┈┈┈┈┈┈┈┈┈┈
[INFO] [stderr] 
[INFO] [stderr] ACTUAL OUTPUT:
[INFO] [stderr] ┈┈┈┈┈┈┈┈┈┈┈┈┈┈┈┈┈┈┈┈┈┈┈┈┈┈┈┈┈┈┈┈┈┈┈┈┈┈┈┈┈┈┈┈┈┈┈┈┈┈┈┈┈┈┈┈┈┈┈┈
[INFO] [stderr] error[E0432]: unresolved import `tokio_fsm`
[INFO] [stderr]  --> tests/ui/serde_feature_required.rs:1:5
[INFO] [stderr]   |
[INFO] [stderr] 1 | use tokio_fsm::fsm;
[INFO] [stderr]   |     ^^^^^^^^^ use of unresolved module or unlinked crate `tokio_fsm`
[INFO] [stderr]   |
[INFO] [stderr]   = help: if you wanted to use a crate named `tokio_fsm`, use `cargo add tokio_fsm` to add it to your `Cargo.toml`
[INFO] [stderr] 
[INFO] [stderr] error: cannot find attribute `on` in this scope
[INFO] [stderr]  --> tests/ui/serde_feature_required.rs:8:7
[INFO] [stderr]   |
[INFO] [stderr] 8 |     #[on(state = Idle, event = Start, next = Done)]
[INFO] [stderr]   |       ^^
[INFO] [stderr] 
[INFO] [stderr] error[E0425]: cannot find type `SerdeFeatureRequiredFsm` in this scope
[INFO] [stderr]  --> tests/ui/serde_feature_required.rs:4:6
[INFO] [stderr]   |
[INFO] [stderr] 4 | impl SerdeFeatureRequiredFsm {
[INFO] [stderr]   |      ^^^^^^^^^^^^^^^^^^^^^^^ not found in this scope
[INFO] [stderr] 
[INFO] [stderr] error[E0658]: inherent associated types are unstable
[INFO] [stderr]  --> tests/ui/serde_feature_required.rs:5:5
[INFO] [stderr]   |
[INFO] [stderr] 5 |     type Context = ();
[INFO] [stderr]   |     ^^^^^^^^^^^^^^^^^^
[INFO] [stderr]   |
[INFO] [stderr]   = note: see issue #8995 <https://github.com/rust-lang/rust/issues/8995> for more information
[INFO] [stderr] 
[INFO] [stderr] error[E0658]: inherent associated types are unstable
[INFO] [stderr]  --> tests/ui/serde_feature_required.rs:6:5
[INFO] [stderr]   |
[INFO] [stderr] 6 |     type Error = std::convert::Infallible;
[INFO] [stderr]   |     ^^^^^^^^^^^^^^^^^^^^^^^^^^^^^^^^^^^^^^
[INFO] [stderr]   |
[INFO] [stderr]   = note: see issue #8995 <https://github.com/rust-lang/rust/issues/8995> for more information
[INFO] [stderr] ┈┈┈┈┈┈┈┈┈┈┈┈┈┈┈┈┈┈┈┈┈┈┈┈┈┈┈┈┈┈┈┈┈┈┈┈┈┈┈┈┈┈┈┈┈┈┈┈┈┈┈┈┈┈┈┈┈┈┈┈
[INFO] [stderr] note: If the actual output is the correct output you can bless it by rerunning
[INFO] [stderr]       your test with the environment variable TRYBUILD=overwrite
[INFO] [stderr] 
[INFO] [stderr] 
[INFO] [stderr] 
[INFO] [stdout] test ui ... FAILED
[INFO] [stdout] 
[INFO] [stdout] failures:
[INFO] [stdout] 
[INFO] [stdout] ---- ui stdout ----
[INFO] [stdout] 
[INFO] [stdout] thread 'ui' (1267) panicked at /opt/rustwide/cargo-home/registry/src/index.crates.io-1949cf8c6b5b557f/trybuild-1.0.116/src/run.rs:102:13:
[INFO] [stdout] 8 of 8 tests failed
[INFO] [stdout] stack backtrace:
[INFO] [stdout]    0:     0x5dba21c169c1 - <<std[70759c8f55707aa4]::sys::backtrace::BacktraceLock>::print::DisplayBacktrace as core[df12db4294e9bfd3]::fmt::Display>::fmt
[INFO] [stdout]    1:     0x5dba21c2d04a - core[df12db4294e9bfd3]::fmt::write
[INFO] [stdout]    2:     0x5dba21c1b48c - <alloc[2182bb758b4b3781]::vec::Vec<u8> as core[df12db4294e9bfd3]::io::write::Write>::write_fmt
[INFO] [stdout]    3:     0x5dba21befea6 - std[70759c8f55707aa4]::panicking::default_hook::{closure#0}
[INFO] [stdout]    4:     0x5dba21c0e039 - std[70759c8f55707aa4]::panicking::default_hook
[INFO] [stdout]    5:     0x5dba21ba7310 - test[9d35eded1c95d3be]::test_main_inner::<test[9d35eded1c95d3be]::test_main_static::{closure#0}>::{closure#0}
[INFO] [stdout]    6:     0x5dba21c0e1f2 - std[70759c8f55707aa4]::panicking::panic_with_hook
[INFO] [stdout]    7:     0x5dba21beff52 - std[70759c8f55707aa4]::panicking::panic_handler::{closure#0}
[INFO] [stdout]    8:     0x5dba21be8819 - std[70759c8f55707aa4]::sys::backtrace::__rust_end_short_backtrace::<std[70759c8f55707aa4]::panicking::panic_handler::{closure#0}, !>
[INFO] [stdout]    9:     0x5dba21bf0b4d - __rustc[8fa7c3cbc660c2b3]::rust_begin_unwind
[INFO] [stdout]   10:     0x5dba21c2d7bc - core[df12db4294e9bfd3]::panicking::panic_fmt
[INFO] [stdout]   11:     0x5dba21af73f8 - <trybuild[5be331d34afa8e2a]::Runner>::run
[INFO] [stdout]   12:     0x5dba21afaf00 - <trybuild[5be331d34afa8e2a]::TestCases as core[df12db4294e9bfd3]::ops::drop::Drop>::drop
[INFO] [stdout]   13:     0x5dba21af1f26 - trybuild[b147972e0d116980]::ui
[INFO] [stdout]   14:     0x5dba21af2159 - <trybuild[b147972e0d116980]::ui::{closure#0} as core[df12db4294e9bfd3]::ops::function::FnOnce<()>>::call_once
[INFO] [stdout]   15:     0x5dba21b9a5fb - test[9d35eded1c95d3be]::__rust_begin_short_backtrace::<core[df12db4294e9bfd3]::result::Result<(), alloc[2182bb758b4b3781]::string::String>, fn() -> core[df12db4294e9bfd3]::result::Result<(), alloc[2182bb758b4b3781]::string::String>>
[INFO] [stdout]   16:     0x5dba21ba7c65 - test[9d35eded1c95d3be]::run_test::{closure#0}
[INFO] [stdout]   17:     0x5dba21ba1524 - std[70759c8f55707aa4]::sys::backtrace::__rust_begin_short_backtrace::<test[9d35eded1c95d3be]::run_test::{closure#1}, ()>
[INFO] [stdout]   18:     0x5dba21baadc2 - <std[70759c8f55707aa4]::thread::lifecycle::spawn_unchecked<test[9d35eded1c95d3be]::run_test::{closure#1}, ()>::{closure#1} as core[df12db4294e9bfd3]::ops::function::FnOnce<()>>::call_once::{shim:vtable#0}
[INFO] [stdout]   19:     0x5dba21c15c79 - <std[70759c8f55707aa4]::sys::thread::unix::Thread>::new::thread_start
[INFO] [stdout]   20:     0x72aa59bf4dfa - <unknown>
[INFO] [stdout]   21:     0x72aa59c883d4 - clone
[INFO] [stdout]   22:                0x0 - <unknown>
[INFO] [stdout] 
[INFO] [stdout] 
[INFO] [stdout] failures:
[INFO] [stdout]     ui
[INFO] [stdout] 
[INFO] [stdout] test result: FAILED. 0 passed; 1 failed; 0 ignored; 0 measured; 0 filtered out; finished in 73.29s
[INFO] [stdout] 
[INFO] [stderr] error: test failed, to rerun pass `--test trybuild`
[INFO] running `Command { std: "docker" "inspect" "df9da40eaee14bd063a151859f253c27e50436237ac94fc0ea0c6da2e099bd2a", kill_on_drop: false }`
[INFO] running `Command { std: "docker" "rm" "-f" "df9da40eaee14bd063a151859f253c27e50436237ac94fc0ea0c6da2e099bd2a", kill_on_drop: false }`
[INFO] [stdout] df9da40eaee14bd063a151859f253c27e50436237ac94fc0ea0c6da2e099bd2a
