[INFO] fetching crate tokf-common 0.2.54...
[INFO] testing tokf-common-0.2.54 against 1.99.0-beta.8+cargoflags=--release for beta-release-1.100-2
[INFO] extracting crate tokf-common 0.2.54 into /workspace/builds/worker-5-tc1/source
[INFO] started tweaking crates.io crate tokf-common 0.2.54
[INFO] removed 0 missing tests
[INFO] finished tweaking crates.io crate tokf-common 0.2.54
[INFO] tweaked toml for crates.io crate tokf-common 0.2.54 written to /workspace/builds/worker-5-tc1/source/Cargo.toml
[INFO] validating manifest of crates.io crate tokf-common 0.2.54 on toolchain 1.99.0-beta.8
[INFO] running `Command { std: CARGO_HOME="/workspace/cargo-home" RUSTUP_HOME="/workspace/rustup-home" "/workspace/cargo-home/bin/cargo" "+1.99.0-beta.8" "metadata" "--manifest-path" "Cargo.toml" "--no-deps", kill_on_drop: false }`
[INFO] crate crates.io crate tokf-common 0.2.54 already has a lockfile, it will not be regenerated
[INFO] running `Command { std: CARGO_HOME="/workspace/cargo-home" RUSTUP_HOME="/workspace/rustup-home" "/workspace/cargo-home/bin/cargo" "+1.99.0-beta.8" "fetch" "--manifest-path" "Cargo.toml", kill_on_drop: false }`
[INFO] [stderr]     Updating crates.io index
[INFO] [stderr]  Downloading crates ...
[INFO] [stderr]   Downloaded ts-rs v12.0.1
[INFO] [stderr]   Downloaded toml_writer v1.1.2+spec-1.1.0
[INFO] [stderr]   Downloaded toml v1.1.4+spec-1.1.0
[INFO] [stderr]   Downloaded ts-rs-macros v12.0.1
[INFO] [stderr]   Downloaded serde_spanned v1.1.1
[INFO] [stderr]   Downloaded toml_datetime v1.1.1+spec-1.1.0
[INFO] [stderr]   Downloaded toml_parser v1.1.3+spec-1.1.0
[INFO] [stderr]   Downloaded aneubeck-daachorse v1.1.1
[INFO] [stderr]   Downloaded winnow v1.0.3
[INFO] [stderr]   Downloaded bpe v0.2.1
[INFO] [stderr]   Downloaded bpe-openai v0.3.1
[INFO] running `Command { std: "docker" "create" "-v" "/var/lib/crater-agent-workspace/builds/worker-5-tc1/source:/opt/rustwide/workdir:ro,Z" "-v" "/var/lib/crater-agent-workspace/builds/worker-5-tc1/target:/opt/rustwide/target:rw,Z" "-v" "/var/lib/crater-agent-workspace/cargo-home:/opt/rustwide/cargo-home:ro,Z" "-v" "/var/lib/crater-agent-workspace/rustup-home:/opt/rustwide/rustup-home:ro,Z" "-m" "1610612736" "--network" "none" "ghcr.io/rust-lang/crates-build-env/linux@sha256:77db811e55d90add9212f6832c23229e3de5f1c1f9905e8cb07319ea15df73ac" "sleep" "infinity", kill_on_drop: false }`
[INFO] [stdout] 7e5aae5e4738e4e8b6de6e2b6bdb1342ea24323616fefba70201f14e454e9878
[INFO] running `Command { std: "docker" "start" "7e5aae5e4738e4e8b6de6e2b6bdb1342ea24323616fefba70201f14e454e9878", kill_on_drop: false }`
[INFO] running `Command { std: "docker" "inspect" "7e5aae5e4738e4e8b6de6e2b6bdb1342ea24323616fefba70201f14e454e9878", kill_on_drop: false }`
[INFO] running `Command { std: "docker" "exec" "-e" "SOURCE_DIR=/opt/rustwide/workdir" "-e" "CARGO_HOME=/opt/rustwide/cargo-home" "-e" "RUSTUP_HOME=/opt/rustwide/rustup-home" "-e" "CARGO_TARGET_DIR=/opt/rustwide/target" "-w" "/opt/rustwide/workdir" "--user" "0:0" "7e5aae5e4738e4e8b6de6e2b6bdb1342ea24323616fefba70201f14e454e9878" "/opt/rustwide/cargo-home/bin/cargo" "+1.99.0-beta.8" "metadata" "--no-deps" "--format-version=1", kill_on_drop: false }`
[INFO] running `Command { std: "docker" "inspect" "7e5aae5e4738e4e8b6de6e2b6bdb1342ea24323616fefba70201f14e454e9878", kill_on_drop: false }`
[INFO] running `Command { std: "docker" "exec" "-e" "SOURCE_DIR=/opt/rustwide/workdir" "-e" "CARGO_HOME=/opt/rustwide/cargo-home" "-e" "RUSTUP_HOME=/opt/rustwide/rustup-home" "-e" "CARGO_TARGET_DIR=/opt/rustwide/target" "-e" "CARGO_INCREMENTAL=0" "-e" "RUST_BACKTRACE=full" "-e" "RUSTFLAGS=--cap-lints=warn" "-e" "RUSTDOCFLAGS=--cap-lints=warn" "-w" "/opt/rustwide/workdir" "--user" "0:0" "7e5aae5e4738e4e8b6de6e2b6bdb1342ea24323616fefba70201f14e454e9878" "/opt/rustwide/cargo-home/bin/cargo" "+1.99.0-beta.8" "build" "--frozen" "--message-format=json" "--release", kill_on_drop: false }`
[INFO] [stderr]    Compiling serde_core v1.0.229
[INFO] [stderr]    Compiling proc-macro2 v1.0.107
[INFO] [stderr]    Compiling typenum v1.20.1
[INFO] [stderr]    Compiling quote v1.0.47
[INFO] [stderr]    Compiling serde v1.0.229
[INFO] [stderr]    Compiling tinyvec_macros v0.1.1
[INFO] [stderr]    Compiling const-oid v0.10.2
[INFO] [stderr]    Compiling serde_json v1.0.151
[INFO] [stderr]    Compiling winnow v1.0.3
[INFO] [stderr]    Compiling cpufeatures v0.3.0
[INFO] [stderr]    Compiling memchr v2.8.2
[INFO] [stderr]    Compiling toml_writer v1.1.2+spec-1.1.0
[INFO] [stderr]    Compiling tinyvec v1.11.0
[INFO] [stderr]    Compiling toml_parser v1.1.3+spec-1.1.0
[INFO] [stderr]    Compiling unicode-normalization v0.1.25
[INFO] [stderr]    Compiling syn v3.0.4
[INFO] [stderr]    Compiling hybrid-array v0.4.12
[INFO] [stderr]    Compiling crypto-common v0.2.2
[INFO] [stderr]    Compiling block-buffer v0.12.1
[INFO] [stderr]    Compiling digest v0.11.3
[INFO] [stderr]    Compiling sha2 v0.11.0
[INFO] [stderr]    Compiling serde_derive v1.0.229
[INFO] [stderr]    Compiling serde_spanned v1.1.1
[INFO] [stderr]    Compiling toml_datetime v1.1.1+spec-1.1.0
[INFO] [stderr]    Compiling toml v1.1.4+spec-1.1.0
[INFO] [stderr]    Compiling tokf-common v0.2.54 (/opt/rustwide/workdir)
[INFO] [stderr]     Finished `release` profile [optimized] target(s) in 20.88s
[INFO] running `Command { std: "docker" "inspect" "7e5aae5e4738e4e8b6de6e2b6bdb1342ea24323616fefba70201f14e454e9878", kill_on_drop: false }`
[INFO] running `Command { std: "docker" "exec" "-e" "SOURCE_DIR=/opt/rustwide/workdir" "-e" "CARGO_HOME=/opt/rustwide/cargo-home" "-e" "RUSTUP_HOME=/opt/rustwide/rustup-home" "-e" "CARGO_TARGET_DIR=/opt/rustwide/target" "-e" "CARGO_INCREMENTAL=0" "-e" "RUST_BACKTRACE=full" "-e" "RUSTFLAGS=--cap-lints=warn" "-e" "RUSTDOCFLAGS=--cap-lints=warn" "-w" "/opt/rustwide/workdir" "--user" "0:0" "7e5aae5e4738e4e8b6de6e2b6bdb1342ea24323616fefba70201f14e454e9878" "/opt/rustwide/cargo-home/bin/cargo" "+1.99.0-beta.8" "test" "--frozen" "--no-run" "--message-format=json" "--release", kill_on_drop: false }`
[INFO] [stderr]    Compiling proc-macro2 v1.0.107
[INFO] [stderr]    Compiling quote v1.0.47
[INFO] [stderr]    Compiling termcolor v1.4.1
[INFO] [stderr]    Compiling syn v2.0.118
[INFO] [stderr]    Compiling syn v3.0.4
[INFO] [stderr]    Compiling serde_derive v1.0.229
[INFO] [stderr]    Compiling thiserror-impl v2.0.18
[INFO] [stderr]    Compiling ts-rs-macros v12.0.1
[INFO] [stderr]    Compiling serde v1.0.229
[INFO] [stderr]    Compiling thiserror v2.0.18
[INFO] [stderr]    Compiling ts-rs v12.0.1
[INFO] [stderr]    Compiling tokf-common v0.2.54 (/opt/rustwide/workdir)
[INFO] [stderr]     Finished `release` profile [optimized] target(s) in 29.86s
[INFO] running `Command { std: "docker" "inspect" "7e5aae5e4738e4e8b6de6e2b6bdb1342ea24323616fefba70201f14e454e9878", kill_on_drop: false }`
[INFO] running `Command { std: "docker" "exec" "-e" "SOURCE_DIR=/opt/rustwide/workdir" "-e" "CARGO_HOME=/opt/rustwide/cargo-home" "-e" "RUSTUP_HOME=/opt/rustwide/rustup-home" "-e" "CARGO_TARGET_DIR=/opt/rustwide/target" "-e" "CARGO_INCREMENTAL=0" "-e" "RUST_BACKTRACE=full" "-e" "RUSTFLAGS=--cap-lints=warn" "-e" "RUSTDOCFLAGS=--cap-lints=warn" "-w" "/opt/rustwide/workdir" "--user" "0:0" "7e5aae5e4738e4e8b6de6e2b6bdb1342ea24323616fefba70201f14e454e9878" "/opt/rustwide/cargo-home/bin/cargo" "+1.99.0-beta.8" "test" "--frozen" "--release", kill_on_drop: false }`
[INFO] [stderr]     Finished `release` profile [optimized] target(s) in 0.06s
[INFO] [stderr]      Running unittests src/lib.rs (/opt/rustwide/target/release/deps/tokf_common-6bb8d1da6a9e690b)
[INFO] [stdout] 
[INFO] [stdout] running 121 tests
[INFO] [stdout] test canonical_v1::tests::empty_array_omitted ... ok
[INFO] [stdout] test canonical_v1::tests::empty_table_omitted ... ok
[INFO] [stdout] test canonical_v1::tests::dedup_true_preserved ... ok
[INFO] [stdout] test canonical_v1::tests::nested_table_emptied_after_pruning_is_omitted ... ok
[INFO] [stdout] test canonical_v1::tests::command_single_and_array_of_one_collapse ... ok
[INFO] [stdout] test canonical_v1::tests::rejects_invalid_toml ... ok
[INFO] [stdout] test canonical_v1::tests::rejects_non_finite_float ... ok
[INFO] [stdout] test canonical_v1::tests::command_array_order_matters_when_multiple ... ok
[INFO] [stdout] test canonical_v1::tests::empty_string_preserved ... ok
[INFO] [stdout] test canonical_v1::tests::nested_skip_in_on_success_is_unordered ... ok
[INFO] [stdout] test canonical_v1::tests::command_array_of_two_does_not_collapse ... ok
[INFO] [stdout] test canonical_v1::tests::deterministic_across_calls ... ok
[INFO] [stdout] test canonical_v1::tests::keep_is_unordered ... ok
[INFO] [stdout] test canonical_v1::tests::output_format_is_v1_prefix_plus_64_hex ... ok
[INFO] [stdout] test canonical_v1::tests::dedup_false_omitted ... ok
[INFO] [stdout] test canonical_v1::tests::parse_group_labels_btreemap_invariant ... ok
[INFO] [stdout] test canonical_v1::tests::frozen_reference_minimal_filter ... ok
[INFO] [stdout] test config::types::tests::passthrough_prefix_match ... ok
[INFO] [stdout] test canonical_v1::tests::replace_is_ordered ... ok
[INFO] [stdout] test canonical_v1::tests::skip_is_unordered ... ok
[INFO] [stdout] test canonical_v1::tests::whitespace_and_comments_invariant ... ok
[INFO] [stdout] test config::types::tests::passthrough_short_flag_does_not_match_long ... ok
[INFO] [stdout] test canonical_v1::tests::zero_integer_preserved ... ok
[INFO] [stdout] test config::types_tests::match_output_validate_accepts_pattern ... ok
[INFO] [stdout] test canonical_v1::tests::step_is_ordered ... ok
[INFO] [stdout] test config::types_tests::match_output_validate_rejects_neither ... ok
[INFO] [stdout] test config::types_tests::match_output_validate_accepts_both ... ok
[INFO] [stdout] test config::types::tests::passthrough_empty_args_never_triggers ... ok
[INFO] [stdout] test config::types::tests::passthrough_no_match_returns_false ... ok
[INFO] [stdout] test config::types::tests::passthrough_args_deserializes_from_toml ... ok
[INFO] [stdout] test config::types::tests::passthrough_empty_list_never_triggers ... ok
[INFO] [stdout] test config::types::tests::passthrough_empty_string_prefix_ignored ... ok
[INFO] [stdout] test config::types::tests::passthrough_exact_match ... ok
[INFO] [stdout] test config::types_tests::match_output_validate_accepts_contains ... ok
[INFO] [stdout] test config::types_tests::tree_config_parses_minimal ... ok
[INFO] [stdout] test config::types_tests::tree_config_rejects_unknown_field ... ok
[INFO] [stdout] test examples::tests::estimate_tokens_basic ... ok
[INFO] [stdout] test config::types::tests::passthrough_args_defaults_to_empty ... ok
[INFO] [stdout] test config::types_tests::tree_config_parses_full_overrides ... ok
[INFO] [stdout] test config::types_tests::tree_config_round_trips_through_json ... ok
[INFO] [stdout] test examples::tests::deserialize_without_token_fields_defaults_to_zero ... ok
[INFO] [stdout] test examples::tests::estimate_tokens_delegates_to_the_shared_counter ... ok
[INFO] [stdout] test canonical_v1::tests::alias_renames_change_hash ... ok
[INFO] [stdout] test canonical_v1::tests::schema_independent_unknown_field_changes_hash_only_when_used ... ok
[INFO] [stdout] test examples::tests::warning_dto_from_safety_warning ... ok
[INFO] [stdout] test examples::tests::reduction_pct_is_insensitive_to_the_divisor ... ok
[INFO] [stdout] test examples::tests::serialize_round_trip ... ok
[INFO] [stdout] test examples::tests::reduction_pct_basic ... ok
[INFO] [stdout] test hash::tests::hash_is_stable_across_calls ... ok
[INFO] [stdout] test hash::tests::different_configs_produce_different_hashes ... ok
[INFO] [stdout] test hash::tests::label_key_order_invariance ... ok
[INFO] [stdout] test config::types_tests::tree_config_absent_when_not_declared ... ok
[INFO] [stdout] test hash::tests::explicit_defaults_same_as_implicit ... ok
[INFO] [stdout] test hash::tests::output_is_64_lowercase_hex_chars ... ok
[INFO] [stdout] test richness::tests::atom_matching_is_case_sensitive ... ok
[INFO] [stdout] test hash::tests::whitespace_invariance ... ok
[INFO] [stdout] test richness::tests::check_min_richness_message_mentions_numbers ... ok
[INFO] [stdout] test richness::tests::full_retention_scores_one ... ok
[INFO] [stdout] test richness::tests::atom_extraction_min_length_is_chars_not_bytes ... ok
[INFO] [stdout] test multipart::tests::build_body_empty_fields ... ok
[INFO] [stdout] test richness::tests::check_min_richness_passes_at_exact_threshold ... ok
[INFO] [stdout] test richness::tests::atom_extraction_trims_non_alphanumeric_edges ... ok
[INFO] [stdout] test richness::tests::dropping_rare_atom_costs_more_than_dropping_common_one ... ok
[INFO] [stdout] test richness::tests::empty_raw_scores_one ... ok
[INFO] [stdout] test richness::tests::check_min_richness_none_never_fails ... ok
[INFO] [stdout] test safety::tests::all_checks_returns_all_registered ... ok
[INFO] [stdout] test multipart::tests::build_body_produces_valid_multipart ... ok
[INFO] [stdout] test safety::tests::config_clean ... ok
[INFO] [stdout] test richness::tests::keeping_nothing_scores_near_zero ... ok
[INFO] [stdout] test richness::tests::single_repeated_atom_kept_scores_one ... ok
[INFO] [stdout] test safety::tests::config_detects_hidden_unicode_in_command ... ok
[INFO] [stdout] test safety::tests::config_detects_injection_in_output_format ... ok
[INFO] [stdout] test safety::tests::config_detects_hidden_unicode_in_passthrough_args ... ok
[INFO] [stdout] test richness::tests::raw_with_no_qualifying_atoms_scores_one ... ok
[INFO] [stdout] test safety::tests::config_detects_injection_in_replace_output ... ok
[INFO] [stdout] test safety::tests::config_detects_hidden_unicode_in_template ... ok
[INFO] [stdout] test safety::tests::config_detects_injection_in_on_failure ... ok
[INFO] [stdout] test richness::tests::single_repeated_atom_dropped_scores_zero ... ok
[INFO] [stdout] test examples::export_bindings_filterexample ... ok
[INFO] [stdout] test safety::tests::config_detects_injection_in_extract_output ... ok
[INFO] [stdout] test richness::tests::substring_fallback_counts_rewritten_atoms ... ok
[INFO] [stdout] test safety::tests::config_clean_run_no_shell_injection ... ok
[INFO] [stdout] test safety::tests::config_detects_injection_in_on_success ... ok
[INFO] [stdout] test safety::tests::config_detects_injection_in_match_output ... ok
[INFO] [stdout] test safety::tests::output_pair_hidden_unicode_passthrough ... ok
[INFO] [stdout] test safety::tests::rewrite_allows_safe_templates ... ok
[INFO] [stdout] test safety::tests::rewrite_clean_simple ... ok
[INFO] [stdout] test safety::tests::rewrite_clean_tokf_run ... ok
[INFO] [stdout] test safety::tests::output_pair_passthrough_ok ... ok
[INFO] [stdout] test safety::tests::rewrite_detects_backtick ... ok
[INFO] [stdout] test safety::tests::rewrite_detects_hidden_unicode ... ok
[INFO] [stdout] test safety::tests::rewrite_detects_pipe ... ok
[INFO] [stdout] test safety::tests::rewrite_detects_pipe_with_allowlisted_token ... ok
[INFO] [stdout] test safety::tests::rewrite_detects_pipe_without_space ... ok
[INFO] [stdout] test safety::tests::rewrite_detects_semicolon ... ok
[INFO] [stdout] test safety::tests::rewrite_detects_semicolon_without_space ... ok
[INFO] [stdout] test safety::tests::warning_kind_as_str ... ok
[INFO] [stdout] test safety::tests::output_pair_detects_hidden_unicode ... ok
[INFO] [stdout] test test_case::tests::deserialize_full_test_case ... ok
[INFO] [stdout] test safety::tests::output_pair_detects_introduced_injection ... ok
[INFO] [stdout] test safety::tests::merge_with_failure ... ok
[INFO] [stdout] test safety::tests::rewrite_detects_and_chain ... ok
[INFO] [stdout] test safety::tests::output_pair_clean ... ok
[INFO] [stdout] test safety::tests::config_detects_shell_injection_in_run ... ok
[INFO] [stdout] test safety::tests::config_detects_shell_injection_in_step_run ... ok
[INFO] [stdout] test tokens::tests::very_large_byte_counts_do_not_panic ... ok
[INFO] [stdout] test tokens::tests::counter_is_object_safe ... ok
[INFO] [stdout] test safety::tests::rewrite_detects_command_substitution ... ok
[INFO] [stdout] test tokens::tests::shorter_than_divisor_truncates_to_zero ... ok
[INFO] [stdout] test safety::tests::rewrite_detects_redirection ... ok
[INFO] [stdout] test tokens::tests::scales_linearly_with_the_constant ... ok
[INFO] [stdout] test test_case::tests::deserialize_min_richness ... ok
[INFO] [stdout] test tokens::tests::string_and_byte_entry_points_agree ... ok
[INFO] [stdout] test safety::tests::merge_empty_reports ... ok
[INFO] [stdout] test test_case::tests::deserialize_minimal_test_case ... ok
[INFO] [stdout] test tokens::tests::counts_bytes_not_chars ... ok
[INFO] [stdout] test tokens::tests::empty_string_is_zero ... ok
[INFO] [stdout] test examples::export_bindings_filterexamples ... ok
[INFO] [stdout] test examples::export_bindings_examplessafety ... ok
[INFO] [stdout] test examples::export_bindings_safetywarningdto ... ok
[INFO] [stdout] test test_case::tests::serialize_round_trip ... ok
[INFO] [stdout] 
[INFO] [stdout] test result: ok. 121 passed; 0 failed; 0 ignored; 0 measured; 0 filtered out; finished in 0.06s
[INFO] [stdout] 
[INFO] [stderr]      Running tests/canonical_v1.rs (/opt/rustwide/target/release/deps/canonical_v1-7dc985620d984f9f)
[INFO] [stdout] 
[INFO] [stdout] running 7 tests
[INFO] [stdout] test dump_stdlib_hashes ... ignored, authoring helper; run with --ignored to capture expected values
[INFO] [stdout] test stdlib_corpus_round_trip ... FAILED
[INFO] [stdout] test distinguishing_value_change ... FAILED
[INFO] [stdout] test invariant_leading_comments_and_blanks ... FAILED
[INFO] [stdout] test invariant_skip_keep_reversed_via_ast ... FAILED
[INFO] [stdout] test invariant_toml_roundtrip_idempotent ... FAILED
[INFO] [stdout] test invariant_default_false_added ... FAILED
[INFO] [stdout] 
[INFO] [stdout] failures:
[INFO] [stdout] 
[INFO] [stdout] ---- stdlib_corpus_round_trip stdout ----
[INFO] [stdout] 
[INFO] [stdout] thread 'stdlib_corpus_round_trip' (1192) panicked at tests/canonical_v1.rs:64:41:
[INFO] [stdout] called `Result::unwrap()` on an `Err` value: Os { code: 2, kind: NotFound, message: "No such file or directory" }
[INFO] [stdout] stack backtrace:
[INFO] [stdout]    0:     0x610afca7b231 - <<std[70759c8f55707aa4]::sys::backtrace::BacktraceLock>::print::DisplayBacktrace as core[df12db4294e9bfd3]::fmt::Display>::fmt
[INFO] [stdout]    1:     0x610afca9055a - core[df12db4294e9bfd3]::fmt::write
[INFO] [stdout]    2:     0x610afca7f9bc - <alloc[2182bb758b4b3781]::vec::Vec<u8> as core[df12db4294e9bfd3]::io::write::Write>::write_fmt
[INFO] [stdout]    3:     0x610afca56ca6 - std[70759c8f55707aa4]::panicking::default_hook::{closure#0}
[INFO] [stdout]    4:     0x610afca73419 - std[70759c8f55707aa4]::panicking::default_hook
[INFO] [stdout]    5:     0x610afc9ddea0 - test[9d35eded1c95d3be]::test_main_inner::<test[9d35eded1c95d3be]::test_main_static::{closure#0}>::{closure#0}
[INFO] [stdout]    6:     0x610afca735d2 - std[70759c8f55707aa4]::panicking::panic_with_hook
[INFO] [stdout]    7:     0x610afca56d52 - std[70759c8f55707aa4]::panicking::panic_handler::{closure#0}
[INFO] [stdout]    8:     0x610afca4f8a9 - std[70759c8f55707aa4]::sys::backtrace::__rust_end_short_backtrace::<std[70759c8f55707aa4]::panicking::panic_handler::{closure#0}, !>
[INFO] [stdout]    9:     0x610afca5794d - __rustc[8fa7c3cbc660c2b3]::rust_begin_unwind
[INFO] [stdout]   10:     0x610afca90ccc - core[df12db4294e9bfd3]::panicking::panic_fmt
[INFO] [stdout]   11:     0x610afca90aa2 - core[df12db4294e9bfd3]::result::unwrap_failed
[INFO] [stdout]   12:     0x610afc9bb1be - canonical_v1[f597578b74157c11]::walk
[INFO] [stdout]   13:     0x610afc9baa56 - canonical_v1[f597578b74157c11]::collect_stdlib_filters
[INFO] [stdout]   14:     0x610afc9bb901 - <canonical_v1[f597578b74157c11]::stdlib_corpus_round_trip::{closure#0} as core[df12db4294e9bfd3]::ops::function::FnOnce<()>>::call_once
[INFO] [stdout]   15:     0x610afc9d118b - test[9d35eded1c95d3be]::__rust_begin_short_backtrace::<core[df12db4294e9bfd3]::result::Result<(), alloc[2182bb758b4b3781]::string::String>, fn() -> core[df12db4294e9bfd3]::result::Result<(), alloc[2182bb758b4b3781]::string::String>>
[INFO] [stdout]   16:     0x610afc9de7f5 - test[9d35eded1c95d3be]::run_test::{closure#0}
[INFO] [stdout]   17:     0x610afc9d80b4 - std[70759c8f55707aa4]::sys::backtrace::__rust_begin_short_backtrace::<test[9d35eded1c95d3be]::run_test::{closure#1}, ()>
[INFO] [stdout]   18:     0x610afc9e1952 - <std[70759c8f55707aa4]::thread::lifecycle::spawn_unchecked<test[9d35eded1c95d3be]::run_test::{closure#1}, ()>::{closure#1} as core[df12db4294e9bfd3]::ops::function::FnOnce<()>>::call_once::{shim:vtable#0}
[INFO] [stdout]   19:     0x610afca7a799 - <std[70759c8f55707aa4]::sys::thread::unix::Thread>::new::thread_start
[INFO] [stdout]   20:     0x76229a2a5dfa - <unknown>
[INFO] [stdout]   21:     0x76229a3393d4 - clone
[INFO] [stdout]   22:                0x0 - <unknown>
[INFO] [stdout] 
[INFO] [stdout] ---- distinguishing_value_change stdout ----
[INFO] [stdout] 
[INFO] [stdout] thread 'distinguishing_value_change' (1187) panicked at tests/canonical_v1.rs:201:55:
[INFO] [stdout] /opt/rustwide/workdir/../tokf-cli/filters/git/push.toml: No such file or directory (os error 2)
[INFO] [stdout] stack backtrace:
[INFO] [stdout]    0:     0x610afca7b231 - <<std[70759c8f55707aa4]::sys::backtrace::BacktraceLock>::print::DisplayBacktrace as core[df12db4294e9bfd3]::fmt::Display>::fmt
[INFO] [stdout]    1:     0x610afca9055a - core[df12db4294e9bfd3]::fmt::write
[INFO] [stdout]    2:     0x610afca7f9bc - <alloc[2182bb758b4b3781]::vec::Vec<u8> as core[df12db4294e9bfd3]::io::write::Write>::write_fmt
[INFO] [stdout]    3:     0x610afca56ca6 - std[70759c8f55707aa4]::panicking::default_hook::{closure#0}
[INFO] [stdout]    4:     0x610afca73419 - std[70759c8f55707aa4]::panicking::default_hook
[INFO] [stdout]    5:     0x610afc9ddea0 - test[9d35eded1c95d3be]::test_main_inner::<test[9d35eded1c95d3be]::test_main_static::{closure#0}>::{closure#0}
[INFO] [stdout]    6:     0x610afca735d2 - std[70759c8f55707aa4]::panicking::panic_with_hook
[INFO] [stdout]    7:     0x610afca56d52 - std[70759c8f55707aa4]::panicking::panic_handler::{closure#0}
[INFO] [stdout]    8:     0x610afca4f8a9 - std[70759c8f55707aa4]::sys::backtrace::__rust_end_short_backtrace::<std[70759c8f55707aa4]::panicking::panic_handler::{closure#0}, !>
[INFO] [stdout]    9:     0x610afca5794d - __rustc[8fa7c3cbc660c2b3]::rust_begin_unwind
[INFO] [stdout]   10:     0x610afca90ccc - core[df12db4294e9bfd3]::panicking::panic_fmt
[INFO] [stdout]   11:     0x610afc9ba839 - canonical_v1[f597578b74157c11]::load::{closure#0}
[INFO] [stdout]   12:     0x610afc9bac22 - canonical_v1[f597578b74157c11]::load
[INFO] [stdout]   13:     0x610afc9bc691 - <canonical_v1[f597578b74157c11]::distinguishing_value_change::{closure#0} as core[df12db4294e9bfd3]::ops::function::FnOnce<()>>::call_once
[INFO] [stdout]   14:     0x610afc9d118b - test[9d35eded1c95d3be]::__rust_begin_short_backtrace::<core[df12db4294e9bfd3]::result::Result<(), alloc[2182bb758b4b3781]::string::String>, fn() -> core[df12db4294e9bfd3]::result::Result<(), alloc[2182bb758b4b3781]::string::String>>
[INFO] [stdout]   15:     0x610afc9de7f5 - test[9d35eded1c95d3be]::run_test::{closure#0}
[INFO] [stdout]   16:     0x610afc9d80b4 - std[70759c8f55707aa4]::sys::backtrace::__rust_begin_short_backtrace::<test[9d35eded1c95d3be]::run_test::{closure#1}, ()>
[INFO] [stdout]   17:     0x610afc9e1952 - <std[70759c8f55707aa4]::thread::lifecycle::spawn_unchecked<test[9d35eded1c95d3be]::run_test::{closure#1}, ()>::{closure#1} as core[df12db4294e9bfd3]::ops::function::FnOnce<()>>::call_once::{shim:vtable#0}
[INFO] [stdout]   18:     0x610afca7a799 - <std[70759c8f55707aa4]::sys::thread::unix::Thread>::new::thread_start
[INFO] [stdout]   19:     0x76229a2a5dfa - <unknown>
[INFO] [stdout]   20:     0x76229a3393d4 - clone
[INFO] [stdout]   21:                0x0 - <unknown>
[INFO] [stdout] 
[INFO] [stdout] ---- invariant_leading_comments_and_blanks stdout ----
[INFO] [stdout] 
[INFO] [stdout] thread 'invariant_leading_comments_and_blanks' (1189) panicked at tests/canonical_v1.rs:201:55:
[INFO] [stdout] /opt/rustwide/workdir/../tokf-cli/filters/git/push.toml: No such file or directory (os error 2)
[INFO] [stdout] stack backtrace:
[INFO] [stdout]    0:     0x610afca7b231 - <<std[70759c8f55707aa4]::sys::backtrace::BacktraceLock>::print::DisplayBacktrace as core[df12db4294e9bfd3]::fmt::Display>::fmt
[INFO] [stdout]    1:     0x610afca9055a - core[df12db4294e9bfd3]::fmt::write
[INFO] [stdout]    2:     0x610afca7f9bc - <alloc[2182bb758b4b3781]::vec::Vec<u8> as core[df12db4294e9bfd3]::io::write::Write>::write_fmt
[INFO] [stdout]    3:     0x610afca56ca6 - std[70759c8f55707aa4]::panicking::default_hook::{closure#0}
[INFO] [stdout]    4:     0x610afca73419 - std[70759c8f55707aa4]::panicking::default_hook
[INFO] [stdout]    5:     0x610afc9ddea0 - test[9d35eded1c95d3be]::test_main_inner::<test[9d35eded1c95d3be]::test_main_static::{closure#0}>::{closure#0}
[INFO] [stdout]    6:     0x610afca735d2 - std[70759c8f55707aa4]::panicking::panic_with_hook
[INFO] [stdout]    7:     0x610afca56d52 - std[70759c8f55707aa4]::panicking::panic_handler::{closure#0}
[INFO] [stdout]    8:     0x610afca4f8a9 - std[70759c8f55707aa4]::sys::backtrace::__rust_end_short_backtrace::<std[70759c8f55707aa4]::panicking::panic_handler::{closure#0}, !>
[INFO] [stdout]    9:     0x610afca5794d - __rustc[8fa7c3cbc660c2b3]::rust_begin_unwind
[INFO] [stdout]   10:     0x610afca90ccc - core[df12db4294e9bfd3]::panicking::panic_fmt
[INFO] [stdout]   11:     0x610afc9ba839 - canonical_v1[f597578b74157c11]::load::{closure#0}
[INFO] [stdout]   12:     0x610afc9bac22 - canonical_v1[f597578b74157c11]::load
[INFO] [stdout]   13:     0x610afc9be927 - <canonical_v1[f597578b74157c11]::invariant_leading_comments_and_blanks::{closure#0} as core[df12db4294e9bfd3]::ops::function::FnOnce<()>>::call_once
[INFO] [stdout]   14:     0x610afc9d118b - test[9d35eded1c95d3be]::__rust_begin_short_backtrace::<core[df12db4294e9bfd3]::result::Result<(), alloc[2182bb758b4b3781]::string::String>, fn() -> core[df12db4294e9bfd3]::result::Result<(), alloc[2182bb758b4b3781]::string::String>>
[INFO] [stdout]   15:     0x610afc9de7f5 - test[9d35eded1c95d3be]::run_test::{closure#0}
[INFO] [stdout]   16:     0x610afc9d80b4 - std[70759c8f55707aa4]::sys::backtrace::__rust_begin_short_backtrace::<test[9d35eded1c95d3be]::run_test::{closure#1}, ()>
[INFO] [stdout]   17:     0x610afc9e1952 - <std[70759c8f55707aa4]::thread::lifecycle::spawn_unchecked<test[9d35eded1c95d3be]::run_test::{closure#1}, ()>::{closure#1} as core[df12db4294e9bfd3]::ops::function::FnOnce<()>>::call_once::{shim:vtable#0}
[INFO] [stdout]   18:     0x610afca7a799 - <std[70759c8f55707aa4]::sys::thread::unix::Thread>::new::thread_start
[INFO] [stdout]   19:     0x76229a2a5dfa - <unknown>
[INFO] [stdout]   20:     0x76229a3393d4 - clone
[INFO] [stdout]   21:                0x0 - <unknown>
[INFO] [stdout] 
[INFO] [stdout] ---- invariant_skip_keep_reversed_via_ast stdout ----
[INFO] [stdout] 
[INFO] [stdout] thread 'invariant_skip_keep_reversed_via_ast' (1190) panicked at tests/canonical_v1.rs:201:55:
[INFO] [stdout] /opt/rustwide/workdir/../tokf-cli/filters/git/push.toml: No such file or directory (os error 2)
[INFO] [stdout] stack backtrace:
[INFO] [stdout]    0:     0x610afca7b231 - <<std[70759c8f55707aa4]::sys::backtrace::BacktraceLock>::print::DisplayBacktrace as core[df12db4294e9bfd3]::fmt::Display>::fmt
[INFO] [stdout]    1:     0x610afca9055a - core[df12db4294e9bfd3]::fmt::write
[INFO] [stdout]    2:     0x610afca7f9bc - <alloc[2182bb758b4b3781]::vec::Vec<u8> as core[df12db4294e9bfd3]::io::write::Write>::write_fmt
[INFO] [stdout]    3:     0x610afca56ca6 - std[70759c8f55707aa4]::panicking::default_hook::{closure#0}
[INFO] [stdout]    4:     0x610afca73419 - std[70759c8f55707aa4]::panicking::default_hook
[INFO] [stdout]    5:     0x610afc9ddea0 - test[9d35eded1c95d3be]::test_main_inner::<test[9d35eded1c95d3be]::test_main_static::{closure#0}>::{closure#0}
[INFO] [stdout]    6:     0x610afca735d2 - std[70759c8f55707aa4]::panicking::panic_with_hook
[INFO] [stdout]    7:     0x610afca56d52 - std[70759c8f55707aa4]::panicking::panic_handler::{closure#0}
[INFO] [stdout]    8:     0x610afca4f8a9 - std[70759c8f55707aa4]::sys::backtrace::__rust_end_short_backtrace::<std[70759c8f55707aa4]::panicking::panic_handler::{closure#0}, !>
[INFO] [stdout]    9:     0x610afca5794d - __rustc[8fa7c3cbc660c2b3]::rust_begin_unwind
[INFO] [stdout]   10:     0x610afca90ccc - core[df12db4294e9bfd3]::panicking::panic_fmt
[INFO] [stdout]   11:     0x610afc9ba839 - canonical_v1[f597578b74157c11]::load::{closure#0}
[INFO] [stdout]   12:     0x610afc9bac22 - canonical_v1[f597578b74157c11]::load
[INFO] [stdout]   13:     0x610afc9be0ca - <canonical_v1[f597578b74157c11]::invariant_skip_keep_reversed_via_ast::{closure#0} as core[df12db4294e9bfd3]::ops::function::FnOnce<()>>::call_once
[INFO] [stdout]   14:     0x610afc9d118b - test[9d35eded1c95d3be]::__rust_begin_short_backtrace::<core[df12db4294e9bfd3]::result::Result<(), alloc[2182bb758b4b3781]::string::String>, fn() -> core[df12db4294e9bfd3]::result::Result<(), alloc[2182bb758b4b3781]::string::String>>
[INFO] [stdout]   15:     0x610afc9de7f5 - test[9d35eded1c95d3be]::run_test::{closure#0}
[INFO] [stdout]   16:     0x610afc9d80b4 - std[70759c8f55707aa4]::sys::backtrace::__rust_begin_short_backtrace::<test[9d35eded1c95d3be]::run_test::{closure#1}, ()>
[INFO] [stdout]   17:     0x610afc9e1952 - <std[70759c8f55707aa4]::thread::lifecycle::spawn_unchecked<test[9d35eded1c95d3be]::run_test::{closure#1}, ()>::{closure#1} as core[df12db4294e9bfd3]::ops::function::FnOnce<()>>::call_once::{shim:vtable#0}
[INFO] [stdout]   18:     0x610afca7a799 - <std[70759c8f55707aa4]::sys::thread::unix::Thread>::new::thread_start
[INFO] [stdout]   19:     0x76229a2a5dfa - <unknown>
[INFO] [stdout]   20:     0x76229a3393d4 - clone
[INFO] [stdout]   21:                0x0 - <unknown>
[INFO] [stdout] 
[INFO] [stdout] ---- invariant_toml_roundtrip_idempotent stdout ----
[INFO] [stdout] 
[INFO] [stdout] thread 'invariant_toml_roundtrip_idempotent' (1191) panicked at tests/canonical_v1.rs:201:55:
[INFO] [stdout] /opt/rustwide/workdir/../tokf-cli/filters/git/push.toml: No such file or directory (os error 2)
[INFO] [stdout] stack backtrace:
[INFO] [stdout]    0:     0x610afca7b231 - <<std[70759c8f55707aa4]::sys::backtrace::BacktraceLock>::print::DisplayBacktrace as core[df12db4294e9bfd3]::fmt::Display>::fmt
[INFO] [stdout]    1:     0x610afca9055a - core[df12db4294e9bfd3]::fmt::write
[INFO] [stdout]    2:     0x610afca7f9bc - <alloc[2182bb758b4b3781]::vec::Vec<u8> as core[df12db4294e9bfd3]::io::write::Write>::write_fmt
[INFO] [stdout]    3:     0x610afca56ca6 - std[70759c8f55707aa4]::panicking::default_hook::{closure#0}
[INFO] [stdout]    4:     0x610afca73419 - std[70759c8f55707aa4]::panicking::default_hook
[INFO] [stdout]    5:     0x610afc9ddea0 - test[9d35eded1c95d3be]::test_main_inner::<test[9d35eded1c95d3be]::test_main_static::{closure#0}>::{closure#0}
[INFO] [stdout]    6:     0x610afca735d2 - std[70759c8f55707aa4]::panicking::panic_with_hook
[INFO] [stdout]    7:     0x610afca56d52 - std[70759c8f55707aa4]::panicking::panic_handler::{closure#0}
[INFO] [stdout]    8:     0x610afca4f8a9 - std[70759c8f55707aa4]::sys::backtrace::__rust_end_short_backtrace::<std[70759c8f55707aa4]::panicking::panic_handler::{closure#0}, !>
[INFO] [stdout]    9:     0x610afca5794d - __rustc[8fa7c3cbc660c2b3]::rust_begin_unwind
[INFO] [stdout]   10:     0x610afca90ccc - core[df12db4294e9bfd3]::panicking::panic_fmt
[INFO] [stdout]   11:     0x610afc9ba839 - canonical_v1[f597578b74157c11]::load::{closure#0}
[INFO] [stdout]   12:     0x610afc9bac22 - canonical_v1[f597578b74157c11]::load
[INFO] [stdout]   13:     0x610afc9bdbea - <canonical_v1[f597578b74157c11]::invariant_toml_roundtrip_idempotent::{closure#0} as core[df12db4294e9bfd3]::ops::function::FnOnce<()>>::call_once
[INFO] [stdout]   14:     0x610afc9d118b - test[9d35eded1c95d3be]::__rust_begin_short_backtrace::<core[df12db4294e9bfd3]::result::Result<(), alloc[2182bb758b4b3781]::string::String>, fn() -> core[df12db4294e9bfd3]::result::Result<(), alloc[2182bb758b4b3781]::string::String>>
[INFO] [stdout]   15:     0x610afc9de7f5 - test[9d35eded1c95d3be]::run_test::{closure#0}
[INFO] [stdout]   16:     0x610afc9d80b4 - std[70759c8f55707aa4]::sys::backtrace::__rust_begin_short_backtrace::<test[9d35eded1c95d3be]::run_test::{closure#1}, ()>
[INFO] [stdout]   17:     0x610afc9e1952 - <std[70759c8f55707aa4]::thread::lifecycle::spawn_unchecked<test[9d35eded1c95d3be]::run_test::{closure#1}, ()>::{closure#1} as core[df12db4294e9bfd3]::ops::function::FnOnce<()>>::call_once::{shim:vtable#0}
[INFO] [stdout]   18:     0x610afca7a799 - <std[70759c8f55707aa4]::sys::thread::unix::Thread>::new::thread_start
[INFO] [stdout]   19:     0x76229a2a5dfa - <unknown>
[INFO] [stdout]   20:     0x76229a3393d4 - clone
[INFO] [stdout]   21:                0x0 - <unknown>
[INFO] [stdout] 
[INFO] [stdout] ---- invariant_default_false_added stdout ----
[INFO] [stdout] 
[INFO] [stdout] thread 'invariant_default_false_added' (1188) panicked at tests/canonical_v1.rs:201:55:
[INFO] [stdout] /opt/rustwide/workdir/../tokf-cli/filters/git/push.toml: No such file or directory (os error 2)
[INFO] [stdout] stack backtrace:
[INFO] [stdout]    0:     0x610afca7b231 - <<std[70759c8f55707aa4]::sys::backtrace::BacktraceLock>::print::DisplayBacktrace as core[df12db4294e9bfd3]::fmt::Display>::fmt
[INFO] [stdout]    1:     0x610afca9055a - core[df12db4294e9bfd3]::fmt::write
[INFO] [stdout]    2:     0x610afca7f9bc - <alloc[2182bb758b4b3781]::vec::Vec<u8> as core[df12db4294e9bfd3]::io::write::Write>::write_fmt
[INFO] [stdout]    3:     0x610afca56ca6 - std[70759c8f55707aa4]::panicking::default_hook::{closure#0}
[INFO] [stdout]    4:     0x610afca73419 - std[70759c8f55707aa4]::panicking::default_hook
[INFO] [stdout]    5:     0x610afc9ddea0 - test[9d35eded1c95d3be]::test_main_inner::<test[9d35eded1c95d3be]::test_main_static::{closure#0}>::{closure#0}
[INFO] [stdout]    6:     0x610afca735d2 - std[70759c8f55707aa4]::panicking::panic_with_hook
[INFO] [stdout]    7:     0x610afca56d52 - std[70759c8f55707aa4]::panicking::panic_handler::{closure#0}
[INFO] [stdout]    8:     0x610afca4f8a9 - std[70759c8f55707aa4]::sys::backtrace::__rust_end_short_backtrace::<std[70759c8f55707aa4]::panicking::panic_handler::{closure#0}, !>
[INFO] [stdout]    9:     0x610afca5794d - __rustc[8fa7c3cbc660c2b3]::rust_begin_unwind
[INFO] [stdout]   10:     0x610afca90ccc - core[df12db4294e9bfd3]::panicking::panic_fmt
[INFO] [stdout]   11:     0x610afc9ba839 - canonical_v1[f597578b74157c11]::load::{closure#0}
[INFO] [stdout]   12:     0x610afc9bac22 - canonical_v1[f597578b74157c11]::load
[INFO] [stdout]   13:     0x610afc9bd456 - <canonical_v1[f597578b74157c11]::invariant_default_false_added::{closure#0} as core[df12db4294e9bfd3]::ops::function::FnOnce<()>>::call_once
[INFO] [stdout]   14:     0x610afc9d118b - test[9d35eded1c95d3be]::__rust_begin_short_backtrace::<core[df12db4294e9bfd3]::result::Result<(), alloc[2182bb758b4b3781]::string::String>, fn() -> core[df12db4294e9bfd3]::result::Result<(), alloc[2182bb758b4b3781]::string::String>>
[INFO] [stdout]   15:     0x610afc9de7f5 - test[9d35eded1c95d3be]::run_test::{closure#0}
[INFO] [stdout]   16:     0x610afc9d80b4 - std[70759c8f55707aa4]::sys::backtrace::__rust_begin_short_backtrace::<test[9d35eded1c95d3be]::run_test::{closure#1}, ()>
[INFO] [stdout]   17:     0x610afc9e1952 - <std[70759c8f55707aa4]::thread::lifecycle::spawn_unchecked<test[9d35eded1c95d3be]::run_test::{closure#1}, ()>::{closure#1} as core[df12db4294e9bfd3]::ops::function::FnOnce<()>>::call_once::{shim:vtable#0}
[INFO] [stdout]   18:     0x610afca7a799 - <std[70759c8f55707aa4]::sys::thread::unix::Thread>::new::thread_start
[INFO] [stdout]   19:     0x76229a2a5dfa - <unknown>
[INFO] [stdout]   20:     0x76229a3393d4 - clone
[INFO] [stdout]   21:                0x0 - <unknown>
[INFO] [stdout] 
[INFO] [stdout] 
[INFO] [stdout] failures:
[INFO] [stdout]     distinguishing_value_change
[INFO] [stdout]     invariant_default_false_added
[INFO] [stdout]     invariant_leading_comments_and_blanks
[INFO] [stdout]     invariant_skip_keep_reversed_via_ast
[INFO] [stdout]     invariant_toml_roundtrip_idempotent
[INFO] [stdout]     stdlib_corpus_round_trip
[INFO] [stdout] 
[INFO] [stdout] test result: FAILED. 0 passed; 6 failed; 1 ignored; 0 measured; 0 filtered out; finished in 0.00s
[INFO] [stdout] 
[INFO] [stderr] error: test failed, to rerun pass `--test canonical_v1`
[INFO] running `Command { std: "docker" "inspect" "7e5aae5e4738e4e8b6de6e2b6bdb1342ea24323616fefba70201f14e454e9878", kill_on_drop: false }`
[INFO] running `Command { std: "docker" "rm" "-f" "7e5aae5e4738e4e8b6de6e2b6bdb1342ea24323616fefba70201f14e454e9878", kill_on_drop: false }`
[INFO] [stdout] 7e5aae5e4738e4e8b6de6e2b6bdb1342ea24323616fefba70201f14e454e9878
