[INFO] fetching crate token-align 0.1.0...
[INFO] testing token-align-0.1.0 against 1.99.0-beta.8+cargoflags=--release for beta-release-1.100-2
[INFO] extracting crate token-align 0.1.0 into /workspace/builds/worker-2-tc1/source
[INFO] started tweaking crates.io crate token-align 0.1.0
[INFO] removed 0 missing tests
[INFO] finished tweaking crates.io crate token-align 0.1.0
[INFO] tweaked toml for crates.io crate token-align 0.1.0 written to /workspace/builds/worker-2-tc1/source/Cargo.toml
[INFO] validating manifest of crates.io crate token-align 0.1.0 on toolchain 1.99.0-beta.8
[INFO] running `Command { std: CARGO_HOME="/workspace/cargo-home" RUSTUP_HOME="/workspace/rustup-home" "/workspace/cargo-home/bin/cargo" "+1.99.0-beta.8" "metadata" "--manifest-path" "Cargo.toml" "--no-deps", kill_on_drop: false }`
[INFO] crate crates.io crate token-align 0.1.0 already has a lockfile, it will not be regenerated
[INFO] running `Command { std: CARGO_HOME="/workspace/cargo-home" RUSTUP_HOME="/workspace/rustup-home" "/workspace/cargo-home/bin/cargo" "+1.99.0-beta.8" "fetch" "--manifest-path" "Cargo.toml", kill_on_drop: false }`
[INFO] running `Command { std: "docker" "create" "-v" "/var/lib/crater-agent-workspace/builds/worker-2-tc1/source:/opt/rustwide/workdir:ro,Z" "-v" "/var/lib/crater-agent-workspace/builds/worker-2-tc1/target:/opt/rustwide/target:rw,Z" "-v" "/var/lib/crater-agent-workspace/cargo-home:/opt/rustwide/cargo-home:ro,Z" "-v" "/var/lib/crater-agent-workspace/rustup-home:/opt/rustwide/rustup-home:ro,Z" "-m" "1610612736" "--network" "none" "ghcr.io/rust-lang/crates-build-env/linux@sha256:77db811e55d90add9212f6832c23229e3de5f1c1f9905e8cb07319ea15df73ac" "sleep" "infinity", kill_on_drop: false }`
[INFO] [stdout] e02d50b044e5bba9c7d9bcf05cfcd390564709de8f11832ae6a040ea838a0bd4
[INFO] running `Command { std: "docker" "start" "e02d50b044e5bba9c7d9bcf05cfcd390564709de8f11832ae6a040ea838a0bd4", kill_on_drop: false }`
[INFO] running `Command { std: "docker" "inspect" "e02d50b044e5bba9c7d9bcf05cfcd390564709de8f11832ae6a040ea838a0bd4", kill_on_drop: false }`
[INFO] running `Command { std: "docker" "exec" "-e" "SOURCE_DIR=/opt/rustwide/workdir" "-e" "CARGO_HOME=/opt/rustwide/cargo-home" "-e" "RUSTUP_HOME=/opt/rustwide/rustup-home" "-e" "CARGO_TARGET_DIR=/opt/rustwide/target" "-w" "/opt/rustwide/workdir" "--user" "0:0" "e02d50b044e5bba9c7d9bcf05cfcd390564709de8f11832ae6a040ea838a0bd4" "/opt/rustwide/cargo-home/bin/cargo" "+1.99.0-beta.8" "metadata" "--no-deps" "--format-version=1", kill_on_drop: false }`
[INFO] running `Command { std: "docker" "inspect" "e02d50b044e5bba9c7d9bcf05cfcd390564709de8f11832ae6a040ea838a0bd4", kill_on_drop: false }`
[INFO] running `Command { std: "docker" "exec" "-e" "SOURCE_DIR=/opt/rustwide/workdir" "-e" "CARGO_HOME=/opt/rustwide/cargo-home" "-e" "RUSTUP_HOME=/opt/rustwide/rustup-home" "-e" "CARGO_TARGET_DIR=/opt/rustwide/target" "-e" "CARGO_INCREMENTAL=0" "-e" "RUST_BACKTRACE=full" "-e" "RUSTFLAGS=--cap-lints=warn" "-e" "RUSTDOCFLAGS=--cap-lints=warn" "-w" "/opt/rustwide/workdir" "--user" "0:0" "e02d50b044e5bba9c7d9bcf05cfcd390564709de8f11832ae6a040ea838a0bd4" "/opt/rustwide/cargo-home/bin/cargo" "+1.99.0-beta.8" "build" "--frozen" "--message-format=json" "--release", kill_on_drop: false }`
[INFO] [stderr]    Compiling token-align v0.1.0 (/opt/rustwide/workdir)
[INFO] [stderr]     Finished `release` profile [optimized] target(s) in 0.85s
[INFO] running `Command { std: "docker" "inspect" "e02d50b044e5bba9c7d9bcf05cfcd390564709de8f11832ae6a040ea838a0bd4", kill_on_drop: false }`
[INFO] running `Command { std: "docker" "exec" "-e" "SOURCE_DIR=/opt/rustwide/workdir" "-e" "CARGO_HOME=/opt/rustwide/cargo-home" "-e" "RUSTUP_HOME=/opt/rustwide/rustup-home" "-e" "CARGO_TARGET_DIR=/opt/rustwide/target" "-e" "CARGO_INCREMENTAL=0" "-e" "RUST_BACKTRACE=full" "-e" "RUSTFLAGS=--cap-lints=warn" "-e" "RUSTDOCFLAGS=--cap-lints=warn" "-w" "/opt/rustwide/workdir" "--user" "0:0" "e02d50b044e5bba9c7d9bcf05cfcd390564709de8f11832ae6a040ea838a0bd4" "/opt/rustwide/cargo-home/bin/cargo" "+1.99.0-beta.8" "test" "--frozen" "--no-run" "--message-format=json" "--release", kill_on_drop: false }`
[INFO] [stderr]    Compiling zerocopy v0.8.56
[INFO] [stderr]    Compiling rustix v1.1.4
[INFO] [stderr]    Compiling clap_builder v4.6.6
[INFO] [stderr]    Compiling regex-automata v0.4.18
[INFO] [stderr]    Compiling syn v2.0.119
[INFO] [stderr]    Compiling syn v3.0.4
[INFO] [stderr]    Compiling getrandom v0.2.17
[INFO] [stderr]    Compiling serde_json v1.0.151
[INFO] [stderr]    Compiling itertools v0.10.5
[INFO] [stderr]    Compiling is-terminal v0.4.17
[INFO] [stderr]    Compiling rand_core v0.6.4
[INFO] [stderr]    Compiling rand_xorshift v0.3.0
[INFO] [stderr]    Compiling criterion-plot v0.5.0
[INFO] [stderr]    Compiling serde_derive v1.0.229
[INFO] [stderr]    Compiling clap v4.6.6
[INFO] [stderr]    Compiling tempfile v3.27.0
[INFO] [stderr]    Compiling regex v1.13.1
[INFO] [stderr]    Compiling rusty-fork v0.3.1
[INFO] [stderr]    Compiling zerocopy-derive v0.8.56
[INFO] [stderr]    Compiling serde v1.0.229
[INFO] [stderr]    Compiling tinytemplate v1.2.1
[INFO] [stderr]    Compiling half v2.7.1
[INFO] [stderr]    Compiling ppv-lite86 v0.2.21
[INFO] [stderr]    Compiling ciborium-ll v0.2.2
[INFO] [stderr]    Compiling rand_chacha v0.3.1
[INFO] [stderr]    Compiling ciborium v0.2.2
[INFO] [stderr]    Compiling rand v0.8.7
[INFO] [stderr]    Compiling criterion v0.5.1
[INFO] [stderr]    Compiling proptest v1.6.0
[INFO] [stderr]    Compiling token-align v0.1.0 (/opt/rustwide/workdir)
[INFO] [stderr]     Finished `release` profile [optimized] target(s) in 53.60s
[INFO] running `Command { std: "docker" "inspect" "e02d50b044e5bba9c7d9bcf05cfcd390564709de8f11832ae6a040ea838a0bd4", kill_on_drop: false }`
[INFO] running `Command { std: "docker" "exec" "-e" "SOURCE_DIR=/opt/rustwide/workdir" "-e" "CARGO_HOME=/opt/rustwide/cargo-home" "-e" "RUSTUP_HOME=/opt/rustwide/rustup-home" "-e" "CARGO_TARGET_DIR=/opt/rustwide/target" "-e" "CARGO_INCREMENTAL=0" "-e" "RUST_BACKTRACE=full" "-e" "RUSTFLAGS=--cap-lints=warn" "-e" "RUSTDOCFLAGS=--cap-lints=warn" "-w" "/opt/rustwide/workdir" "--user" "0:0" "e02d50b044e5bba9c7d9bcf05cfcd390564709de8f11832ae6a040ea838a0bd4" "/opt/rustwide/cargo-home/bin/cargo" "+1.99.0-beta.8" "test" "--frozen" "--release", kill_on_drop: false }`
[INFO] [stderr]     Finished `release` profile [optimized] target(s) in 0.10s
[INFO] [stderr]      Running unittests src/lib.rs (/opt/rustwide/target/release/deps/token_align-eb557e2d6243c04c)
[INFO] [stdout] 
[INFO] [stdout] running 6 tests
[INFO] [stdout] test unit_tests::exact_copies_input ... ok
[INFO] [stdout] test unit_tests::empty_inputs_have_empty_outputs ... ok
[INFO] [stdout] test unit_tests::fold_strips_each_marker_rule ... ok
[INFO] [stdout] test unit_tests::owner_indices_above_u32_max_remain_distinct ... ok
[INFO] [stdout] test unit_tests::fallback_keeps_maximal_equal_boundaries ... ok
[INFO] [stdout] test unit_tests::fallback_matches_dynamic_programming_cardinality ... ok
[INFO] [stdout] 
[INFO] [stdout] test result: ok. 6 passed; 0 failed; 0 ignored; 0 measured; 0 filtered out; finished in 0.05s
[INFO] [stdout] 
[INFO] [stderr]      Running tests/allocation_gate.rs (/opt/rustwide/target/release/deps/allocation_gate-71a590016c3d9f26)
[INFO] [stdout] 
[INFO] [stdout] running 1 test
[INFO] [stdout] test charmap_normalization_does_not_allocate_per_character ... ok
[INFO] [stdout] 
[INFO] [stdout] test result: ok. 1 passed; 0 failed; 0 ignored; 0 measured; 0 filtered out; finished in 0.00s
[INFO] [stdout] 
[INFO] [stderr]      Running tests/api_surface.rs (/opt/rustwide/target/release/deps/api_surface-c933161e839dd451)
[INFO] [stdout] 
[INFO] [stdout] running 4 tests
[INFO] [stdout] test owned_and_borrowed_token_slices_mix ... ok
[INFO] [stdout] test fold_docs_cover_lossy_rules_and_custom_decoder ... ok
[INFO] [stdout] test closure_normalizers_use_the_public_trait_bridge ... ok
[INFO] [stdout] test fold_and_exact_implement_common_value_traits ... ok
[INFO] [stdout] 
[INFO] [stdout] test result: ok. 4 passed; 0 failed; 0 ignored; 0 measured; 0 filtered out; finished in 0.00s
[INFO] [stdout] 
[INFO] [stderr]      Running tests/conformance.rs (/opt/rustwide/target/release/deps/conformance-28a30c54ffe4a8c2)
[INFO] [stdout] 
[INFO] [stdout] running 8 tests
[INFO] [stdout] test defect_d5_wordpiece_collision_is_explicit ... ok
[INFO] [stdout] test defect_d6_orphan_marks_do_not_block_base_matches ... ok
[INFO] [stdout] test all_119_vectors_match ... ok
[INFO] [stdout] test defect_d3_unknown_token_has_no_counterpart ... ok
[INFO] [stdout] test defect_d1_standalone_marker_does_not_capture_text ... ok
[INFO] [stdout] test defect_d2_control_tokens_never_align_by_shared_letters ... ok
[INFO] [stdout] test api_parity_group_has_18_exact_cases ... ok
[INFO] [stdout] test defect_d4_final_sigma_matches_sigma ... ok
[INFO] [stdout] 
[INFO] [stdout] test result: ok. 8 passed; 0 failed; 0 ignored; 0 measured; 0 filtered out; finished in 0.02s
[INFO] [stdout] 
[INFO] [stderr]      Running tests/determinism.rs (/opt/rustwide/target/release/deps/determinism-37ddef4a6be1a83f)
[INFO] [stdout] 
[INFO] [stdout] running 1 test
[INFO] [stdout] test every_vector_is_byte_stable_across_runs ... ok
[INFO] [stdout] 
[INFO] [stdout] test result: ok. 1 passed; 0 failed; 0 ignored; 0 measured; 0 filtered out; finished in 0.00s
[INFO] [stdout] 
[INFO] [stderr]      Running tests/fuzz_invariants.rs (/opt/rustwide/target/release/deps/fuzz_invariants-9e0fddd192ffccac)
[INFO] [stdout] 
[INFO] [stdout] running 2 tests
[INFO] [stdout] test arbitrary_text_has_in_bounds_character_maps ... ok
[INFO] [stdout] test arbitrary_tokens_preserve_alignment_invariants ... ok
[INFO] [stderr]      Running tests/perf_gate.rs (/opt/rustwide/target/release/deps/perf_gate-cb1ded8c1223bfad)
[INFO] [stdout] 
[INFO] [stdout] test result: ok. 2 passed; 0 failed; 0 ignored; 0 measured; 0 filtered out; finished in 0.08s
[INFO] [stdout] 
[INFO] [stdout] 
[INFO] [stdout] running 2 tests
[INFO] [stdout] test release::marker_shapes_scale_linearly_and_meet_the_release_ceiling ... FAILED
[INFO] [stderr] error: test failed, to rerun pass `--test perf_gate`
[INFO] [stdout] test release::accented_marker_shape_scales_linearly_and_meets_the_release_ceiling ... ok
[INFO] [stdout] 
[INFO] [stdout] failures:
[INFO] [stdout] 
[INFO] [stdout] ---- release::marker_shapes_scale_linearly_and_meet_the_release_ceiling stdout ----
[INFO] [stdout] Identical: 10k 4.23984ms, 100k 101.932128ms, ratio 24.04
[INFO] [stdout] 
[INFO] [stdout] thread 'release::marker_shapes_scale_linearly_and_meet_the_release_ceiling' (942) panicked at tests/perf_gate.rs:27:9:
[INFO] [stdout] Identical growth ratio 24.04 exceeds 15: 4.23984ms to 101.932128ms
[INFO] [stdout] stack backtrace:
[INFO] [stdout]    0:     0x6255173c83a1 - <<std[70759c8f55707aa4]::sys::backtrace::BacktraceLock>::print::DisplayBacktrace as core[df12db4294e9bfd3]::fmt::Display>::fmt
[INFO] [stdout]    1:     0x6255173dc57a - core[df12db4294e9bfd3]::fmt::write
[INFO] [stdout]    2:     0x6255173cc83c - <alloc[2182bb758b4b3781]::vec::Vec<u8> as core[df12db4294e9bfd3]::io::write::Write>::write_fmt
[INFO] [stdout]    3:     0x6255173a4996 - std[70759c8f55707aa4]::panicking::default_hook::{closure#0}
[INFO] [stdout]    4:     0x6255173c0b09 - std[70759c8f55707aa4]::panicking::default_hook
[INFO] [stdout]    5:     0x62551735a750 - test[9d35eded1c95d3be]::test_main_inner::<test[9d35eded1c95d3be]::test_main_static::{closure#0}>::{closure#0}
[INFO] [stdout]    6:     0x6255173c0cc2 - std[70759c8f55707aa4]::panicking::panic_with_hook
[INFO] [stdout]    7:     0x6255173a4a42 - std[70759c8f55707aa4]::panicking::panic_handler::{closure#0}
[INFO] [stdout]    8:     0x62551739d7c9 - std[70759c8f55707aa4]::sys::backtrace::__rust_end_short_backtrace::<std[70759c8f55707aa4]::panicking::panic_handler::{closure#0}, !>
[INFO] [stdout]    9:     0x6255173a563d - __rustc[8fa7c3cbc660c2b3]::rust_begin_unwind
[INFO] [stdout]   10:     0x6255173dccac - core[df12db4294e9bfd3]::panicking::panic_fmt
[INFO] [stdout]   11:     0x62551734cf07 - perf_gate[f85aaac0467757e7]::release::assert_growth
[INFO] [stdout]   12:     0x62551734d99b - <perf_gate[f85aaac0467757e7]::release::marker_shapes_scale_linearly_and_meet_the_release_ceiling::{closure#0} as core[df12db4294e9bfd3]::ops::function::FnOnce<()>>::call_once
[INFO] [stdout]   13:     0x62551734da3b - test[9d35eded1c95d3be]::__rust_begin_short_backtrace::<core[df12db4294e9bfd3]::result::Result<(), alloc[2182bb758b4b3781]::string::String>, fn() -> core[df12db4294e9bfd3]::result::Result<(), alloc[2182bb758b4b3781]::string::String>>
[INFO] [stdout]   14:     0x62551735b0a5 - test[9d35eded1c95d3be]::run_test::{closure#0}
[INFO] [stdout]   15:     0x625517354964 - std[70759c8f55707aa4]::sys::backtrace::__rust_begin_short_backtrace::<test[9d35eded1c95d3be]::run_test::{closure#1}, ()>
[INFO] [stdout]   16:     0x62551735e202 - <std[70759c8f55707aa4]::thread::lifecycle::spawn_unchecked<test[9d35eded1c95d3be]::run_test::{closure#1}, ()>::{closure#1} as core[df12db4294e9bfd3]::ops::function::FnOnce<()>>::call_once::{shim:vtable#0}
[INFO] [stdout]   17:     0x6255173c7c79 - <std[70759c8f55707aa4]::sys::thread::unix::Thread>::new::thread_start
[INFO] [stdout]   18:     0x74a6440f7dfa - <unknown>
[INFO] [stdout]   19:     0x74a64418b3d4 - clone
[INFO] [stdout]   20:                0x0 - <unknown>
[INFO] [stdout] 
[INFO] [stdout] 
[INFO] [stdout] failures:
[INFO] [stdout]     release::marker_shapes_scale_linearly_and_meet_the_release_ceiling
[INFO] [stdout] 
[INFO] [stdout] test result: FAILED. 1 passed; 1 failed; 0 ignored; 0 measured; 0 filtered out; finished in 0.58s
[INFO] [stdout] 
[INFO] running `Command { std: "docker" "inspect" "e02d50b044e5bba9c7d9bcf05cfcd390564709de8f11832ae6a040ea838a0bd4", kill_on_drop: false }`
[INFO] running `Command { std: "docker" "rm" "-f" "e02d50b044e5bba9c7d9bcf05cfcd390564709de8f11832ae6a040ea838a0bd4", kill_on_drop: false }`
[INFO] [stdout] e02d50b044e5bba9c7d9bcf05cfcd390564709de8f11832ae6a040ea838a0bd4
