[INFO] fetching crate toge-core 0.2.2...
[INFO] testing toge-core-0.2.2 against 1.99.0-beta.8+cargoflags=--release for beta-release-1.100-2
[INFO] extracting crate toge-core 0.2.2 into /workspace/builds/worker-6-tc1/source
[INFO] started tweaking crates.io crate toge-core 0.2.2
[INFO] removed 0 missing examples
[INFO] removed 0 missing tests
[INFO] finished tweaking crates.io crate toge-core 0.2.2
[INFO] tweaked toml for crates.io crate toge-core 0.2.2 written to /workspace/builds/worker-6-tc1/source/Cargo.toml
[INFO] validating manifest of crates.io crate toge-core 0.2.2 on toolchain 1.99.0-beta.8
[INFO] running `Command { std: CARGO_HOME="/workspace/cargo-home" RUSTUP_HOME="/workspace/rustup-home" "/workspace/cargo-home/bin/cargo" "+1.99.0-beta.8" "metadata" "--manifest-path" "Cargo.toml" "--no-deps", kill_on_drop: false }`
[INFO] crate crates.io crate toge-core 0.2.2 already has a lockfile, it will not be regenerated
[INFO] running `Command { std: CARGO_HOME="/workspace/cargo-home" RUSTUP_HOME="/workspace/rustup-home" "/workspace/cargo-home/bin/cargo" "+1.99.0-beta.8" "fetch" "--manifest-path" "Cargo.toml", kill_on_drop: false }`
[INFO] running `Command { std: "docker" "create" "-v" "/var/lib/crater-agent-workspace/builds/worker-6-tc1/source:/opt/rustwide/workdir:ro,Z" "-v" "/var/lib/crater-agent-workspace/builds/worker-6-tc1/target:/opt/rustwide/target:rw,Z" "-v" "/var/lib/crater-agent-workspace/cargo-home:/opt/rustwide/cargo-home:ro,Z" "-v" "/var/lib/crater-agent-workspace/rustup-home:/opt/rustwide/rustup-home:ro,Z" "-m" "1610612736" "--network" "none" "ghcr.io/rust-lang/crates-build-env/linux@sha256:77db811e55d90add9212f6832c23229e3de5f1c1f9905e8cb07319ea15df73ac" "sleep" "infinity", kill_on_drop: false }`
[INFO] [stdout] 2ff913c1340eda1721ae31fe185e547b1f175ad50c479270c78bec2417ba5653
[INFO] running `Command { std: "docker" "start" "2ff913c1340eda1721ae31fe185e547b1f175ad50c479270c78bec2417ba5653", kill_on_drop: false }`
[INFO] running `Command { std: "docker" "inspect" "2ff913c1340eda1721ae31fe185e547b1f175ad50c479270c78bec2417ba5653", kill_on_drop: false }`
[INFO] running `Command { std: "docker" "exec" "-e" "SOURCE_DIR=/opt/rustwide/workdir" "-e" "CARGO_HOME=/opt/rustwide/cargo-home" "-e" "RUSTUP_HOME=/opt/rustwide/rustup-home" "-e" "CARGO_TARGET_DIR=/opt/rustwide/target" "-w" "/opt/rustwide/workdir" "--user" "0:0" "2ff913c1340eda1721ae31fe185e547b1f175ad50c479270c78bec2417ba5653" "/opt/rustwide/cargo-home/bin/cargo" "+1.99.0-beta.8" "metadata" "--no-deps" "--format-version=1", kill_on_drop: false }`
[INFO] running `Command { std: "docker" "inspect" "2ff913c1340eda1721ae31fe185e547b1f175ad50c479270c78bec2417ba5653", kill_on_drop: false }`
[INFO] running `Command { std: "docker" "exec" "-e" "SOURCE_DIR=/opt/rustwide/workdir" "-e" "CARGO_HOME=/opt/rustwide/cargo-home" "-e" "RUSTUP_HOME=/opt/rustwide/rustup-home" "-e" "CARGO_TARGET_DIR=/opt/rustwide/target" "-e" "CARGO_INCREMENTAL=0" "-e" "RUST_BACKTRACE=full" "-e" "RUSTFLAGS=--cap-lints=warn" "-e" "RUSTDOCFLAGS=--cap-lints=warn" "-w" "/opt/rustwide/workdir" "--user" "0:0" "2ff913c1340eda1721ae31fe185e547b1f175ad50c479270c78bec2417ba5653" "/opt/rustwide/cargo-home/bin/cargo" "+1.99.0-beta.8" "build" "--frozen" "--message-format=json" "--release", kill_on_drop: false }`
[INFO] [stderr]    Compiling aho-corasick v1.1.4
[INFO] [stderr]    Compiling regex-automata v0.4.16
[INFO] [stderr]    Compiling regex v1.13.1
[INFO] [stderr]    Compiling toge-core v0.2.2 (/opt/rustwide/workdir)
[INFO] [stdout] warning: suspicious definition of the runtime `read` symbol used by the standard library
[INFO] [stdout]   --> src/sys/fanotify.rs:40:5
[INFO] [stdout]    |
[INFO] [stdout] 40 |     fn read(fd: i32, buf: *mut u8, count: usize) -> isize;
[INFO] [stdout]    |     ^^^^^^^^^^^^^^^^^^^^^^^^^^^^^^^^^^^^^^^^^^^^^^^^^^^^^^
[INFO] [stdout]    |
[INFO] [stdout]    = note: expected `unsafe extern "C" fn(i32, *mut c_void, usize) -> isize` (for the current target)
[INFO] [stdout]            found    `unsafe extern "C" fn(i32, *mut u8, usize) -> isize`
[INFO] [stdout]    = help: either fix the signature or remove any attributes like `#[unsafe(no_mangle)]`, `#[unsafe(export_name = "read")]`, or `#[link_name = "read"]`
[INFO] [stdout]    = help: allow this lint if the signature is compatible
[INFO] [stdout]    = note: `#[warn(suspicious_runtime_symbol_definitions)]` on by default
[INFO] [stdout] 
[INFO] [stdout] 
[INFO] [stderr]     Finished `release` profile [optimized] target(s) in 22.05s
[INFO] running `Command { std: "docker" "inspect" "2ff913c1340eda1721ae31fe185e547b1f175ad50c479270c78bec2417ba5653", kill_on_drop: false }`
[INFO] running `Command { std: "docker" "exec" "-e" "SOURCE_DIR=/opt/rustwide/workdir" "-e" "CARGO_HOME=/opt/rustwide/cargo-home" "-e" "RUSTUP_HOME=/opt/rustwide/rustup-home" "-e" "CARGO_TARGET_DIR=/opt/rustwide/target" "-e" "CARGO_INCREMENTAL=0" "-e" "RUST_BACKTRACE=full" "-e" "RUSTFLAGS=--cap-lints=warn" "-e" "RUSTDOCFLAGS=--cap-lints=warn" "-w" "/opt/rustwide/workdir" "--user" "0:0" "2ff913c1340eda1721ae31fe185e547b1f175ad50c479270c78bec2417ba5653" "/opt/rustwide/cargo-home/bin/cargo" "+1.99.0-beta.8" "test" "--frozen" "--no-run" "--message-format=json" "--release", kill_on_drop: false }`
[INFO] [stderr]    Compiling libc v0.2.189
[INFO] [stderr]    Compiling fastrand v2.4.1
[INFO] [stdout] warning: suspicious definition of the runtime `read` symbol used by the standard library
[INFO] [stdout]   --> src/sys/fanotify.rs:40:5
[INFO] [stdout]    |
[INFO] [stdout] 40 |     fn read(fd: i32, buf: *mut u8, count: usize) -> isize;
[INFO] [stdout]    |     ^^^^^^^^^^^^^^^^^^^^^^^^^^^^^^^^^^^^^^^^^^^^^^^^^^^^^^
[INFO] [stdout]    |
[INFO] [stdout]    = note: expected `unsafe extern "C" fn(i32, *mut c_void, usize) -> isize` (for the current target)
[INFO] [stdout]            found    `unsafe extern "C" fn(i32, *mut u8, usize) -> isize`
[INFO] [stdout]    = help: either fix the signature or remove any attributes like `#[unsafe(no_mangle)]`, `#[unsafe(export_name = "read")]`, or `#[link_name = "read"]`
[INFO] [stdout]    = help: allow this lint if the signature is compatible
[INFO] [stdout]    = note: `#[warn(suspicious_runtime_symbol_definitions)]` on by default
[INFO] [stdout] 
[INFO] [stdout] 
[INFO] [stderr]    Compiling getrandom v0.4.3
[INFO] [stderr]    Compiling tempfile v3.27.0
[INFO] [stderr]    Compiling toge-core v0.2.2 (/opt/rustwide/workdir)
[INFO] [stdout] warning: suspicious definition of the runtime `read` symbol used by the standard library
[INFO] [stdout]   --> src/sys/fanotify.rs:40:5
[INFO] [stdout]    |
[INFO] [stdout] 40 |     fn read(fd: i32, buf: *mut u8, count: usize) -> isize;
[INFO] [stdout]    |     ^^^^^^^^^^^^^^^^^^^^^^^^^^^^^^^^^^^^^^^^^^^^^^^^^^^^^^
[INFO] [stdout]    |
[INFO] [stdout]    = note: expected `unsafe extern "C" fn(i32, *mut c_void, usize) -> isize` (for the current target)
[INFO] [stdout]            found    `unsafe extern "C" fn(i32, *mut u8, usize) -> isize`
[INFO] [stdout]    = help: either fix the signature or remove any attributes like `#[unsafe(no_mangle)]`, `#[unsafe(export_name = "read")]`, or `#[link_name = "read"]`
[INFO] [stdout]    = help: allow this lint if the signature is compatible
[INFO] [stdout]    = note: `#[warn(suspicious_runtime_symbol_definitions)]` on by default
[INFO] [stdout] 
[INFO] [stdout] 
[INFO] [stderr]     Finished `release` profile [optimized] target(s) in 14.14s
[INFO] running `Command { std: "docker" "inspect" "2ff913c1340eda1721ae31fe185e547b1f175ad50c479270c78bec2417ba5653", kill_on_drop: false }`
[INFO] running `Command { std: "docker" "exec" "-e" "SOURCE_DIR=/opt/rustwide/workdir" "-e" "CARGO_HOME=/opt/rustwide/cargo-home" "-e" "RUSTUP_HOME=/opt/rustwide/rustup-home" "-e" "CARGO_TARGET_DIR=/opt/rustwide/target" "-e" "CARGO_INCREMENTAL=0" "-e" "RUST_BACKTRACE=full" "-e" "RUSTFLAGS=--cap-lints=warn" "-e" "RUSTDOCFLAGS=--cap-lints=warn" "-w" "/opt/rustwide/workdir" "--user" "0:0" "2ff913c1340eda1721ae31fe185e547b1f175ad50c479270c78bec2417ba5653" "/opt/rustwide/cargo-home/bin/cargo" "+1.99.0-beta.8" "test" "--frozen" "--release", kill_on_drop: false }`
[INFO] [stderr] warning: suspicious definition of the runtime `read` symbol used by the standard library
[INFO] [stderr]   --> src/sys/fanotify.rs:40:5
[INFO] [stderr]    |
[INFO] [stderr] 40 |     fn read(fd: i32, buf: *mut u8, count: usize) -> isize;
[INFO] [stderr]    |     ^^^^^^^^^^^^^^^^^^^^^^^^^^^^^^^^^^^^^^^^^^^^^^^^^^^^^^
[INFO] [stderr]    |
[INFO] [stderr]    = note: expected `unsafe extern "C" fn(i32, *mut c_void, usize) -> isize` (for the current target)
[INFO] [stderr]            found    `unsafe extern "C" fn(i32, *mut u8, usize) -> isize`
[INFO] [stderr]    = help: either fix the signature or remove any attributes like `#[unsafe(no_mangle)]`, `#[unsafe(export_name = "read")]`, or `#[link_name = "read"]`
[INFO] [stderr]    = help: allow this lint if the signature is compatible
[INFO] [stderr]    = note: `#[warn(suspicious_runtime_symbol_definitions)]` on by default
[INFO] [stderr] 
[INFO] [stderr] warning: `toge-core` (lib) generated 1 warning
[INFO] [stderr] warning: `toge-core` (lib test) generated 1 warning (1 duplicate)
[INFO] [stderr]     Finished `release` profile [optimized] target(s) in 0.04s
[INFO] [stderr]      Running unittests src/lib.rs (/opt/rustwide/target/release/deps/toge_core-6522c5de9ea66448)
[INFO] [stdout] 
[INFO] [stdout] running 188 tests
[INFO] [stdout] test config::tests::test_default_config_values ... ok
[INFO] [stdout] test config::tests::test_load_missing_config_falls_back_to_defaults ... ok
[INFO] [stdout] test config::tests::test_keyboard_config_round_trip ... ok
[INFO] [stdout] test config::tests::test_load_config_from_toml ... ok
[INFO] [stdout] test db::tests::streaming_checksum_handles_partial_writes_across_header_boundaries ... ok
[INFO] [stdout] test db::tests::test_load_missing_file_fails ... ok
[INFO] [stdout] test db::tests::test_load_corrupt_file_fails ... ok
[INFO] [stdout] test db::tests::test_load_rejects_huge_path_section_length ... ok
[INFO] [stdout] test db::tests::test_load_rejects_excessive_entry_count ... ok
[INFO] [stdout] test highlight::tests::test_render_ansi_escapes_literal_asterisks ... ok
[INFO] [stdout] test highlight::tests::test_render_ansi_wraps_marked_terms ... ok
[INFO] [stdout] test highlight::tests::test_strip_ansi_removes_codes ... ok
[INFO] [stdout] test index::tests::test_duplicate_insert_updates_existing_entry_in_place ... ok
[INFO] [stdout] test index::tests::compaction_releases_capacity_and_preserves_mutable_search_indexes ... ok
[INFO] [stdout] test index::tests::test_get_path ... ok
[INFO] [stdout] test index::tests::test_insert_directory_sets_is_dir ... ok
[INFO] [stdout] test index::tests::test_entry_name_and_extension_offsets ... ok
[INFO] [stdout] test index::tests::test_insert_assigns_sequential_ids ... ok
[INFO] [stdout] test index::tests::test_metadata_changes_bump_only_the_metadata_revision ... ok
[INFO] [stdout] test index::tests::test_insert_rejects_names_starting_past_u16_offsets ... ok
[INFO] [stdout] test index::tests::test_remove_entry ... ok
[INFO] [stdout] test index::tests::test_remove_swapped_entry_can_be_removed_after_prior_delete ... ok
[INFO] [stdout] test index::tests::test_remove_swapped_entry_remains_searchable ... ok
[INFO] [stdout] test index::tests::test_search_prefix ... ok
[INFO] [stdout] test index::tests::test_search_prefix_empty_matches_all_entries ... ok
[INFO] [stdout] test index::tests::test_search_substring_case_insensitive ... ok
[INFO] [stdout] test db::tests::test_load_rejects_excessive_ext_key_length ... ok
[INFO] [stdout] test index::tests::test_count ... ok
[INFO] [stdout] test index::tests::test_search_substring_case_insensitive_unicode ... ok
[INFO] [stdout] test index::tests::test_search_substring_multiple_matches ... ok
[INFO] [stdout] test db::tests::test_load_rejects_legacy_index_version ... ok
[INFO] [stdout] test index::tests::test_search_substring_matches_filename_only_by_default ... ok
[INFO] [stdout] test db::tests::test_metadata_size_reported_by_saved_index ... ok
[INFO] [stdout] test index::tests::test_metadata_size_is_non_zero_with_entries ... ok
[INFO] [stdout] test index::tests::test_search_substring_stops_when_a_required_trigram_is_absent ... ok
[INFO] [stdout] test index::tests::test_remove_after_duplicate_insert_clears_search_results ... ok
[INFO] [stdout] test db::tests::streamed_save_keeps_v3_checksum_metadata_and_search_indexes ... ok
[INFO] [stdout] test ipc::tests::stream_client_requires_completion_and_validates_frames ... ok
[INFO] [stdout] test ipc::session::tests::session_messages_round_trip ... ok
[INFO] [stdout] test ipc::tests::test_decode_garbage_returns_error ... ok
[INFO] [stdout] test ipc::tests::stream_request_and_events_roundtrip ... ok
[INFO] [stdout] test index::tests::test_search_substring_dedups_repeated_trigram_matches ... ok
[INFO] [stdout] test ipc::tests::test_request_decode_rejects_invalid_format_byte ... ok
[INFO] [stdout] test ipc::tests::test_response_decode_rejects_truncated_row_payload ... ok
[INFO] [stdout] test ipc::tests::test_request_status_roundtrip ... ok
[INFO] [stdout] test ipc::tests::test_request_query_roundtrip ... ok
[INFO] [stdout] test ipc::tests::test_response_decode_rejects_excessive_row_count ... ok
[INFO] [stdout] test index::tests::metadata_refresh_by_id_preserves_paths_and_handles_missing_ids ... ok
[INFO] [stdout] test ipc::session::tests::session_decoding_rejects_malformed_frames ... ok
[INFO] [stdout] test ipc::session::tests::client_rejects_mismatched_responses_and_surfaces_errors ... ok
[INFO] [stdout] test index::tests::test_update_metadata_no_panic ... ok
[INFO] [stdout] test ipc::session::tests::preview_reaches_callback_before_daemon_can_send_completion ... ok
[INFO] [stdout] test ipc::tests::test_response_status_roundtrip ... ok
[INFO] [stdout] test matcher::tests::lazy_matching_agrees_with_materialized_queries ... ok
[INFO] [stdout] test ipc::tests::test_response_results_roundtrip ... ok
[INFO] [stdout] test ipc::tests::test_response_status_decode_supports_legacy_payload_without_watcher_log ... ok
[INFO] [stdout] test matcher::tests::extension_filters_match_uppercase_names_in_every_search_mode ... ok
[INFO] [stdout] test matcher::tests::parsed_negation_excludes_matching_names ... ok
[INFO] [stdout] test matcher::tests::candidate_seeds_match_a_full_index_order_scan ... ok
[INFO] [stdout] test matcher::tests::test_folder_modifier_includes_only_dirs ... ok
[INFO] [stdout] test matcher::tests::test_all_terms_must_match_for_and_query ... ok
[INFO] [stdout] test matcher::tests::test_ext_filter ... ok
[INFO] [stdout] test matcher::tests::structural_filters_work_in_both_collected_and_incremental_searches ... ok
[INFO] [stdout] test matcher::tests::test_not_term ... ok
[INFO] [stdout] test db::tests::test_save_restricts_index_permissions ... ok
[INFO] [stdout] test matcher::tests::test_file_modifier_skips_dirs ... ok
[INFO] [stdout] test matcher::tests::test_or_term_matches_either_side ... ok
[INFO] [stdout] test matcher::tests::test_matcher_whole_word_unicode_substring ... ok
[INFO] [stdout] test matcher::tests::test_size_filter ... ok
[INFO] [stdout] test db::tests::loading_older_case_sensitive_extension_buckets_merges_and_repairs_them ... ok
[INFO] [stdout] test db::tests::test_save_and_load_roundtrip ... ok
[INFO] [stdout] test matcher::tests::test_matcher_case_insensitive_unicode_substring ... ok
[INFO] [stdout] test matcher::tests::test_substring_case_insensitive ... ok
[INFO] [stdout] test matcher::tests::test_glob_match_patterns ... ok
[INFO] [stdout] test matcher::tests::test_substring_match_filename ... ok
[INFO] [stdout] test opts::tests::test_parse_display_flags ... ok
[INFO] [stdout] test matcher::tests::test_trigram_seed_preserves_case_sensitive_semantics ... ok
[INFO] [stdout] test db::tests::test_save_removes_temp_files_of_dead_processes ... ok
[INFO] [stdout] test matcher::tests::test_match_path_includes_parent_directories ... ok
[INFO] [stdout] test opts::tests::test_parse_double_dash_keeps_following_args_as_search_text ... ok
[INFO] [stdout] test matcher::tests::test_long_substring_uses_selective_trigram_candidates ... ok
[INFO] [stdout] test matcher::tests::test_whole_word_regex_requires_full_word_match ... ok
[INFO] [stdout] test matcher::tests::test_wildcard_whole_filename ... ok
[INFO] [stdout] test matcher::tests::test_glob_match_substring_matches_any_suffix ... ok
[INFO] [stdout] test opts::tests::test_parse_case_flag ... ok
[INFO] [stdout] test db::tests::test_load_rejects_entry_offsets_outside_their_path ... ok
[INFO] [stdout] test matcher::tests::test_match_path_filter_excludes_non_matching_paths ... ok
[INFO] [stdout] test matcher::tests::test_whole_word_substring_does_not_match_partial_word ... ok
[INFO] [stdout] test opts::tests::test_parse_match_path_flag ... ok
[INFO] [stdout] test opts::tests::test_parse_export_file ... ok
[INFO] [stdout] test opts::tests::test_parse_help_and_version ... ok
[INFO] [stdout] test opts::tests::test_parse_json_flags ... ok
[INFO] [stdout] test opts::tests::test_parse_multiple_positional_terms ... ok
[INFO] [stdout] test opts::tests::test_parse_no_wait_flag ... ok
[INFO] [stdout] test opts::tests::test_parse_meta_flags ... ok
[INFO] [stdout] test opts::tests::test_parse_offset ... ok
[INFO] [stdout] test opts::tests::test_parse_negative_max_results_is_error ... ok
[INFO] [stdout] test opts::tests::test_parse_output_formats ... ok
[INFO] [stdout] test db::tests::test_save_is_atomic ... ok
[INFO] [stdout] test opts::tests::test_parse_show_columns ... ok
[INFO] [stdout] test opts::tests::test_parse_sort ... ok
[INFO] [stdout] test opts::tests::test_parse_regex_flag ... ok
[INFO] [stdout] test query::tests::leading_bang_negates_terms_unless_quoted ... ok
[INFO] [stdout] test query::tests::regex_mode_preserves_grouped_alternation_and_escaped_pipes ... ok
[INFO] [stdout] test opts::tests::test_parse_windows_style_attribute_flags ... ok
[INFO] [stdout] test opts::tests::test_parse_whole_word_flags ... ok
[INFO] [stdout] test query::tests::test_parse_case_modifier ... ok
[INFO] [stdout] test query::tests::quoted_filter_values_and_literal_modifiers_are_distinct ... ok
[INFO] [stdout] test query::tests::depth_filters_validate_ranges_and_overflow ... ok
[INFO] [stdout] test opts::tests::test_parse_positional_search ... ok
[INFO] [stdout] test opts::tests::test_parse_sort_direction_flags_affect_search ... ok
[INFO] [stdout] test query::tests::empty_quoted_term_does_not_hide_next_filter ... ok
[INFO] [stdout] test query::tests::test_parse_file_folder_modifiers ... ok
[INFO] [stdout] test query::tests::test_parse_file_type_macro_doc ... ok
[INFO] [stdout] test query::tests::test_parse_date_created_today ... ok
[INFO] [stdout] test query::tests::test_parse_date_modified_explicit_day ... ok
[INFO] [stdout] test query::tests::test_parse_date_modified_invalid_calendar_day_errors ... ok
[INFO] [stdout] test query::tests::test_parse_date_modified_invalid_month_errors ... ok
[INFO] [stdout] test query::tests::test_parse_deeply_nested_regex_reports_error ... ok
[INFO] [stdout] test query::tests::test_parse_date_modified_missing_day_errors ... ok
[INFO] [stdout] test query::tests::test_parse_ext_function ... ok
[INFO] [stdout] test query::tests::test_parse_date_modified_invalid_value_errors ... ok
[INFO] [stdout] test query::tests::test_parse_file_type_macro_pic_uses_webp ... ok
[INFO] [stdout] test query::tests::test_parse_invalid_regex_reports_error ... ok
[INFO] [stdout] test query::tests::test_parse_invalid_sort_reports_error ... ok
[INFO] [stdout] test query::tests::test_parse_many_alternations_regex_reports_error ... ok
[INFO] [stdout] test query::tests::test_parse_semantically_invalid_regex_reports_error ... ok
[INFO] [stdout] test query::tests::test_parse_sort_function ... ok
[INFO] [stdout] test query::tests::test_parse_date_accessed_today ... ok
[INFO] [stdout] test query::tests::test_parse_or_operator ... ok
[INFO] [stdout] test query::tests::test_parse_size_comparison ... ok
[INFO] [stdout] test query::tests::test_parse_date_modified_today ... ok
[INFO] [stdout] test query::tests::test_parse_strictly_less_than_zero_size_is_error ... ok
[INFO] [stdout] test query::tests::test_parse_overlong_regex_reports_error ... ok
[INFO] [stdout] test query::tests::test_parse_wildcard_mode_auto_detected ... ok
[INFO] [stdout] test sort::tests::cached_orders_match_sort_ids_for_every_shape_and_track_index_changes ... ok
[INFO] [stdout] test query::tests::test_parse_path_modifier ... ok
[INFO] [stdout] test query::tests::test_parse_regex_prefix ... ok
[INFO] [stdout] test query::tests::test_parse_size_range ... ok
[INFO] [stdout] test query::tests::unsupported_filters_and_attributes_report_errors ... ok
[INFO] [stdout] test query::tests::test_parse_simple_substring ... ok
[INFO] [stdout] test sort::tests::test_sort_by_path_ascending ... ok
[INFO] [stdout] test sort::tests::test_sort_by_name_ascending ... ok
[INFO] [stdout] test sys::tests::fake_watcher_records_watches ... ok
[INFO] [stdout] test sort::tests::cached_orders_merge_insertions_without_a_rebuild ... ok
[INFO] [stdout] test sort::tests::small_match_sets_skip_a_stale_cache_but_sort_identically ... ok
[INFO] [stdout] test sort::tests::test_sort_by_size_descending ... ok
[INFO] [stdout] test sys::tests::fake_watcher_returns_pending_events ... ok
[INFO] [stdout] test sys::tests::fake_watcher_unwatch_is_idempotent ... ok
[INFO] [stdout] test sys::tests::fake_watcher_unwatch_removes_watch ... ok
[INFO] [stdout] test sys::tests::fanotify_watcher_fs_dedup_does_not_double_mark ... ok
[INFO] [stdout] test sys::tests::fanotify_watcher_observes_create_and_delete ... ok
[INFO] [stdout] test sys::tests::fanotify_watcher_can_be_constructed ... ok
[INFO] [stdout] test sys::tests::fanotify_watcher_observes_directory_create ... ok
[INFO] [stdout] test sort::tests::cached_orders_replay_removals_and_renumbered_ties ... ok
[INFO] [stdout] test sys::tests::fanotify_watcher_observes_modify ... ok
[INFO] [stdout] test sys::tests::fanotify_watcher_trait_object ... ok
[INFO] [stdout] test sys::tests::fanotify_watcher_rename_produces_delete_and_create ... ok
[INFO] [stdout] test sys::tests::fanotify_watcher_unwatch_is_noop ... ok
[INFO] [stdout] test sys::tests::simulate_creating_nested_directory_watches_it ... ok
[INFO] [stdout] test db::tests::concurrent_saves_publish_one_complete_index_without_temp_collisions ... ok
[INFO] [stdout] test sys::tests::simulate_delete_event_unwatches_directory ... ok
[INFO] [stdout] test sys::tests::simulate_file_create_does_not_add_watch ... ok
[INFO] [stdout] test sys::tests::simulate_move_event_unwatches_source ... ok
[INFO] [stdout] test walker::tests::excluded_under_roots_checks_every_ancestor_below_the_root ... ok
[INFO] [stdout] test sys::tests::simulate_move_event_watches_destination_if_exists ... ok
[INFO] [stdout] test sys::tests::simulate_overflow_reindex_does_not_accumulate_watches ... ok
[INFO] [stdout] test walker::tests::reconcile_drops_entries_under_newly_excluded_folders ... ok
[INFO] [stdout] test opts::tests::test_parse_max_results ... ok
[INFO] [stdout] test walker::tests::reconcile_preserves_already_seen_entry_swapped_by_a_type_change ... ok
[INFO] [stdout] test walker::tests::reconcile_tracks_seen_entries_when_file_types_change_and_ids_move ... ok
[INFO] [stdout] test walker::tests::test_excludes_system_paths ... ok
[INFO] [stdout] test walker::tests::test_walk_always_skips_hidden_directories ... ok
[INFO] [stdout] test walker::tests::test_walk_include_only_restricts_to_patterns ... ok
[INFO] [stdout] test walker::tests::test_walk_without_metadata_leaves_fields_zeroed ... ok
[INFO] [stdout] test walker::tests::test_reconcile_repairs_offline_add_delete_and_rename_drift ... ok
[INFO] [stdout] test walker::tests::test_walk_skips_pattern_matches ... ok
[INFO] [stdout] test walker::tests::test_walk_indexes_all_files_and_dirs ... ok
[INFO] [stdout] test walker::tests::test_walk_skips_symlink_entries ... ok
[INFO] [stdout] test walker::tests::test_walk_skips_explicit_paths ... ok
[INFO] [stdout] test walker::tests::test_walk_with_metadata_populates_file_fields ... ok
[INFO] [stdout] test walker::tests::test_walk_skips_folder_patterns ... ok
[INFO] [stdout] test walker::tests::test_walk_skips_hidden_files_only_when_configured ... ok
[INFO] [stdout] test walker::tests::test_reconcile_refreshes_metadata_changed_while_offline ... ok
[INFO] [stdout] test query::tests::test_parse_and_operator_space ... ok
[INFO] [stdout] test sys::tests::fanotify_watcher_poll_returns_empty_when_idle ... ok
[INFO] [stdout] test walker::tests::reconcile_live_keeps_entries_added_by_other_writers_during_the_walk ... ok
[INFO] [stdout] test walker::tests::reconcile_live_stops_once_the_index_is_replaced ... ok
[INFO] [stderr]      Running tests/workspace_smoke.rs (/opt/rustwide/target/release/deps/workspace_smoke-dd2bd974c924d098)
[INFO] [stdout] 
[INFO] [stdout] test result: ok. 188 passed; 0 failed; 0 ignored; 0 measured; 0 filtered out; finished in 1.61s
[INFO] [stdout] 
[INFO] [stdout] 
[INFO] [stdout] running 2 tests
[INFO] [stdout] test cargo_build_workspace_succeeds ... ok
[INFO] [stdout] test binaries_exist ... FAILED
[INFO] [stdout] 
[INFO] [stdout] failures:
[INFO] [stdout] 
[INFO] [stdout] ---- binaries_exist stdout ----
[INFO] [stdout] 
[INFO] [stdout] thread 'binaries_exist' (654) panicked at tests/workspace_smoke.rs:29:5:
[INFO] [stdout] assertion failed: std::path::Path::new(&format!("{target}/toged")).exists()
[INFO] [stdout] stack backtrace:
[INFO] [stdout]    0:     0x5d3ca99e24d1 - <<std[70759c8f55707aa4]::sys::backtrace::BacktraceLock>::print::DisplayBacktrace as core[df12db4294e9bfd3]::fmt::Display>::fmt
[INFO] [stdout]    1:     0x5d3ca99f66ca - core[df12db4294e9bfd3]::fmt::write
[INFO] [stdout]    2:     0x5d3ca99e698c - <alloc[2182bb758b4b3781]::vec::Vec<u8> as core[df12db4294e9bfd3]::io::write::Write>::write_fmt
[INFO] [stdout]    3:     0x5d3ca99be946 - std[70759c8f55707aa4]::panicking::default_hook::{closure#0}
[INFO] [stdout]    4:     0x5d3ca99dac39 - std[70759c8f55707aa4]::panicking::default_hook
[INFO] [stdout]    5:     0x5d3ca9976f40 - test[9d35eded1c95d3be]::test_main_inner::<test[9d35eded1c95d3be]::test_main_static::{closure#0}>::{closure#0}
[INFO] [stdout]    6:     0x5d3ca99dadf2 - std[70759c8f55707aa4]::panicking::panic_with_hook
[INFO] [stdout]    7:     0x5d3ca99bea24 - std[70759c8f55707aa4]::panicking::panic_handler::{closure#0}
[INFO] [stdout]    8:     0x5d3ca99b7779 - std[70759c8f55707aa4]::sys::backtrace::__rust_end_short_backtrace::<std[70759c8f55707aa4]::panicking::panic_handler::{closure#0}, !>
[INFO] [stdout]    9:     0x5d3ca99bf5ed - __rustc[8fa7c3cbc660c2b3]::rust_begin_unwind
[INFO] [stdout]   10:     0x5d3ca99f6dfc - core[df12db4294e9bfd3]::panicking::panic_fmt
[INFO] [stdout]   11:     0x5d3ca99f6dc2 - core[df12db4294e9bfd3]::panicking::panic
[INFO] [stdout]   12:     0x5d3ca9969f59 - <workspace_smoke[13a6d7ce8928f47d]::binaries_exist::{closure#0} as core[df12db4294e9bfd3]::ops::function::FnOnce<()>>::call_once
[INFO] [stdout]   13:     0x5d3ca996a22b - test[9d35eded1c95d3be]::__rust_begin_short_backtrace::<core[df12db4294e9bfd3]::result::Result<(), alloc[2182bb758b4b3781]::string::String>, fn() -> core[df12db4294e9bfd3]::result::Result<(), alloc[2182bb758b4b3781]::string::String>>
[INFO] [stdout]   14:     0x5d3ca9977895 - test[9d35eded1c95d3be]::run_test::{closure#0}
[INFO] [stdout]   15:     0x5d3ca9971154 - std[70759c8f55707aa4]::sys::backtrace::__rust_begin_short_backtrace::<test[9d35eded1c95d3be]::run_test::{closure#1}, ()>
[INFO] [stdout]   16:     0x5d3ca997a9f2 - <std[70759c8f55707aa4]::thread::lifecycle::spawn_unchecked<test[9d35eded1c95d3be]::run_test::{closure#1}, ()>::{closure#1} as core[df12db4294e9bfd3]::ops::function::FnOnce<()>>::call_once::{shim:vtable#0}
[INFO] [stdout]   17:     0x5d3ca99e1da9 - <std[70759c8f55707aa4]::sys::thread::unix::Thread>::new::thread_start
[INFO] [stdout]   18:     0x7921349f8dfa - <unknown>
[INFO] [stdout]   19:     0x792134a8c3d4 - clone
[INFO] [stdout]   20:                0x0 - <unknown>
[INFO] [stdout] 
[INFO] [stdout] 
[INFO] [stdout] failures:
[INFO] [stdout]     binaries_exist
[INFO] [stdout] 
[INFO] [stdout] test result: FAILED. 1 passed; 1 failed; 0 ignored; 0 measured; 0 filtered out; finished in 10.43s
[INFO] [stdout] 
[INFO] [stderr] error: test failed, to rerun pass `--test workspace_smoke`
[INFO] running `Command { std: "docker" "inspect" "2ff913c1340eda1721ae31fe185e547b1f175ad50c479270c78bec2417ba5653", kill_on_drop: false }`
[INFO] running `Command { std: "docker" "rm" "-f" "2ff913c1340eda1721ae31fe185e547b1f175ad50c479270c78bec2417ba5653", kill_on_drop: false }`
[INFO] [stdout] 2ff913c1340eda1721ae31fe185e547b1f175ad50c479270c78bec2417ba5653
