[INFO] fetching crate toffee 0.5.2...
[INFO] testing toffee-0.5.2 against 1.100.0-beta.1+cargoflags=--release for beta-release-1.100-2
[INFO] extracting crate toffee 0.5.2 into /workspace/builds/worker-7-tc2/source
[INFO] started tweaking crates.io crate toffee 0.5.2
[INFO] finished tweaking crates.io crate toffee 0.5.2
[INFO] tweaked toml for crates.io crate toffee 0.5.2 written to /workspace/builds/worker-7-tc2/source/Cargo.toml
[INFO] validating manifest of crates.io crate toffee 0.5.2 on toolchain 1.100.0-beta.1
[INFO] running `Command { std: CARGO_HOME="/workspace/cargo-home" RUSTUP_HOME="/workspace/rustup-home" "/workspace/cargo-home/bin/cargo" "+1.100.0-beta.1" "metadata" "--manifest-path" "Cargo.toml" "--no-deps", kill_on_drop: false }`
[INFO] crate crates.io crate toffee 0.5.2 already has a lockfile, it will not be regenerated
[INFO] running `Command { std: CARGO_HOME="/workspace/cargo-home" RUSTUP_HOME="/workspace/rustup-home" "/workspace/cargo-home/bin/cargo" "+1.100.0-beta.1" "fetch" "--manifest-path" "Cargo.toml", kill_on_drop: false }`
[INFO] [stderr] warning: `package.homepage` is redundant with `package.repository`
[INFO] [stderr]   --> Cargo.toml:14:12
[INFO] [stderr]    |
[INFO] [stderr] 14 | homepage = "https://github.com/meain/toffee"
[INFO] [stderr]    |            ^^^^^^^^^^^^^^^^^^^^^^^^^^^^^^^^^
[INFO] [stderr] ...
[INFO] [stderr] 18 | repository = "https://github.com/meain/toffee"
[INFO] [stderr]    |              ---------------------------------
[INFO] [stderr]    |
[INFO] [stderr]    = note: `cargo::redundant_homepage` is set to `warn` by default
[INFO] [stderr] help: consider removing `package.homepage`
[INFO] [stderr] warning: `toffee` (manifest) generated 1 warning
[INFO] running `Command { std: "docker" "create" "-v" "/var/lib/crater-agent-workspace/builds/worker-7-tc2/source:/opt/rustwide/workdir:ro,Z" "-v" "/var/lib/crater-agent-workspace/builds/worker-7-tc2/target:/opt/rustwide/target:rw,Z" "-v" "/var/lib/crater-agent-workspace/cargo-home:/opt/rustwide/cargo-home:ro,Z" "-v" "/var/lib/crater-agent-workspace/rustup-home:/opt/rustwide/rustup-home:ro,Z" "-m" "1610612736" "--network" "none" "ghcr.io/rust-lang/crates-build-env/linux@sha256:77db811e55d90add9212f6832c23229e3de5f1c1f9905e8cb07319ea15df73ac" "sleep" "infinity", kill_on_drop: false }`
[INFO] [stdout] 10f5fe80fbbb27c84ab7bcc2a89dab9474f705dd660846764ee13335603a6f87
[INFO] running `Command { std: "docker" "start" "10f5fe80fbbb27c84ab7bcc2a89dab9474f705dd660846764ee13335603a6f87", kill_on_drop: false }`
[INFO] running `Command { std: "docker" "inspect" "10f5fe80fbbb27c84ab7bcc2a89dab9474f705dd660846764ee13335603a6f87", kill_on_drop: false }`
[INFO] running `Command { std: "docker" "exec" "-e" "SOURCE_DIR=/opt/rustwide/workdir" "-e" "CARGO_HOME=/opt/rustwide/cargo-home" "-e" "RUSTUP_HOME=/opt/rustwide/rustup-home" "-e" "CARGO_TARGET_DIR=/opt/rustwide/target" "-w" "/opt/rustwide/workdir" "--user" "0:0" "10f5fe80fbbb27c84ab7bcc2a89dab9474f705dd660846764ee13335603a6f87" "/opt/rustwide/cargo-home/bin/cargo" "+1.100.0-beta.1" "metadata" "--no-deps" "--format-version=1", kill_on_drop: false }`
[INFO] running `Command { std: "docker" "inspect" "10f5fe80fbbb27c84ab7bcc2a89dab9474f705dd660846764ee13335603a6f87", kill_on_drop: false }`
[INFO] running `Command { std: "docker" "exec" "-e" "SOURCE_DIR=/opt/rustwide/workdir" "-e" "CARGO_HOME=/opt/rustwide/cargo-home" "-e" "RUSTUP_HOME=/opt/rustwide/rustup-home" "-e" "CARGO_TARGET_DIR=/opt/rustwide/target" "-e" "CARGO_INCREMENTAL=0" "-e" "RUST_BACKTRACE=full" "-e" "RUSTFLAGS=--cap-lints=warn" "-e" "RUSTDOCFLAGS=--cap-lints=warn" "-w" "/opt/rustwide/workdir" "--user" "0:0" "10f5fe80fbbb27c84ab7bcc2a89dab9474f705dd660846764ee13335603a6f87" "/opt/rustwide/cargo-home/bin/cargo" "+1.100.0-beta.1" "build" "--frozen" "--message-format=json" "--release", kill_on_drop: false }`
[INFO] [stderr] warning: `package.homepage` is redundant with `package.repository`
[INFO] [stderr]   --> Cargo.toml:14:12
[INFO] [stderr]    |
[INFO] [stderr] 14 | homepage = "https://github.com/meain/toffee"
[INFO] [stderr]    |            ^^^^^^^^^^^^^^^^^^^^^^^^^^^^^^^^^
[INFO] [stderr] ...
[INFO] [stderr] 18 | repository = "https://github.com/meain/toffee"
[INFO] [stderr]    |              ---------------------------------
[INFO] [stderr]    |
[INFO] [stderr]    = note: `cargo::redundant_homepage` is set to `warn` by default
[INFO] [stderr] help: consider removing `package.homepage`
[INFO] [stderr] warning: `toffee` (manifest) generated 1 warning
[INFO] [stderr]    Compiling proc-macro2 v1.0.24
[INFO] [stderr]    Compiling unicode-xid v0.2.1
[INFO] [stderr]    Compiling syn v1.0.52
[INFO] [stderr]    Compiling memchr v2.5.0
[INFO] [stderr]    Compiling unicode-segmentation v1.7.1
[INFO] [stderr]    Compiling argh_shared v0.1.4
[INFO] [stderr]    Compiling anyhow v1.0.34
[INFO] [stderr]    Compiling regex-syntax v0.6.28
[INFO] [stderr]    Compiling heck v0.3.1
[INFO] [stderr]    Compiling quote v1.0.7
[INFO] [stderr]    Compiling aho-corasick v0.7.19
[INFO] [stderr]    Compiling regex v1.5.5
[INFO] [stderr]    Compiling argh_derive v0.1.4
[INFO] [stderr]    Compiling argh v0.1.4
[INFO] [stderr]    Compiling toffee v0.5.2 (/opt/rustwide/workdir)
[INFO] [stdout] warning: use of deprecated constant `std::usize::MAX`: replaced by the `MAX` associated constant on this type
[INFO] [stdout]   --> src/pickers/base.rs:73:40
[INFO] [stdout]    |
[INFO] [stdout] 73 |     let mut indent_level = std::usize::MAX;
[INFO] [stdout]    |                                        ^^^
[INFO] [stdout]    |
[INFO] [stdout]    = note: `#[warn(deprecated)]` on by default
[INFO] [stdout] 
[INFO] [stdout] 
[INFO] [stdout] warning: call to `.clone()` on a reference in this situation does nothing
[INFO] [stdout]    --> src/pickers/base.rs:156:38
[INFO] [stdout]     |
[INFO] [stdout] 156 |     let mut root = Path::new(filename.clone());
[INFO] [stdout]     |                                      ^^^^^^^^ help: remove this redundant call
[INFO] [stdout]     |
[INFO] [stdout]     = note: the type `str` does not implement `Clone`, so calling `clone` on `&str` copies the reference, which does not do anything and can be removed
[INFO] [stdout]     = note: `#[warn(noop_method_call)]` on by default
[INFO] [stdout] 
[INFO] [stdout] 
[INFO] [stderr]     Finished `release` profile [optimized] target(s) in 22.23s
[INFO] running `Command { std: "docker" "inspect" "10f5fe80fbbb27c84ab7bcc2a89dab9474f705dd660846764ee13335603a6f87", kill_on_drop: false }`
[INFO] running `Command { std: "docker" "exec" "-e" "SOURCE_DIR=/opt/rustwide/workdir" "-e" "CARGO_HOME=/opt/rustwide/cargo-home" "-e" "RUSTUP_HOME=/opt/rustwide/rustup-home" "-e" "CARGO_TARGET_DIR=/opt/rustwide/target" "-e" "CARGO_INCREMENTAL=0" "-e" "RUST_BACKTRACE=full" "-e" "RUSTFLAGS=--cap-lints=warn" "-e" "RUSTDOCFLAGS=--cap-lints=warn" "-w" "/opt/rustwide/workdir" "--user" "0:0" "10f5fe80fbbb27c84ab7bcc2a89dab9474f705dd660846764ee13335603a6f87" "/opt/rustwide/cargo-home/bin/cargo" "+1.100.0-beta.1" "test" "--frozen" "--no-run" "--message-format=json" "--release", kill_on_drop: false }`
[INFO] [stderr] warning: `package.homepage` is redundant with `package.repository`
[INFO] [stderr]   --> Cargo.toml:14:12
[INFO] [stderr]    |
[INFO] [stderr] 14 | homepage = "https://github.com/meain/toffee"
[INFO] [stderr]    |            ^^^^^^^^^^^^^^^^^^^^^^^^^^^^^^^^^
[INFO] [stderr] ...
[INFO] [stderr] 18 | repository = "https://github.com/meain/toffee"
[INFO] [stderr]    |              ---------------------------------
[INFO] [stderr]    |
[INFO] [stderr]    = note: `cargo::redundant_homepage` is set to `warn` by default
[INFO] [stderr] help: consider removing `package.homepage`
[INFO] [stderr] warning: `toffee` (manifest) generated 1 warning
[INFO] [stderr]    Compiling toffee v0.5.2 (/opt/rustwide/workdir)
[INFO] [stdout] warning: use of deprecated constant `std::usize::MAX`: replaced by the `MAX` associated constant on this type
[INFO] [stdout]   --> src/pickers/base.rs:73:40
[INFO] [stdout]    |
[INFO] [stdout] 73 |     let mut indent_level = std::usize::MAX;
[INFO] [stdout]    |                                        ^^^
[INFO] [stdout]    |
[INFO] [stdout]    = note: `#[warn(deprecated)]` on by default
[INFO] [stdout] 
[INFO] [stdout] 
[INFO] [stdout] warning: call to `.clone()` on a reference in this situation does nothing
[INFO] [stdout]    --> src/pickers/base.rs:156:38
[INFO] [stdout]     |
[INFO] [stdout] 156 |     let mut root = Path::new(filename.clone());
[INFO] [stdout]     |                                      ^^^^^^^^ help: remove this redundant call
[INFO] [stdout]     |
[INFO] [stdout]     = note: the type `str` does not implement `Clone`, so calling `clone` on `&str` copies the reference, which does not do anything and can be removed
[INFO] [stdout]     = note: `#[warn(noop_method_call)]` on by default
[INFO] [stdout] 
[INFO] [stdout] 
[INFO] [stderr]     Finished `release` profile [optimized] target(s) in 1.44s
[INFO] running `Command { std: "docker" "inspect" "10f5fe80fbbb27c84ab7bcc2a89dab9474f705dd660846764ee13335603a6f87", kill_on_drop: false }`
[INFO] running `Command { std: "docker" "exec" "-e" "SOURCE_DIR=/opt/rustwide/workdir" "-e" "CARGO_HOME=/opt/rustwide/cargo-home" "-e" "RUSTUP_HOME=/opt/rustwide/rustup-home" "-e" "CARGO_TARGET_DIR=/opt/rustwide/target" "-e" "CARGO_INCREMENTAL=0" "-e" "RUST_BACKTRACE=full" "-e" "RUSTFLAGS=--cap-lints=warn" "-e" "RUSTDOCFLAGS=--cap-lints=warn" "-w" "/opt/rustwide/workdir" "--user" "0:0" "10f5fe80fbbb27c84ab7bcc2a89dab9474f705dd660846764ee13335603a6f87" "/opt/rustwide/cargo-home/bin/cargo" "+1.100.0-beta.1" "test" "--frozen" "--release", kill_on_drop: false }`
[INFO] [stderr] warning: `package.homepage` is redundant with `package.repository`
[INFO] [stderr]   --> Cargo.toml:14:12
[INFO] [stderr]    |
[INFO] [stderr] 14 | homepage = "https://github.com/meain/toffee"
[INFO] [stderr]    |            ^^^^^^^^^^^^^^^^^^^^^^^^^^^^^^^^^
[INFO] [stderr] ...
[INFO] [stderr] 18 | repository = "https://github.com/meain/toffee"
[INFO] [stderr]    |              ---------------------------------
[INFO] [stderr]    |
[INFO] [stderr]    = note: `cargo::redundant_homepage` is set to `warn` by default
[INFO] [stderr] help: consider removing `package.homepage`
[INFO] [stderr] warning: `toffee` (manifest) generated 1 warning
[INFO] [stderr] warning: use of deprecated constant `std::usize::MAX`: replaced by the `MAX` associated constant on this type
[INFO] [stderr]   --> src/pickers/base.rs:73:40
[INFO] [stderr]    |
[INFO] [stderr] 73 |     let mut indent_level = std::usize::MAX;
[INFO] [stderr]    |                                        ^^^
[INFO] [stderr]    |
[INFO] [stderr]    = note: `#[warn(deprecated)]` on by default
[INFO] [stderr] 
[INFO] [stderr] warning: call to `.clone()` on a reference in this situation does nothing
[INFO] [stderr]    --> src/pickers/base.rs:156:38
[INFO] [stderr]     |
[INFO] [stderr] 156 |     let mut root = Path::new(filename.clone());
[INFO] [stderr]     |                                      ^^^^^^^^ help: remove this redundant call
[INFO] [stderr]     |
[INFO] [stderr]     = note: the type `str` does not implement `Clone`, so calling `clone` on `&str` copies the reference, which does not do anything and can be removed
[INFO] [stderr]     = note: `#[warn(noop_method_call)]` on by default
[INFO] [stderr] 
[INFO] [stderr] warning: `toffee` (bin "toffee" test) generated 2 warnings (run `cargo fix --bin "toffee" -p toffee --tests` to apply 1 suggestion)
[INFO] [stderr]     Finished `release` profile [optimized] target(s) in 0.06s
[INFO] [stderr]      Running unittests src/main.rs (/opt/rustwide/target/release/build/toffee/187fabe3f017b59e/out/toffee-187fabe3f017b59e)
[INFO] [stdout] 
[INFO] [stdout] running 31 tests
[INFO] [stdout] test pickers::python::tests::test_full_command_normal ... ok
[INFO] [stdout] test pickers::python::tests::test_full_command_verbose ... ok
[INFO] [stdout] test pickers::go::tests::test_go_full_command_normal ... ok
[INFO] [stdout] test pickers::go::tests::test_go_full_command_verbose ... ok
[INFO] [stdout] test pickers::go::tests::test_go_file_command ... ok
[INFO] [stdout] test pickers::python::tests::test_nested ... ok
[INFO] [stdout] test pickers::go::tests::test_go_simple_command_verbose ... ok
[INFO] [stdout] test pickers::rust::tests::test_full_command_verbose ... ok
[INFO] [stdout] test pickers::go::tests::test_go_simple_command_normal ... ok
[INFO] [stdout] test pickers::python::tests::test_simple_thingy ... ok
[INFO] [stdout] test pickers::python::tests::test_nested_command_verbose ... ok
[INFO] [stdout] test pickers::rust::tests::test_mod_command_verbose ... FAILED
[INFO] [stdout] test pickers::rust::tests::test_simple_command ... FAILED
[INFO] [stdout] test pickers::python::tests::test_simple_async_def_command ... ok
[INFO] [stdout] test pickers::rust::tests::test_simple_find ... FAILED
[INFO] [stdout] test pickers::go::tests::test_go_simple_on_func ... ok
[INFO] [stdout] test pickers::rust::tests::test_mod_command_normal ... FAILED
[INFO] [stdout] test pickers::tests::test_python_no_lineno ... ok
[INFO] [stdout] test pickers::tests::test_command_unknown ... ok
[INFO] [stdout] test pickers::python::tests::test_simple_on_def ... ok
[INFO] [stdout] test pickers::tests::test_python_simple_command ... ok
[INFO] [stdout] test pickers::tests::test_python_nested_command ... ok
[INFO] [stdout] test pickers::python::tests::test_method_obj ... ok
[INFO] [stdout] test pickers::python::tests::test_simple_on_empty ... ok
[INFO] [stdout] test pickers::go::tests::test_go_simple_thingy ... ok
[INFO] [stdout] test pickers::python::tests::test_method_out_nested ... ok
[INFO] [stdout] test pickers::rust::tests::test_full_command_normal ... ok
[INFO] [stdout] test pickers::python::tests::test_simple_on_async_def ... ok
[INFO] [stdout] test pickers::python::tests::test_simple_on_class ... ok
[INFO] [stdout] test pickers::python::tests::test_nested_command_normal ... ok
[INFO] [stderr] error: test failed, to rerun pass `--bin toffee`
[INFO] [stdout] test pickers::python::tests::test_simple_command ... ok
[INFO] [stdout] 
[INFO] [stdout] failures:
[INFO] [stdout] 
[INFO] [stdout] ---- pickers::rust::tests::test_mod_command_verbose stdout ----
[INFO] [stdout] 
[INFO] [stdout] thread 'pickers::rust::tests::test_mod_command_verbose' (554) panicked at src/pickers/base.rs:63:41:
[INFO] [stdout] opening file: Os { code: 2, kind: NotFound, message: "No such file or directory" }
[INFO] [stdout] stack backtrace:
[INFO] [stdout]    0:     0x55b88e6709d1 - <<std[617be2ca0a6fd877]::sys::backtrace::BacktraceLock>::print::DisplayBacktrace as core[a373ad73a504971]::fmt::Display>::fmt
[INFO] [stdout]    1:     0x55b88e685aea - core[a373ad73a504971]::fmt::write
[INFO] [stdout]    2:     0x55b88e674cbc - <alloc[2e1b2a31b91974c5]::vec::Vec<u8> as core[a373ad73a504971]::io::write::Write>::write_fmt
[INFO] [stdout]    3:     0x55b88e64cc26 - std[617be2ca0a6fd877]::panicking::default_hook::{closure#0}
[INFO] [stdout]    4:     0x55b88e669069 - std[617be2ca0a6fd877]::panicking::default_hook
[INFO] [stdout]    5:     0x55b88e58b260 - test[aada8e7e76ba119b]::test_main_inner::{closure#0}
[INFO] [stdout]    6:     0x55b88e669222 - std[617be2ca0a6fd877]::panicking::panic_with_hook
[INFO] [stdout]    7:     0x55b88e64ccd2 - std[617be2ca0a6fd877]::panicking::panic_handler::{closure#0}
[INFO] [stdout]    8:     0x55b88e6459b9 - std[617be2ca0a6fd877]::sys::backtrace::__rust_end_short_backtrace::<std[617be2ca0a6fd877]::panicking::panic_handler::{closure#0}, !>
[INFO] [stdout]    9:     0x55b88e64d8dd - __rustc[ea4f61d10b84890b]::rust_begin_unwind
[INFO] [stdout]   10:     0x55b88e68624c - core[a373ad73a504971]::panicking::panic_fmt
[INFO] [stdout]   11:     0x55b88e686022 - core[a373ad73a504971]::result::unwrap_failed
[INFO] [stdout]   12:     0x55b88e572cda - toffee[afa72a816de1abcc]::pickers::base::find_nearest
[INFO] [stdout]   13:     0x55b88e573e96 - toffee[afa72a816de1abcc]::pickers::rust::get_command
[INFO] [stdout]   14:     0x55b88e57e3c7 - <toffee[afa72a816de1abcc]::pickers::rust::tests::test_mod_command_verbose::{closure#0} as core[a373ad73a504971]::ops::function::FnOnce<()>>::call_once
[INFO] [stdout]   15:     0x55b88e57e6ab - test[aada8e7e76ba119b]::__rust_begin_short_backtrace::<core[a373ad73a504971]::result::Result<(), alloc[2e1b2a31b91974c5]::string::String>, fn() -> core[a373ad73a504971]::result::Result<(), alloc[2e1b2a31b91974c5]::string::String>>
[INFO] [stdout]   16:     0x55b88e58b885 - test[aada8e7e76ba119b]::run_test::{closure#0}
[INFO] [stdout]   17:     0x55b88e585174 - std[617be2ca0a6fd877]::sys::backtrace::__rust_begin_short_backtrace::<test[aada8e7e76ba119b]::run_test::{closure#1}, ()>
[INFO] [stdout]   18:     0x55b88e58e912 - <std[617be2ca0a6fd877]::thread::lifecycle::spawn_unchecked<test[aada8e7e76ba119b]::run_test::{closure#1}, ()>::{closure#1} as core[a373ad73a504971]::ops::function::FnOnce<()>>::call_once::{shim:vtable#0}
[INFO] [stdout]   19:     0x55b88e67022f - <std[617be2ca0a6fd877]::sys::thread::unix::Thread>::new::thread_start
[INFO] [stdout]   20:     0x7d7bcbf4adfa - <unknown>
[INFO] [stdout]   21:     0x7d7bcbfde3d4 - clone
[INFO] [stdout]   22:                0x0 - <unknown>
[INFO] [stdout] 
[INFO] [stdout] ---- pickers::rust::tests::test_simple_command stdout ----
[INFO] [stdout] 
[INFO] [stdout] thread 'pickers::rust::tests::test_simple_command' (555) panicked at src/pickers/base.rs:63:41:
[INFO] [stdout] opening file: Os { code: 2, kind: NotFound, message: "No such file or directory" }
[INFO] [stdout] stack backtrace:
[INFO] [stdout]    0:     0x55b88e6709d1 - <<std[617be2ca0a6fd877]::sys::backtrace::BacktraceLock>::print::DisplayBacktrace as core[a373ad73a504971]::fmt::Display>::fmt
[INFO] [stdout]    1:     0x55b88e685aea - core[a373ad73a504971]::fmt::write
[INFO] [stdout]    2:     0x55b88e674cbc - <alloc[2e1b2a31b91974c5]::vec::Vec<u8> as core[a373ad73a504971]::io::write::Write>::write_fmt
[INFO] [stdout]    3:     0x55b88e64cc26 - std[617be2ca0a6fd877]::panicking::default_hook::{closure#0}
[INFO] [stdout]    4:     0x55b88e669069 - std[617be2ca0a6fd877]::panicking::default_hook
[INFO] [stdout]    5:     0x55b88e58b260 - test[aada8e7e76ba119b]::test_main_inner::{closure#0}
[INFO] [stdout]    6:     0x55b88e669222 - std[617be2ca0a6fd877]::panicking::panic_with_hook
[INFO] [stdout]    7:     0x55b88e64ccd2 - std[617be2ca0a6fd877]::panicking::panic_handler::{closure#0}
[INFO] [stdout]    8:     0x55b88e6459b9 - std[617be2ca0a6fd877]::sys::backtrace::__rust_end_short_backtrace::<std[617be2ca0a6fd877]::panicking::panic_handler::{closure#0}, !>
[INFO] [stdout]    9:     0x55b88e64d8dd - __rustc[ea4f61d10b84890b]::rust_begin_unwind
[INFO] [stdout]   10:     0x55b88e68624c - core[a373ad73a504971]::panicking::panic_fmt
[INFO] [stdout]   11:     0x55b88e686022 - core[a373ad73a504971]::result::unwrap_failed
[INFO] [stdout]   12:     0x55b88e572cda - toffee[afa72a816de1abcc]::pickers::base::find_nearest
[INFO] [stdout]   13:     0x55b88e573e96 - toffee[afa72a816de1abcc]::pickers::rust::get_command
[INFO] [stdout]   14:     0x55b88e57dfa7 - <toffee[afa72a816de1abcc]::pickers::rust::tests::test_simple_command::{closure#0} as core[a373ad73a504971]::ops::function::FnOnce<()>>::call_once
[INFO] [stdout]   15:     0x55b88e57e6ab - test[aada8e7e76ba119b]::__rust_begin_short_backtrace::<core[a373ad73a504971]::result::Result<(), alloc[2e1b2a31b91974c5]::string::String>, fn() -> core[a373ad73a504971]::result::Result<(), alloc[2e1b2a31b91974c5]::string::String>>
[INFO] [stdout]   16:     0x55b88e58b885 - test[aada8e7e76ba119b]::run_test::{closure#0}
[INFO] [stdout]   17:     0x55b88e585174 - std[617be2ca0a6fd877]::sys::backtrace::__rust_begin_short_backtrace::<test[aada8e7e76ba119b]::run_test::{closure#1}, ()>
[INFO] [stdout]   18:     0x55b88e58e912 - <std[617be2ca0a6fd877]::thread::lifecycle::spawn_unchecked<test[aada8e7e76ba119b]::run_test::{closure#1}, ()>::{closure#1} as core[a373ad73a504971]::ops::function::FnOnce<()>>::call_once::{shim:vtable#0}
[INFO] [stdout]   19:     0x55b88e67022f - <std[617be2ca0a6fd877]::sys::thread::unix::Thread>::new::thread_start
[INFO] [stdout]   20:     0x7d7bcbf4adfa - <unknown>
[INFO] [stdout]   21:     0x7d7bcbfde3d4 - clone
[INFO] [stdout]   22:                0x0 - <unknown>
[INFO] [stdout] 
[INFO] [stdout] ---- pickers::rust::tests::test_simple_find stdout ----
[INFO] [stdout] 
[INFO] [stdout] thread 'pickers::rust::tests::test_simple_find' (556) panicked at src/pickers/base.rs:63:41:
[INFO] [stdout] opening file: Os { code: 2, kind: NotFound, message: "No such file or directory" }
[INFO] [stdout] stack backtrace:
[INFO] [stdout]    0:     0x55b88e6709d1 - <<std[617be2ca0a6fd877]::sys::backtrace::BacktraceLock>::print::DisplayBacktrace as core[a373ad73a504971]::fmt::Display>::fmt
[INFO] [stdout]    1:     0x55b88e685aea - core[a373ad73a504971]::fmt::write
[INFO] [stdout]    2:     0x55b88e674cbc - <alloc[2e1b2a31b91974c5]::vec::Vec<u8> as core[a373ad73a504971]::io::write::Write>::write_fmt
[INFO] [stdout]    3:     0x55b88e64cc26 - std[617be2ca0a6fd877]::panicking::default_hook::{closure#0}
[INFO] [stdout]    4:     0x55b88e669069 - std[617be2ca0a6fd877]::panicking::default_hook
[INFO] [stdout]    5:     0x55b88e58b260 - test[aada8e7e76ba119b]::test_main_inner::{closure#0}
[INFO] [stdout]    6:     0x55b88e669222 - std[617be2ca0a6fd877]::panicking::panic_with_hook
[INFO] [stdout]    7:     0x55b88e64ccd2 - std[617be2ca0a6fd877]::panicking::panic_handler::{closure#0}
[INFO] [stdout]    8:     0x55b88e6459b9 - std[617be2ca0a6fd877]::sys::backtrace::__rust_end_short_backtrace::<std[617be2ca0a6fd877]::panicking::panic_handler::{closure#0}, !>
[INFO] [stdout]    9:     0x55b88e64d8dd - __rustc[ea4f61d10b84890b]::rust_begin_unwind
[INFO] [stdout]   10:     0x55b88e68624c - core[a373ad73a504971]::panicking::panic_fmt
[INFO] [stdout]   11:     0x55b88e686022 - core[a373ad73a504971]::result::unwrap_failed
[INFO] [stdout]   12:     0x55b88e572cda - toffee[afa72a816de1abcc]::pickers::base::find_nearest
[INFO] [stdout]   13:     0x55b88e57da68 - <toffee[afa72a816de1abcc]::pickers::rust::tests::test_simple_find::{closure#0} as core[a373ad73a504971]::ops::function::FnOnce<()>>::call_once
[INFO] [stdout]   14:     0x55b88e57e6ab - test[aada8e7e76ba119b]::__rust_begin_short_backtrace::<core[a373ad73a504971]::result::Result<(), alloc[2e1b2a31b91974c5]::string::String>, fn() -> core[a373ad73a504971]::result::Result<(), alloc[2e1b2a31b91974c5]::string::String>>
[INFO] [stdout]   15:     0x55b88e58b885 - test[aada8e7e76ba119b]::run_test::{closure#0}
[INFO] [stdout]   16:     0x55b88e585174 - std[617be2ca0a6fd877]::sys::backtrace::__rust_begin_short_backtrace::<test[aada8e7e76ba119b]::run_test::{closure#1}, ()>
[INFO] [stdout]   17:     0x55b88e58e912 - <std[617be2ca0a6fd877]::thread::lifecycle::spawn_unchecked<test[aada8e7e76ba119b]::run_test::{closure#1}, ()>::{closure#1} as core[a373ad73a504971]::ops::function::FnOnce<()>>::call_once::{shim:vtable#0}
[INFO] [stdout]   18:     0x55b88e67022f - <std[617be2ca0a6fd877]::sys::thread::unix::Thread>::new::thread_start
[INFO] [stdout]   19:     0x7d7bcbf4adfa - <unknown>
[INFO] [stdout]   20:     0x7d7bcbfde3d4 - clone
[INFO] [stdout]   21:                0x0 - <unknown>
[INFO] [stdout] 
[INFO] [stdout] ---- pickers::rust::tests::test_mod_command_normal stdout ----
[INFO] [stdout] 
[INFO] [stdout] thread 'pickers::rust::tests::test_mod_command_normal' (553) panicked at src/pickers/base.rs:63:41:
[INFO] [stdout] opening file: Os { code: 2, kind: NotFound, message: "No such file or directory" }
[INFO] [stdout] stack backtrace:
[INFO] [stdout]    0:     0x55b88e6709d1 - <<std[617be2ca0a6fd877]::sys::backtrace::BacktraceLock>::print::DisplayBacktrace as core[a373ad73a504971]::fmt::Display>::fmt
[INFO] [stdout]    1:     0x55b88e685aea - core[a373ad73a504971]::fmt::write
[INFO] [stdout]    2:     0x55b88e674cbc - <alloc[2e1b2a31b91974c5]::vec::Vec<u8> as core[a373ad73a504971]::io::write::Write>::write_fmt
[INFO] [stdout]    3:     0x55b88e64cc26 - std[617be2ca0a6fd877]::panicking::default_hook::{closure#0}
[INFO] [stdout]    4:     0x55b88e669069 - std[617be2ca0a6fd877]::panicking::default_hook
[INFO] [stdout]    5:     0x55b88e58b260 - test[aada8e7e76ba119b]::test_main_inner::{closure#0}
[INFO] [stdout]    6:     0x55b88e669222 - std[617be2ca0a6fd877]::panicking::panic_with_hook
[INFO] [stdout]    7:     0x55b88e64ccd2 - std[617be2ca0a6fd877]::panicking::panic_handler::{closure#0}
[INFO] [stdout]    8:     0x55b88e6459b9 - std[617be2ca0a6fd877]::sys::backtrace::__rust_end_short_backtrace::<std[617be2ca0a6fd877]::panicking::panic_handler::{closure#0}, !>
[INFO] [stdout]    9:     0x55b88e64d8dd - __rustc[ea4f61d10b84890b]::rust_begin_unwind
[INFO] [stdout]   10:     0x55b88e68624c - core[a373ad73a504971]::panicking::panic_fmt
[INFO] [stdout]   11:     0x55b88e686022 - core[a373ad73a504971]::result::unwrap_failed
[INFO] [stdout]   12:     0x55b88e572cda - toffee[afa72a816de1abcc]::pickers::base::find_nearest
[INFO] [stdout]   13:     0x55b88e573e96 - toffee[afa72a816de1abcc]::pickers::rust::get_command
[INFO] [stdout]   14:     0x55b88e57e107 - <toffee[afa72a816de1abcc]::pickers::rust::tests::test_mod_command_normal::{closure#0} as core[a373ad73a504971]::ops::function::FnOnce<()>>::call_once
[INFO] [stdout]   15:     0x55b88e57e6ab - test[aada8e7e76ba119b]::__rust_begin_short_backtrace::<core[a373ad73a504971]::result::Result<(), alloc[2e1b2a31b91974c5]::string::String>, fn() -> core[a373ad73a504971]::result::Result<(), alloc[2e1b2a31b91974c5]::string::String>>
[INFO] [stdout]   16:     0x55b88e58b885 - test[aada8e7e76ba119b]::run_test::{closure#0}
[INFO] [stdout]   17:     0x55b88e585174 - std[617be2ca0a6fd877]::sys::backtrace::__rust_begin_short_backtrace::<test[aada8e7e76ba119b]::run_test::{closure#1}, ()>
[INFO] [stdout]   18:     0x55b88e58e912 - <std[617be2ca0a6fd877]::thread::lifecycle::spawn_unchecked<test[aada8e7e76ba119b]::run_test::{closure#1}, ()>::{closure#1} as core[a373ad73a504971]::ops::function::FnOnce<()>>::call_once::{shim:vtable#0}
[INFO] [stdout]   19:     0x55b88e67022f - <std[617be2ca0a6fd877]::sys::thread::unix::Thread>::new::thread_start
[INFO] [stdout]   20:     0x7d7bcbf4adfa - <unknown>
[INFO] [stdout]   21:     0x7d7bcbfde3d4 - clone
[INFO] [stdout]   22:                0x0 - <unknown>
[INFO] [stdout] 
[INFO] [stdout] 
[INFO] [stdout] failures:
[INFO] [stdout]     pickers::rust::tests::test_mod_command_normal
[INFO] [stdout]     pickers::rust::tests::test_mod_command_verbose
[INFO] [stdout]     pickers::rust::tests::test_simple_command
[INFO] [stdout]     pickers::rust::tests::test_simple_find
[INFO] [stdout] 
[INFO] [stdout] test result: FAILED. 27 passed; 4 failed; 0 ignored; 0 measured; 0 filtered out; finished in 0.03s
[INFO] [stdout] 
[INFO] running `Command { std: "docker" "inspect" "10f5fe80fbbb27c84ab7bcc2a89dab9474f705dd660846764ee13335603a6f87", kill_on_drop: false }`
[INFO] running `Command { std: "docker" "rm" "-f" "10f5fe80fbbb27c84ab7bcc2a89dab9474f705dd660846764ee13335603a6f87", kill_on_drop: false }`
[INFO] [stdout] 10f5fe80fbbb27c84ab7bcc2a89dab9474f705dd660846764ee13335603a6f87
