[INFO] fetching crate tofa 0.12.2...
[INFO] testing tofa-0.12.2 against 1.99.0-beta.8+cargoflags=--release for beta-release-1.100-2
[INFO] extracting crate tofa 0.12.2 into /workspace/builds/worker-6-tc1/source
[INFO] started tweaking crates.io crate tofa 0.12.2
[INFO] removed 0 missing tests
[INFO] finished tweaking crates.io crate tofa 0.12.2
[INFO] tweaked toml for crates.io crate tofa 0.12.2 written to /workspace/builds/worker-6-tc1/source/Cargo.toml
[INFO] validating manifest of crates.io crate tofa 0.12.2 on toolchain 1.99.0-beta.8
[INFO] running `Command { std: CARGO_HOME="/workspace/cargo-home" RUSTUP_HOME="/workspace/rustup-home" "/workspace/cargo-home/bin/cargo" "+1.99.0-beta.8" "metadata" "--manifest-path" "Cargo.toml" "--no-deps", kill_on_drop: false }`
[INFO] crate crates.io crate tofa 0.12.2 already has a lockfile, it will not be regenerated
[INFO] running `Command { std: CARGO_HOME="/workspace/cargo-home" RUSTUP_HOME="/workspace/rustup-home" "/workspace/cargo-home/bin/cargo" "+1.99.0-beta.8" "fetch" "--manifest-path" "Cargo.toml", kill_on_drop: false }`
[INFO] [stderr]     Updating crates.io index
[INFO] [stderr]  Downloading crates ...
[INFO] [stderr]   Downloaded tui-big-text v0.6.1
[INFO] [stderr]   Downloaded totp-rs v5.7.1
[INFO] [stderr]   Downloaded font8x8 v0.3.1
[INFO] [stderr]   Downloaded base32 v0.5.1
[INFO] [stderr]   Downloaded g2poly v1.2.2
[INFO] [stderr]   Downloaded g2gen v1.2.2
[INFO] [stderr]   Downloaded wasm-bindgen-macro v0.2.120
[INFO] [stderr]   Downloaded dirs v5.0.1
[INFO] [stderr]   Downloaded dirs-sys v0.4.1
[INFO] [stderr]   Downloaded fax v0.2.7
[INFO] [stderr]   Downloaded g2p v1.2.2
[INFO] [stderr]   Downloaded wasm-bindgen-shared v0.2.120
[INFO] [stderr]   Downloaded rpassword v7.5.1
[INFO] [stderr]   Downloaded clap_mangen v0.2.33
[INFO] [stderr]   Downloaded roff v1.1.1
[INFO] [stderr]   Downloaded zune-core v0.5.1
[INFO] [stderr]   Downloaded weezl v0.1.12
[INFO] [stderr]   Downloaded tofa-core v0.11.8
[INFO] [stderr]   Downloaded assert_cmd v2.2.1
[INFO] [stderr]   Downloaded wasm-bindgen v0.2.120
[INFO] [stderr]   Downloaded error-code v3.3.2
[INFO] [stderr]   Downloaded clap_complete v4.6.3
[INFO] [stderr]   Downloaded arboard v3.6.1
[INFO] [stderr]   Downloaded wasm-bindgen-macro-support v0.2.120
[INFO] [stderr]   Downloaded cc v1.2.61
[INFO] [stderr]   Downloaded clipboard-win v5.4.1
[INFO] [stderr]   Downloaded js-sys v0.3.97
[INFO] [stderr]   Downloaded tiff v0.11.3
[INFO] [stderr]   Downloaded x11rb v0.13.2
[INFO] [stderr]   Downloaded ratatui v0.28.1
[INFO] [stderr]   Downloaded x11rb-protocol v0.13.2
[INFO] [stderr]   Downloaded rqrr v0.7.1
[INFO] running `Command { std: "docker" "create" "-v" "/var/lib/crater-agent-workspace/builds/worker-6-tc1/source:/opt/rustwide/workdir:ro,Z" "-v" "/var/lib/crater-agent-workspace/builds/worker-6-tc1/target:/opt/rustwide/target:rw,Z" "-v" "/var/lib/crater-agent-workspace/cargo-home:/opt/rustwide/cargo-home:ro,Z" "-v" "/var/lib/crater-agent-workspace/rustup-home:/opt/rustwide/rustup-home:ro,Z" "-m" "1610612736" "--network" "none" "ghcr.io/rust-lang/crates-build-env/linux@sha256:77db811e55d90add9212f6832c23229e3de5f1c1f9905e8cb07319ea15df73ac" "sleep" "infinity", kill_on_drop: false }`
[INFO] [stdout] 918d4475433a9751f4b4d61a1731273814a7236f0c333a9ec6f18cd70f53543a
[INFO] running `Command { std: "docker" "start" "918d4475433a9751f4b4d61a1731273814a7236f0c333a9ec6f18cd70f53543a", kill_on_drop: false }`
[INFO] running `Command { std: "docker" "inspect" "918d4475433a9751f4b4d61a1731273814a7236f0c333a9ec6f18cd70f53543a", kill_on_drop: false }`
[INFO] running `Command { std: "docker" "exec" "-e" "SOURCE_DIR=/opt/rustwide/workdir" "-e" "CARGO_HOME=/opt/rustwide/cargo-home" "-e" "RUSTUP_HOME=/opt/rustwide/rustup-home" "-e" "CARGO_TARGET_DIR=/opt/rustwide/target" "-w" "/opt/rustwide/workdir" "--user" "0:0" "918d4475433a9751f4b4d61a1731273814a7236f0c333a9ec6f18cd70f53543a" "/opt/rustwide/cargo-home/bin/cargo" "+1.99.0-beta.8" "metadata" "--no-deps" "--format-version=1", kill_on_drop: false }`
[INFO] running `Command { std: "docker" "inspect" "918d4475433a9751f4b4d61a1731273814a7236f0c333a9ec6f18cd70f53543a", kill_on_drop: false }`
[INFO] running `Command { std: "docker" "exec" "-e" "SOURCE_DIR=/opt/rustwide/workdir" "-e" "CARGO_HOME=/opt/rustwide/cargo-home" "-e" "RUSTUP_HOME=/opt/rustwide/rustup-home" "-e" "CARGO_TARGET_DIR=/opt/rustwide/target" "-e" "CARGO_INCREMENTAL=0" "-e" "RUST_BACKTRACE=full" "-e" "RUSTFLAGS=--cap-lints=warn" "-e" "RUSTDOCFLAGS=--cap-lints=warn" "-w" "/opt/rustwide/workdir" "--user" "0:0" "918d4475433a9751f4b4d61a1731273814a7236f0c333a9ec6f18cd70f53543a" "/opt/rustwide/cargo-home/bin/cargo" "+1.99.0-beta.8" "build" "--frozen" "--message-format=json" "--release", kill_on_drop: false }`
[INFO] [stderr]    Compiling typenum v1.20.0
[INFO] [stderr]    Compiling bitflags v2.11.1
[INFO] [stderr]    Compiling ident_case v1.0.1
[INFO] [stderr]    Compiling crc32fast v1.5.0
[INFO] [stderr]    Compiling simd-adler32 v0.3.9
[INFO] [stderr]    Compiling num-traits v0.2.19
[INFO] [stderr]    Compiling syn v2.0.117
[INFO] [stderr]    Compiling signal-hook v0.3.18
[INFO] [stderr]    Compiling smallvec v1.15.1
[INFO] [stderr]    Compiling pxfm v0.1.29
[INFO] [stderr]    Compiling miniz_oxide v0.8.9
[INFO] [stderr]    Compiling fdeflate v0.3.7
[INFO] [stderr]    Compiling zune-core v0.5.1
[INFO] [stderr]    Compiling parking_lot_core v0.9.12
[INFO] [stderr]    Compiling generic-array v0.14.7
[INFO] [stderr]    Compiling zune-jpeg v0.5.15
[INFO] [stderr]    Compiling bytemuck v1.25.0
[INFO] [stderr]    Compiling flate2 v1.1.9
[INFO] [stderr]    Compiling rustix v1.1.4
[INFO] [stderr]    Compiling crypto-common v0.1.7
[INFO] [stderr]    Compiling block-buffer v0.10.4
[INFO] [stderr]    Compiling png v0.18.1
[INFO] [stderr]    Compiling inout v0.1.4
[INFO] [stderr]    Compiling digest v0.10.7
[INFO] [stderr]    Compiling rustix v0.38.44
[INFO] [stderr]    Compiling clap_builder v4.6.0
[INFO] [stderr]    Compiling cipher v0.4.4
[INFO] [stderr]    Compiling universal-hash v0.5.1
[INFO] [stderr]    Compiling parking_lot v0.12.5
[INFO] [stderr]    Compiling lru v0.12.5
[INFO] [stderr]    Compiling mio v1.2.0
[INFO] [stderr]    Compiling instability v0.3.12
[INFO] [stderr]    Compiling opaque-debug v0.3.1
[INFO] [stderr]    Compiling either v1.15.0
[INFO] [stderr]    Compiling g2poly v1.2.2
[INFO] [stderr]    Compiling linux-raw-sys v0.12.1
[INFO] [stderr]    Compiling signal-hook-mio v0.2.5
[INFO] [stderr]    Compiling itertools v0.13.0
[INFO] [stderr]    Compiling polyval v0.6.2
[INFO] [stderr]    Compiling castaway v0.2.4
[INFO] [stderr]    Compiling memchr v2.8.0
[INFO] [stderr]    Compiling darling_core v0.20.11
[INFO] [stderr]    Compiling darling_core v0.23.0
[INFO] [stderr]    Compiling moxcms v0.8.1
[INFO] [stderr]    Compiling bumpalo v3.20.2
[INFO] [stderr]    Compiling base64ct v1.8.3
[INFO] [stderr]    Compiling roff v1.1.1
[INFO] [stderr]    Compiling hashbrown v0.17.0
[INFO] [stderr]    Compiling unicode-segmentation v1.13.2
[INFO] [stderr]    Compiling clap_derive v4.6.1
[INFO] [stderr]    Compiling strum_macros v0.26.4
[INFO] [stderr]    Compiling g2gen v1.2.2
[INFO] [stderr]    Compiling thiserror-impl v2.0.18
[INFO] [stderr]    Compiling darling_macro v0.20.11
[INFO] [stderr]    Compiling darling v0.20.11
[INFO] [stderr]    Compiling derive_builder_core v0.20.2
[INFO] [stderr]    Compiling clap v4.6.1
[INFO] [stderr]    Compiling zip v2.4.2
[INFO] [stderr]    Compiling darling_macro v0.23.0
[INFO] [stderr]    Compiling indoc v2.0.7
[INFO] [stderr]    Compiling darling v0.23.0
[INFO] [stderr]    Compiling g2p v1.2.2
[INFO] [stderr]    Compiling thiserror v2.0.18
[INFO] [stderr]    Compiling unicode-truncate v1.1.0
[INFO] [stderr]    Compiling strum v0.26.3
[INFO] [stderr]    Compiling compact_str v0.8.1
[INFO] [stderr]    Compiling clap_mangen v0.2.33
[INFO] [stderr]    Compiling indexmap v2.14.0
[INFO] [stderr]    Compiling displaydoc v0.2.5
[INFO] [stderr]    Compiling serde_derive v1.0.228
[INFO] [stderr]    Compiling derive_builder_macro v0.20.2
[INFO] [stderr]    Compiling gethostname v1.1.0
[INFO] [stderr]    Compiling thiserror-impl v1.0.69
[INFO] [stderr]    Compiling zeroize_derive v1.4.3
[INFO] [stderr]    Compiling password-hash v0.5.0
[INFO] [stderr]    Compiling zopfli v0.8.3
[INFO] [stderr]    Compiling crossterm v0.28.1
[INFO] [stderr]    Compiling image v0.25.10
[INFO] [stderr]    Compiling rand v0.9.4
[INFO] [stderr]    Compiling ghash v0.5.1
[INFO] [stderr]    Compiling ctr v0.9.2
[INFO] [stderr]    Compiling aes v0.8.4
[INFO] [stderr]    Compiling sha1 v0.10.6
[INFO] [stderr]    Compiling sha2 v0.10.9
[INFO] [stderr]    Compiling hmac v0.12.1
[INFO] [stderr]    Compiling blake2 v0.10.6
[INFO] [stderr]    Compiling aead v0.5.2
[INFO] [stderr]    Compiling constant_time_eq v0.3.1
[INFO] [stderr]    Compiling x11rb-protocol v0.13.2
[INFO] [stderr]    Compiling base32 v0.5.1
[INFO] [stderr]    Compiling cassowary v0.3.0
[INFO] [stderr]    Compiling dirs-sys v0.4.1
[INFO] [stderr]    Compiling ratatui v0.28.1
[INFO] [stderr]    Compiling qrcode v0.14.1
[INFO] [stderr]    Compiling rqrr v0.7.1
[INFO] [stderr]    Compiling totp-rs v5.7.1
[INFO] [stderr]    Compiling chrono v0.4.44
[INFO] [stderr]    Compiling argon2 v0.5.3
[INFO] [stderr]    Compiling aes-gcm v0.10.3
[INFO] [stderr]    Compiling x11rb v0.13.2
[INFO] [stderr]    Compiling serde v1.0.228
[INFO] [stderr]    Compiling serde_json v1.0.149
[INFO] [stderr]    Compiling thiserror v1.0.69
[INFO] [stderr]    Compiling zeroize v1.8.2
[INFO] [stderr]    Compiling derive_builder v0.20.2
[INFO] [stderr]    Compiling tofa v0.12.2 (/opt/rustwide/workdir)
[INFO] [stderr]    Compiling rtoolbox v0.0.5
[INFO] [stderr]    Compiling data-encoding v2.11.0
[INFO] [stderr]    Compiling font8x8 v0.3.1
[INFO] [stderr]    Compiling tofa-core v0.11.8
[INFO] [stderr]    Compiling tui-big-text v0.6.1
[INFO] [stderr]    Compiling arboard v3.6.1
[INFO] [stderr]    Compiling rpassword v7.5.1
[INFO] [stderr]    Compiling clap_complete v4.6.3
[INFO] [stderr]    Compiling dirs v5.0.1
[INFO] [stderr]     Finished `release` profile [optimized] target(s) in 4m 01s
[INFO] running `Command { std: "docker" "inspect" "918d4475433a9751f4b4d61a1731273814a7236f0c333a9ec6f18cd70f53543a", kill_on_drop: false }`
[INFO] running `Command { std: "docker" "exec" "-e" "SOURCE_DIR=/opt/rustwide/workdir" "-e" "CARGO_HOME=/opt/rustwide/cargo-home" "-e" "RUSTUP_HOME=/opt/rustwide/rustup-home" "-e" "CARGO_TARGET_DIR=/opt/rustwide/target" "-e" "CARGO_INCREMENTAL=0" "-e" "RUST_BACKTRACE=full" "-e" "RUSTFLAGS=--cap-lints=warn" "-e" "RUSTDOCFLAGS=--cap-lints=warn" "-w" "/opt/rustwide/workdir" "--user" "0:0" "918d4475433a9751f4b4d61a1731273814a7236f0c333a9ec6f18cd70f53543a" "/opt/rustwide/cargo-home/bin/cargo" "+1.99.0-beta.8" "test" "--frozen" "--no-run" "--message-format=json" "--release", kill_on_drop: false }`
[INFO] [stderr]    Compiling rustix v1.1.4
[INFO] [stderr]    Compiling aho-corasick v1.1.4
[INFO] [stderr]    Compiling predicates-core v1.0.10
[INFO] [stderr]    Compiling float-cmp v0.10.0
[INFO] [stderr]    Compiling assert_cmd v2.2.1
[INFO] [stderr]    Compiling termtree v0.5.1
[INFO] [stderr]    Compiling normalize-line-endings v0.3.0
[INFO] [stderr]    Compiling difflib v0.4.0
[INFO] [stderr]    Compiling wait-timeout v0.2.1
[INFO] [stderr]    Compiling once_cell v1.21.4
[INFO] [stderr]    Compiling predicates-tree v1.0.13
[INFO] [stderr]    Compiling fastrand v2.4.1
[INFO] [stderr]    Compiling regex-automata v0.4.14
[INFO] [stderr]    Compiling gethostname v1.1.0
[INFO] [stderr]    Compiling tempfile v3.27.0
[INFO] [stderr]    Compiling x11rb v0.13.2
[INFO] [stderr]    Compiling arboard v3.6.1
[INFO] [stderr]    Compiling regex v1.12.3
[INFO] [stderr]    Compiling bstr v1.12.1
[INFO] [stderr]    Compiling predicates v3.1.4
[INFO] [stderr]    Compiling tofa v0.12.2 (/opt/rustwide/workdir)
[INFO] [stderr]     Finished `release` profile [optimized] target(s) in 1m 16s
[INFO] running `Command { std: "docker" "inspect" "918d4475433a9751f4b4d61a1731273814a7236f0c333a9ec6f18cd70f53543a", kill_on_drop: false }`
[INFO] running `Command { std: "docker" "exec" "-e" "SOURCE_DIR=/opt/rustwide/workdir" "-e" "CARGO_HOME=/opt/rustwide/cargo-home" "-e" "RUSTUP_HOME=/opt/rustwide/rustup-home" "-e" "CARGO_TARGET_DIR=/opt/rustwide/target" "-e" "CARGO_INCREMENTAL=0" "-e" "RUST_BACKTRACE=full" "-e" "RUSTFLAGS=--cap-lints=warn" "-e" "RUSTDOCFLAGS=--cap-lints=warn" "-w" "/opt/rustwide/workdir" "--user" "0:0" "918d4475433a9751f4b4d61a1731273814a7236f0c333a9ec6f18cd70f53543a" "/opt/rustwide/cargo-home/bin/cargo" "+1.99.0-beta.8" "test" "--frozen" "--release", kill_on_drop: false }`
[INFO] [stderr]     Finished `release` profile [optimized] target(s) in 0.25s
[INFO] [stderr]      Running unittests src/lib.rs (/opt/rustwide/target/release/deps/tofa-f98fc64f318a032c)
[INFO] [stdout] 
[INFO] [stdout] running 28 tests
[INFO] [stdout] test theme::ansi::tests::timer_above_10_is_brand ... ok
[INFO] [stdout] test theme::ansi::tests::fg_produces_correct_escape ... ok
[INFO] [stdout] test theme::ansi::tests::timer_below_5_is_danger ... ok
[INFO] [stdout] test theme::mode::tests::brand_differs_by_mode ... ok
[INFO] [stdout] test theme::mode::tests::dark_is_default_when_no_env ... ok
[INFO] [stdout] test theme::mode::tests::detects_dark_from_term_background ... ok
[INFO] [stdout] test theme::mode::tests::detects_light_from_tofa_theme ... ok
[INFO] [stdout] test theme::palette::tests::timer_color_above_10s ... ok
[INFO] [stdout] test theme::widgets::account_list::tests::unselected_entry_shows_masked ... ok
[INFO] [stdout] test theme::palette::tests::timer_color_warning_band ... ok
[INFO] [stdout] test theme::palette::tests::timer_color_danger_band ... ok
[INFO] [stdout] test theme::widgets::badge::tests::badge_renders_dot_and_text ... ok
[INFO] [stdout] test theme::widgets::badge::tests::badge_truncates_within_area ... ok
[INFO] [stdout] test theme::widgets::otp_display::tests::renders_issuer_and_code ... ok
[INFO] [stdout] test theme::ansi::tests::reset_is_correct ... ok
[INFO] [stdout] test theme::voice::tests::copied_formats_correctly ... ok
[INFO] [stdout] test theme::widgets::search_bar::tests::empty_query_shows_placeholder ... ok
[INFO] [stdout] test theme::widgets::unlock_prompt::tests::renders_vault_locked_label ... ok
[INFO] [stdout] test theme::wink::tests::wink_large_has_correct_line_count ... ok
[INFO] [stdout] test theme::widgets::search_bar::tests::non_empty_query_shows_slash_prefix ... ok
[INFO] [stdout] test theme::widgets::toast::tests::queue_caps_at_3 ... ok
[INFO] [stdout] test theme::voice::tests::not_found_formats_correctly ... ok
[INFO] [stdout] test theme::widgets::account_list::tests::selected_entry_shows_code ... ok
[INFO] [stdout] test theme::widgets::otp_display::tests::renders_seconds_label ... ok
[INFO] [stdout] test theme::wink::tests::wink_small_has_three_lines ... ok
[INFO] [stdout] test theme::widgets::toast::tests::queue_tick_decrements ... ok
[INFO] [stderr]      Running unittests src/main.rs (/opt/rustwide/target/release/deps/tofa-1aa83c3efa77353b)
[INFO] [stdout] test theme::widgets::toast::tests::queue_tick_removes_expired ... ok
[INFO] [stdout] test theme::wink::tests::wink_large_lines_have_correct_width ... ok
[INFO] [stdout] 
[INFO] [stdout] test result: ok. 28 passed; 0 failed; 0 ignored; 0 measured; 0 filtered out; finished in 0.01s
[INFO] [stdout] 
[INFO] [stderr]      Running tests/cli_add.rs (/opt/rustwide/target/release/deps/cli_add-d5dc4ae8984125ec)
[INFO] [stdout] 
[INFO] [stdout] running 0 tests
[INFO] [stdout] 
[INFO] [stdout] test result: ok. 0 passed; 0 failed; 0 ignored; 0 measured; 0 filtered out; finished in 0.00s
[INFO] [stdout] 
[INFO] [stdout] 
[INFO] [stdout] running 4 tests
[INFO] [stdout] test add_no_args_fails ... ok
[INFO] [stdout] test add_secret_without_name_fails ... ok
[INFO] [stdout] test add_with_secret_and_name ... ok
[INFO] [stderr]      Running tests/cli_code.rs (/opt/rustwide/target/release/deps/cli_code-6c8ef38dad98e101)
[INFO] [stdout] test add_with_uri ... ok
[INFO] [stdout] 
[INFO] [stdout] test result: ok. 4 passed; 0 failed; 0 ignored; 0 measured; 0 filtered out; finished in 0.99s
[INFO] [stdout] 
[INFO] [stdout] 
[INFO] [stdout] running 6 tests
[INFO] [stdout] test code_exact_substring ... ok
[INFO] [stdout] test code_not_found ... ok
[INFO] [stdout] test code_raw_flag ... ok
[INFO] [stdout] test code_uri_flag_prints_otpauth_uri_instead_of_digits ... ok
[INFO] [stdout] test code_ambiguous ... ok
[INFO] [stdout] test code_watch_produces_output ... ok
[INFO] [stdout] 
[INFO] [stdout] test result: ok. 6 passed; 0 failed; 0 ignored; 0 measured; 0 filtered out; finished in 6.94s
[INFO] [stdout] 
[INFO] [stderr]      Running tests/cli_completions.rs (/opt/rustwide/target/release/deps/cli_completions-61916f25a3d90b35)
[INFO] [stdout] 
[INFO] [stdout] running 3 tests
[INFO] [stdout] test completions_fish ... ok
[INFO] [stdout] test completions_zsh ... ok
[INFO] [stdout] test completions_bash ... ok
[INFO] [stderr]      Running tests/cli_destroy.rs (/opt/rustwide/target/release/deps/cli_destroy-a2d1931e573d76fe)
[INFO] [stdout] 
[INFO] [stdout] test result: ok. 3 passed; 0 failed; 0 ignored; 0 measured; 0 filtered out; finished in 0.02s
[INFO] [stdout] 
[INFO] [stdout] 
[INFO] [stdout] running 4 tests
[INFO] [stdout] test destroy_fails_no_vault ... ok
[INFO] [stdout] test destroy_removes_vault ... ok
[INFO] [stdout] test destroy_fails_wrong_passphrase ... ok
[INFO] [stdout] test destroy_aborts_on_n ... ok
[INFO] [stderr]      Running tests/cli_export.rs (/opt/rustwide/target/release/deps/cli_export-adf496a5f4078fab)
[INFO] [stdout] 
[INFO] [stdout] test result: ok. 4 passed; 0 failed; 0 ignored; 0 measured; 0 filtered out; finished in 0.66s
[INFO] [stdout] 
[INFO] [stdout] 
[INFO] [stdout] running 3 tests
[INFO] [stdout] test export_json_is_valid ... ok
[INFO] [stdout] test export_produces_json_file ... ok
[INFO] [stderr]      Running tests/cli_import.rs (/opt/rustwide/target/release/deps/cli_import-5decd116ef1fe1bf)
[INFO] [stdout] test export_format_uris_writes_one_otpauth_per_line ... ok
[INFO] [stdout] 
[INFO] [stdout] test result: ok. 3 passed; 0 failed; 0 ignored; 0 measured; 0 filtered out; finished in 1.38s
[INFO] [stdout] 
[INFO] [stdout] 
[INFO] [stdout] running 6 tests
[INFO] [stdout] test import_png_with_migration_qr_imports_every_account ... FAILED
[INFO] [stdout] test import_zip_of_qr_images_decodes_every_entry ... FAILED
[INFO] [stdout] test import_png_with_single_otpauth_qr_succeeds ... FAILED
[INFO] [stdout] test import_txt_with_otpauth_uri_list_imports_each_line ... ok
[INFO] [stdout] test import_skips_duplicates ... ok
[INFO] [stdout] test import_json_roundtrip ... ok
[INFO] [stdout] 
[INFO] [stdout] failures:
[INFO] [stdout] 
[INFO] [stdout] ---- import_png_with_migration_qr_imports_every_account stdout ----
[INFO] [stdout] 
[INFO] [stdout] thread 'import_png_with_migration_qr_imports_every_account' (3101) panicked at tests/cli_import.rs:114:5:
[INFO] [stdout] fixture missing: /opt/rustwide/tofa-core/tests/fixtures/google_authenticator/demo_migration.png
[INFO] [stdout] stack backtrace:
[INFO] [stdout]    0:     0x5e5043f2a081 - <<std[70759c8f55707aa4]::sys::backtrace::BacktraceLock>::print::DisplayBacktrace as core[df12db4294e9bfd3]::fmt::Display>::fmt
[INFO] [stdout]    1:     0x5e5043f40f9a - core[df12db4294e9bfd3]::fmt::write
[INFO] [stdout]    2:     0x5e5043f2fcec - <alloc[2182bb758b4b3781]::vec::Vec<u8> as core[df12db4294e9bfd3]::io::write::Write>::write_fmt
[INFO] [stdout]    3:     0x5e5043f044c6 - std[70759c8f55707aa4]::panicking::default_hook::{closure#0}
[INFO] [stdout]    4:     0x5e5043f21a89 - std[70759c8f55707aa4]::panicking::default_hook
[INFO] [stdout]    5:     0x5e5043eab120 - test[9d35eded1c95d3be]::test_main_inner::<test[9d35eded1c95d3be]::test_main_static::{closure#0}>::{closure#0}
[INFO] [stdout]    6:     0x5e5043f21c42 - std[70759c8f55707aa4]::panicking::panic_with_hook
[INFO] [stdout]    7:     0x5e5043f04572 - std[70759c8f55707aa4]::panicking::panic_handler::{closure#0}
[INFO] [stdout]    8:     0x5e5043efd049 - std[70759c8f55707aa4]::sys::backtrace::__rust_end_short_backtrace::<std[70759c8f55707aa4]::panicking::panic_handler::{closure#0}, !>
[INFO] [stdout]    9:     0x5e5043f0516d - __rustc[8fa7c3cbc660c2b3]::rust_begin_unwind
[INFO] [stdout]   10:     0x5e5043f4174c - core[df12db4294e9bfd3]::panicking::panic_fmt
[INFO] [stdout]   11:     0x5e5043e7540f - <cli_import[d2b6f4763724f278]::import_png_with_migration_qr_imports_every_account::{closure#0} as core[df12db4294e9bfd3]::ops::function::FnOnce<()>>::call_once
[INFO] [stdout]   12:     0x5e5043e9e40b - test[9d35eded1c95d3be]::__rust_begin_short_backtrace::<core[df12db4294e9bfd3]::result::Result<(), alloc[2182bb758b4b3781]::string::String>, fn() -> core[df12db4294e9bfd3]::result::Result<(), alloc[2182bb758b4b3781]::string::String>>
[INFO] [stdout]   13:     0x5e5043eaba75 - test[9d35eded1c95d3be]::run_test::{closure#0}
[INFO] [stdout]   14:     0x5e5043ea5334 - std[70759c8f55707aa4]::sys::backtrace::__rust_begin_short_backtrace::<test[9d35eded1c95d3be]::run_test::{closure#1}, ()>
[INFO] [stdout]   15:     0x5e5043eaebd2 - <std[70759c8f55707aa4]::thread::lifecycle::spawn_unchecked<test[9d35eded1c95d3be]::run_test::{closure#1}, ()>::{closure#1} as core[df12db4294e9bfd3]::ops::function::FnOnce<()>>::call_once::{shim:vtable#0}
[INFO] [stdout]   16:     0x5e5043f293c9 - <std[70759c8f55707aa4]::sys::thread::unix::Thread>::new::thread_start
[INFO] [stdout]   17:     0x71d6da094dfa - <unknown>
[INFO] [stdout]   18:     0x71d6da1283d4 - clone
[INFO] [stdout]   19:                0x0 - <unknown>
[INFO] [stdout] 
[INFO] [stdout] ---- import_zip_of_qr_images_decodes_every_entry stdout ----
[INFO] [stdout] 
[INFO] [stdout] thread 'import_zip_of_qr_images_decodes_every_entry' (3105) panicked at tests/cli_import.rs:139:68:
[INFO] [stdout] read fixture: Os { code: 2, kind: NotFound, message: "No such file or directory" }
[INFO] [stdout] stack backtrace:
[INFO] [stdout]    0:     0x5e5043f2a081 - <<std[70759c8f55707aa4]::sys::backtrace::BacktraceLock>::print::DisplayBacktrace as core[df12db4294e9bfd3]::fmt::Display>::fmt
[INFO] [stdout]    1:     0x5e5043f40f9a - core[df12db4294e9bfd3]::fmt::write
[INFO] [stdout]    2:     0x5e5043f2fcec - <alloc[2182bb758b4b3781]::vec::Vec<u8> as core[df12db4294e9bfd3]::io::write::Write>::write_fmt
[INFO] [stdout]    3:     0x5e5043f044c6 - std[70759c8f55707aa4]::panicking::default_hook::{closure#0}
[INFO] [stdout]    4:     0x5e5043f21a89 - std[70759c8f55707aa4]::panicking::default_hook
[INFO] [stdout]    5:     0x5e5043eab120 - test[9d35eded1c95d3be]::test_main_inner::<test[9d35eded1c95d3be]::test_main_static::{closure#0}>::{closure#0}
[INFO] [stdout]    6:     0x5e5043f21c42 - std[70759c8f55707aa4]::panicking::panic_with_hook
[INFO] [stdout]    7:     0x5e5043f04572 - std[70759c8f55707aa4]::panicking::panic_handler::{closure#0}
[INFO] [stdout]    8:     0x5e5043efd049 - std[70759c8f55707aa4]::sys::backtrace::__rust_end_short_backtrace::<std[70759c8f55707aa4]::panicking::panic_handler::{closure#0}, !>
[INFO] [stdout]    9:     0x5e5043f0516d - __rustc[8fa7c3cbc660c2b3]::rust_begin_unwind
[INFO] [stdout]   10:     0x5e5043f4174c - core[df12db4294e9bfd3]::panicking::panic_fmt
[INFO] [stdout]   11:     0x5e5043f41522 - core[df12db4294e9bfd3]::result::unwrap_failed
[INFO] [stdout]   12:     0x5e5043e74e98 - <cli_import[d2b6f4763724f278]::import_zip_of_qr_images_decodes_every_entry::{closure#0} as core[df12db4294e9bfd3]::ops::function::FnOnce<()>>::call_once
[INFO] [stdout]   13:     0x5e5043e9e40b - test[9d35eded1c95d3be]::__rust_begin_short_backtrace::<core[df12db4294e9bfd3]::result::Result<(), alloc[2182bb758b4b3781]::string::String>, fn() -> core[df12db4294e9bfd3]::result::Result<(), alloc[2182bb758b4b3781]::string::String>>
[INFO] [stdout]   14:     0x5e5043eaba75 - test[9d35eded1c95d3be]::run_test::{closure#0}
[INFO] [stdout]   15:     0x5e5043ea5334 - std[70759c8f55707aa4]::sys::backtrace::__rust_begin_short_backtrace::<test[9d35eded1c95d3be]::run_test::{closure#1}, ()>
[INFO] [stdout]   16:     0x5e5043eaebd2 - <std[70759c8f55707aa4]::thread::lifecycle::spawn_unchecked<test[9d35eded1c95d3be]::run_test::{closure#1}, ()>::{closure#1} as core[df12db4294e9bfd3]::ops::function::FnOnce<()>>::call_once::{shim:vtable#0}
[INFO] [stdout]   17:     0x5e5043f293c9 - <std[70759c8f55707aa4]::sys::thread::unix::Thread>::new::thread_start
[INFO] [stdout]   18:     0x71d6da094dfa - <unknown>
[INFO] [stdout]   19:     0x71d6da1283d4 - clone
[INFO] [stdout]   20:                0x0 - <unknown>
[INFO] [stdout] 
[INFO] [stdout] ---- import_png_with_single_otpauth_qr_succeeds stdout ----
[INFO] [stdout] 
[INFO] [stdout] thread 'import_png_with_single_otpauth_qr_succeeds' (3102) panicked at tests/cli_import.rs:99:5:
[INFO] [stdout] fixture missing: /opt/rustwide/tofa-core/tests/fixtures/qr/demo_standard.png
[INFO] [stdout] stack backtrace:
[INFO] [stdout]    0:     0x5e5043f2a081 - <<std[70759c8f55707aa4]::sys::backtrace::BacktraceLock>::print::DisplayBacktrace as core[df12db4294e9bfd3]::fmt::Display>::fmt
[INFO] [stdout]    1:     0x5e5043f40f9a - core[df12db4294e9bfd3]::fmt::write
[INFO] [stdout]    2:     0x5e5043f2fcec - <alloc[2182bb758b4b3781]::vec::Vec<u8> as core[df12db4294e9bfd3]::io::write::Write>::write_fmt
[INFO] [stdout]    3:     0x5e5043f044c6 - std[70759c8f55707aa4]::panicking::default_hook::{closure#0}
[INFO] [stdout]    4:     0x5e5043f21a89 - std[70759c8f55707aa4]::panicking::default_hook
[INFO] [stdout]    5:     0x5e5043eab120 - test[9d35eded1c95d3be]::test_main_inner::<test[9d35eded1c95d3be]::test_main_static::{closure#0}>::{closure#0}
[INFO] [stdout]    6:     0x5e5043f21c42 - std[70759c8f55707aa4]::panicking::panic_with_hook
[INFO] [stdout]    7:     0x5e5043f04572 - std[70759c8f55707aa4]::panicking::panic_handler::{closure#0}
[INFO] [stdout]    8:     0x5e5043efd049 - std[70759c8f55707aa4]::sys::backtrace::__rust_end_short_backtrace::<std[70759c8f55707aa4]::panicking::panic_handler::{closure#0}, !>
[INFO] [stdout]    9:     0x5e5043f0516d - __rustc[8fa7c3cbc660c2b3]::rust_begin_unwind
[INFO] [stdout]   10:     0x5e5043f4174c - core[df12db4294e9bfd3]::panicking::panic_fmt
[INFO] [stdout]   11:     0x5e5043e7492c - <cli_import[d2b6f4763724f278]::import_png_with_single_otpauth_qr_succeeds::{closure#0} as core[df12db4294e9bfd3]::ops::function::FnOnce<()>>::call_once
[INFO] [stdout]   12:     0x5e5043e9e40b - test[9d35eded1c95d3be]::__rust_begin_short_backtrace::<core[df12db4294e9bfd3]::result::Result<(), alloc[2182bb758b4b3781]::string::String>, fn() -> core[df12db4294e9bfd3]::result::Result<(), alloc[2182bb758b4b3781]::string::String>>
[INFO] [stdout]   13:     0x5e5043eaba75 - test[9d35eded1c95d3be]::run_test::{closure#0}
[INFO] [stdout]   14:     0x5e5043ea5334 - std[70759c8f55707aa4]::sys::backtrace::__rust_begin_short_backtrace::<test[9d35eded1c95d3be]::run_test::{closure#1}, ()>
[INFO] [stdout]   15:     0x5e5043eaebd2 - <std[70759c8f55707aa4]::thread::lifecycle::spawn_unchecked<test[9d35eded1c95d3be]::run_test::{closure#1}, ()>::{closure#1} as core[df12db4294e9bfd3]::ops::function::FnOnce<()>>::call_once::{shim:vtable#0}
[INFO] [stdout]   16:     0x5e5043f293c9 - <std[70759c8f55707aa4]::sys::thread::unix::Thread>::new::thread_start
[INFO] [stdout]   17:     0x71d6da094dfa - <unknown>
[INFO] [stdout]   18:     0x71d6da1283d4 - clone
[INFO] [stdout]   19:                0x0 - <unknown>
[INFO] [stdout] 
[INFO] [stdout] 
[INFO] [stdout] failures:
[INFO] [stdout]     import_png_with_migration_qr_imports_every_account
[INFO] [stdout]     import_png_with_single_otpauth_qr_succeeds
[INFO] [stdout]     import_zip_of_qr_images_decodes_every_entry
[INFO] [stdout] 
[INFO] [stdout] test result: FAILED. 3 passed; 3 failed; 0 ignored; 0 measured; 0 filtered out; finished in 1.86s
[INFO] [stdout] 
[INFO] [stderr] error: test failed, to rerun pass `--test cli_import`
[INFO] running `Command { std: "docker" "inspect" "918d4475433a9751f4b4d61a1731273814a7236f0c333a9ec6f18cd70f53543a", kill_on_drop: false }`
[INFO] running `Command { std: "docker" "rm" "-f" "918d4475433a9751f4b4d61a1731273814a7236f0c333a9ec6f18cd70f53543a", kill_on_drop: false }`
[INFO] [stdout] 918d4475433a9751f4b4d61a1731273814a7236f0c333a9ec6f18cd70f53543a
