[INFO] fetching crate todors-tui 0.1.8...
[INFO] testing todors-tui-0.1.8 against 1.99.0-beta.8+cargoflags=--release for beta-release-1.100-2
[INFO] extracting crate todors-tui 0.1.8 into /workspace/builds/worker-3-tc1/source
[INFO] started tweaking crates.io crate todors-tui 0.1.8
[INFO] removed 0 missing tests
[INFO] finished tweaking crates.io crate todors-tui 0.1.8
[INFO] tweaked toml for crates.io crate todors-tui 0.1.8 written to /workspace/builds/worker-3-tc1/source/Cargo.toml
[INFO] validating manifest of crates.io crate todors-tui 0.1.8 on toolchain 1.99.0-beta.8
[INFO] running `Command { std: CARGO_HOME="/workspace/cargo-home" RUSTUP_HOME="/workspace/rustup-home" "/workspace/cargo-home/bin/cargo" "+1.99.0-beta.8" "metadata" "--manifest-path" "Cargo.toml" "--no-deps", kill_on_drop: false }`
[INFO] crate crates.io crate todors-tui 0.1.8 already has a lockfile, it will not be regenerated
[INFO] running `Command { std: CARGO_HOME="/workspace/cargo-home" RUSTUP_HOME="/workspace/rustup-home" "/workspace/cargo-home/bin/cargo" "+1.99.0-beta.8" "fetch" "--manifest-path" "Cargo.toml", kill_on_drop: false }`
[INFO] [stderr]     Updating crates.io index
[INFO] [stderr]  Downloading crates ...
[INFO] [stderr]   Downloaded line-clipping v0.3.5
[INFO] [stderr]   Downloaded cargo-husky v1.5.0
[INFO] running `Command { std: "docker" "create" "-v" "/var/lib/crater-agent-workspace/builds/worker-3-tc1/source:/opt/rustwide/workdir:ro,Z" "-v" "/var/lib/crater-agent-workspace/builds/worker-3-tc1/target:/opt/rustwide/target:rw,Z" "-v" "/var/lib/crater-agent-workspace/cargo-home:/opt/rustwide/cargo-home:ro,Z" "-v" "/var/lib/crater-agent-workspace/rustup-home:/opt/rustwide/rustup-home:ro,Z" "-m" "1610612736" "--network" "none" "ghcr.io/rust-lang/crates-build-env/linux@sha256:77db811e55d90add9212f6832c23229e3de5f1c1f9905e8cb07319ea15df73ac" "sleep" "infinity", kill_on_drop: false }`
[INFO] [stdout] c68bfe9fc36656cbb7932d12258542eb5790df3196582d34a4c5ac816d8e9463
[INFO] running `Command { std: "docker" "start" "c68bfe9fc36656cbb7932d12258542eb5790df3196582d34a4c5ac816d8e9463", kill_on_drop: false }`
[INFO] running `Command { std: "docker" "inspect" "c68bfe9fc36656cbb7932d12258542eb5790df3196582d34a4c5ac816d8e9463", kill_on_drop: false }`
[INFO] running `Command { std: "docker" "exec" "-e" "SOURCE_DIR=/opt/rustwide/workdir" "-e" "CARGO_HOME=/opt/rustwide/cargo-home" "-e" "RUSTUP_HOME=/opt/rustwide/rustup-home" "-e" "CARGO_TARGET_DIR=/opt/rustwide/target" "-w" "/opt/rustwide/workdir" "--user" "0:0" "c68bfe9fc36656cbb7932d12258542eb5790df3196582d34a4c5ac816d8e9463" "/opt/rustwide/cargo-home/bin/cargo" "+1.99.0-beta.8" "metadata" "--no-deps" "--format-version=1", kill_on_drop: false }`
[INFO] running `Command { std: "docker" "inspect" "c68bfe9fc36656cbb7932d12258542eb5790df3196582d34a4c5ac816d8e9463", kill_on_drop: false }`
[INFO] running `Command { std: "docker" "exec" "-e" "SOURCE_DIR=/opt/rustwide/workdir" "-e" "CARGO_HOME=/opt/rustwide/cargo-home" "-e" "RUSTUP_HOME=/opt/rustwide/rustup-home" "-e" "CARGO_TARGET_DIR=/opt/rustwide/target" "-e" "CARGO_INCREMENTAL=0" "-e" "RUST_BACKTRACE=full" "-e" "RUSTFLAGS=--cap-lints=warn" "-e" "RUSTDOCFLAGS=--cap-lints=warn" "-w" "/opt/rustwide/workdir" "--user" "0:0" "c68bfe9fc36656cbb7932d12258542eb5790df3196582d34a4c5ac816d8e9463" "/opt/rustwide/cargo-home/bin/cargo" "+1.99.0-beta.8" "build" "--frozen" "--message-format=json" "--release", kill_on_drop: false }`
[INFO] [stderr]    Compiling syn v2.0.117
[INFO] [stderr]    Compiling libc v0.2.183
[INFO] [stderr]    Compiling rustversion v1.0.22
[INFO] [stderr]    Compiling thiserror v2.0.18
[INFO] [stderr]    Compiling instability v0.3.12
[INFO] [stderr]    Compiling hashbrown v0.16.1
[INFO] [stderr]    Compiling itertools v0.14.0
[INFO] [stderr]    Compiling indoc v2.0.7
[INFO] [stderr]    Compiling unicode-segmentation v1.13.2
[INFO] [stderr]    Compiling signal-hook v0.3.18
[INFO] [stderr]    Compiling rustix v1.1.4
[INFO] [stderr]    Compiling litrs v1.0.0
[INFO] [stderr]    Compiling num_threads v0.1.7
[INFO] [stderr]    Compiling line-clipping v0.3.5
[INFO] [stderr]    Compiling chrono v0.4.44
[INFO] [stderr]    Compiling document-features v0.2.12
[INFO] [stderr]    Compiling convert_case v0.10.0
[INFO] [stderr]    Compiling lru v0.16.3
[INFO] [stderr]    Compiling castaway v0.2.4
[INFO] [stderr]    Compiling compact_str v0.9.0
[INFO] [stderr]    Compiling unicode-truncate v2.0.1
[INFO] [stderr]    Compiling errno v0.3.14
[INFO] [stderr]    Compiling parking_lot_core v0.9.12
[INFO] [stderr]    Compiling mio v1.1.1
[INFO] [stderr]    Compiling time v0.3.47
[INFO] [stderr]    Compiling dirs-sys v0.5.0
[INFO] [stderr]    Compiling signal-hook-registry v1.4.8
[INFO] [stderr]    Compiling directories v6.0.0
[INFO] [stderr]    Compiling parking_lot v0.12.5
[INFO] [stderr]    Compiling signal-hook-mio v0.2.5
[INFO] [stderr]    Compiling darling_core v0.23.0
[INFO] [stderr]    Compiling thiserror-impl v2.0.18
[INFO] [stderr]    Compiling strum_macros v0.27.2
[INFO] [stderr]    Compiling derive_more-impl v2.1.1
[INFO] [stderr]    Compiling serde_derive v1.0.228
[INFO] [stderr]    Compiling derive_more v2.1.1
[INFO] [stderr]    Compiling crossterm v0.29.0
[INFO] [stderr]    Compiling kasuari v0.4.12
[INFO] [stderr]    Compiling strum v0.27.2
[INFO] [stderr]    Compiling ratatui-core v0.1.0
[INFO] [stderr]    Compiling darling_macro v0.23.0
[INFO] [stderr]    Compiling serde v1.0.228
[INFO] [stderr]    Compiling darling v0.23.0
[INFO] [stderr]    Compiling ratatui-widgets v0.3.0
[INFO] [stderr]    Compiling ratatui-crossterm v0.1.0
[INFO] [stderr]    Compiling ratatui-macros v0.7.0
[INFO] [stderr]    Compiling ratatui v0.30.0
[INFO] [stderr]    Compiling todors-tui v0.1.8 (/opt/rustwide/workdir)
[INFO] [stderr]     Finished `release` profile [optimized] target(s) in 33.44s
[INFO] running `Command { std: "docker" "inspect" "c68bfe9fc36656cbb7932d12258542eb5790df3196582d34a4c5ac816d8e9463", kill_on_drop: false }`
[INFO] running `Command { std: "docker" "exec" "-e" "SOURCE_DIR=/opt/rustwide/workdir" "-e" "CARGO_HOME=/opt/rustwide/cargo-home" "-e" "RUSTUP_HOME=/opt/rustwide/rustup-home" "-e" "CARGO_TARGET_DIR=/opt/rustwide/target" "-e" "CARGO_INCREMENTAL=0" "-e" "RUST_BACKTRACE=full" "-e" "RUSTFLAGS=--cap-lints=warn" "-e" "RUSTDOCFLAGS=--cap-lints=warn" "-w" "/opt/rustwide/workdir" "--user" "0:0" "c68bfe9fc36656cbb7932d12258542eb5790df3196582d34a4c5ac816d8e9463" "/opt/rustwide/cargo-home/bin/cargo" "+1.99.0-beta.8" "test" "--frozen" "--no-run" "--message-format=json" "--release", kill_on_drop: false }`
[INFO] [stderr]    Compiling rustix v1.1.4
[INFO] [stderr]    Compiling cargo-husky v1.5.0
[INFO] [stderr]    Compiling getrandom v0.4.2
[INFO] [stderr]    Compiling crossterm v0.29.0
[INFO] [stderr]    Compiling tempfile v3.27.0
[INFO] [stderr]    Compiling ratatui-crossterm v0.1.0
[INFO] [stderr]    Compiling ratatui v0.30.0
[INFO] [stderr]    Compiling todors-tui v0.1.8 (/opt/rustwide/workdir)
[INFO] [stderr]     Finished `release` profile [optimized] target(s) in 14.69s
[INFO] running `Command { std: "docker" "inspect" "c68bfe9fc36656cbb7932d12258542eb5790df3196582d34a4c5ac816d8e9463", kill_on_drop: false }`
[INFO] running `Command { std: "docker" "exec" "-e" "SOURCE_DIR=/opt/rustwide/workdir" "-e" "CARGO_HOME=/opt/rustwide/cargo-home" "-e" "RUSTUP_HOME=/opt/rustwide/rustup-home" "-e" "CARGO_TARGET_DIR=/opt/rustwide/target" "-e" "CARGO_INCREMENTAL=0" "-e" "RUST_BACKTRACE=full" "-e" "RUSTFLAGS=--cap-lints=warn" "-e" "RUSTDOCFLAGS=--cap-lints=warn" "-w" "/opt/rustwide/workdir" "--user" "0:0" "c68bfe9fc36656cbb7932d12258542eb5790df3196582d34a4c5ac816d8e9463" "/opt/rustwide/cargo-home/bin/cargo" "+1.99.0-beta.8" "test" "--frozen" "--release", kill_on_drop: false }`
[INFO] [stderr]     Finished `release` profile [optimized] target(s) in 0.18s
[INFO] [stderr]      Running unittests src/lib.rs (/opt/rustwide/target/release/deps/todors-13c0d4802f98cefc)
[INFO] [stdout] 
[INFO] [stdout] running 21 tests
[INFO] [stdout] test ui::tests::countdown_text_defaults_to_zero_when_deadline_missing ... ok
[INFO] [stdout] test ui::tests::deadline_shortcut_hint_style_changes_with_focus ... ok
[INFO] [stdout] test ui::tests::centered_rect_uses_dynamic_height_and_keeps_width_ratio ... ok
[INFO] [stdout] test ui::tests::app_name_is_todors ... ok
[INFO] [stdout] test tests::startup_app_preserves_loaded_task_timestamps ... ok
[INFO] [stdout] test ui::tests::countdown_text_uses_hms_format ... ok
[INFO] [stdout] test ui::tests::deadline_shortcut_hint_mentions_clear_shortcut ... ok
[INFO] [stdout] test ui::tests::priority_color_matches_levels ... ok
[INFO] [stdout] test deadline::tests::format_created_at_with_tz_uses_created_prefix ... ok
[INFO] [stdout] test ui::tests::progress_gauge_uses_full_height_background_symbol ... ok
[INFO] [stdout] test deadline::tests::format_created_at_with_tz_handles_invalid_timestamp ... ok
[INFO] [stdout] test ui::tests::progress_label_prefers_no_deadline_and_expired_states ... ok
[INFO] [stdout] test ui::tests::help_items_lines_keep_key_and_description_separate ... ok
[INFO] [stdout] test ui::tests::popup_height_grows_with_content ... ok
[INFO] [stdout] test ui::tests::popup_height_is_clamped_by_available_space ... ok
[INFO] [stdout] test ui::tests::popup_width_targets_fifty_five_percent ... ok
[INFO] [stderr]      Running unittests src/main.rs (/opt/rustwide/target/release/deps/todors-22cdd3d1f314457e)
[INFO] [stdout] test ui::tests::rendered_task_title_truncates_with_ellipsis ... ok
[INFO] [stdout] test ui::tests::progress_bar_uses_polished_strings ... ok
[INFO] [stdout] test ui::tests::input_popup_height_stays_compact_for_task_forms ... ok
[INFO] [stdout] test tests::save_app_restores_settings_when_data_write_fails ... ok
[INFO] [stdout] test tests::save_app_rolls_back_data_when_settings_write_fails_after_data_update ... ok
[INFO] [stdout] 
[INFO] [stdout] test result: ok. 21 passed; 0 failed; 0 ignored; 0 measured; 0 filtered out; finished in 0.01s
[INFO] [stdout] 
[INFO] [stdout] 
[INFO] [stdout] running 0 tests
[INFO] [stdout] 
[INFO] [stdout] test result: ok. 0 passed; 0 failed; 0 ignored; 0 measured; 0 filtered out; finished in 0.00s
[INFO] [stdout] 
[INFO] [stderr]      Running tests/app_state.rs (/opt/rustwide/target/release/deps/app_state-fbd23ef2e8ae861e)
[INFO] [stdout] 
[INFO] [stdout] running 4 tests
[INFO] [stdout] test pressing_p_cycles_selected_task_priority ... ok
[INFO] [stdout] test inserting_new_task_uses_next_free_id ... ok
[INFO] [stdout] test app_starts_with_empty_visible_state ... ok
[INFO] [stdout] test pressing_x_toggles_selected_task ... ok
[INFO] [stdout] 
[INFO] [stdout] test result: ok. 4 passed; 0 failed; 0 ignored; 0 measured; 0 filtered out; finished in 0.01s
[INFO] [stdout] 
[INFO] [stderr]      Running tests/clear_completed.rs (/opt/rustwide/target/release/deps/clear_completed-0d2a5bb69a00221b)
[INFO] [stdout] 
[INFO] [stdout] running 3 tests
[INFO] [stdout] test enter_in_clear_completed_confirmation_archives_all_done_tasks ... ok
[INFO] [stdout] test pressing_uppercase_c_opens_clear_completed_confirmation ... ok
[INFO] [stderr]      Running tests/deadline.rs (/opt/rustwide/target/release/deps/deadline-58a001a753569c12)
[INFO] [stdout] test confirming_clear_completed_with_no_done_tasks_sets_status_message ... ok
[INFO] [stdout] 
[INFO] [stdout] test result: ok. 3 passed; 0 failed; 0 ignored; 0 measured; 0 filtered out; finished in 0.00s
[INFO] [stdout] 
[INFO] [stdout] 
[INFO] [stdout] running 30 tests
[INFO] [stdout] test adjust_deadline_invalid_input_falls_back_to_now ... ok
[INFO] [stdout] test adjust_deadline_empty_input_plus_day_uses_now_as_baseline ... ok
[INFO] [stdout] test is_overdue_none_deadline_is_false ... ok
[INFO] [stdout] test parse_due_at_local_invalid_format_returns_error ... ok
[INFO] [stdout] test parse_due_at_local_valid_round_trips ... ok
[INFO] [stdout] test format_due_at_local_some_returns_due_prefix ... ok
[INFO] [stdout] test is_overdue_after_deadline_is_true ... ok
[INFO] [stdout] test progress_percent_hundredths_preserves_two_decimal_precision ... ok
[INFO] [stdout] test format_due_at_local_invalid_timestamp_is_safe ... ok
[INFO] [stdout] test format_due_at_local_none_returns_no_deadline ... ok
[INFO] [stdout] test progress_percent_handles_extreme_but_valid_i64_inputs ... ok
[INFO] [stdout] test progress_percent_midway_is_fifty ... ok
[INFO] [stdout] test progress_percent_one_second_before_deadline_is_not_full ... ok
[INFO] [stdout] test progress_percent_before_start_is_zero ... ok
[INFO] [stdout] test progress_percent_past_deadline_is_hundred ... ok
[INFO] [stdout] test system_clock_returns_non_negative_epoch_seconds ... ok
[INFO] [stdout] test progress_percent_malformed_due_lte_created_clamps_to_100 ... ok
[INFO] [stdout] test adjust_deadline_empty_input_set_now_uses_clock ... ok
[INFO] [stdout] test urgency_kind_normal_before_50_percent ... ok
[INFO] [stdout] test urgency_kind_warning_at_50_percent ... ok
[INFO] [stdout] test adjust_deadline_existing_value_plus_minus_day_and_hour ... ok
[INFO] [stdout] test parse_due_at_with_injected_timezone_is_deterministic ... ok
[INFO] [stdout] test is_overdue_at_deadline_is_true ... ok
[INFO] [stdout] test is_overdue_before_deadline_is_false ... ok
[INFO] [stdout] test parse_due_at_local_empty_returns_none ... ok
[INFO] [stdout] test urgency_kind_without_deadline_is_normal ... ok
[INFO] [stderr]      Running tests/popup_form_state.rs (/opt/rustwide/target/release/deps/popup_form_state-af70ad5a27ae946e)
[INFO] [stdout] test urgency_kind_expired_after_deadline ... ok
[INFO] [stdout] test urgency_kind_danger_at_80_percent ... ok
[INFO] [stdout] test urgency_kind_expired_at_deadline ... ok
[INFO] [stdout] test urgency_kind_does_not_round_into_danger_too_early ... ok
[INFO] [stdout] 
[INFO] [stdout] test result: ok. 30 passed; 0 failed; 0 ignored; 0 measured; 0 filtered out; finished in 0.01s
[INFO] [stdout] 
[INFO] [stdout] 
[INFO] [stdout] running 3 tests
[INFO] [stdout] test insert_popup_cycles_task_fields ... ok
[INFO] [stdout] test edit_mode_prefills_task_fields ... ok
[INFO] [stderr]      Running tests/runtime.rs (/opt/rustwide/target/release/deps/runtime-29aeb75be289ec02)
[INFO] [stdout] test task_popup_can_save_description_and_deadline ... ok
[INFO] [stdout] 
[INFO] [stdout] test result: ok. 3 passed; 0 failed; 0 ignored; 0 measured; 0 filtered out; finished in 0.00s
[INFO] [stdout] 
[INFO] [stdout] 
[INFO] [stdout] running 15 tests
[INFO] [stdout] test popup_save_failure_restores_previous_undo_history ... ok
[INFO] [stdout] test quit_does_not_exit_when_save_fails ... ok
[INFO] [stdout] test persist_command_saves_app_to_disk ... ok
[INFO] [stdout] test loading_without_saved_settings_defaults_filter_to_active ... ok
[INFO] [stdout] test malformed_storage_starts_with_empty_app_instead_of_failing ... ok
[INFO] [stdout] test quit_command_requests_exit_without_saving ... ok
[INFO] [stdout] test quit_with_dirty_app_saves_and_exits ... ok
[INFO] [stdout] test app_restores_last_persisted_filter ... ok
[INFO] [stdout] test save_app_restores_previous_contents_when_data_write_fails ... FAILED
[INFO] [stdout] test save_app_persists_current_tasks ... ok
[INFO] [stdout] test persist_command_clears_dirty_after_successful_save ... ok
[INFO] [stdout] test app_can_load_tasks_saved_by_persist_flow ... ok
[INFO] [stdout] test popup_origin_persist_failure_restores_popup_without_leaving_app_dirty ... ok
[INFO] [stdout] test persist_failure_keeps_running_and_sets_save_failed_status ... ok
[INFO] [stderr] error: test failed, to rerun pass `--test runtime`
[INFO] [stdout] test malformed_storage_sets_load_failed_status_on_empty_app ... ok
[INFO] [stdout] 
[INFO] [stdout] failures:
[INFO] [stdout] 
[INFO] [stdout] ---- save_app_restores_previous_contents_when_data_write_fails stdout ----
[INFO] [stdout] 
[INFO] [stdout] thread 'save_app_restores_previous_contents_when_data_write_fails' (1760) panicked at tests/runtime.rs:97:5:
[INFO] [stdout] assertion failed: save_app(&path, &second_app).is_err()
[INFO] [stdout] stack backtrace:
[INFO] [stdout]    0:     0x608baeaace81 - <<std[70759c8f55707aa4]::sys::backtrace::BacktraceLock>::print::DisplayBacktrace as core[df12db4294e9bfd3]::fmt::Display>::fmt
[INFO] [stdout]    1:     0x608baeac28fa - core[df12db4294e9bfd3]::fmt::write
[INFO] [stdout]    2:     0x608baeab157c - <alloc[2182bb758b4b3781]::vec::Vec<u8> as core[df12db4294e9bfd3]::io::write::Write>::write_fmt
[INFO] [stdout]    3:     0x608baea87096 - std[70759c8f55707aa4]::panicking::default_hook::{closure#0}
[INFO] [stdout]    4:     0x608baeaa4219 - std[70759c8f55707aa4]::panicking::default_hook
[INFO] [stdout]    5:     0x608baea08ba0 - test[9d35eded1c95d3be]::test_main_inner::<test[9d35eded1c95d3be]::test_main_static::{closure#0}>::{closure#0}
[INFO] [stdout]    6:     0x608baeaa43d2 - std[70759c8f55707aa4]::panicking::panic_with_hook
[INFO] [stdout]    7:     0x608baea87174 - std[70759c8f55707aa4]::panicking::panic_handler::{closure#0}
[INFO] [stdout]    8:     0x608baea7fc19 - std[70759c8f55707aa4]::sys::backtrace::__rust_end_short_backtrace::<std[70759c8f55707aa4]::panicking::panic_handler::{closure#0}, !>
[INFO] [stdout]    9:     0x608baea87dfd - __rustc[8fa7c3cbc660c2b3]::rust_begin_unwind
[INFO] [stdout]   10:     0x608baeac302c - core[df12db4294e9bfd3]::panicking::panic_fmt
[INFO] [stdout]   11:     0x608baeac2ff2 - core[df12db4294e9bfd3]::panicking::panic
[INFO] [stdout]   12:     0x608bae9fb48c - <runtime[99fa6c6be8b8c7d5]::save_app_restores_previous_contents_when_data_write_fails::{closure#0} as core[df12db4294e9bfd3]::ops::function::FnOnce<()>>::call_once
[INFO] [stdout]   13:     0x608bae9fbe8b - test[9d35eded1c95d3be]::__rust_begin_short_backtrace::<core[df12db4294e9bfd3]::result::Result<(), alloc[2182bb758b4b3781]::string::String>, fn() -> core[df12db4294e9bfd3]::result::Result<(), alloc[2182bb758b4b3781]::string::String>>
[INFO] [stdout]   14:     0x608baea094f5 - test[9d35eded1c95d3be]::run_test::{closure#0}
[INFO] [stdout]   15:     0x608baea02db4 - std[70759c8f55707aa4]::sys::backtrace::__rust_begin_short_backtrace::<test[9d35eded1c95d3be]::run_test::{closure#1}, ()>
[INFO] [stdout]   16:     0x608baea0c652 - <std[70759c8f55707aa4]::thread::lifecycle::spawn_unchecked<test[9d35eded1c95d3be]::run_test::{closure#1}, ()>::{closure#1} as core[df12db4294e9bfd3]::ops::function::FnOnce<()>>::call_once::{shim:vtable#0}
[INFO] [stdout]   17:     0x608baeaabed9 - <std[70759c8f55707aa4]::sys::thread::unix::Thread>::new::thread_start
[INFO] [stdout]   18:     0x78f31dfafdfa - <unknown>
[INFO] [stdout]   19:     0x78f31e0433d4 - clone
[INFO] [stdout]   20:                0x0 - <unknown>
[INFO] [stdout] 
[INFO] [stdout] 
[INFO] [stdout] failures:
[INFO] [stdout]     save_app_restores_previous_contents_when_data_write_fails
[INFO] [stdout] 
[INFO] [stdout] test result: FAILED. 14 passed; 1 failed; 0 ignored; 0 measured; 0 filtered out; finished in 0.01s
[INFO] [stdout] 
[INFO] running `Command { std: "docker" "inspect" "c68bfe9fc36656cbb7932d12258542eb5790df3196582d34a4c5ac816d8e9463", kill_on_drop: false }`
[INFO] running `Command { std: "docker" "rm" "-f" "c68bfe9fc36656cbb7932d12258542eb5790df3196582d34a4c5ac816d8e9463", kill_on_drop: false }`
[INFO] [stdout] c68bfe9fc36656cbb7932d12258542eb5790df3196582d34a4c5ac816d8e9463
