[INFO] fetching crate todo_cli_rs 0.1.1...
[INFO] testing todo_cli_rs-0.1.1 against 1.99.0-beta.8+cargoflags=--release for beta-release-1.100-2
[INFO] extracting crate todo_cli_rs 0.1.1 into /workspace/builds/worker-0-tc1/source
[INFO] started tweaking crates.io crate todo_cli_rs 0.1.1
[INFO] finished tweaking crates.io crate todo_cli_rs 0.1.1
[INFO] tweaked toml for crates.io crate todo_cli_rs 0.1.1 written to /workspace/builds/worker-0-tc1/source/Cargo.toml
[INFO] validating manifest of crates.io crate todo_cli_rs 0.1.1 on toolchain 1.99.0-beta.8
[INFO] running `Command { std: CARGO_HOME="/workspace/cargo-home" RUSTUP_HOME="/workspace/rustup-home" "/workspace/cargo-home/bin/cargo" "+1.99.0-beta.8" "metadata" "--manifest-path" "Cargo.toml" "--no-deps", kill_on_drop: false }`
[INFO] crate crates.io crate todo_cli_rs 0.1.1 already has a lockfile, it will not be regenerated
[INFO] running `Command { std: CARGO_HOME="/workspace/cargo-home" RUSTUP_HOME="/workspace/rustup-home" "/workspace/cargo-home/bin/cargo" "+1.99.0-beta.8" "fetch" "--manifest-path" "Cargo.toml", kill_on_drop: false }`
[INFO] running `Command { std: "docker" "create" "-v" "/var/lib/crater-agent-workspace/builds/worker-0-tc1/source:/opt/rustwide/workdir:ro,Z" "-v" "/var/lib/crater-agent-workspace/builds/worker-0-tc1/target:/opt/rustwide/target:rw,Z" "-v" "/var/lib/crater-agent-workspace/cargo-home:/opt/rustwide/cargo-home:ro,Z" "-v" "/var/lib/crater-agent-workspace/rustup-home:/opt/rustwide/rustup-home:ro,Z" "-m" "1610612736" "--network" "none" "ghcr.io/rust-lang/crates-build-env/linux@sha256:77db811e55d90add9212f6832c23229e3de5f1c1f9905e8cb07319ea15df73ac" "sleep" "infinity", kill_on_drop: false }`
[INFO] [stdout] c50c4c4e8e8c082275a8a2324229bafdd1e5dbbbd82a0c929e16abacf37c40ed
[INFO] running `Command { std: "docker" "start" "c50c4c4e8e8c082275a8a2324229bafdd1e5dbbbd82a0c929e16abacf37c40ed", kill_on_drop: false }`
[INFO] running `Command { std: "docker" "inspect" "c50c4c4e8e8c082275a8a2324229bafdd1e5dbbbd82a0c929e16abacf37c40ed", kill_on_drop: false }`
[INFO] running `Command { std: "docker" "exec" "-e" "SOURCE_DIR=/opt/rustwide/workdir" "-e" "CARGO_HOME=/opt/rustwide/cargo-home" "-e" "RUSTUP_HOME=/opt/rustwide/rustup-home" "-e" "CARGO_TARGET_DIR=/opt/rustwide/target" "-w" "/opt/rustwide/workdir" "--user" "0:0" "c50c4c4e8e8c082275a8a2324229bafdd1e5dbbbd82a0c929e16abacf37c40ed" "/opt/rustwide/cargo-home/bin/cargo" "+1.99.0-beta.8" "metadata" "--no-deps" "--format-version=1", kill_on_drop: false }`
[INFO] running `Command { std: "docker" "inspect" "c50c4c4e8e8c082275a8a2324229bafdd1e5dbbbd82a0c929e16abacf37c40ed", kill_on_drop: false }`
[INFO] running `Command { std: "docker" "exec" "-e" "SOURCE_DIR=/opt/rustwide/workdir" "-e" "CARGO_HOME=/opt/rustwide/cargo-home" "-e" "RUSTUP_HOME=/opt/rustwide/rustup-home" "-e" "CARGO_TARGET_DIR=/opt/rustwide/target" "-e" "CARGO_INCREMENTAL=0" "-e" "RUST_BACKTRACE=full" "-e" "RUSTFLAGS=--cap-lints=warn" "-e" "RUSTDOCFLAGS=--cap-lints=warn" "-w" "/opt/rustwide/workdir" "--user" "0:0" "c50c4c4e8e8c082275a8a2324229bafdd1e5dbbbd82a0c929e16abacf37c40ed" "/opt/rustwide/cargo-home/bin/cargo" "+1.99.0-beta.8" "build" "--frozen" "--message-format=json" "--release", kill_on_drop: false }`
[INFO] [stderr]    Compiling colored v2.1.0
[INFO] [stderr]    Compiling todo_cli_rs v0.1.1 (/opt/rustwide/workdir)
[INFO] [stderr]     Finished `release` profile [optimized] target(s) in 1.33s
[INFO] running `Command { std: "docker" "inspect" "c50c4c4e8e8c082275a8a2324229bafdd1e5dbbbd82a0c929e16abacf37c40ed", kill_on_drop: false }`
[INFO] running `Command { std: "docker" "exec" "-e" "SOURCE_DIR=/opt/rustwide/workdir" "-e" "CARGO_HOME=/opt/rustwide/cargo-home" "-e" "RUSTUP_HOME=/opt/rustwide/rustup-home" "-e" "CARGO_TARGET_DIR=/opt/rustwide/target" "-e" "CARGO_INCREMENTAL=0" "-e" "RUST_BACKTRACE=full" "-e" "RUSTFLAGS=--cap-lints=warn" "-e" "RUSTDOCFLAGS=--cap-lints=warn" "-w" "/opt/rustwide/workdir" "--user" "0:0" "c50c4c4e8e8c082275a8a2324229bafdd1e5dbbbd82a0c929e16abacf37c40ed" "/opt/rustwide/cargo-home/bin/cargo" "+1.99.0-beta.8" "test" "--frozen" "--no-run" "--message-format=json" "--release", kill_on_drop: false }`
[INFO] [stderr]    Compiling todo_cli_rs v0.1.1 (/opt/rustwide/workdir)
[INFO] [stderr]     Finished `release` profile [optimized] target(s) in 0.85s
[INFO] running `Command { std: "docker" "inspect" "c50c4c4e8e8c082275a8a2324229bafdd1e5dbbbd82a0c929e16abacf37c40ed", kill_on_drop: false }`
[INFO] running `Command { std: "docker" "exec" "-e" "SOURCE_DIR=/opt/rustwide/workdir" "-e" "CARGO_HOME=/opt/rustwide/cargo-home" "-e" "RUSTUP_HOME=/opt/rustwide/rustup-home" "-e" "CARGO_TARGET_DIR=/opt/rustwide/target" "-e" "CARGO_INCREMENTAL=0" "-e" "RUST_BACKTRACE=full" "-e" "RUSTFLAGS=--cap-lints=warn" "-e" "RUSTDOCFLAGS=--cap-lints=warn" "-w" "/opt/rustwide/workdir" "--user" "0:0" "c50c4c4e8e8c082275a8a2324229bafdd1e5dbbbd82a0c929e16abacf37c40ed" "/opt/rustwide/cargo-home/bin/cargo" "+1.99.0-beta.8" "test" "--frozen" "--release", kill_on_drop: false }`
[INFO] [stderr]     Finished `release` profile [optimized] target(s) in 0.03s
[INFO] [stderr]      Running unittests src/lib.rs (/opt/rustwide/target/release/deps/todo_cli_rs-b13d20432b9b46f7)
[INFO] [stdout] 
[INFO] [stdout] running 4 tests
[INFO] [stdout] test tests::test_view_tasks_empty ... ok
[INFO] [stdout] test tests::test_empty_todo ... ok
[INFO] [stdout] test tests::test_todo_functionality ... FAILED
[INFO] [stdout] test tests::test_remove_task_invalid_index ... FAILED
[INFO] [stdout] 
[INFO] [stdout] failures:
[INFO] [stdout] 
[INFO] [stdout] ---- tests::test_todo_functionality stdout ----
[INFO] [stdout] 
[INFO] [stdout] thread 'tests::test_todo_functionality' (191) panicked at src/todo.rs:35:29:
[INFO] [stdout] Failed to save tasks: Os { code: 30, kind: ReadOnlyFilesystem, message: "Read-only file system" }
[INFO] [stdout] stack backtrace:
[INFO] [stdout]    0:     0x59149f021341 - <<std[70759c8f55707aa4]::sys::backtrace::BacktraceLock>::print::DisplayBacktrace as core[df12db4294e9bfd3]::fmt::Display>::fmt
[INFO] [stdout]    1:     0x59149f0355ea - core[df12db4294e9bfd3]::fmt::write
[INFO] [stdout]    2:     0x59149f02584c - <alloc[2182bb758b4b3781]::vec::Vec<u8> as core[df12db4294e9bfd3]::io::write::Write>::write_fmt
[INFO] [stdout]    3:     0x59149effd856 - std[70759c8f55707aa4]::panicking::default_hook::{closure#0}
[INFO] [stdout]    4:     0x59149f019aa9 - std[70759c8f55707aa4]::panicking::default_hook
[INFO] [stdout]    5:     0x59149efb3b20 - test[9d35eded1c95d3be]::test_main_inner::<test[9d35eded1c95d3be]::test_main_static::{closure#0}>::{closure#0}
[INFO] [stdout]    6:     0x59149f019c62 - std[70759c8f55707aa4]::panicking::panic_with_hook
[INFO] [stdout]    7:     0x59149effd902 - std[70759c8f55707aa4]::panicking::panic_handler::{closure#0}
[INFO] [stdout]    8:     0x59149eff6689 - std[70759c8f55707aa4]::sys::backtrace::__rust_end_short_backtrace::<std[70759c8f55707aa4]::panicking::panic_handler::{closure#0}, !>
[INFO] [stdout]    9:     0x59149effe4fd - __rustc[8fa7c3cbc660c2b3]::rust_begin_unwind
[INFO] [stdout]   10:     0x59149f035d1c - core[df12db4294e9bfd3]::panicking::panic_fmt
[INFO] [stdout]   11:     0x59149f035af2 - core[df12db4294e9bfd3]::result::unwrap_failed
[INFO] [stdout]   12:     0x59149efa5846 - <todo_cli_rs[37b106f1e1c310b0]::todo::Todo>::add_task
[INFO] [stdout]   13:     0x59149efa5dfd - <todo_cli_rs[37b106f1e1c310b0]::tests::test_todo_functionality::{closure#0} as core[df12db4294e9bfd3]::ops::function::FnOnce<()>>::call_once
[INFO] [stdout]   14:     0x59149efa6e0b - test[9d35eded1c95d3be]::__rust_begin_short_backtrace::<core[df12db4294e9bfd3]::result::Result<(), alloc[2182bb758b4b3781]::string::String>, fn() -> core[df12db4294e9bfd3]::result::Result<(), alloc[2182bb758b4b3781]::string::String>>
[INFO] [stdout]   15:     0x59149efb4475 - test[9d35eded1c95d3be]::run_test::{closure#0}
[INFO] [stdout]   16:     0x59149efadd34 - std[70759c8f55707aa4]::sys::backtrace::__rust_begin_short_backtrace::<test[9d35eded1c95d3be]::run_test::{closure#1}, ()>
[INFO] [stdout]   17:     0x59149efb75d2 - <std[70759c8f55707aa4]::thread::lifecycle::spawn_unchecked<test[9d35eded1c95d3be]::run_test::{closure#1}, ()>::{closure#1} as core[df12db4294e9bfd3]::ops::function::FnOnce<()>>::call_once::{shim:vtable#0}
[INFO] [stdout]   18:     0x59149f020c19 - <std[70759c8f55707aa4]::sys::thread::unix::Thread>::new::thread_start
[INFO] [stdout]   19:     0x77b50253ddfa - <unknown>
[INFO] [stdout]   20:     0x77b5025d13d4 - clone
[INFO] [stdout]   21:                0x0 - <unknown>
[INFO] [stdout] 
[INFO] [stdout] ---- tests::test_remove_task_invalid_index stdout ----
[INFO] [stdout] 
[INFO] [stdout] thread 'tests::test_remove_task_invalid_index' (190) panicked at src/todo.rs:35:29:
[INFO] [stdout] Failed to save tasks: Os { code: 30, kind: ReadOnlyFilesystem, message: "Read-only file system" }
[INFO] [stdout] stack backtrace:
[INFO] [stdout]    0:     0x59149f021341 - <<std[70759c8f55707aa4]::sys::backtrace::BacktraceLock>::print::DisplayBacktrace as core[df12db4294e9bfd3]::fmt::Display>::fmt
[INFO] [stdout]    1:     0x59149f0355ea - core[df12db4294e9bfd3]::fmt::write
[INFO] [stdout]    2:     0x59149f02584c - <alloc[2182bb758b4b3781]::vec::Vec<u8> as core[df12db4294e9bfd3]::io::write::Write>::write_fmt
[INFO] [stdout]    3:     0x59149effd856 - std[70759c8f55707aa4]::panicking::default_hook::{closure#0}
[INFO] [stdout]    4:     0x59149f019aa9 - std[70759c8f55707aa4]::panicking::default_hook
[INFO] [stdout]    5:     0x59149efb3b20 - test[9d35eded1c95d3be]::test_main_inner::<test[9d35eded1c95d3be]::test_main_static::{closure#0}>::{closure#0}
[INFO] [stdout]    6:     0x59149f019c62 - std[70759c8f55707aa4]::panicking::panic_with_hook
[INFO] [stdout]    7:     0x59149effd902 - std[70759c8f55707aa4]::panicking::panic_handler::{closure#0}
[INFO] [stdout]    8:     0x59149eff6689 - std[70759c8f55707aa4]::sys::backtrace::__rust_end_short_backtrace::<std[70759c8f55707aa4]::panicking::panic_handler::{closure#0}, !>
[INFO] [stdout]    9:     0x59149effe4fd - __rustc[8fa7c3cbc660c2b3]::rust_begin_unwind
[INFO] [stdout]   10:     0x59149f035d1c - core[df12db4294e9bfd3]::panicking::panic_fmt
[INFO] [stdout]   11:     0x59149f035af2 - core[df12db4294e9bfd3]::result::unwrap_failed
[INFO] [stdout]   12:     0x59149efa5846 - <todo_cli_rs[37b106f1e1c310b0]::todo::Todo>::add_task
[INFO] [stdout]   13:     0x59149efa6bb6 - <todo_cli_rs[37b106f1e1c310b0]::tests::test_remove_task_invalid_index::{closure#0} as core[df12db4294e9bfd3]::ops::function::FnOnce<()>>::call_once
[INFO] [stdout]   14:     0x59149efa6e0b - test[9d35eded1c95d3be]::__rust_begin_short_backtrace::<core[df12db4294e9bfd3]::result::Result<(), alloc[2182bb758b4b3781]::string::String>, fn() -> core[df12db4294e9bfd3]::result::Result<(), alloc[2182bb758b4b3781]::string::String>>
[INFO] [stdout]   15:     0x59149efb4475 - test[9d35eded1c95d3be]::run_test::{closure#0}
[INFO] [stdout]   16:     0x59149efadd34 - std[70759c8f55707aa4]::sys::backtrace::__rust_begin_short_backtrace::<test[9d35eded1c95d3be]::run_test::{closure#1}, ()>
[INFO] [stdout]   17:     0x59149efb75d2 - <std[70759c8f55707aa4]::thread::lifecycle::spawn_unchecked<test[9d35eded1c95d3be]::run_test::{closure#1}, ()>::{closure#1} as core[df12db4294e9bfd3]::ops::function::FnOnce<()>>::call_once::{shim:vtable#0}
[INFO] [stdout]   18:     0x59149f020c19 - <std[70759c8f55707aa4]::sys::thread::unix::Thread>::new::thread_start
[INFO] [stdout]   19:     0x77b50253ddfa - <unknown>
[INFO] [stdout]   20:     0x77b5025d13d4 - clone
[INFO] [stdout]   21:                0x0 - <unknown>
[INFO] [stdout] 
[INFO] [stdout] 
[INFO] [stdout] failures:
[INFO] [stdout]     tests::test_remove_task_invalid_index
[INFO] [stdout]     tests::test_todo_functionality
[INFO] [stdout] 
[INFO] [stdout] test result: FAILED. 2 passed; 2 failed; 0 ignored; 0 measured; 0 filtered out; finished in 0.00s
[INFO] [stdout] 
[INFO] [stderr] error: test failed, to rerun pass `--lib`
[INFO] running `Command { std: "docker" "inspect" "c50c4c4e8e8c082275a8a2324229bafdd1e5dbbbd82a0c929e16abacf37c40ed", kill_on_drop: false }`
[INFO] running `Command { std: "docker" "rm" "-f" "c50c4c4e8e8c082275a8a2324229bafdd1e5dbbbd82a0c929e16abacf37c40ed", kill_on_drop: false }`
[INFO] [stdout] c50c4c4e8e8c082275a8a2324229bafdd1e5dbbbd82a0c929e16abacf37c40ed
