[INFO] fetching crate toasty-macros 0.11.0...
[INFO] testing toasty-macros-0.11.0 against 1.100.0-beta.1+cargoflags=--release for beta-release-1.100-2
[INFO] extracting crate toasty-macros 0.11.0 into /workspace/builds/worker-0-tc2/source
[INFO] started tweaking crates.io crate toasty-macros 0.11.0
[INFO] finished tweaking crates.io crate toasty-macros 0.11.0
[INFO] tweaked toml for crates.io crate toasty-macros 0.11.0 written to /workspace/builds/worker-0-tc2/source/Cargo.toml
[INFO] validating manifest of crates.io crate toasty-macros 0.11.0 on toolchain 1.100.0-beta.1
[INFO] running `Command { std: CARGO_HOME="/workspace/cargo-home" RUSTUP_HOME="/workspace/rustup-home" "/workspace/cargo-home/bin/cargo" "+1.100.0-beta.1" "metadata" "--manifest-path" "Cargo.toml" "--no-deps", kill_on_drop: false }`
[INFO] crate crates.io crate toasty-macros 0.11.0 already has a lockfile, it will not be regenerated
[INFO] running `Command { std: CARGO_HOME="/workspace/cargo-home" RUSTUP_HOME="/workspace/rustup-home" "/workspace/cargo-home/bin/cargo" "+1.100.0-beta.1" "fetch" "--manifest-path" "Cargo.toml", kill_on_drop: false }`
[INFO] [stderr] warning: `package.homepage` is redundant with `package.repository`
[INFO] [stderr]   --> Cargo.toml:51:12
[INFO] [stderr]    |
[INFO] [stderr] 51 | homepage = "https://github.com/tokio-rs/toasty"
[INFO] [stderr]    |            ^^^^^^^^^^^^^^^^^^^^^^^^^^^^^^^^^^^^
[INFO] [stderr] ...
[INFO] [stderr] 56 | repository = "https://github.com/tokio-rs/toasty"
[INFO] [stderr]    |              ------------------------------------
[INFO] [stderr]    |
[INFO] [stderr]    = note: `cargo::redundant_homepage` is set to `warn` by default
[INFO] [stderr] help: consider removing `package.homepage`
[INFO] [stderr] warning: `toasty-macros` (manifest) generated 1 warning
[INFO] [stderr]     Blocking waiting for file lock on package cache
[INFO] running `Command { std: "docker" "create" "-v" "/var/lib/crater-agent-workspace/builds/worker-0-tc2/source:/opt/rustwide/workdir:ro,Z" "-v" "/var/lib/crater-agent-workspace/builds/worker-0-tc2/target:/opt/rustwide/target:rw,Z" "-v" "/var/lib/crater-agent-workspace/cargo-home:/opt/rustwide/cargo-home:ro,Z" "-v" "/var/lib/crater-agent-workspace/rustup-home:/opt/rustwide/rustup-home:ro,Z" "-m" "1610612736" "--network" "none" "ghcr.io/rust-lang/crates-build-env/linux@sha256:77db811e55d90add9212f6832c23229e3de5f1c1f9905e8cb07319ea15df73ac" "sleep" "infinity", kill_on_drop: false }`
[INFO] [stdout] 43016e7cb7703bc81f280a076f04113ffaf76687a0725fc1fb73239d55da2a12
[INFO] running `Command { std: "docker" "start" "43016e7cb7703bc81f280a076f04113ffaf76687a0725fc1fb73239d55da2a12", kill_on_drop: false }`
[INFO] running `Command { std: "docker" "inspect" "43016e7cb7703bc81f280a076f04113ffaf76687a0725fc1fb73239d55da2a12", kill_on_drop: false }`
[INFO] running `Command { std: "docker" "exec" "-e" "SOURCE_DIR=/opt/rustwide/workdir" "-e" "CARGO_HOME=/opt/rustwide/cargo-home" "-e" "RUSTUP_HOME=/opt/rustwide/rustup-home" "-e" "CARGO_TARGET_DIR=/opt/rustwide/target" "-w" "/opt/rustwide/workdir" "--user" "0:0" "43016e7cb7703bc81f280a076f04113ffaf76687a0725fc1fb73239d55da2a12" "/opt/rustwide/cargo-home/bin/cargo" "+1.100.0-beta.1" "metadata" "--no-deps" "--format-version=1", kill_on_drop: false }`
[INFO] running `Command { std: "docker" "inspect" "43016e7cb7703bc81f280a076f04113ffaf76687a0725fc1fb73239d55da2a12", kill_on_drop: false }`
[INFO] running `Command { std: "docker" "exec" "-e" "SOURCE_DIR=/opt/rustwide/workdir" "-e" "CARGO_HOME=/opt/rustwide/cargo-home" "-e" "RUSTUP_HOME=/opt/rustwide/rustup-home" "-e" "CARGO_TARGET_DIR=/opt/rustwide/target" "-e" "CARGO_INCREMENTAL=0" "-e" "RUST_BACKTRACE=full" "-e" "RUSTFLAGS=--cap-lints=warn" "-e" "RUSTDOCFLAGS=--cap-lints=warn" "-w" "/opt/rustwide/workdir" "--user" "0:0" "43016e7cb7703bc81f280a076f04113ffaf76687a0725fc1fb73239d55da2a12" "/opt/rustwide/cargo-home/bin/cargo" "+1.100.0-beta.1" "build" "--frozen" "--message-format=json" "--release", kill_on_drop: false }`
[INFO] [stderr] warning: `package.homepage` is redundant with `package.repository`
[INFO] [stderr]   --> Cargo.toml:51:12
[INFO] [stderr]    |
[INFO] [stderr] 51 | homepage = "https://github.com/tokio-rs/toasty"
[INFO] [stderr]    |            ^^^^^^^^^^^^^^^^^^^^^^^^^^^^^^^^^^^^
[INFO] [stderr] ...
[INFO] [stderr] 56 | repository = "https://github.com/tokio-rs/toasty"
[INFO] [stderr]    |              ------------------------------------
[INFO] [stderr]    |
[INFO] [stderr]    = note: `cargo::redundant_homepage` is set to `warn` by default
[INFO] [stderr] help: consider removing `package.homepage`
[INFO] [stderr] warning: `toasty-macros` (manifest) generated 1 warning
[INFO] [stderr]    Compiling rand_core v0.10.1
[INFO] [stderr]    Compiling pin-project-lite v0.2.17
[INFO] [stderr]    Compiling getrandom v0.4.3
[INFO] [stderr]    Compiling ref-cast v1.0.27
[INFO] [stderr]    Compiling aho-corasick v1.1.5
[INFO] [stderr]    Compiling foldhash v0.2.0
[INFO] [stderr]    Compiling winnow v1.0.4
[INFO] [stderr]    Compiling tracing-core v0.1.36
[INFO] [stderr]    Compiling toml_writer v1.1.2+spec-1.1.0
[INFO] [stderr]    Compiling futures-core v0.3.34
[INFO] [stderr]    Compiling borrow-or-share v0.2.4
[INFO] [stderr]    Compiling form_urlencoded v1.2.2
[INFO] [stderr]    Compiling toasty-macros v0.11.0 (/opt/rustwide/workdir)
[INFO] [stderr]    Compiling syn v2.0.119
[INFO] [stderr]    Compiling serde_spanned v1.1.1
[INFO] [stderr]    Compiling toml_datetime v1.1.1+spec-1.1.0
[INFO] [stderr]    Compiling serde_derive v1.0.229
[INFO] [stderr]    Compiling ref-cast-impl v1.0.27
[INFO] [stderr]    Compiling hashbrown v0.17.1
[INFO] [stderr]    Compiling tokio v1.53.1
[INFO] [stderr]    Compiling async-trait v0.1.92
[INFO] [stderr]    Compiling chacha20 v0.10.2
[INFO] [stderr]    Compiling rand v0.10.3
[INFO] [stderr]    Compiling fluent-uri v0.4.1
[INFO] [stderr]    Compiling toml_parser v1.1.3+spec-1.1.0
[INFO] [stderr]    Compiling indexmap v2.14.2
[INFO] [stderr]    Compiling uuid v1.26.1
[INFO] [stderr]    Compiling toml v1.1.6+spec-1.1.0
[INFO] [stderr]    Compiling regex-automata v0.4.18
[INFO] [stderr]    Compiling tokio-stream v0.1.19
[INFO] [stderr]    Compiling serde v1.0.229
[INFO] [stderr]    Compiling bit-vec v0.10.1
[INFO] [stderr]    Compiling bit-set v0.11.1
[INFO] [stderr]    Compiling regex v1.13.1
[INFO] [stderr]    Compiling pluralizer v0.5.0
[INFO] [stderr]    Compiling tracing-attributes v0.1.31
[INFO] [stderr]    Compiling tracing v0.1.44
[INFO] [stderr]    Compiling toasty-core v0.11.0
[INFO] [stderr]     Finished `release` profile [optimized] target(s) in 32.31s
[INFO] running `Command { std: "docker" "inspect" "43016e7cb7703bc81f280a076f04113ffaf76687a0725fc1fb73239d55da2a12", kill_on_drop: false }`
[INFO] running `Command { std: "docker" "exec" "-e" "SOURCE_DIR=/opt/rustwide/workdir" "-e" "CARGO_HOME=/opt/rustwide/cargo-home" "-e" "RUSTUP_HOME=/opt/rustwide/rustup-home" "-e" "CARGO_TARGET_DIR=/opt/rustwide/target" "-e" "CARGO_INCREMENTAL=0" "-e" "RUST_BACKTRACE=full" "-e" "RUSTFLAGS=--cap-lints=warn" "-e" "RUSTDOCFLAGS=--cap-lints=warn" "-w" "/opt/rustwide/workdir" "--user" "0:0" "43016e7cb7703bc81f280a076f04113ffaf76687a0725fc1fb73239d55da2a12" "/opt/rustwide/cargo-home/bin/cargo" "+1.100.0-beta.1" "test" "--frozen" "--no-run" "--message-format=json" "--release", kill_on_drop: false }`
[INFO] [stderr] warning: `package.homepage` is redundant with `package.repository`
[INFO] [stderr]   --> Cargo.toml:51:12
[INFO] [stderr]    |
[INFO] [stderr] 51 | homepage = "https://github.com/tokio-rs/toasty"
[INFO] [stderr]    |            ^^^^^^^^^^^^^^^^^^^^^^^^^^^^^^^^^^^^
[INFO] [stderr] ...
[INFO] [stderr] 56 | repository = "https://github.com/tokio-rs/toasty"
[INFO] [stderr]    |              ------------------------------------
[INFO] [stderr]    |
[INFO] [stderr]    = note: `cargo::redundant_homepage` is set to `warn` by default
[INFO] [stderr] help: consider removing `package.homepage`
[INFO] [stderr] warning: `toasty-macros` (manifest) generated 1 warning
[INFO] [stderr]    Compiling jiff-core v0.1.1
[INFO] [stderr]    Compiling toasty-macros v0.11.0 (/opt/rustwide/workdir)
[INFO] [stderr]    Compiling jiff v0.2.37
[INFO] [stderr]     Finished `release` profile [optimized] target(s) in 20.06s
[INFO] running `Command { std: "docker" "inspect" "43016e7cb7703bc81f280a076f04113ffaf76687a0725fc1fb73239d55da2a12", kill_on_drop: false }`
[INFO] running `Command { std: "docker" "exec" "-e" "SOURCE_DIR=/opt/rustwide/workdir" "-e" "CARGO_HOME=/opt/rustwide/cargo-home" "-e" "RUSTUP_HOME=/opt/rustwide/rustup-home" "-e" "CARGO_TARGET_DIR=/opt/rustwide/target" "-e" "CARGO_INCREMENTAL=0" "-e" "RUST_BACKTRACE=full" "-e" "RUSTFLAGS=--cap-lints=warn" "-e" "RUSTDOCFLAGS=--cap-lints=warn" "-w" "/opt/rustwide/workdir" "--user" "0:0" "43016e7cb7703bc81f280a076f04113ffaf76687a0725fc1fb73239d55da2a12" "/opt/rustwide/cargo-home/bin/cargo" "+1.100.0-beta.1" "test" "--frozen" "--release", kill_on_drop: false }`
[INFO] [stderr] warning: `package.homepage` is redundant with `package.repository`
[INFO] [stderr]   --> Cargo.toml:51:12
[INFO] [stderr]    |
[INFO] [stderr] 51 | homepage = "https://github.com/tokio-rs/toasty"
[INFO] [stderr]    |            ^^^^^^^^^^^^^^^^^^^^^^^^^^^^^^^^^^^^
[INFO] [stderr] ...
[INFO] [stderr] 56 | repository = "https://github.com/tokio-rs/toasty"
[INFO] [stderr]    |              ------------------------------------
[INFO] [stderr]    |
[INFO] [stderr]    = note: `cargo::redundant_homepage` is set to `warn` by default
[INFO] [stderr] help: consider removing `package.homepage`
[INFO] [stderr] warning: `toasty-macros` (manifest) generated 1 warning
[INFO] [stderr]     Finished `release` profile [optimized] target(s) in 0.14s
[INFO] [stderr]      Running unittests src/lib.rs (/opt/rustwide/target/release/build/toasty-macros/5ab3a5bd7435d6e6/out/toasty_macros-5ab3a5bd7435d6e6)
[INFO] [stdout] 
[INFO] [stdout] running 1 test
[INFO] [stdout] test model::expand::filters::tests::model_filter_expansion_is_deterministic ... ok
[INFO] [stdout] 
[INFO] [stdout] test result: ok. 1 passed; 0 failed; 0 ignored; 0 measured; 0 filtered out; finished in 0.33s
[INFO] [stdout] 
[INFO] [stderr]    Doc-tests toasty_macros
[INFO] [stdout] 
[INFO] [stdout] running 92 tests
[INFO] [stdout] test src/lib.rs - create (line 1832) ... ignored
[INFO] [stdout] test src/lib.rs - create (line 1839) ... ignored
[INFO] [stdout] test src/lib.rs - create (line 1868) ... ignored
[INFO] [stdout] test src/lib.rs - create (line 1908) ... ignored
[INFO] [stdout] test src/lib.rs - create (line 1937) ... ignored
[INFO] [stdout] test src/lib.rs - derive_embed (line 1004) ... FAILED
[INFO] [stdout] test src/lib.rs - create (line 2242) - compile fail ... ok
[INFO] [stdout] test src/lib.rs - create (line 2030) ... FAILED
[INFO] [stdout] test src/lib.rs - derive_embed (line 1020) ... FAILED
[INFO] [stdout] test src/lib.rs - derive_embed (line 1044) ... FAILED
[INFO] [stdout] test src/lib.rs - derive_embed (line 1084) ... FAILED
[INFO] [stdout] test src/lib.rs - derive_embed (line 1111) ... FAILED
[INFO] [stdout] test src/lib.rs - create (line 2256) - compile fail ... ok
[INFO] [stdout] test src/lib.rs - derive_embed (line 1170) ... FAILED
[INFO] [stdout] test src/lib.rs - create (line 1979) - compile ... FAILED
[INFO] [stdout] test src/lib.rs - create (line 2127) ... FAILED
[INFO] [stdout] test src/lib.rs - create (line 2014) ... FAILED
[INFO] [stdout] test src/lib.rs - derive_embed (line 1292) ... ignored
[INFO] [stdout] test src/lib.rs - create (line 2217) ... FAILED
[INFO] [stdout] test src/lib.rs - create (line 1915) - compile ... FAILED
[INFO] [stdout] test src/lib.rs - create (line 2193) - compile fail ... ok
[INFO] [stdout] test src/lib.rs - derive_embed (line 1066) ... FAILED
[INFO] [stdout] test src/lib.rs - derive_embed (line 853) ... FAILED
[INFO] [stdout] test src/lib.rs - derive_embed (line 1157) ... FAILED
[INFO] [stdout] test src/lib.rs - create (line 2048) ... FAILED
[INFO] [stdout] test src/lib.rs - create (line 1846) - compile ... FAILED
[INFO] [stdout] test src/lib.rs - create (line 1875) - compile ... FAILED
[INFO] [stdout] test src/lib.rs - derive_embed (line 1187) ... FAILED
[INFO] [stdout] test src/lib.rs - derive_embed (line 1132) ... FAILED
[INFO] [stdout] test src/lib.rs - derive_embed (line 882) ... FAILED
[INFO] [stdout] test src/lib.rs - derive_embed (line 1230) ... FAILED
[INFO] [stdout] test src/lib.rs - create (line 2086) ... FAILED
[INFO] [stdout] test src/lib.rs - derive_embed (line 962) ... FAILED
[INFO] [stdout] test src/lib.rs - derive_embed (line 1313) - compile ... FAILED
[INFO] [stdout] test src/lib.rs - derive_embed (line 940) - compile fail ... ok
[INFO] [stdout] test src/lib.rs - derive_embed (line 990) ... FAILED
[INFO] [stdout] test src/lib.rs - derive_model (line 227) ... FAILED
[INFO] [stdout] test src/lib.rs - derive_model (line 246) ... FAILED
[INFO] [stdout] test src/lib.rs - derive_model (line 208) ... FAILED
[INFO] [stdout] test src/lib.rs - derive_model (line 264) ... FAILED
[INFO] [stdout] test src/lib.rs - derive_embed (line 1211) ... FAILED
[INFO] [stdout] test src/lib.rs - create (line 1948) - compile ... FAILED
[INFO] [stdout] test src/lib.rs - derive_model (line 430) ... ignored
[INFO] [stdout] test src/lib.rs - derive_model (line 340) ... FAILED
[INFO] [stdout] test src/lib.rs - derive_embed (line 1343) - compile ... FAILED
[INFO] [stdout] test src/lib.rs - derive_model (line 371) ... FAILED
[INFO] [stdout] test src/lib.rs - derive_model (line 517) ... ignored
[INFO] [stdout] test src/lib.rs - derive_embed (line 900) - compile fail ... ok
[INFO] [stdout] test src/lib.rs - derive_model (line 355) ... FAILED
[INFO] [stdout] test src/lib.rs - derive_model (line 119) ... FAILED
[INFO] [stdout] test src/lib.rs - derive_model (line 409) ... FAILED
[INFO] [stdout] test src/lib.rs - derive_model (line 690) ... ignored
[INFO] [stdout] test src/lib.rs - derive_model (line 467) ... FAILED
[INFO] [stdout] test src/lib.rs - derive_model (line 143) ... FAILED
[INFO] [stdout] test src/lib.rs - derive_model (line 180) ... FAILED
[INFO] [stdout] test src/lib.rs - derive_model (line 556) ... FAILED
[INFO] [stdout] test src/lib.rs - derive_embed (line 1269) - compile ... FAILED
[INFO] [stdout] test src/lib.rs - derive_model (line 278) ... FAILED
[INFO] [stdout] test src/lib.rs - derive_model (line 493) ... FAILED
[INFO] [stdout] test src/lib.rs - derive_model (line 666) ... FAILED
[INFO] [stdout] test src/lib.rs - derive_model (line 103) ... FAILED
[INFO] [stdout] test src/lib.rs - derive_model (line 292) ... FAILED
[INFO] [stdout] test src/lib.rs - derive_model (line 532) ... FAILED
[INFO] [stdout] test src/lib.rs - derive_model (line 73) ... FAILED
[INFO] [stdout] test src/lib.rs - derive_embed (line 919) - compile fail ... ok
[INFO] [stdout] test src/lib.rs - derive_model (line 85) ... FAILED
[INFO] [stdout] test src/lib.rs - query (line 1598) ... FAILED
[INFO] [stdout] test src/lib.rs - derive_model (line 728) ... FAILED
[INFO] [stdout] test src/lib.rs - update (line 2292) ... ignored
[INFO] [stdout] test src/lib.rs - query (line 1531) ... FAILED
[INFO] [stdout] test src/lib.rs - query (line 1579) ... FAILED
[INFO] [stdout] test src/lib.rs - query (line 1466) ... FAILED
[INFO] [stdout] test src/lib.rs - query (line 1621) ... FAILED
[INFO] [stdout] test src/lib.rs - query (line 1642) ... FAILED
[INFO] [stdout] test src/lib.rs - update (line 2419) - compile ... FAILED
[INFO] [stdout] test src/lib.rs - query (line 1498) ... FAILED
[INFO] [stdout] test src/lib.rs - query (line 1667) ... FAILED
[INFO] [stdout] test src/lib.rs - query (line 1558) ... FAILED
[INFO] [stdout] test src/lib.rs - update (line 2447) - compile ... FAILED
[INFO] [stdout] test src/lib.rs - query (line 1695) ... FAILED
[INFO] [stdout] test src/lib.rs - update (line 2299) - compile ... FAILED
[INFO] [stdout] test src/lib.rs - update (line 2326) - compile ... FAILED
[INFO] [stdout] test src/lib.rs - update (line 2373) - compile ... FAILED
[INFO] [stdout] test src/lib.rs - update (line 2346) - compile ... FAILED
[INFO] [stdout] test src/lib.rs - query (line 1713) ... FAILED
[INFO] [stdout] test src/lib.rs - derive_model (line 442) ... FAILED
[INFO] [stdout] test src/lib.rs - derive_model (line 697) ... FAILED
[INFO] [stdout] test src/lib.rs - derive_model (line 606) ... FAILED
[INFO] [stdout] test src/lib.rs - update (line 2394) - compile ... FAILED
[INFO] [stdout] test src/lib.rs - derive_embed (line 1378) - compile ... FAILED
[INFO] [stdout] test src/lib.rs - update (line 2479) - compile ... FAILED
[INFO] [stdout] test src/lib.rs - derive_model (line 784) ... FAILED
[INFO] [stdout] 
[INFO] [stdout] failures:
[INFO] [stdout] 
[INFO] [stdout] ---- src/lib.rs - derive_embed (line 1004) stdout ----
[INFO] [stdout] error[E0433]: cannot find module or crate `toasty` in this scope
[INFO] [stdout]     --> src/lib.rs:1005:10
[INFO] [stdout]      |
[INFO] [stdout] 1005 | #[derive(toasty::Embed)]
[INFO] [stdout]      |          ^^^^^^ use of unresolved module or unlinked crate `toasty`
[INFO] [stdout] 
[INFO] [stdout] error: aborting due to 1 previous error
[INFO] [stdout] 
[INFO] [stdout] For more information about this error, try `rustc --explain E0433`.
[INFO] [stdout] Couldn't compile the test.
[INFO] [stdout] ---- src/lib.rs - create (line 2030) stdout ----
[INFO] [stdout] error[E0433]: cannot find module or crate `toasty` in this scope
[INFO] [stdout]     --> src/lib.rs:2039:9
[INFO] [stdout]      |
[INFO] [stdout] 2039 | let _ = toasty::create!(User { name: user_name });
[INFO] [stdout]      |         ^^^^^^ use of unresolved module or unlinked crate `toasty`
[INFO] [stdout] 
[INFO] [stdout] error[E0433]: cannot find module or crate `toasty` in this scope
[INFO] [stdout]     --> src/lib.rs:2031:10
[INFO] [stdout]      |
[INFO] [stdout] 2031 | #[derive(toasty::Model)]
[INFO] [stdout]      |          ^^^^^^ use of unresolved module or unlinked crate `toasty`
[INFO] [stdout] 
[INFO] [stdout] error: cannot find attribute `key` in this scope
[INFO] [stdout]     --> src/lib.rs:2033:7
[INFO] [stdout]      |
[INFO] [stdout] 2033 |     #[key]
[INFO] [stdout]      |       ^^^
[INFO] [stdout] 
[INFO] [stdout] error: cannot find attribute `auto` in this scope
[INFO] [stdout]     --> src/lib.rs:2034:7
[INFO] [stdout]      |
[INFO] [stdout] 2034 |     #[auto]
[INFO] [stdout]      |       ^^^^
[INFO] [stdout] 
[INFO] [stdout] error: aborting due to 4 previous errors
[INFO] [stdout] 
[INFO] [stdout] For more information about this error, try `rustc --explain E0433`.
[INFO] [stdout] Couldn't compile the test.
[INFO] [stdout] ---- src/lib.rs - derive_embed (line 1020) stdout ----
[INFO] [stdout] error[E0433]: cannot find module or crate `toasty` in this scope
[INFO] [stdout]     --> src/lib.rs:1021:10
[INFO] [stdout]      |
[INFO] [stdout] 1021 | #[derive(toasty::Embed)]
[INFO] [stdout]      |          ^^^^^^ use of unresolved module or unlinked crate `toasty`
[INFO] [stdout] 
[INFO] [stdout] error: aborting due to 1 previous error
[INFO] [stdout] 
[INFO] [stdout] For more information about this error, try `rustc --explain E0433`.
[INFO] [stdout] Couldn't compile the test.
[INFO] [stdout] ---- src/lib.rs - derive_embed (line 1044) stdout ----
[INFO] [stdout] error[E0433]: cannot find module or crate `toasty` in this scope
[INFO] [stdout]     --> src/lib.rs:1048:10
[INFO] [stdout]      |
[INFO] [stdout] 1048 | #[derive(toasty::Model)]
[INFO] [stdout]      |          ^^^^^^ use of unresolved module or unlinked crate `toasty`
[INFO] [stdout] 
[INFO] [stdout] error[E0433]: cannot find module or crate `toasty` in this scope
[INFO] [stdout]     --> src/lib.rs:1045:10
[INFO] [stdout]      |
[INFO] [stdout] 1045 | #[derive(toasty::Embed)]
[INFO] [stdout]      |          ^^^^^^ use of unresolved module or unlinked crate `toasty`
[INFO] [stdout] 
[INFO] [stdout] error: cannot find attribute `key` in this scope
[INFO] [stdout]     --> src/lib.rs:1050:7
[INFO] [stdout]      |
[INFO] [stdout] 1050 |     #[key]
[INFO] [stdout]      |       ^^^
[INFO] [stdout] 
[INFO] [stdout] error: cannot find attribute `auto` in this scope
[INFO] [stdout]     --> src/lib.rs:1051:7
[INFO] [stdout]      |
[INFO] [stdout] 1051 |     #[auto]
[INFO] [stdout]      |       ^^^^
[INFO] [stdout] 
[INFO] [stdout] error[E0433]: cannot find module or crate `toasty` in this scope
[INFO] [stdout]     --> src/lib.rs:1046:15
[INFO] [stdout]      |
[INFO] [stdout] 1046 | struct UserId(toasty::stmt::Uuid);
[INFO] [stdout]      |               ^^^^^^ use of unresolved module or unlinked crate `toasty`
[INFO] [stdout]      |
[INFO] [stdout]      = help: if you wanted to use a crate named `toasty`, use `cargo add toasty` to add it to your `Cargo.toml`
[INFO] [stdout] 
[INFO] [stdout] error: aborting due to 5 previous errors
[INFO] [stdout] 
[INFO] [stdout] For more information about this error, try `rustc --explain E0433`.
[INFO] [stdout] Couldn't compile the test.
[INFO] [stdout] ---- src/lib.rs - derive_embed (line 1084) stdout ----
[INFO] [stdout] error[E0433]: cannot find module or crate `toasty` in this scope
[INFO] [stdout]     --> src/lib.rs:1085:10
[INFO] [stdout]      |
[INFO] [stdout] 1085 | #[derive(toasty::Embed)]
[INFO] [stdout]      |          ^^^^^^ use of unresolved module or unlinked crate `toasty`
[INFO] [stdout] 
[INFO] [stdout] error: cannot find attribute `column` in this scope
[INFO] [stdout]     --> src/lib.rs:1086:3
[INFO] [stdout]      |
[INFO] [stdout] 1086 | #[column(rename_all = "SCREAMING_SNAKE_CASE")]
[INFO] [stdout]      |   ^^^^^^
[INFO] [stdout]      |
[INFO] [stdout]      = note: `column` is in scope, but it is a function-like macro
[INFO] [stdout] 
[INFO] [stdout] error: aborting due to 2 previous errors
[INFO] [stdout] 
[INFO] [stdout] For more information about this error, try `rustc --explain E0433`.
[INFO] [stdout] Couldn't compile the test.
[INFO] [stdout] ---- src/lib.rs - derive_embed (line 1111) stdout ----
[INFO] [stdout] error[E0433]: cannot find module or crate `toasty` in this scope
[INFO] [stdout]     --> src/lib.rs:1112:10
[INFO] [stdout]      |
[INFO] [stdout] 1112 | #[derive(toasty::Embed)]
[INFO] [stdout]      |          ^^^^^^ use of unresolved module or unlinked crate `toasty`
[INFO] [stdout] 
[INFO] [stdout] error: cannot find attribute `column` in this scope
[INFO] [stdout]     --> src/lib.rs:1114:7
[INFO] [stdout]      |
[INFO] [stdout] 1114 |     #[column(variant = "customer")]
[INFO] [stdout]      |       ^^^^^^
[INFO] [stdout]      |
[INFO] [stdout]      = note: `column` is in scope, but it is a function-like macro
[INFO] [stdout] 
[INFO] [stdout] error: cannot find attribute `column` in this scope
[INFO] [stdout]     --> src/lib.rs:1116:7
[INFO] [stdout]      |
[INFO] [stdout] 1116 |     #[column(variant = "preferred-supplier")]
[INFO] [stdout]      |       ^^^^^^
[INFO] [stdout]      |
[INFO] [stdout]      = note: `column` is in scope, but it is a function-like macro
[INFO] [stdout] 
[INFO] [stdout] error: aborting due to 3 previous errors
[INFO] [stdout] 
[INFO] [stdout] For more information about this error, try `rustc --explain E0433`.
[INFO] [stdout] Couldn't compile the test.
[INFO] [stdout] ---- src/lib.rs - derive_embed (line 1170) stdout ----
[INFO] [stdout] error[E0433]: cannot find module or crate `toasty` in this scope
[INFO] [stdout]     --> src/lib.rs:1171:10
[INFO] [stdout]      |
[INFO] [stdout] 1171 | #[derive(toasty::Embed)]
[INFO] [stdout]      |          ^^^^^^ use of unresolved module or unlinked crate `toasty`
[INFO] [stdout] 
[INFO] [stdout] error: cannot find attribute `unique` in this scope
[INFO] [stdout]     --> src/lib.rs:1173:7
[INFO] [stdout]      |
[INFO] [stdout] 1173 |     #[unique]
[INFO] [stdout]      |       ^^^^^^
[INFO] [stdout] 
[INFO] [stdout] error: aborting due to 2 previous errors
[INFO] [stdout] 
[INFO] [stdout] For more information about this error, try `rustc --explain E0433`.
[INFO] [stdout] Couldn't compile the test.
[INFO] [stdout] ---- src/lib.rs - create (line 1979) stdout ----
[INFO] [stdout] error[E0433]: cannot find module or crate `toasty` in this scope
[INFO] [stdout]     --> src/lib.rs:1995:21
[INFO] [stdout]      |
[INFO] [stdout] 1995 | let (users, post) = toasty::create!((
[INFO] [stdout]      |                     ^^^^^^ use of unresolved module or unlinked crate `toasty`
[INFO] [stdout] 
[INFO] [stdout] error[E0433]: cannot find module or crate `toasty` in this scope
[INFO] [stdout]     --> src/lib.rs:1987:10
[INFO] [stdout]      |
[INFO] [stdout] 1987 | #[derive(toasty::Model)]
[INFO] [stdout]      |          ^^^^^^ use of unresolved module or unlinked crate `toasty`
[INFO] [stdout] 
[INFO] [stdout] error[E0433]: cannot find module or crate `toasty` in this scope
[INFO] [stdout]     --> src/lib.rs:1980:10
[INFO] [stdout]      |
[INFO] [stdout] 1980 | #[derive(toasty::Model)]
[INFO] [stdout]      |          ^^^^^^ use of unresolved module or unlinked crate `toasty`
[INFO] [stdout] 
[INFO] [stdout] error: cannot find attribute `key` in this scope
[INFO] [stdout]     --> src/lib.rs:1989:7
[INFO] [stdout]      |
[INFO] [stdout] 1989 |     #[key]
[INFO] [stdout]      |       ^^^
[INFO] [stdout] 
[INFO] [stdout] error: cannot find attribute `auto` in this scope
[INFO] [stdout]     --> src/lib.rs:1990:7
[INFO] [stdout]      |
[INFO] [stdout] 1990 |     #[auto]
[INFO] [stdout]      |       ^^^^
[INFO] [stdout] 
[INFO] [stdout] error: cannot find attribute `key` in this scope
[INFO] [stdout]     --> src/lib.rs:1982:7
[INFO] [stdout]      |
[INFO] [stdout] 1982 |     #[key]
[INFO] [stdout]      |       ^^^
[INFO] [stdout] 
[INFO] [stdout] error: cannot find attribute `auto` in this scope
[INFO] [stdout]     --> src/lib.rs:1983:7
[INFO] [stdout]      |
[INFO] [stdout] 1983 |     #[auto]
[INFO] [stdout]      |       ^^^^
[INFO] [stdout] 
[INFO] [stdout] error[E0433]: cannot find module or crate `toasty` in this scope
[INFO] [stdout]     --> src/lib.rs:1994:26
[INFO] [stdout]      |
[INFO] [stdout] 1994 | async fn example(mut db: toasty::Db) -> toasty::Result<()> {
[INFO] [stdout]      |                          ^^^^^^ use of unresolved module or unlinked crate `toasty`
[INFO] [stdout]      |
[INFO] [stdout]      = help: if you wanted to use a crate named `toasty`, use `cargo add toasty` to add it to your `Cargo.toml`
[INFO] [stdout] 
[INFO] [stdout] error[E0433]: cannot find module or crate `toasty` in this scope
[INFO] [stdout]     --> src/lib.rs:1994:41
[INFO] [stdout]      |
[INFO] [stdout] 1994 | async fn example(mut db: toasty::Db) -> toasty::Result<()> {
[INFO] [stdout]      |                                         ^^^^^^ use of unresolved module or unlinked crate `toasty`
[INFO] [stdout]      |
[INFO] [stdout]      = help: if you wanted to use a crate named `toasty`, use `cargo add toasty` to add it to your `Cargo.toml`
[INFO] [stdout] 
[INFO] [stdout] error: aborting due to 9 previous errors
[INFO] [stdout] 
[INFO] [stdout] For more information about this error, try `rustc --explain E0433`.
[INFO] [stdout] Couldn't compile the test.
[INFO] [stdout] ---- src/lib.rs - create (line 2127) stdout ----
[INFO] [stdout] error[E0433]: cannot find module or crate `toasty` in this scope
[INFO] [stdout]     --> src/lib.rs:2161:9
[INFO] [stdout]      |
[INFO] [stdout] 2161 | let _ = toasty::create!(User {
[INFO] [stdout]      |         ^^^^^^ use of unresolved module or unlinked crate `toasty`
[INFO] [stdout] 
[INFO] [stdout] error[E0433]: cannot find module or crate `toasty` in this scope
[INFO] [stdout]     --> src/lib.rs:2150:10
[INFO] [stdout]      |
[INFO] [stdout] 2150 | #[derive(toasty::Model)]
[INFO] [stdout]      |          ^^^^^^ use of unresolved module or unlinked crate `toasty`
[INFO] [stdout] 
[INFO] [stdout] error[E0433]: cannot find module or crate `toasty` in this scope
[INFO] [stdout]     --> src/lib.rs:2137:10
[INFO] [stdout]      |
[INFO] [stdout] 2137 | #[derive(toasty::Model)]
[INFO] [stdout]      |          ^^^^^^ use of unresolved module or unlinked crate `toasty`
[INFO] [stdout] 
[INFO] [stdout] error[E0433]: cannot find module or crate `toasty` in this scope
[INFO] [stdout]     --> src/lib.rs:2128:10
[INFO] [stdout]      |
[INFO] [stdout] 2128 | #[derive(toasty::Model)]
[INFO] [stdout]      |          ^^^^^^ use of unresolved module or unlinked crate `toasty`
[INFO] [stdout] 
[INFO] [stdout] error: cannot find attribute `key` in this scope
[INFO] [stdout]     --> src/lib.rs:2152:7
[INFO] [stdout]      |
[INFO] [stdout] 2152 |     #[key]
[INFO] [stdout]      |       ^^^
[INFO] [stdout] 
[INFO] [stdout] error: cannot find attribute `auto` in this scope
[INFO] [stdout]     --> src/lib.rs:2153:7
[INFO] [stdout]      |
[INFO] [stdout] 2153 |     #[auto]
[INFO] [stdout]      |       ^^^^
[INFO] [stdout] 
[INFO] [stdout] error: cannot find attribute `index` in this scope
[INFO] [stdout]     --> src/lib.rs:2156:7
[INFO] [stdout]      |
[INFO] [stdout] 2156 |     #[index]
[INFO] [stdout]      |       ^^^^^
[INFO] [stdout] 
[INFO] [stdout] error: cannot find attribute `belongs_to` in this scope
[INFO] [stdout]     --> src/lib.rs:2158:7
[INFO] [stdout]      |
[INFO] [stdout] 2158 |     #[belongs_to(key = todo_id, references = id)]
[INFO] [stdout]      |       ^^^^^^^^^^
[INFO] [stdout] 
[INFO] [stdout] error: cannot find attribute `key` in this scope
[INFO] [stdout]     --> src/lib.rs:2139:7
[INFO] [stdout]      |
[INFO] [stdout] 2139 |     #[key]
[INFO] [stdout]      |       ^^^
[INFO] [stdout] 
[INFO] [stdout] error: cannot find attribute `auto` in this scope
[INFO] [stdout]     --> src/lib.rs:2140:7
[INFO] [stdout]      |
[INFO] [stdout] 2140 |     #[auto]
[INFO] [stdout]      |       ^^^^
[INFO] [stdout] 
[INFO] [stdout] error: cannot find attribute `index` in this scope
[INFO] [stdout]     --> src/lib.rs:2143:7
[INFO] [stdout]      |
[INFO] [stdout] 2143 |     #[index]
[INFO] [stdout]      |       ^^^^^
[INFO] [stdout] 
[INFO] [stdout] error: cannot find attribute `belongs_to` in this scope
[INFO] [stdout]     --> src/lib.rs:2145:7
[INFO] [stdout]      |
[INFO] [stdout] 2145 |     #[belongs_to(key = user_id, references = id)]
[INFO] [stdout]      |       ^^^^^^^^^^
[INFO] [stdout] 
[INFO] [stdout] error: cannot find attribute `has_many` in this scope
[INFO] [stdout]     --> src/lib.rs:2147:7
[INFO] [stdout]      |
[INFO] [stdout] 2147 |     #[has_many]
[INFO] [stdout]      |       ^^^^^^^^
[INFO] [stdout] 
[INFO] [stdout] error: cannot find attribute `key` in this scope
[INFO] [stdout]     --> src/lib.rs:2130:7
[INFO] [stdout]      |
[INFO] [stdout] 2130 |     #[key]
[INFO] [stdout]      |       ^^^
[INFO] [stdout] 
[INFO] [stdout] error: cannot find attribute `auto` in this scope
[INFO] [stdout]     --> src/lib.rs:2131:7
[INFO] [stdout]      |
[INFO] [stdout] 2131 |     #[auto]
[INFO] [stdout]      |       ^^^^
[INFO] [stdout] 
[INFO] [stdout] error: cannot find attribute `has_many` in this scope
[INFO] [stdout]     --> src/lib.rs:2134:7
[INFO] [stdout]      |
[INFO] [stdout] 2134 |     #[has_many]
[INFO] [stdout]      |       ^^^^^^^^
[INFO] [stdout] 
[INFO] [stdout] error[E0433]: cannot find module or crate `toasty` in this scope
[INFO] [stdout]     --> src/lib.rs:2135:12
[INFO] [stdout]      |
[INFO] [stdout] 2135 |     todos: toasty::Deferred<Vec<Todo>>,
[INFO] [stdout]      |            ^^^^^^ use of unresolved module or unlinked crate `toasty`
[INFO] [stdout]      |
[INFO] [stdout]      = help: if you wanted to use a crate named `toasty`, use `cargo add toasty` to add it to your `Cargo.toml`
[INFO] [stdout] 
[INFO] [stdout] error[E0433]: cannot find module or crate `toasty` in this scope
[INFO] [stdout]     --> src/lib.rs:2146:11
[INFO] [stdout]      |
[INFO] [stdout] 2146 |     user: toasty::Deferred<User>,
[INFO] [stdout]      |           ^^^^^^ use of unresolved module or unlinked crate `toasty`
[INFO] [stdout]      |
[INFO] [stdout]      = help: if you wanted to use a crate named `toasty`, use `cargo add toasty` to add it to your `Cargo.toml`
[INFO] [stdout] 
[INFO] [stdout] error[E0433]: cannot find module or crate `toasty` in this scope
[INFO] [stdout]     --> src/lib.rs:2148:11
[INFO] [stdout]      |
[INFO] [stdout] 2148 |     tags: toasty::Deferred<Vec<Tag>>,
[INFO] [stdout]      |           ^^^^^^ use of unresolved module or unlinked crate `toasty`
[INFO] [stdout]      |
[INFO] [stdout]      = help: if you wanted to use a crate named `toasty`, use `cargo add toasty` to add it to your `Cargo.toml`
[INFO] [stdout] 
[INFO] [stdout] error[E0433]: cannot find module or crate `toasty` in this scope
[INFO] [stdout]     --> src/lib.rs:2159:11
[INFO] [stdout]      |
[INFO] [stdout] 2159 |     todo: toasty::Deferred<Todo>,
[INFO] [stdout]      |           ^^^^^^ use of unresolved module or unlinked crate `toasty`
[INFO] [stdout]      |
[INFO] [stdout]      = help: if you wanted to use a crate named `toasty`, use `cargo add toasty` to add it to your `Cargo.toml`
[INFO] [stdout] 
[INFO] [stdout] error: aborting due to 20 previous errors
[INFO] [stdout] 
[INFO] [stdout] For more information about this error, try `rustc --explain E0433`.
[INFO] [stdout] Couldn't compile the test.
[INFO] [stdout] ---- src/lib.rs - create (line 2014) stdout ----
[INFO] [stdout] error[E0433]: cannot find module or crate `toasty` in this scope
[INFO] [stdout]     --> src/lib.rs:2024:9
[INFO] [stdout]      |
[INFO] [stdout] 2024 | let _ = toasty::create!(User { name, email: format!("{}@example.com", name) });
[INFO] [stdout]      |         ^^^^^^ use of unresolved module or unlinked crate `toasty`
[INFO] [stdout] 
[INFO] [stdout] error[E0433]: cannot find module or crate `toasty` in this scope
[INFO] [stdout]     --> src/lib.rs:2015:10
[INFO] [stdout]      |
[INFO] [stdout] 2015 | #[derive(toasty::Model)]
[INFO] [stdout]      |          ^^^^^^ use of unresolved module or unlinked crate `toasty`
[INFO] [stdout] 
[INFO] [stdout] error: cannot find attribute `key` in this scope
[INFO] [stdout]     --> src/lib.rs:2017:7
[INFO] [stdout]      |
[INFO] [stdout] 2017 |     #[key]
[INFO] [stdout]      |       ^^^
[INFO] [stdout] 
[INFO] [stdout] error: cannot find attribute `auto` in this scope
[INFO] [stdout]     --> src/lib.rs:2018:7
[INFO] [stdout]      |
[INFO] [stdout] 2018 |     #[auto]
[INFO] [stdout]      |       ^^^^
[INFO] [stdout] 
[INFO] [stdout] error: aborting due to 4 previous errors
[INFO] [stdout] 
[INFO] [stdout] For more information about this error, try `rustc --explain E0433`.
[INFO] [stdout] Couldn't compile the test.
[INFO] [stdout] ---- src/lib.rs - create (line 2217) stdout ----
[INFO] [stdout] error[E0433]: cannot find module or crate `toasty` in this scope
[INFO] [stdout]     --> src/lib.rs:2235:9
[INFO] [stdout]      |
[INFO] [stdout] 2235 | let _ = toasty::create!(Todo { user: { name: "Alice" } });
[INFO] [stdout]      |         ^^^^^^ use of unresolved module or unlinked crate `toasty`
[INFO] [stdout] 
[INFO] [stdout] error[E0433]: cannot find module or crate `toasty` in this scope
[INFO] [stdout]     --> src/lib.rs:2225:10
[INFO] [stdout]      |
[INFO] [stdout] 2225 | #[derive(toasty::Model)]
[INFO] [stdout]      |          ^^^^^^ use of unresolved module or unlinked crate `toasty`
[INFO] [stdout] 
[INFO] [stdout] error[E0433]: cannot find module or crate `toasty` in this scope
[INFO] [stdout]     --> src/lib.rs:2218:10
[INFO] [stdout]      |
[INFO] [stdout] 2218 | #[derive(toasty::Model)]
[INFO] [stdout]      |          ^^^^^^ use of unresolved module or unlinked crate `toasty`
[INFO] [stdout] 
[INFO] [stdout] error: cannot find attribute `key` in this scope
[INFO] [stdout]     --> src/lib.rs:2227:7
[INFO] [stdout]      |
[INFO] [stdout] 2227 |     #[key]
[INFO] [stdout]      |       ^^^
[INFO] [stdout] 
[INFO] [stdout] error: cannot find attribute `auto` in this scope
[INFO] [stdout]     --> src/lib.rs:2228:7
[INFO] [stdout]      |
[INFO] [stdout] 2228 |     #[auto]
[INFO] [stdout]      |       ^^^^
[INFO] [stdout] 
[INFO] [stdout] error: cannot find attribute `index` in this scope
[INFO] [stdout]     --> src/lib.rs:2230:7
[INFO] [stdout]      |
[INFO] [stdout] 2230 |     #[index]
[INFO] [stdout]      |       ^^^^^
[INFO] [stdout] 
[INFO] [stdout] error: cannot find attribute `belongs_to` in this scope
[INFO] [stdout]     --> src/lib.rs:2232:7
[INFO] [stdout]      |
[INFO] [stdout] 2232 |     #[belongs_to(key = user_id, references = id)]
[INFO] [stdout]      |       ^^^^^^^^^^
[INFO] [stdout] 
[INFO] [stdout] error: cannot find attribute `key` in this scope
[INFO] [stdout]     --> src/lib.rs:2220:7
[INFO] [stdout]      |
[INFO] [stdout] 2220 |     #[key]
[INFO] [stdout]      |       ^^^
[INFO] [stdout] 
[INFO] [stdout] error: cannot find attribute `auto` in this scope
[INFO] [stdout]     --> src/lib.rs:2221:7
[INFO] [stdout]      |
[INFO] [stdout] 2221 |     #[auto]
[INFO] [stdout]      |       ^^^^
[INFO] [stdout] 
[INFO] [stdout] error[E0433]: cannot find module or crate `toasty` in this scope
[INFO] [stdout]     --> src/lib.rs:2233:11
[INFO] [stdout]      |
[INFO] [stdout] 2233 |     user: toasty::Deferred<User>,
[INFO] [stdout]      |           ^^^^^^ use of unresolved module or unlinked crate `toasty`
[INFO] [stdout]      |
[INFO] [stdout]      = help: if you wanted to use a crate named `toasty`, use `cargo add toasty` to add it to your `Cargo.toml`
[INFO] [stdout] 
[INFO] [stdout] error: aborting due to 10 previous errors
[INFO] [stdout] 
[INFO] [stdout] For more information about this error, try `rustc --explain E0433`.
[INFO] [stdout] Couldn't compile the test.
[INFO] [stdout] ---- src/lib.rs - create (line 1915) stdout ----
[INFO] [stdout] error[E0433]: cannot find module or crate `toasty` in this scope
[INFO] [stdout]     --> src/lib.rs:1924:13
[INFO] [stdout]      |
[INFO] [stdout] 1924 | let users = toasty::create!(User::[
[INFO] [stdout]      |             ^^^^^^ use of unresolved module or unlinked crate `toasty`
[INFO] [stdout] 
[INFO] [stdout] error[E0433]: cannot find module or crate `toasty` in this scope
[INFO] [stdout]     --> src/lib.rs:1916:10
[INFO] [stdout]      |
[INFO] [stdout] 1916 | #[derive(toasty::Model)]
[INFO] [stdout]      |          ^^^^^^ use of unresolved module or unlinked crate `toasty`
[INFO] [stdout] 
[INFO] [stdout] error: cannot find attribute `key` in this scope
[INFO] [stdout]     --> src/lib.rs:1918:7
[INFO] [stdout]      |
[INFO] [stdout] 1918 |     #[key]
[INFO] [stdout]      |       ^^^
[INFO] [stdout] 
[INFO] [stdout] error: cannot find attribute `auto` in this scope
[INFO] [stdout]     --> src/lib.rs:1919:7
[INFO] [stdout]      |
[INFO] [stdout] 1919 |     #[auto]
[INFO] [stdout]      |       ^^^^
[INFO] [stdout] 
[INFO] [stdout] error[E0433]: cannot find module or crate `toasty` in this scope
[INFO] [stdout]     --> src/lib.rs:1923:26
[INFO] [stdout]      |
[INFO] [stdout] 1923 | async fn example(mut db: toasty::Db) -> toasty::Result<()> {
[INFO] [stdout]      |                          ^^^^^^ use of unresolved module or unlinked crate `toasty`
[INFO] [stdout]      |
[INFO] [stdout]      = help: if you wanted to use a crate named `toasty`, use `cargo add toasty` to add it to your `Cargo.toml`
[INFO] [stdout] 
[INFO] [stdout] error[E0433]: cannot find module or crate `toasty` in this scope
[INFO] [stdout]     --> src/lib.rs:1923:41
[INFO] [stdout]      |
[INFO] [stdout] 1923 | async fn example(mut db: toasty::Db) -> toasty::Result<()> {
[INFO] [stdout]      |                                         ^^^^^^ use of unresolved module or unlinked crate `toasty`
[INFO] [stdout]      |
[INFO] [stdout]      = help: if you wanted to use a crate named `toasty`, use `cargo add toasty` to add it to your `Cargo.toml`
[INFO] [stdout] 
[INFO] [stdout] error: aborting due to 6 previous errors
[INFO] [stdout] 
[INFO] [stdout] For more information about this error, try `rustc --explain E0433`.
[INFO] [stdout] Couldn't compile the test.
[INFO] [stdout] ---- src/lib.rs - derive_embed (line 1066) stdout ----
[INFO] [stdout] error[E0433]: cannot find module or crate `toasty` in this scope
[INFO] [stdout]     --> src/lib.rs:1067:10
[INFO] [stdout]      |
[INFO] [stdout] 1067 | #[derive(toasty::Embed)]
[INFO] [stdout]      |          ^^^^^^ use of unresolved module or unlinked crate `toasty`
[INFO] [stdout] 
[INFO] [stdout] error: cannot find attribute `column` in this scope
[INFO] [stdout]     --> src/lib.rs:1069:7
[INFO] [stdout]      |
[INFO] [stdout] 1069 |     #[column("addr_street")]
[INFO] [stdout]      |       ^^^^^^
[INFO] [stdout]      |
[INFO] [stdout]      = note: `column` is in scope, but it is a function-like macro
[INFO] [stdout] 
[INFO] [stdout] error: cannot find attribute `column` in this scope
[INFO] [stdout]     --> src/lib.rs:1072:7
[INFO] [stdout]      |
[INFO] [stdout] 1072 |     #[column(type = varchar(255))]
[INFO] [stdout]      |       ^^^^^^
[INFO] [stdout]      |
[INFO] [stdout]      = note: `column` is in scope, but it is a function-like macro
[INFO] [stdout] 
[INFO] [stdout] error: aborting due to 3 previous errors
[INFO] [stdout] 
[INFO] [stdout] For more information about this error, try `rustc --explain E0433`.
[INFO] [stdout] Couldn't compile the test.
[INFO] [stdout] ---- src/lib.rs - derive_embed (line 853) stdout ----
[INFO] [stdout] error[E0433]: cannot find module or crate `toasty` in this scope
[INFO] [stdout]    --> src/lib.rs:860:10
[INFO] [stdout]     |
[INFO] [stdout] 860 | #[derive(toasty::Model)]
[INFO] [stdout]     |          ^^^^^^ use of unresolved module or unlinked crate `toasty`
[INFO] [stdout] 
[INFO] [stdout] error[E0433]: cannot find module or crate `toasty` in this scope
[INFO] [stdout]    --> src/lib.rs:854:10
[INFO] [stdout]     |
[INFO] [stdout] 854 | #[derive(toasty::Embed)]
[INFO] [stdout]     |          ^^^^^^ use of unresolved module or unlinked crate `toasty`
[INFO] [stdout] 
[INFO] [stdout] error: cannot find attribute `key` in this scope
[INFO] [stdout]    --> src/lib.rs:862:7
[INFO] [stdout]     |
[INFO] [stdout] 862 |     #[key]
[INFO] [stdout]     |       ^^^
[INFO] [stdout] 
[INFO] [stdout] error: cannot find attribute `auto` in this scope
[INFO] [stdout]    --> src/lib.rs:863:7
[INFO] [stdout]     |
[INFO] [stdout] 863 |     #[auto]
[INFO] [stdout]     |       ^^^^
[INFO] [stdout] 
[INFO] [stdout] error: aborting due to 4 previous errors
[INFO] [stdout] 
[INFO] [stdout] For more information about this error, try `rustc --explain E0433`.
[INFO] [stdout] Couldn't compile the test.
[INFO] [stdout] ---- src/lib.rs - derive_embed (line 1157) stdout ----
[INFO] [stdout] error[E0433]: cannot find module or crate `toasty` in this scope
[INFO] [stdout]     --> src/lib.rs:1158:10
[INFO] [stdout]      |
[INFO] [stdout] 1158 | #[derive(toasty::Embed)]
[INFO] [stdout]      |          ^^^^^^ use of unresolved module or unlinked crate `toasty`
[INFO] [stdout] 
[INFO] [stdout] error: cannot find attribute `index` in this scope
[INFO] [stdout]     --> src/lib.rs:1160:7
[INFO] [stdout]      |
[INFO] [stdout] 1160 |     #[index]
[INFO] [stdout]      |       ^^^^^
[INFO] [stdout] 
[INFO] [stdout] error: aborting due to 2 previous errors
[INFO] [stdout] 
[INFO] [stdout] For more information about this error, try `rustc --explain E0433`.
[INFO] [stdout] Couldn't compile the test.
[INFO] [stdout] ---- src/lib.rs - create (line 2048) stdout ----
[INFO] [stdout] error[E0433]: cannot find module or crate `toasty` in this scope
[INFO] [stdout]     --> src/lib.rs:2067:9
[INFO] [stdout]      |
[INFO] [stdout] 2067 | let _ = toasty::create!(Todo {
[INFO] [stdout]      |         ^^^^^^ use of unresolved module or unlinked crate `toasty`
[INFO] [stdout] 
[INFO] [stdout] error[E0433]: cannot find module or crate `toasty` in this scope
[INFO] [stdout]     --> src/lib.rs:2056:10
[INFO] [stdout]      |
[INFO] [stdout] 2056 | #[derive(toasty::Model)]
[INFO] [stdout]      |          ^^^^^^ use of unresolved module or unlinked crate `toasty`
[INFO] [stdout] 
[INFO] [stdout] error[E0433]: cannot find module or crate `toasty` in this scope
[INFO] [stdout]     --> src/lib.rs:2049:10
[INFO] [stdout]      |
[INFO] [stdout] 2049 | #[derive(toasty::Model)]
[INFO] [stdout]      |          ^^^^^^ use of unresolved module or unlinked crate `toasty`
[INFO] [stdout] 
[INFO] [stdout] error: cannot find attribute `key` in this scope
[INFO] [stdout]     --> src/lib.rs:2058:7
[INFO] [stdout]      |
[INFO] [stdout] 2058 |     #[key]
[INFO] [stdout]      |       ^^^
[INFO] [stdout] 
[INFO] [stdout] error: cannot find attribute `auto` in this scope
[INFO] [stdout]     --> src/lib.rs:2059:7
[INFO] [stdout]      |
[INFO] [stdout] 2059 |     #[auto]
[INFO] [stdout]      |       ^^^^
[INFO] [stdout] 
[INFO] [stdout] error: cannot find attribute `index` in this scope
[INFO] [stdout]     --> src/lib.rs:2062:7
[INFO] [stdout]      |
[INFO] [stdout] 2062 |     #[index]
[INFO] [stdout]      |       ^^^^^
[INFO] [stdout] 
[INFO] [stdout] error: cannot find attribute `belongs_to` in this scope
[INFO] [stdout]     --> src/lib.rs:2064:7
[INFO] [stdout]      |
[INFO] [stdout] 2064 |     #[belongs_to(key = user_id, references = id)]
[INFO] [stdout]      |       ^^^^^^^^^^
[INFO] [stdout] 
[INFO] [stdout] error: cannot find attribute `key` in this scope
[INFO] [stdout]     --> src/lib.rs:2051:7
[INFO] [stdout]      |
[INFO] [stdout] 2051 |     #[key]
[INFO] [stdout]      |       ^^^
[INFO] [stdout] 
[INFO] [stdout] error: cannot find attribute `auto` in this scope
[INFO] [stdout]     --> src/lib.rs:2052:7
[INFO] [stdout]      |
[INFO] [stdout] 2052 |     #[auto]
[INFO] [stdout]      |       ^^^^
[INFO] [stdout] 
[INFO] [stdout] error[E0433]: cannot find module or crate `toasty` in this scope
[INFO] [stdout]     --> src/lib.rs:2065:11
[INFO] [stdout]      |
[INFO] [stdout] 2065 |     user: toasty::Deferred<User>,
[INFO] [stdout]      |           ^^^^^^ use of unresolved module or unlinked crate `toasty`
[INFO] [stdout]      |
[INFO] [stdout]      = help: if you wanted to use a crate named `toasty`, use `cargo add toasty` to add it to your `Cargo.toml`
[INFO] [stdout] 
[INFO] [stdout] error: aborting due to 10 previous errors
[INFO] [stdout] 
[INFO] [stdout] For more information about this error, try `rustc --explain E0433`.
[INFO] [stdout] Couldn't compile the test.
[INFO] [stdout] ---- src/lib.rs - create (line 1846) stdout ----
[INFO] [stdout] error[E0433]: cannot find module or crate `toasty` in this scope
[INFO] [stdout]     --> src/lib.rs:1856:12
[INFO] [stdout]      |
[INFO] [stdout] 1856 | let user = toasty::create!(User {
[INFO] [stdout]      |            ^^^^^^ use of unresolved module or unlinked crate `toasty`
[INFO] [stdout] 
[INFO] [stdout] error[E0433]: cannot find module or crate `toasty` in this scope
[INFO] [stdout]     --> src/lib.rs:1847:10
[INFO] [stdout]      |
[INFO] [stdout] 1847 | #[derive(toasty::Model)]
[INFO] [stdout]      |          ^^^^^^ use of unresolved module or unlinked crate `toasty`
[INFO] [stdout] 
[INFO] [stdout] error: cannot find attribute `key` in this scope
[INFO] [stdout]     --> src/lib.rs:1849:7
[INFO] [stdout]      |
[INFO] [stdout] 1849 |     #[key]
[INFO] [stdout]      |       ^^^
[INFO] [stdout] 
[INFO] [stdout] error: cannot find attribute `auto` in this scope
[INFO] [stdout]     --> src/lib.rs:1850:7
[INFO] [stdout]      |
[INFO] [stdout] 1850 |     #[auto]
[INFO] [stdout]      |       ^^^^
[INFO] [stdout] 
[INFO] [stdout] error[E0433]: cannot find module or crate `toasty` in this scope
[INFO] [stdout]     --> src/lib.rs:1855:26
[INFO] [stdout]      |
[INFO] [stdout] 1855 | async fn example(mut db: toasty::Db) -> toasty::Result<()> {
[INFO] [stdout]      |                          ^^^^^^ use of unresolved module or unlinked crate `toasty`
[INFO] [stdout]      |
[INFO] [stdout]      = help: if you wanted to use a crate named `toasty`, use `cargo add toasty` to add it to your `Cargo.toml`
[INFO] [stdout] 
[INFO] [stdout] error[E0433]: cannot find module or crate `toasty` in this scope
[INFO] [stdout]     --> src/lib.rs:1855:41
[INFO] [stdout]      |
[INFO] [stdout] 1855 | async fn example(mut db: toasty::Db) -> toasty::Result<()> {
[INFO] [stdout]      |                                         ^^^^^^ use of unresolved module or unlinked crate `toasty`
[INFO] [stdout]      |
[INFO] [stdout]      = help: if you wanted to use a crate named `toasty`, use `cargo add toasty` to add it to your `Cargo.toml`
[INFO] [stdout] 
[INFO] [stdout] error: aborting due to 6 previous errors
[INFO] [stdout] 
[INFO] [stdout] For more information about this error, try `rustc --explain E0433`.
[INFO] [stdout] Couldn't compile the test.
[INFO] [stdout] ---- src/lib.rs - create (line 1875) stdout ----
[INFO] [stdout] error[E0433]: cannot find module or crate `toasty` in this scope
[INFO] [stdout]     --> src/lib.rs:1897:12
[INFO] [stdout]      |
[INFO] [stdout] 1897 | let todo = toasty::create!(in user.todos() { title: "buy milk" })
[INFO] [stdout]      |            ^^^^^^ use of unresolved module or unlinked crate `toasty`
[INFO] [stdout] 
[INFO] [stdout] error[E0433]: cannot find module or crate `toasty` in this scope
[INFO] [stdout]     --> src/lib.rs:1885:10
[INFO] [stdout]      |
[INFO] [stdout] 1885 | #[derive(toasty::Model)]
[INFO] [stdout]      |          ^^^^^^ use of unresolved module or unlinked crate `toasty`
[INFO] [stdout] 
[INFO] [stdout] error[E0433]: cannot find module or crate `toasty` in this scope
[INFO] [stdout]     --> src/lib.rs:1876:10
[INFO] [stdout]      |
[INFO] [stdout] 1876 | #[derive(toasty::Model)]
[INFO] [stdout]      |          ^^^^^^ use of unresolved module or unlinked crate `toasty`
[INFO] [stdout] 
[INFO] [stdout] error: cannot find attribute `key` in this scope
[INFO] [stdout]     --> src/lib.rs:1887:7
[INFO] [stdout]      |
[INFO] [stdout] 1887 |     #[key]
[INFO] [stdout]      |       ^^^
[INFO] [stdout] 
[INFO] [stdout] error: cannot find attribute `auto` in this scope
[INFO] [stdout]     --> src/lib.rs:1888:7
[INFO] [stdout]      |
[INFO] [stdout] 1888 |     #[auto]
[INFO] [stdout]      |       ^^^^
[INFO] [stdout] 
[INFO] [stdout] error: cannot find attribute `index` in this scope
[INFO] [stdout]     --> src/lib.rs:1891:7
[INFO] [stdout]      |
[INFO] [stdout] 1891 |     #[index]
[INFO] [stdout]      |       ^^^^^
[INFO] [stdout] 
[INFO] [stdout] error: cannot find attribute `belongs_to` in this scope
[INFO] [stdout]     --> src/lib.rs:1893:7
[INFO] [stdout]      |
[INFO] [stdout] 1893 |     #[belongs_to(key = user_id, references = id)]
[INFO] [stdout]      |       ^^^^^^^^^^
[INFO] [stdout] 
[INFO] [stdout] error: cannot find attribute `key` in this scope
[INFO] [stdout]     --> src/lib.rs:1878:7
[INFO] [stdout]      |
[INFO] [stdout] 1878 |     #[key]
[INFO] [stdout]      |       ^^^
[INFO] [stdout] 
[INFO] [stdout] error: cannot find attribute `auto` in this scope
[INFO] [stdout]     --> src/lib.rs:1879:7
[INFO] [stdout]      |
[INFO] [stdout] 1879 |     #[auto]
[INFO] [stdout]      |       ^^^^
[INFO] [stdout] 
[INFO] [stdout] error: cannot find attribute `has_many` in this scope
[INFO] [stdout]     --> src/lib.rs:1882:7
[INFO] [stdout]      |
[INFO] [stdout] 1882 |     #[has_many]
[INFO] [stdout]      |       ^^^^^^^^
[INFO] [stdout] 
[INFO] [stdout] error[E0433]: cannot find module or crate `toasty` in this scope
[INFO] [stdout]     --> src/lib.rs:1883:12
[INFO] [stdout]      |
[INFO] [stdout] 1883 |     todos: toasty::Deferred<Vec<Todo>>,
[INFO] [stdout]      |            ^^^^^^ use of unresolved module or unlinked crate `toasty`
[INFO] [stdout]      |
[INFO] [stdout]      = help: if you wanted to use a crate named `toasty`, use `cargo add toasty` to add it to your `Cargo.toml`
[INFO] [stdout] 
[INFO] [stdout] error[E0433]: cannot find module or crate `toasty` in this scope
[INFO] [stdout]     --> src/lib.rs:1894:11
[INFO] [stdout]      |
[INFO] [stdout] 1894 |     user: toasty::Deferred<User>,
[INFO] [stdout]      |           ^^^^^^ use of unresolved module or unlinked crate `toasty`
[INFO] [stdout]      |
[INFO] [stdout]      = help: if you wanted to use a crate named `toasty`, use `cargo add toasty` to add it to your `Cargo.toml`
[INFO] [stdout] 
[INFO] [stdout] error[E0433]: cannot find module or crate `toasty` in this scope
[INFO] [stdout]     --> src/lib.rs:1896:26
[INFO] [stdout]      |
[INFO] [stdout] 1896 | async fn example(mut db: toasty::Db, user: User) -> toasty::Result<()> {
[INFO] [stdout]      |                          ^^^^^^ use of unresolved module or unlinked crate `toasty`
[INFO] [stdout]      |
[INFO] [stdout]      = help: if you wanted to use a crate named `toasty`, use `cargo add toasty` to add it to your `Cargo.toml`
[INFO] [stdout] 
[INFO] [stdout] error[E0433]: cannot find module or crate `toasty` in this scope
[INFO] [stdout]     --> src/lib.rs:1896:53
[INFO] [stdout]      |
[INFO] [stdout] 1896 | async fn example(mut db: toasty::Db, user: User) -> toasty::Result<()> {
[INFO] [stdout]      |                                                     ^^^^^^ use of unresolved module or unlinked crate `toasty`
[INFO] [stdout]      |
[INFO] [stdout]      = help: if you wanted to use a crate named `toasty`, use `cargo add toasty` to add it to your `Cargo.toml`
[INFO] [stdout] 
[INFO] [stdout] error: aborting due to 14 previous errors
[INFO] [stdout] 
[INFO] [stdout] For more information about this error, try `rustc --explain E0433`.
[INFO] [stdout] Couldn't compile the test.
[INFO] [stdout] ---- src/lib.rs - derive_embed (line 1187) stdout ----
[INFO] [stdout] error[E0433]: cannot find module or crate `toasty` in this scope
[INFO] [stdout]     --> src/lib.rs:1188:10
[INFO] [stdout]      |
[INFO] [stdout] 1188 | #[derive(toasty::Embed)]
[INFO] [stdout]      |          ^^^^^^ use of unresolved module or unlinked crate `toasty`
[INFO] [stdout] 
[INFO] [stdout] error: cannot find attribute `column` in this scope
[INFO] [stdout]     --> src/lib.rs:1190:7
[INFO] [stdout]      |
[INFO] [stdout] 1190 |     #[column(variant = 1)]
[INFO] [stdout]      |       ^^^^^^
[INFO] [stdout]      |
[INFO] [stdout]      = note: `column` is in scope, but it is a function-like macro
[INFO] [stdout] 
[INFO] [stdout] error: cannot find attribute `shared` in this scope
[INFO] [stdout]     --> src/lib.rs:1192:11
[INFO] [stdout]      |
[INFO] [stdout] 1192 |         #[shared(name)]
[INFO] [stdout]      |           ^^^^^^
[INFO] [stdout] 
[INFO] [stdout] error: cannot find attribute `column` in this scope
[INFO] [stdout]     --> src/lib.rs:1196:7
[INFO] [stdout]      |
[INFO] [stdout] 1196 |     #[column(variant = 2)]
[INFO] [stdout]      |       ^^^^^^
[INFO] [stdout]      |
[INFO] [stdout]      = note: `column` is in scope, but it is a function-like macro
[INFO] [stdout] 
[INFO] [stdout] error: cannot find attribute `shared` in this scope
[INFO] [stdout]     --> src/lib.rs:1198:11
[INFO] [stdout]      |
[INFO] [stdout] 1198 |         #[shared(name)]
[INFO] [stdout]      |           ^^^^^^
[INFO] [stdout] 
[INFO] [stdout] error: aborting due to 5 previous errors
[INFO] [stdout] 
[INFO] [stdout] For more information about this error, try `rustc --explain E0433`.
[INFO] [stdout] Couldn't compile the test.
[INFO] [stdout] ---- src/lib.rs - derive_embed (line 1132) stdout ----
[INFO] [stdout] error[E0433]: cannot find module or crate `toasty` in this scope
[INFO] [stdout]     --> src/lib.rs:1133:10
[INFO] [stdout]      |
[INFO] [stdout] 1133 | #[derive(toasty::Embed)]
[INFO] [stdout]      |          ^^^^^^ use of unresolved module or unlinked crate `toasty`
[INFO] [stdout] 
[INFO] [stdout] error: cannot find attribute `column` in this scope
[INFO] [stdout]     --> src/lib.rs:1135:7
[INFO] [stdout]      |
[INFO] [stdout] 1135 |     #[column(variant = 10)]
[INFO] [stdout]      |       ^^^^^^
[INFO] [stdout]      |
[INFO] [stdout]      = note: `column` is in scope, but it is a function-like macro
[INFO] [stdout] 
[INFO] [stdout] error: cannot find attribute `column` in this scope
[INFO] [stdout]     --> src/lib.rs:1137:7
[INFO] [stdout]      |
[INFO] [stdout] 1137 |     #[column(variant = 20)]
[INFO] [stdout]      |       ^^^^^^
[INFO] [stdout]      |
[INFO] [stdout]      = note: `column` is in scope, but it is a function-like macro
[INFO] [stdout] 
[INFO] [stdout] error: aborting due to 3 previous errors
[INFO] [stdout] 
[INFO] [stdout] For more information about this error, try `rustc --explain E0433`.
[INFO] [stdout] Couldn't compile the test.
[INFO] [stdout] ---- src/lib.rs - derive_embed (line 882) stdout ----
[INFO] [stdout] error[E0433]: cannot find module or crate `toasty` in this scope
[INFO] [stdout]    --> src/lib.rs:886:10
[INFO] [stdout]     |
[INFO] [stdout] 886 | #[derive(toasty::Model)]
[INFO] [stdout]     |          ^^^^^^ use of unresolved module or unlinked crate `toasty`
[INFO] [stdout] 
[INFO] [stdout] error[E0433]: cannot find module or crate `toasty` in this scope
[INFO] [stdout]    --> src/lib.rs:883:10
[INFO] [stdout]     |
[INFO] [stdout] 883 | #[derive(toasty::Embed)]
[INFO] [stdout]     |          ^^^^^^ use of unresolved module or unlinked crate `toasty`
[INFO] [stdout] 
[INFO] [stdout] error: cannot find attribute `key` in this scope
[INFO] [stdout]    --> src/lib.rs:888:7
[INFO] [stdout]     |
[INFO] [stdout] 888 |     #[key]
[INFO] [stdout]     |       ^^^
[INFO] [stdout] 
[INFO] [stdout] error: cannot find attribute `auto` in this scope
[INFO] [stdout]    --> src/lib.rs:889:7
[INFO] [stdout]     |
[INFO] [stdout] 889 |     #[auto]
[INFO] [stdout]     |       ^^^^
[INFO] [stdout] 
[INFO] [stdout] error[E0599]: `User` is not an iterator
[INFO] [stdout]    --> src/lib.rs:894:19
[INFO] [stdout]     |
[INFO] [stdout] 887 | struct User {
[INFO] [stdout]     | ----------- associated function or constant `filter` not found for this struct because it doesn't satisfy `User: Iterator`
[INFO] [stdout] ...
[INFO] [stdout] 894 | let query = User::filter(User::fields().email().inner().eq("alice@example.com"));
[INFO] [stdout]     |                   ^^^^^^ `User` is not an iterator
[INFO] [stdout]     |
[INFO] [stdout]     = note: the following trait bounds were not satisfied:
[INFO] [stdout]             `User: Iterator`
[INFO] [stdout]             which is required by `&mut User: Iterator`
[INFO] [stdout] note: the trait `Iterator` must be implemented
[INFO] [stdout]    --> /rustc/e3feeb59cd1bdd011a2bfcc0747b55125d9b8527/library/core/src/iter/traits/iterator.rs:42:0
[INFO] [stdout]     = help: items from traits can only be used if the trait is implemented and in scope
[INFO] [stdout]     = note: the following traits define an item `filter`, perhaps you need to implement one of them:
[INFO] [stdout]             candidate #1: `Iterator`
[INFO] [stdout]             candidate #2: `tokio_stream::StreamExt`
[INFO] [stdout] 
[INFO] [stdout] error[E0599]: no associated function or constant named `fields` found for struct `User` in the current scope
[INFO] [stdout]    --> src/lib.rs:894:32
[INFO] [stdout]     |
[INFO] [stdout] 887 | struct User {
[INFO] [stdout]     | ----------- associated function or constant `fields` not found for this struct
[INFO] [stdout] ...
[INFO] [stdout] 894 | let query = User::filter(User::fields().email().inner().eq("alice@example.com"));
[INFO] [stdout]     |                                ^^^^^^ associated function or constant not found in `User`
[INFO] [stdout] 
[INFO] [stdout] error: aborting due to 6 previous errors
[INFO] [stdout] 
[INFO] [stdout] Some errors have detailed explanations: E0433, E0599.
[INFO] [stdout] For more information about an error, try `rustc --explain E0433`.
[INFO] [stdout] Couldn't compile the test.
[INFO] [stdout] ---- src/lib.rs - derive_embed (line 1230) stdout ----
[INFO] [stdout] error[E0433]: cannot find module or crate `toasty` in this scope
[INFO] [stdout]     --> src/lib.rs:1231:10
[INFO] [stdout]      |
[INFO] [stdout] 1231 | #[derive(toasty::Embed)]
[INFO] [stdout]      |          ^^^^^^ use of unresolved module or unlinked crate `toasty`
[INFO] [stdout] 
[INFO] [stdout] error: cannot find attribute `unique` in this scope
[INFO] [stdout]     --> src/lib.rs:1232:3
[INFO] [stdout]      |
[INFO] [stdout] 1232 | #[unique(name)]
[INFO] [stdout]      |   ^^^^^^
[INFO] [stdout] 
[INFO] [stdout] error: cannot find attribute `index` in this scope
[INFO] [stdout]     --> src/lib.rs:1233:3
[INFO] [stdout]      |
[INFO] [stdout] 1233 | #[index(name, human::profession)]
[INFO] [stdout]      |   ^^^^^
[INFO] [stdout] 
[INFO] [stdout] error: cannot find attribute `column` in this scope
[INFO] [stdout]     --> src/lib.rs:1235:7
[INFO] [stdout]      |
[INFO] [stdout] 1235 |     #[column(variant = 1)]
[INFO] [stdout]      |       ^^^^^^
[INFO] [stdout]      |
[INFO] [stdout]      = note: `column` is in scope, but it is a function-like macro
[INFO] [stdout] 
[INFO] [stdout] error: cannot find attribute `shared` in this scope
[INFO] [stdout]     --> src/lib.rs:1237:11
[INFO] [stdout]      |
[INFO] [stdout] 1237 |         #[shared(name)]
[INFO] [stdout]      |           ^^^^^^
[INFO] [stdout] 
[INFO] [stdout] error: cannot find attribute `column` in this scope
[INFO] [stdout]     --> src/lib.rs:1241:7
[INFO] [stdout]      |
[INFO] [stdout] 1241 |     #[column(variant = 2)]
[INFO] [stdout]      |       ^^^^^^
[INFO] [stdout]      |
[INFO] [stdout]      = note: `column` is in scope, but it is a function-like macro
[INFO] [stdout] 
[INFO] [stdout] error: cannot find attribute `shared` in this scope
[INFO] [stdout]     --> src/lib.rs:1243:11
[INFO] [stdout]      |
[INFO] [stdout] 1243 |         #[shared(name)]
[INFO] [stdout]      |           ^^^^^^
[INFO] [stdout] 
[INFO] [stdout] error: aborting due to 7 previous errors
[INFO] [stdout] 
[INFO] [stdout] For more information about this error, try `rustc --explain E0433`.
[INFO] [stdout] Couldn't compile the test.
[INFO] [stdout] ---- src/lib.rs - create (line 2086) stdout ----
[INFO] [stdout] error[E0433]: cannot find module or crate `toasty` in this scope
[INFO] [stdout]     --> src/lib.rs:2107:9
[INFO] [stdout]      |
[INFO] [stdout] 2107 | let _ = toasty::create!(User {
[INFO] [stdout]      |         ^^^^^^ use of unresolved module or unlinked crate `toasty`
[INFO] [stdout] 
[INFO] [stdout] error[E0433]: cannot find module or crate `toasty` in this scope
[INFO] [stdout]     --> src/lib.rs:2096:10
[INFO] [stdout]      |
[INFO] [stdout] 2096 | #[derive(toasty::Model)]
[INFO] [stdout]      |          ^^^^^^ use of unresolved module or unlinked crate `toasty`
[INFO] [stdout] 
[INFO] [stdout] error[E0433]: cannot find module or crate `toasty` in this scope
[INFO] [stdout]     --> src/lib.rs:2087:10
[INFO] [stdout]      |
[INFO] [stdout] 2087 | #[derive(toasty::Model)]
[INFO] [stdout]      |          ^^^^^^ use of unresolved module or unlinked crate `toasty`
[INFO] [stdout] 
[INFO] [stdout] error: cannot find attribute `key` in this scope
[INFO] [stdout]     --> src/lib.rs:2098:7
[INFO] [stdout]      |
[INFO] [stdout] 2098 |     #[key]
[INFO] [stdout]      |       ^^^
[INFO] [stdout] 
[INFO] [stdout] error: cannot find attribute `auto` in this scope
[INFO] [stdout]     --> src/lib.rs:2099:7
[INFO] [stdout]      |
[INFO] [stdout] 2099 |     #[auto]
[INFO] [stdout]      |       ^^^^
[INFO] [stdout] 
[INFO] [stdout] error: cannot find attribute `index` in this scope
[INFO] [stdout]     --> src/lib.rs:2102:7
[INFO] [stdout]      |
[INFO] [stdout] 2102 |     #[index]
[INFO] [stdout]      |       ^^^^^
[INFO] [stdout] 
[INFO] [stdout] error: cannot find attribute `belongs_to` in this scope
[INFO] [stdout]     --> src/lib.rs:2104:7
[INFO] [stdout]      |
[INFO] [stdout] 2104 |     #[belongs_to(key = user_id, references = id)]
[INFO] [stdout]      |       ^^^^^^^^^^
[INFO] [stdout] 
[INFO] [stdout] error: cannot find attribute `key` in this scope
[INFO] [stdout]     --> src/lib.rs:2089:7
[INFO] [stdout]      |
[INFO] [stdout] 2089 |     #[key]
[INFO] [stdout]      |       ^^^
[INFO] [stdout] 
[INFO] [stdout] error: cannot find attribute `auto` in this scope
[INFO] [stdout]     --> src/lib.rs:2090:7
[INFO] [stdout]      |
[INFO] [stdout] 2090 |     #[auto]
[INFO] [stdout]      |       ^^^^
[INFO] [stdout] 
[INFO] [stdout] error: cannot find attribute `has_many` in this scope
[INFO] [stdout]     --> src/lib.rs:2093:7
[INFO] [stdout]      |
[INFO] [stdout] 2093 |     #[has_many]
[INFO] [stdout]      |       ^^^^^^^^
[INFO] [stdout] 
[INFO] [stdout] error[E0433]: cannot find module or crate `toasty` in this scope
[INFO] [stdout]     --> src/lib.rs:2094:12
[INFO] [stdout]      |
[INFO] [stdout] 2094 |     todos: toasty::Deferred<Vec<Todo>>,
[INFO] [stdout]      |            ^^^^^^ use of unresolved module or unlinked crate `toasty`
[INFO] [stdout]      |
[INFO] [stdout]      = help: if you wanted to use a crate named `toasty`, use `cargo add toasty` to add it to your `Cargo.toml`
[INFO] [stdout] 
[INFO] [stdout] error[E0433]: cannot find module or crate `toasty` in this scope
[INFO] [stdout]     --> src/lib.rs:2105:11
[INFO] [stdout]      |
[INFO] [stdout] 2105 |     user: toasty::Deferred<User>,
[INFO] [stdout]      |           ^^^^^^ use of unresolved module or unlinked crate `toasty`
[INFO] [stdout]      |
[INFO] [stdout]      = help: if you wanted to use a crate named `toasty`, use `cargo add toasty` to add it to your `Cargo.toml`
[INFO] [stdout] 
[INFO] [stdout] error: aborting due to 12 previous errors
[INFO] [stdout] 
[INFO] [stdout] For more information about this error, try `rustc --explain E0433`.
[INFO] [stdout] Couldn't compile the test.
[INFO] [stdout] ---- src/lib.rs - derive_embed (line 962) stdout ----
[INFO] [stdout] error[E0433]: cannot find module or crate `toasty` in this scope
[INFO] [stdout]    --> src/lib.rs:969:10
[INFO] [stdout]     |
[INFO] [stdout] 969 | #[derive(toasty::Embed)]
[INFO] [stdout]     |          ^^^^^^ use of unresolved module or unlinked crate `toasty`
[INFO] [stdout] 
[INFO] [stdout] error[E0433]: cannot find module or crate `toasty` in this scope
[INFO] [stdout]    --> src/lib.rs:963:10
[INFO] [stdout]     |
[INFO] [stdout] 963 | #[derive(toasty::Embed)]
[INFO] [stdout]     |          ^^^^^^ use of unresolved module or unlinked crate `toasty`
[INFO] [stdout] 
[INFO] [stdout] error: aborting due to 2 previous errors
[INFO] [stdout] 
[INFO] [stdout] For more information about this error, try `rustc --explain E0433`.
[INFO] [stdout] Couldn't compile the test.
[INFO] [stdout] ---- src/lib.rs - derive_embed (line 1313) stdout ----
[INFO] [stdout] error[E0432]: unresolved import `toasty`
[INFO] [stdout]     --> src/lib.rs:1325:5
[INFO] [stdout]      |
[INFO] [stdout] 1325 | use toasty::stmt;
[INFO] [stdout]      |     ^^^^^^ use of unresolved module or unlinked crate `toasty`
[INFO] [stdout]      |
[INFO] [stdout]      = help: if you wanted to use a crate named `toasty`, use `cargo add toasty` to add it to your `Cargo.toml`
[INFO] [stdout] 
[INFO] [stdout] error[E0433]: cannot find module or crate `toasty` in this scope
[INFO] [stdout]     --> src/lib.rs:1316:10
[INFO] [stdout]      |
[INFO] [stdout] 1316 | #[derive(toasty::Model)]
[INFO] [stdout]      |          ^^^^^^ use of unresolved module or unlinked crate `toasty`
[INFO] [stdout] 
[INFO] [stdout] error[E0433]: cannot find module or crate `toasty` in this scope
[INFO] [stdout]     --> src/lib.rs:1314:10
[INFO] [stdout]      |
[INFO] [stdout] 1314 | #[derive(toasty::Embed)]
[INFO] [stdout]      |          ^^^^^^ use of unresolved module or unlinked crate `toasty`
[INFO] [stdout] 
[INFO] [stdout] error: cannot find attribute `key` in this scope
[INFO] [stdout]     --> src/lib.rs:1318:7
[INFO] [stdout]      |
[INFO] [stdout] 1318 |     #[key]
[INFO] [stdout]      |       ^^^
[INFO] [stdout]      |
[INFO] [stdout]      = note: `key` is an attribute that can be used by the derive macro `Model`, you might be missing a `derive` attribute
[INFO] [stdout] 
[INFO] [stdout] error: cannot find attribute `auto` in this scope
[INFO] [stdout]     --> src/lib.rs:1319:7
[INFO] [stdout]      |
[INFO] [stdout] 1319 |     #[auto]
[INFO] [stdout]      |       ^^^^
[INFO] [stdout]      |
[INFO] [stdout]      = note: `auto` is an attribute that can be used by the derive macro `Model`, you might be missing a `derive` attribute
[INFO] [stdout] 
[INFO] [stdout] error[E0599]: no method named `update` found for struct `User` in the current scope
[INFO] [stdout]     --> src/lib.rs:1328:6
[INFO] [stdout]      |
[INFO] [stdout] 1317 | struct User {
[INFO] [stdout]      | ----------- method `update` not found for this struct
[INFO] [stdout] ...
[INFO] [stdout] 1328 | user.update()
[INFO] [stdout]      |      ^^^^^^ method not found in `User`
[INFO] [stdout] 
[INFO] [stdout] error[E0599]: no method named `update` found for struct `User` in the current scope
[INFO] [stdout]     --> src/lib.rs:1333:6
[INFO] [stdout]      |
[INFO] [stdout] 1317 | struct User {
[INFO] [stdout]      | ----------- method `update` not found for this struct
[INFO] [stdout] ...
[INFO] [stdout] 1333 | user.update()
[INFO] [stdout]      |      ^^^^^^ method not found in `User`
[INFO] [stdout] 
[INFO] [stdout] error[E0599]: no associated function or constant named `fields` found for struct `Address` in the current scope
[INFO] [stdout]     --> src/lib.rs:1334:35
[INFO] [stdout]      |
[INFO] [stdout] 1315 | struct Address { street: String, city: String }
[INFO] [stdout]      | -------------- associated function or constant `fields` not found for this struct
[INFO] [stdout] ...
[INFO] [stdout] 1334 |     .address(stmt::patch(Address::fields().city(), "Portland"))
[INFO] [stdout]      |                                   ^^^^^^ associated function or constant not found in `Address`
[INFO] [stdout] 
[INFO] [stdout] error[E0433]: cannot find module or crate `toasty` in this scope
[INFO] [stdout]     --> src/lib.rs:1324:26
[INFO] [stdout]      |
[INFO] [stdout] 1324 | async fn example(mut db: toasty::Db, mut user: User) -> toasty::Result<()> {
[INFO] [stdout]      |                          ^^^^^^ use of unresolved module or unlinked crate `toasty`
[INFO] [stdout]      |
[INFO] [stdout]      = help: if you wanted to use a crate named `toasty`, use `cargo add toasty` to add it to your `Cargo.toml`
[INFO] [stdout] 
[INFO] [stdout] error[E0433]: cannot find module or crate `toasty` in this scope
[INFO] [stdout]     --> src/lib.rs:1324:57
[INFO] [stdout]      |
[INFO] [stdout] 1324 | async fn example(mut db: toasty::Db, mut user: User) -> toasty::Result<()> {
[INFO] [stdout]      |                                                         ^^^^^^ use of unresolved module or unlinked crate `toasty`
[INFO] [stdout]      |
[INFO] [stdout]      = help: if you wanted to use a crate named `toasty`, use `cargo add toasty` to add it to your `Cargo.toml`
[INFO] [stdout] 
[INFO] [stdout] error: aborting due to 10 previous errors
[INFO] [stdout] 
[INFO] [stdout] Some errors have detailed explanations: E0432, E0433, E0599.
[INFO] [stdout] For more information about an error, try `rustc --explain E0432`.
[INFO] [stdout] Couldn't compile the test.
[INFO] [stdout] ---- src/lib.rs - derive_embed (line 990) stdout ----
[INFO] [stdout] error[E0433]: cannot find module or crate `toasty` in this scope
[INFO] [stdout]    --> src/lib.rs:991:10
[INFO] [stdout]     |
[INFO] [stdout] 991 | #[derive(toasty::Embed)]
[INFO] [stdout]     |          ^^^^^^ use of unresolved module or unlinked crate `toasty`
[INFO] [stdout] 
[INFO] [stdout] error: aborting due to 1 previous error
[INFO] [stdout] 
[INFO] [stdout] For more information about this error, try `rustc --explain E0433`.
[INFO] [stdout] Couldn't compile the test.
[INFO] [stdout] ---- src/lib.rs - derive_model (line 227) stdout ----
[INFO] [stdout] error[E0432]: unresolved import `toasty`
[INFO] [stdout]    --> src/lib.rs:228:5
[INFO] [stdout]     |
[INFO] [stdout] 228 | use toasty::Model;
[INFO] [stdout]     |     ^^^^^^ use of unresolved module or unlinked crate `toasty`
[INFO] [stdout]     |
[INFO] [stdout]     = help: if you wanted to use a crate named `toasty`, use `cargo add toasty` to add it to your `Cargo.toml`
[INFO] [stdout] 
[INFO] [stdout] error: cannot find attribute `key` in this scope
[INFO] [stdout]    --> src/lib.rs:231:7
[INFO] [stdout]     |
[INFO] [stdout] 231 |     #[key]
[INFO] [stdout]     |       ^^^
[INFO] [stdout]     |
[INFO] [stdout]     = note: `key` is an attribute that can be used by the derive macro `Model`, you might be missing a `derive` attribute
[INFO] [stdout] 
[INFO] [stdout] error: cannot find attribute `auto` in this scope
[INFO] [stdout]    --> src/lib.rs:232:7
[INFO] [stdout]     |
[INFO] [stdout] 232 |     #[auto]
[INFO] [stdout]     |       ^^^^
[INFO] [stdout]     |
[INFO] [stdout]     = note: `auto` is an attribute that can be used by the derive macro `Model`, you might be missing a `derive` attribute
[INFO] [stdout] 
[INFO] [stdout] error: cannot find attribute `index` in this scope
[INFO] [stdout]    --> src/lib.rs:234:3
[INFO] [stdout]     |
[INFO] [stdout] 234 | #[index]
[INFO] [stdout]     |   ^^^^^
[INFO] [stdout]     |
[INFO] [stdout]     = note: `index` is an attribute that can be used by the derive macros `Embed` and `Model`, you might be missing a `derive` attribute
[INFO] [stdout] 
[INFO] [stdout] error: aborting due to 4 previous errors
[INFO] [stdout] 
[INFO] [stdout] For more information about this error, try `rustc --explain E0432`.
[INFO] [stdout] Couldn't compile the test.
[INFO] [stdout] ---- src/lib.rs - derive_model (line 246) stdout ----
[INFO] [stdout] error[E0432]: unresolved import `toasty`
[INFO] [stdout]    --> src/lib.rs:247:5
[INFO] [stdout]     |
[INFO] [stdout] 247 | use toasty::Model;
[INFO] [stdout]     |     ^^^^^^ use of unresolved module or unlinked crate `toasty`
[INFO] [stdout]     |
[INFO] [stdout]     = help: if you wanted to use a crate named `toasty`, use `cargo add toasty` to add it to your `Cargo.toml`
[INFO] [stdout] 
[INFO] [stdout] error: cannot find attribute `key` in this scope
[INFO] [stdout]    --> src/lib.rs:250:7
[INFO] [stdout]     |
[INFO] [stdout] 250 |     #[key]
[INFO] [stdout]     |       ^^^
[INFO] [stdout]     |
[INFO] [stdout]     = note: `key` is an attribute that can be used by the derive macro `Model`, you might be missing a `derive` attribute
[INFO] [stdout] 
[INFO] [stdout] error: cannot find attribute `auto` in this scope
[INFO] [stdout]    --> src/lib.rs:251:7
[INFO] [stdout]     |
[INFO] [stdout] 251 |     #[auto]
[INFO] [stdout]     |       ^^^^
[INFO] [stdout]     |
[INFO] [stdout]     = note: `auto` is an attribute that can be used by the derive macro `Model`, you might be missing a `derive` attribute
[INFO] [stdout] 
[INFO] [stdout] error: cannot find attribute `unique` in this scope
[INFO] [stdout]    --> src/lib.rs:253:3
[INFO] [stdout]     |
[INFO] [stdout] 253 | #[unique]
[INFO] [stdout]     |   ^^^^^^
[INFO] [stdout]     |
[INFO] [stdout]     = note: `unique` is an attribute that can be used by the derive macros `Embed` and `Model`, you might be missing a `derive` attribute
[INFO] [stdout] 
[INFO] [stdout] error: aborting due to 4 previous errors
[INFO] [stdout] 
[INFO] [stdout] For more information about this error, try `rustc --explain E0432`.
[INFO] [stdout] Couldn't compile the test.
[INFO] [stdout] ---- src/lib.rs - derive_model (line 208) stdout ----
[INFO] [stdout] error[E0432]: unresolved import `toasty`
[INFO] [stdout]    --> src/lib.rs:209:5
[INFO] [stdout]     |
[INFO] [stdout] 209 | use toasty::Model;
[INFO] [stdout]     |     ^^^^^^ use of unresolved module or unlinked crate `toasty`
[INFO] [stdout]     |
[INFO] [stdout]     = help: if you wanted to use a crate named `toasty`, use `cargo add toasty` to add it to your `Cargo.toml`
[INFO] [stdout] 
[INFO] [stdout] error: cannot find attribute `key` in this scope
[INFO] [stdout]    --> src/lib.rs:212:7
[INFO] [stdout]     |
[INFO] [stdout] 212 |     #[key]
[INFO] [stdout]     |       ^^^
[INFO] [stdout]     |
[INFO] [stdout]     = note: `key` is an attribute that can be used by the derive macro `Model`, you might be missing a `derive` attribute
[INFO] [stdout] 
[INFO] [stdout] error: cannot find attribute `auto` in this scope
[INFO] [stdout]    --> src/lib.rs:213:7
[INFO] [stdout]     |
[INFO] [stdout] 213 |     #[auto]
[INFO] [stdout]     |       ^^^^
[INFO] [stdout]     |
[INFO] [stdout]     = note: `auto` is an attribute that can be used by the derive macro `Model`, you might be missing a `derive` attribute
[INFO] [stdout] 
[INFO] [stdout] error: cannot find attribute `update` in this scope
[INFO] [stdout]    --> src/lib.rs:215:3
[INFO] [stdout]     |
[INFO] [stdout] 215 | #[update(toasty::stmt::Timestamp::now())]
[INFO] [stdout]     |   ^^^^^^
[INFO] [stdout]     |
[INFO] [stdout]     = note: `update` is an attribute that can be used by the derive macro `Model`, you might be missing a `derive` attribute
[INFO] [stdout] 
[INFO] [stdout] error[E0433]: cannot find module or crate `toasty` in this scope
[INFO] [stdout]    --> src/lib.rs:216:13
[INFO] [stdout]     |
[INFO] [stdout] 216 | updated_at: toasty::stmt::Timestamp,
[INFO] [stdout]     |             ^^^^^^ use of unresolved module or unlinked crate `toasty`
[INFO] [stdout]     |
[INFO] [stdout]     = help: if you wanted to use a crate named `toasty`, use `cargo add toasty` to add it to your `Cargo.toml`
[INFO] [stdout] 
[INFO] [stdout] error: aborting due to 5 previous errors
[INFO] [stdout] 
[INFO] [stdout] Some errors have detailed explanations: E0432, E0433.
[INFO] [stdout] For more information about an error, try `rustc --explain E0432`.
[INFO] [stdout] Couldn't compile the test.
[INFO] [stdout] ---- src/lib.rs - derive_model (line 264) stdout ----
[INFO] [stdout] error[E0432]: unresolved import `toasty`
[INFO] [stdout]    --> src/lib.rs:265:5
[INFO] [stdout]     |
[INFO] [stdout] 265 | use toasty::Model;
[INFO] [stdout]     |     ^^^^^^ use of unresolved module or unlinked crate `toasty`
[INFO] [stdout]     |
[INFO] [stdout]     = help: if you wanted to use a crate named `toasty`, use `cargo add toasty` to add it to your `Cargo.toml`
[INFO] [stdout] 
[INFO] [stdout] error: cannot find attribute `key` in this scope
[INFO] [stdout]    --> src/lib.rs:268:7
[INFO] [stdout]     |
[INFO] [stdout] 268 |     #[key]
[INFO] [stdout]     |       ^^^
[INFO] [stdout]     |
[INFO] [stdout]     = note: `key` is an attribute that can be used by the derive macro `Model`, you might be missing a `derive` attribute
[INFO] [stdout] 
[INFO] [stdout] error: cannot find attribute `auto` in this scope
[INFO] [stdout]    --> src/lib.rs:269:7
[INFO] [stdout]     |
[INFO] [stdout] 269 |     #[auto]
[INFO] [stdout]     |       ^^^^
[INFO] [stdout]     |
[INFO] [stdout]     = note: `auto` is an attribute that can be used by the derive macro `Model`, you might be missing a `derive` attribute
[INFO] [stdout] 
[INFO] [stdout] error: cannot find attribute `column` in this scope
[INFO] [stdout]    --> src/lib.rs:271:3
[INFO] [stdout]     |
[INFO] [stdout] 271 | #[column("user_email")]
[INFO] [stdout]     |   ^^^^^^
[INFO] [stdout]     |
[INFO] [stdout]     = note: `column` is an attribute that can be used by the derive macros `Embed` and `Model`, you might be missing a `derive` attribute
[INFO] [stdout]     = note: `column` is in scope, but it is a function-like macro
[INFO] [stdout] 
[INFO] [stdout] error: aborting due to 4 previous errors
[INFO] [stdout] 
[INFO] [stdout] For more information about this error, try `rustc --explain E0432`.
[INFO] [stdout] Couldn't compile the test.
[INFO] [stdout] ---- src/lib.rs - derive_embed (line 1211) stdout ----
[INFO] [stdout] error[E0433]: cannot find module or crate `toasty` in this scope
[INFO] [stdout]     --> src/lib.rs:1212:10
[INFO] [stdout]      |
[INFO] [stdout] 1212 | #[derive(toasty::Embed)]
[INFO] [stdout]      |          ^^^^^^ use of unresolved module or unlinked crate `toasty`
[INFO] [stdout] 
[INFO] [stdout] error: cannot find attribute `column` in this scope
[INFO] [stdout]     --> src/lib.rs:1214:3
[INFO] [stdout]      |
[INFO] [stdout] 1214 | #[column(variant = 1)]
[INFO] [stdout]      |   ^^^^^^
[INFO] [stdout]      |
[INFO] [stdout]      = note: `column` is in scope, but it is a function-like macro
[INFO] [stdout] 
[INFO] [stdout] error: cannot find attribute `shared` in this scope
[INFO] [stdout]     --> src/lib.rs:1216:3
[INFO] [stdout]      |
[INFO] [stdout] 1216 | #[shared(name)]
[INFO] [stdout]      |   ^^^^^^
[INFO] [stdout] 
[INFO] [stdout] error: cannot find attribute `column` in this scope
[INFO] [stdout]     --> src/lib.rs:1217:3
[INFO] [stdout]      |
[INFO] [stdout] 1217 | #[column("legacy_name")]
[INFO] [stdout]      |   ^^^^^^
[INFO] [stdout]      |
[INFO] [stdout]      = note: `column` is in scope, but it is a function-like macro
[INFO] [stdout] 
[INFO] [stdout] error: aborting due to 4 previous errors
[INFO] [stdout] 
[INFO] [stdout] For more information about this error, try `rustc --explain E0433`.
[INFO] [stdout] Couldn't compile the test.
[INFO] [stdout] ---- src/lib.rs - create (line 1948) stdout ----
[INFO] [stdout] error[E0433]: cannot find module or crate `toasty` in this scope
[INFO] [stdout]     --> src/lib.rs:1964:20
[INFO] [stdout]      |
[INFO] [stdout] 1964 | let (user, post) = toasty::create!((
[INFO] [stdout]      |                    ^^^^^^ use of unresolved module or unlinked crate `toasty`
[INFO] [stdout] 
[INFO] [stdout] error[E0433]: cannot find module or crate `toasty` in this scope
[INFO] [stdout]     --> src/lib.rs:1956:10
[INFO] [stdout]      |
[INFO] [stdout] 1956 | #[derive(toasty::Model)]
[INFO] [stdout]      |          ^^^^^^ use of unresolved module or unlinked crate `toasty`
[INFO] [stdout] 
[INFO] [stdout] error[E0433]: cannot find module or crate `toasty` in this scope
[INFO] [stdout]     --> src/lib.rs:1949:10
[INFO] [stdout]      |
[INFO] [stdout] 1949 | #[derive(toasty::Model)]
[INFO] [stdout]      |          ^^^^^^ use of unresolved module or unlinked crate `toasty`
[INFO] [stdout] 
[INFO] [stdout] error: cannot find attribute `key` in this scope
[INFO] [stdout]     --> src/lib.rs:1958:7
[INFO] [stdout]      |
[INFO] [stdout] 1958 |     #[key]
[INFO] [stdout]      |       ^^^
[INFO] [stdout] 
[INFO] [stdout] error: cannot find attribute `auto` in this scope
[INFO] [stdout]     --> src/lib.rs:1959:7
[INFO] [stdout]      |
[INFO] [stdout] 1959 |     #[auto]
[INFO] [stdout]      |       ^^^^
[INFO] [stdout] 
[INFO] [stdout] error: cannot find attribute `key` in this scope
[INFO] [stdout]     --> src/lib.rs:1951:7
[INFO] [stdout]      |
[INFO] [stdout] 1951 |     #[key]
[INFO] [stdout]      |       ^^^
[INFO] [stdout] 
[INFO] [stdout] error: cannot find attribute `auto` in this scope
[INFO] [stdout]     --> src/lib.rs:1952:7
[INFO] [stdout]      |
[INFO] [stdout] 1952 |     #[auto]
[INFO] [stdout]      |       ^^^^
[INFO] [stdout] 
[INFO] [stdout] error[E0433]: cannot find module or crate `toasty` in this scope
[INFO] [stdout]     --> src/lib.rs:1963:26
[INFO] [stdout]      |
[INFO] [stdout] 1963 | async fn example(mut db: toasty::Db) -> toasty::Result<()> {
[INFO] [stdout]      |                          ^^^^^^ use of unresolved module or unlinked crate `toasty`
[INFO] [stdout]      |
[INFO] [stdout]      = help: if you wanted to use a crate named `toasty`, use `cargo add toasty` to add it to your `Cargo.toml`
[INFO] [stdout] 
[INFO] [stdout] error[E0433]: cannot find module or crate `toasty` in this scope
[INFO] [stdout]     --> src/lib.rs:1963:41
[INFO] [stdout]      |
[INFO] [stdout] 1963 | async fn example(mut db: toasty::Db) -> toasty::Result<()> {
[INFO] [stdout]      |                                         ^^^^^^ use of unresolved module or unlinked crate `toasty`
[INFO] [stdout]      |
[INFO] [stdout]      = help: if you wanted to use a crate named `toasty`, use `cargo add toasty` to add it to your `Cargo.toml`
[INFO] [stdout] 
[INFO] [stdout] error: aborting due to 9 previous errors
[INFO] [stdout] 
[INFO] [stdout] For more information about this error, try `rustc --explain E0433`.
[INFO] [stdout] Couldn't compile the test.
[INFO] [stdout] ---- src/lib.rs - derive_model (line 340) stdout ----
[INFO] [stdout] error[E0432]: unresolved import `toasty`
[INFO] [stdout]    --> src/lib.rs:341:5
[INFO] [stdout]     |
[INFO] [stdout] 341 | use toasty::Model;
[INFO] [stdout]     |     ^^^^^^ use of unresolved module or unlinked crate `toasty`
[INFO] [stdout]     |
[INFO] [stdout]     = help: if you wanted to use a crate named `toasty`, use `cargo add toasty` to add it to your `Cargo.toml`
[INFO] [stdout] 
[INFO] [stdout] error: cannot find attribute `key` in this scope
[INFO] [stdout]    --> src/lib.rs:344:7
[INFO] [stdout]     |
[INFO] [stdout] 344 |     #[key]
[INFO] [stdout]     |       ^^^
[INFO] [stdout]     |
[INFO] [stdout]     = note: `key` is an attribute that can be used by the derive macro `Model`, you might be missing a `derive` attribute
[INFO] [stdout] 
[INFO] [stdout] error: cannot find attribute `auto` in this scope
[INFO] [stdout]    --> src/lib.rs:345:7
[INFO] [stdout]     |
[INFO] [stdout] 345 |     #[auto]
[INFO] [stdout]     |       ^^^^
[INFO] [stdout]     |
[INFO] [stdout]     = note: `auto` is an attribute that can be used by the derive macro `Model`, you might be missing a `derive` attribute
[INFO] [stdout] 
[INFO] [stdout] error: cannot find attribute `column` in this scope
[INFO] [stdout]    --> src/lib.rs:347:3
[INFO] [stdout]     |
[INFO] [stdout] 347 | #[column(type = text)]
[INFO] [stdout]     |   ^^^^^^
[INFO] [stdout]     |
[INFO] [stdout]     = note: `column` is an attribute that can be used by the derive macros `Embed` and `Model`, you might be missing a `derive` attribute
[INFO] [stdout]     = note: `column` is in scope, but it is a function-like macro
[INFO] [stdout] 
[INFO] [stdout] error[E0433]: cannot find module or crate `toasty` in this scope
[INFO] [stdout]    --> src/lib.rs:348:7
[INFO] [stdout]     |
[INFO] [stdout] 348 | tags: toasty::Json<Vec<String>>,
[INFO] [stdout]     |       ^^^^^^ use of unresolved module or unlinked crate `toasty`
[INFO] [stdout]     |
[INFO] [stdout]     = help: if you wanted to use a crate named `toasty`, use `cargo add toasty` to add it to your `Cargo.toml`
[INFO] [stdout] 
[INFO] [stdout] error: aborting due to 5 previous errors
[INFO] [stdout] 
[INFO] [stdout] Some errors have detailed explanations: E0432, E0433.
[INFO] [stdout] For more information about an error, try `rustc --explain E0432`.
[INFO] [stdout] Couldn't compile the test.
[INFO] [stdout] ---- src/lib.rs - derive_embed (line 1343) stdout ----
[INFO] [stdout] error[E0433]: cannot find module or crate `toasty` in this scope
[INFO] [stdout]     --> src/lib.rs:1346:10
[INFO] [stdout]      |
[INFO] [stdout] 1346 | #[derive(toasty::Model)]
[INFO] [stdout]      |          ^^^^^^ use of unresolved module or unlinked crate `toasty`
[INFO] [stdout] 
[INFO] [stdout] error[E0433]: cannot find module or crate `toasty` in this scope
[INFO] [stdout]     --> src/lib.rs:1344:10
[INFO] [stdout]      |
[INFO] [stdout] 1344 | #[derive(toasty::Embed)]
[INFO] [stdout]      |          ^^^^^^ use of unresolved module or unlinked crate `toasty`
[INFO] [stdout] 
[INFO] [stdout] error: cannot find attribute `key` in this scope
[INFO] [stdout]     --> src/lib.rs:1348:7
[INFO] [stdout]      |
[INFO] [stdout] 1348 |     #[key]
[INFO] [stdout]      |       ^^^
[INFO] [stdout] 
[INFO] [stdout] error: cannot find attribute `auto` in this scope
[INFO] [stdout]     --> src/lib.rs:1349:7
[INFO] [stdout]      |
[INFO] [stdout] 1349 |     #[auto]
[INFO] [stdout]      |       ^^^^
[INFO] [stdout] 
[INFO] [stdout] error[E0599]: `User` is not an iterator
[INFO] [stdout]     --> src/lib.rs:1355:19
[INFO] [stdout]      |
[INFO] [stdout] 1347 | struct User {
[INFO] [stdout]      | ----------- associated function or constant `filter` not found for this struct because it doesn't satisfy `User: Iterator`
[INFO] [stdout] ...
[INFO] [stdout] 1355 | let users = User::filter(User::fields().address().city().eq("Seattle"))
[INFO] [stdout]      |                   ^^^^^^ `User` is not an iterator
[INFO] [stdout]      |
[INFO] [stdout]      = note: the following trait bounds were not satisfied:
[INFO] [stdout]              `User: Iterator`
[INFO] [stdout]              which is required by `&mut User: Iterator`
[INFO] [stdout] note: the trait `Iterator` must be implemented
[INFO] [stdout]     --> /rustc/e3feeb59cd1bdd011a2bfcc0747b55125d9b8527/library/core/src/iter/traits/iterator.rs:42:0
[INFO] [stdout]      = help: items from traits can only be used if the trait is implemented and in scope
[INFO] [stdout]      = note: the following traits define an item `filter`, perhaps you need to implement one of them:
[INFO] [stdout]              candidate #1: `Iterator`
[INFO] [stdout]              candidate #2: `tokio_stream::StreamExt`
[INFO] [stdout] 
[INFO] [stdout] error[E0599]: no associated function or constant named `fields` found for struct `User` in the current scope
[INFO] [stdout]     --> src/lib.rs:1355:32
[INFO] [stdout]      |
[INFO] [stdout] 1347 | struct User {
[INFO] [stdout]      | ----------- associated function or constant `fields` not found for this struct
[INFO] [stdout] ...
[INFO] [stdout] 1355 | let users = User::filter(User::fields().address().city().eq("Seattle"))
[INFO] [stdout]      |                                ^^^^^^ associated function or constant not found in `User`
[INFO] [stdout] 
[INFO] [stdout] error[E0433]: cannot find module or crate `toasty` in this scope
[INFO] [stdout]     --> src/lib.rs:1354:26
[INFO] [stdout]      |
[INFO] [stdout] 1354 | async fn example(mut db: toasty::Db) -> toasty::Result<()> {
[INFO] [stdout]      |                          ^^^^^^ use of unresolved module or unlinked crate `toasty`
[INFO] [stdout]      |
[INFO] [stdout]      = help: if you wanted to use a crate named `toasty`, use `cargo add toasty` to add it to your `Cargo.toml`
[INFO] [stdout] 
[INFO] [stdout] error[E0433]: cannot find module or crate `toasty` in this scope
[INFO] [stdout]     --> src/lib.rs:1354:41
[INFO] [stdout]      |
[INFO] [stdout] 1354 | async fn example(mut db: toasty::Db) -> toasty::Result<()> {
[INFO] [stdout]      |                                         ^^^^^^ use of unresolved module or unlinked crate `toasty`
[INFO] [stdout]      |
[INFO] [stdout]      = help: if you wanted to use a crate named `toasty`, use `cargo add toasty` to add it to your `Cargo.toml`
[INFO] [stdout] 
[INFO] [stdout] error: aborting due to 8 previous errors
[INFO] [stdout] 
[INFO] [stdout] Some errors have detailed explanations: E0433, E0599.
[INFO] [stdout] For more information about an error, try `rustc --explain E0433`.
[INFO] [stdout] Couldn't compile the test.
[INFO] [stdout] ---- src/lib.rs - derive_model (line 371) stdout ----
[INFO] [stdout] error[E0432]: unresolved import `toasty`
[INFO] [stdout]    --> src/lib.rs:372:5
[INFO] [stdout]     |
[INFO] [stdout] 372 | use toasty::Model;
[INFO] [stdout]     |     ^^^^^^ use of unresolved module or unlinked crate `toasty`
[INFO] [stdout]     |
[INFO] [stdout]     = help: if you wanted to use a crate named `toasty`, use `cargo add toasty` to add it to your `Cargo.toml`
[INFO] [stdout] 
[INFO] [stdout] error: cannot find attribute `key` in this scope
[INFO] [stdout]    --> src/lib.rs:376:7
[INFO] [stdout]     |
[INFO] [stdout] 376 |     #[key]
[INFO] [stdout]     |       ^^^
[INFO] [stdout]     |
[INFO] [stdout]     = note: `key` is an attribute that can be used by the derive macro `Model`, you might be missing a `derive` attribute
[INFO] [stdout] 
[INFO] [stdout] error: cannot find attribute `auto` in this scope
[INFO] [stdout]    --> src/lib.rs:377:7
[INFO] [stdout]     |
[INFO] [stdout] 377 |     #[auto]
[INFO] [stdout]     |       ^^^^
[INFO] [stdout]     |
[INFO] [stdout]     = note: `auto` is an attribute that can be used by the derive macro `Model`, you might be missing a `derive` attribute
[INFO] [stdout] 
[INFO] [stdout] error: cannot find attribute `column` in this scope
[INFO] [stdout]    --> src/lib.rs:379:3
[INFO] [stdout]     |
[INFO] [stdout] 379 | #[column(type = text)]
[INFO] [stdout]     |   ^^^^^^
[INFO] [stdout]     |
[INFO] [stdout]     = note: `column` is an attribute that can be used by the derive macros `Embed` and `Model`, you might be missing a `derive` attribute
[INFO] [stdout]     = note: `column` is in scope, but it is a function-like macro
[INFO] [stdout] 
[INFO] [stdout] error[E0433]: cannot find module or crate `toasty` in this scope
[INFO] [stdout]    --> src/lib.rs:380:18
[INFO] [stdout]     |
[INFO] [stdout] 380 | metadata: Option<toasty::Json<HashMap<String, String>>>,
[INFO] [stdout]     |                  ^^^^^^ use of unresolved module or unlinked crate `toasty`
[INFO] [stdout]     |
[INFO] [stdout]     = help: if you wanted to use a crate named `toasty`, use `cargo add toasty` to add it to your `Cargo.toml`
[INFO] [stdout] 
[INFO] [stdout] error: aborting due to 5 previous errors
[INFO] [stdout] 
[INFO] [stdout] Some errors have detailed explanations: E0432, E0433.
[INFO] [stdout] For more information about an error, try `rustc --explain E0432`.
[INFO] [stdout] Couldn't compile the test.
[INFO] [stdout] ---- src/lib.rs - derive_model (line 355) stdout ----
[INFO] [stdout] error[E0433]: cannot find module or crate `toasty` in this scope
[INFO] [stdout]    --> src/lib.rs:357:5
[INFO] [stdout]     |
[INFO] [stdout] 357 | use toasty::codegen_support::serde_json;
[INFO] [stdout]     |     ^^^^^^ use of unresolved module or unlinked crate `toasty`
[INFO] [stdout]     |
[INFO] [stdout]     = help: if you wanted to use a crate named `toasty`, use `cargo add toasty` to add it to your `Cargo.toml`
[INFO] [stdout] 
[INFO] [stdout] error[E0432]: unresolved import `toasty`
[INFO] [stdout]    --> src/lib.rs:356:5
[INFO] [stdout]     |
[INFO] [stdout] 356 | use toasty::Model;
[INFO] [stdout]     |     ^^^^^^ use of unresolved module or unlinked crate `toasty`
[INFO] [stdout]     |
[INFO] [stdout]     = help: if you wanted to use a crate named `toasty`, use `cargo add toasty` to add it to your `Cargo.toml`
[INFO] [stdout] 
[INFO] [stdout] error: cannot find attribute `key` in this scope
[INFO] [stdout]    --> src/lib.rs:360:7
[INFO] [stdout]     |
[INFO] [stdout] 360 |     #[key]
[INFO] [stdout]     |       ^^^
[INFO] [stdout]     |
[INFO] [stdout]     = note: `key` is an attribute that can be used by the derive macro `Model`, you might be missing a `derive` attribute
[INFO] [stdout] 
[INFO] [stdout] error: cannot find attribute `auto` in this scope
[INFO] [stdout]    --> src/lib.rs:361:7
[INFO] [stdout]     |
[INFO] [stdout] 361 |     #[auto]
[INFO] [stdout]     |       ^^^^
[INFO] [stdout]     |
[INFO] [stdout]     = note: `auto` is an attribute that can be used by the derive macro `Model`, you might be missing a `derive` attribute
[INFO] [stdout] 
[INFO] [stdout] error: cannot find attribute `column` in this scope
[INFO] [stdout]    --> src/lib.rs:363:3
[INFO] [stdout]     |
[INFO] [stdout] 363 | #[column(type = json)]
[INFO] [stdout]     |   ^^^^^^
[INFO] [stdout]     |
[INFO] [stdout]     = note: `column` is an attribute that can be used by the derive macros `Embed` and `Model`, you might be missing a `derive` attribute
[INFO] [stdout]     = note: `column` is in scope, but it is a function-like macro
[INFO] [stdout] 
[INFO] [stdout] error: aborting due to 5 previous errors
[INFO] [stdout] 
[INFO] [stdout] Some errors have detailed explanations: E0432, E0433.
[INFO] [stdout] For more information about an error, try `rustc --explain E0432`.
[INFO] [stdout] Couldn't compile the test.
[INFO] [stdout] ---- src/lib.rs - derive_model (line 119) stdout ----
[INFO] [stdout] error[E0432]: unresolved import `toasty`
[INFO] [stdout]    --> src/lib.rs:120:5
[INFO] [stdout]     |
[INFO] [stdout] 120 | use toasty::Model;
[INFO] [stdout]     |     ^^^^^^ use of unresolved module or unlinked crate `toasty`
[INFO] [stdout]     |
[INFO] [stdout]     = help: if you wanted to use a crate named `toasty`, use `cargo add toasty` to add it to your `Cargo.toml`
[INFO] [stdout] 
[INFO] [stdout] error: cannot find attribute `table` in this scope
[INFO] [stdout]    --> src/lib.rs:122:3
[INFO] [stdout]     |
[INFO] [stdout] 122 | #[table = "legacy_users"]
[INFO] [stdout]     |   ^^^^^
[INFO] [stdout]     |
[INFO] [stdout]     = note: `table` is an attribute that can be used by the derive macro `Model`, you might be missing a `derive` attribute
[INFO] [stdout] help: a built-in attribute with a similar name exists
[INFO] [stdout]     |
[INFO] [stdout] 122 | #[stable = "legacy_users"]
[INFO] [stdout]     |   +
[INFO] [stdout] 
[INFO] [stdout] error: cannot find attribute `key` in this scope
[INFO] [stdout]    --> src/lib.rs:124:7
[INFO] [stdout]     |
[INFO] [stdout] 124 |     #[key]
[INFO] [stdout]     |       ^^^
[INFO] [stdout]     |
[INFO] [stdout]     = note: `key` is an attribute that can be used by the derive macro `Model`, you might be missing a `derive` attribute
[INFO] [stdout] 
[INFO] [stdout] error: cannot find attribute `auto` in this scope
[INFO] [stdout]    --> src/lib.rs:125:7
[INFO] [stdout]     |
[INFO] [stdout] 125 |     #[auto]
[INFO] [stdout]     |       ^^^^
[INFO] [stdout]     |
[INFO] [stdout]     = note: `auto` is an attribute that can be used by the derive macro `Model`, you might be missing a `derive` attribute
[INFO] [stdout] 
[INFO] [stdout] error: aborting due to 4 previous errors
[INFO] [stdout] 
[INFO] [stdout] For more information about this error, try `rustc --explain E0432`.
[INFO] [stdout] Couldn't compile the test.
[INFO] [stdout] ---- src/lib.rs - derive_model (line 409) stdout ----
[INFO] [stdout] error[E0432]: unresolved import `toasty`
[INFO] [stdout]    --> src/lib.rs:410:5
[INFO] [stdout]     |
[INFO] [stdout] 410 | use toasty::Model;
[INFO] [stdout]     |     ^^^^^^ use of unresolved module or unlinked crate `toasty`
[INFO] [stdout]     |
[INFO] [stdout]     = help: if you wanted to use a crate named `toasty`, use `cargo add toasty` to add it to your `Cargo.toml`
[INFO] [stdout] 
[INFO] [stdout] error: cannot find attribute `key` in this scope
[INFO] [stdout]    --> src/lib.rs:419:7
[INFO] [stdout]     |
[INFO] [stdout] 419 |     #[key]
[INFO] [stdout]     |       ^^^
[INFO] [stdout]     |
[INFO] [stdout]     = note: `key` is an attribute that can be used by the derive macro `Model`, you might be missing a `derive` attribute
[INFO] [stdout] 
[INFO] [stdout] error: cannot find attribute `auto` in this scope
[INFO] [stdout]    --> src/lib.rs:420:7
[INFO] [stdout]     |
[INFO] [stdout] 420 |     #[auto]
[INFO] [stdout]     |       ^^^^
[INFO] [stdout]     |
[INFO] [stdout]     = note: `auto` is an attribute that can be used by the derive macro `Model`, you might be missing a `derive` attribute
[INFO] [stdout] 
[INFO] [stdout] error: cannot find attribute `belongs_to` in this scope
[INFO] [stdout]    --> src/lib.rs:423:3
[INFO] [stdout]     |
[INFO] [stdout] 423 | #[belongs_to(key = user_id, references = id)]
[INFO] [stdout]     |   ^^^^^^^^^^
[INFO] [stdout]     |
[INFO] [stdout]     = note: `belongs_to` is an attribute that can be used by the derive macros `Embed` and `Model`, you might be missing a `derive` attribute
[INFO] [stdout] 
[INFO] [stdout] error: cannot find attribute `key` in this scope
[INFO] [stdout]    --> src/lib.rs:413:7
[INFO] [stdout]     |
[INFO] [stdout] 413 |     #[key]
[INFO] [stdout]     |       ^^^
[INFO] [stdout]     |
[INFO] [stdout]     = note: `key` is an attribute that can be used by the derive macro `Model`, you might be missing a `derive` attribute
[INFO] [stdout] 
[INFO] [stdout] error: cannot find attribute `auto` in this scope
[INFO] [stdout]    --> src/lib.rs:414:7
[INFO] [stdout]     |
[INFO] [stdout] 414 |     #[auto]
[INFO] [stdout]     |       ^^^^
[INFO] [stdout]     |
[INFO] [stdout]     = note: `auto` is an attribute that can be used by the derive macro `Model`, you might be missing a `derive` attribute
[INFO] [stdout] 
[INFO] [stdout] error[E0433]: cannot find module or crate `toasty` in this scope
[INFO] [stdout]    --> src/lib.rs:424:7
[INFO] [stdout]     |
[INFO] [stdout] 424 | user: toasty::Deferred<User>,
[INFO] [stdout]     |       ^^^^^^ use of unresolved module or unlinked crate `toasty`
[INFO] [stdout]     |
[INFO] [stdout]     = help: if you wanted to use a crate named `toasty`, use `cargo add toasty` to add it to your `Cargo.toml`
[INFO] [stdout] 
[INFO] [stdout] error: aborting due to 7 previous errors
[INFO] [stdout] 
[INFO] [stdout] Some errors have detailed explanations: E0432, E0433.
[INFO] [stdout] For more information about an error, try `rustc --explain E0432`.
[INFO] [stdout] Couldn't compile the test.
[INFO] [stdout] ---- src/lib.rs - derive_model (line 467) stdout ----
[INFO] [stdout] error[E0432]: unresolved import `toasty`
[INFO] [stdout]    --> src/lib.rs:468:5
[INFO] [stdout]     |
[INFO] [stdout] 468 | use toasty::Model;
[INFO] [stdout]     |     ^^^^^^ use of unresolved module or unlinked crate `toasty`
[INFO] [stdout]     |
[INFO] [stdout]     = help: if you wanted to use a crate named `toasty`, use `cargo add toasty` to add it to your `Cargo.toml`
[INFO] [stdout] 
[INFO] [stdout] error: cannot find attribute `key` in this scope
[INFO] [stdout]    --> src/lib.rs:477:7
[INFO] [stdout]     |
[INFO] [stdout] 477 |     #[key]
[INFO] [stdout]     |       ^^^
[INFO] [stdout]     |
[INFO] [stdout]     = note: `key` is an attribute that can be used by the derive macro `Model`, you might be missing a `derive` attribute
[INFO] [stdout] 
[INFO] [stdout] error: cannot find attribute `auto` in this scope
[INFO] [stdout]    --> src/lib.rs:478:7
[INFO] [stdout]     |
[INFO] [stdout] 478 |     #[auto]
[INFO] [stdout]     |       ^^^^
[INFO] [stdout]     |
[INFO] [stdout]     = note: `auto` is an attribute that can be used by the derive macro `Model`, you might be missing a `derive` attribute
[INFO] [stdout] 
[INFO] [stdout] error: cannot find attribute `index` in this scope
[INFO] [stdout]    --> src/lib.rs:480:3
[INFO] [stdout]     |
[INFO] [stdout] 480 | #[index]
[INFO] [stdout]     |   ^^^^^
[INFO] [stdout]     |
[INFO] [stdout]     = note: `index` is an attribute that can be used by the derive macros `Embed` and `Model`, you might be missing a `derive` attribute
[INFO] [stdout] 
[INFO] [stdout] error: cannot find attribute `belongs_to` in this scope
[INFO] [stdout]    --> src/lib.rs:483:3
[INFO] [stdout]     |
[INFO] [stdout] 483 | #[belongs_to(key = manager_id, references = id)]
[INFO] [stdout]     |   ^^^^^^^^^^
[INFO] [stdout]     |
[INFO] [stdout]     = note: `belongs_to` is an attribute that can be used by the derive macros `Embed` and `Model`, you might be missing a `derive` attribute
[INFO] [stdout] 
[INFO] [stdout] error: cannot find attribute `key` in this scope
[INFO] [stdout]    --> src/lib.rs:471:7
[INFO] [stdout]     |
[INFO] [stdout] 471 |     #[key]
[INFO] [stdout]     |       ^^^
[INFO] [stdout]     |
[INFO] [stdout]     = note: `key` is an attribute that can be used by the derive macro `Model`, you might be missing a `derive` attribute
[INFO] [stdout] 
[INFO] [stdout] error: cannot find attribute `auto` in this scope
[INFO] [stdout]    --> src/lib.rs:472:7
[INFO] [stdout]     |
[INFO] [stdout] 472 |     #[auto]
[INFO] [stdout]     |       ^^^^
[INFO] [stdout]     |
[INFO] [stdout]     = note: `auto` is an attribute that can be used by the derive macro `Model`, you might be missing a `derive` attribute
[INFO] [stdout] 
[INFO] [stdout] error[E0433]: cannot find module or crate `toasty` in this scope
[INFO] [stdout]    --> src/lib.rs:484:10
[INFO] [stdout]     |
[INFO] [stdout] 484 | manager: toasty::Deferred<Option<User>>,
[INFO] [stdout]     |          ^^^^^^ use of unresolved module or unlinked crate `toasty`
[INFO] [stdout]     |
[INFO] [stdout]     = help: if you wanted to use a crate named `toasty`, use `cargo add toasty` to add it to your `Cargo.toml`
[INFO] [stdout] 
[INFO] [stdout] error: aborting due to 8 previous errors
[INFO] [stdout] 
[INFO] [stdout] Some errors have detailed explanations: E0432, E0433.
[INFO] [stdout] For more information about an error, try `rustc --explain E0432`.
[INFO] [stdout] Couldn't compile the test.
[INFO] [stdout] ---- src/lib.rs - derive_model (line 143) stdout ----
[INFO] [stdout] error[E0432]: unresolved import `toasty`
[INFO] [stdout]    --> src/lib.rs:144:5
[INFO] [stdout]     |
[INFO] [stdout] 144 | use toasty::Model;
[INFO] [stdout]     |     ^^^^^^ use of unresolved module or unlinked crate `toasty`
[INFO] [stdout]     |
[INFO] [stdout]     = help: if you wanted to use a crate named `toasty`, use `cargo add toasty` to add it to your `Cargo.toml`
[INFO] [stdout] 
[INFO] [stdout] error: cannot find attribute `key` in this scope
[INFO] [stdout]    --> src/lib.rs:147:7
[INFO] [stdout]     |
[INFO] [stdout] 147 |     #[key]
[INFO] [stdout]     |       ^^^
[INFO] [stdout]     |
[INFO] [stdout]     = note: `key` is an attribute that can be used by the derive macro `Model`, you might be missing a `derive` attribute
[INFO] [stdout] 
[INFO] [stdout] error: cannot find attribute `auto` in this scope
[INFO] [stdout]    --> src/lib.rs:148:7
[INFO] [stdout]     |
[INFO] [stdout] 148 |     #[auto]
[INFO] [stdout]     |       ^^^^
[INFO] [stdout]     |
[INFO] [stdout]     = note: `auto` is an attribute that can be used by the derive macro `Model`, you might be missing a `derive` attribute
[INFO] [stdout] 
[INFO] [stdout] error: aborting due to 3 previous errors
[INFO] [stdout] 
[INFO] [stdout] For more information about this error, try `rustc --explain E0432`.
[INFO] [stdout] Couldn't compile the test.
[INFO] [stdout] ---- src/lib.rs - derive_model (line 180) stdout ----
[INFO] [stdout] error[E0432]: unresolved import `toasty`
[INFO] [stdout]    --> src/lib.rs:181:5
[INFO] [stdout]     |
[INFO] [stdout] 181 | use toasty::Model;
[INFO] [stdout]     |     ^^^^^^ use of unresolved module or unlinked crate `toasty`
[INFO] [stdout]     |
[INFO] [stdout]     = help: if you wanted to use a crate named `toasty`, use `cargo add toasty` to add it to your `Cargo.toml`
[INFO] [stdout] 
[INFO] [stdout] error: cannot find attribute `key` in this scope
[INFO] [stdout]    --> src/lib.rs:184:7
[INFO] [stdout]     |
[INFO] [stdout] 184 |     #[key]
[INFO] [stdout]     |       ^^^
[INFO] [stdout]     |
[INFO] [stdout]     = note: `key` is an attribute that can be used by the derive macro `Model`, you might be missing a `derive` attribute
[INFO] [stdout] 
[INFO] [stdout] error: cannot find attribute `auto` in this scope
[INFO] [stdout]    --> src/lib.rs:185:7
[INFO] [stdout]     |
[INFO] [stdout] 185 |     #[auto]
[INFO] [stdout]     |       ^^^^
[INFO] [stdout]     |
[INFO] [stdout]     = note: `auto` is an attribute that can be used by the derive macro `Model`, you might be missing a `derive` attribute
[INFO] [stdout] 
[INFO] [stdout] error: cannot find attribute `default` in this scope
[INFO] [stdout]    --> src/lib.rs:187:3
[INFO] [stdout]     |
[INFO] [stdout] 187 | #[default(0)]
[INFO] [stdout]     |   ^^^^^^^
[INFO] [stdout]     |
[INFO] [stdout]     = note: `default` is an attribute that can be used by the derive macro `Model`, you might be missing a `derive` attribute
[INFO] [stdout] 
[INFO] [stdout] error: cannot find attribute `default` in this scope
[INFO] [stdout]    --> src/lib.rs:190:3
[INFO] [stdout]     |
[INFO] [stdout] 190 | #[default("draft".to_string())]
[INFO] [stdout]     |   ^^^^^^^
[INFO] [stdout]     |
[INFO] [stdout]     = note: `default` is an attribute that can be used by the derive macro `Model`, you might be missing a `derive` attribute
[INFO] [stdout] 
[INFO] [stdout] error: aborting due to 5 previous errors
[INFO] [stdout] 
[INFO] [stdout] For more information about this error, try `rustc --explain E0432`.
[INFO] [stdout] Couldn't compile the test.
[INFO] [stdout] ---- src/lib.rs - derive_model (line 556) stdout ----
[INFO] [stdout] error[E0432]: unresolved import `toasty`
[INFO] [stdout]    --> src/lib.rs:557:5
[INFO] [stdout]     |
[INFO] [stdout] 557 | use toasty::Model;
[INFO] [stdout]     |     ^^^^^^ use of unresolved module or unlinked crate `toasty`
[INFO] [stdout]     |
[INFO] [stdout]     = help: if you wanted to use a crate named `toasty`, use `cargo add toasty` to add it to your `Cargo.toml`
[INFO] [stdout] 
[INFO] [stdout] error: cannot find attribute `key` in this scope
[INFO] [stdout]    --> src/lib.rs:582:7
[INFO] [stdout]     |
[INFO] [stdout] 582 |     #[key]
[INFO] [stdout]     |       ^^^
[INFO] [stdout]     |
[INFO] [stdout]     = note: `key` is an attribute that can be used by the derive macro `Model`, you might be missing a `derive` attribute
[INFO] [stdout] 
[INFO] [stdout] error: cannot find attribute `auto` in this scope
[INFO] [stdout]    --> src/lib.rs:583:7
[INFO] [stdout]     |
[INFO] [stdout] 583 |     #[auto]
[INFO] [stdout]     |       ^^^^
[INFO] [stdout]     |
[INFO] [stdout]     = note: `auto` is an attribute that can be used by the derive macro `Model`, you might be missing a `derive` attribute
[INFO] [stdout] 
[INFO] [stdout] error: cannot find attribute `has_many` in this scope
[INFO] [stdout]    --> src/lib.rs:585:7
[INFO] [stdout]     |
[INFO] [stdout] 585 |     #[has_many]
[INFO] [stdout]     |       ^^^^^^^^
[INFO] [stdout]     |
[INFO] [stdout]     = note: `has_many` is an attribute that can be used by the derive macro `Model`, you might be missing a `derive` attribute
[INFO] [stdout] 
[INFO] [stdout] error: cannot find attribute `has_many` in this scope
[INFO] [stdout]    --> src/lib.rs:588:3
[INFO] [stdout]     |
[INFO] [stdout] 588 | #[has_many(via = comments.article)]
[INFO] [stdout]     |   ^^^^^^^^
[INFO] [stdout]     |
[INFO] [stdout]     = note: `has_many` is an attribute that can be used by the derive macro `Model`, you might be missing a `derive` attribute
[INFO] [stdout] 
[INFO] [stdout] error: cannot find attribute `key` in this scope
[INFO] [stdout]    --> src/lib.rs:574:7
[INFO] [stdout]     |
[INFO] [stdout] 574 |     #[key]
[INFO] [stdout]     |       ^^^
[INFO] [stdout]     |
[INFO] [stdout]     = note: `key` is an attribute that can be used by the derive macro `Model`, you might be missing a `derive` attribute
[INFO] [stdout] 
[INFO] [stdout] error: cannot find attribute `auto` in this scope
[INFO] [stdout]    --> src/lib.rs:575:7
[INFO] [stdout]     |
[INFO] [stdout] 575 |     #[auto]
[INFO] [stdout]     |       ^^^^
[INFO] [stdout]     |
[INFO] [stdout]     = note: `auto` is an attribute that can be used by the derive macro `Model`, you might be missing a `derive` attribute
[INFO] [stdout] 
[INFO] [stdout] error: cannot find attribute `has_many` in this scope
[INFO] [stdout]    --> src/lib.rs:577:7
[INFO] [stdout]     |
[INFO] [stdout] 577 |     #[has_many]
[INFO] [stdout]     |       ^^^^^^^^
[INFO] [stdout]     |
[INFO] [stdout]     = note: `has_many` is an attribute that can be used by the derive macro `Model`, you might be missing a `derive` attribute
[INFO] [stdout] 
[INFO] [stdout] error: cannot find attribute `key` in this scope
[INFO] [stdout]    --> src/lib.rs:560:7
[INFO] [stdout]     |
[INFO] [stdout] 560 |     #[key]
[INFO] [stdout]     |       ^^^
[INFO] [stdout]     |
[INFO] [stdout]     = note: `key` is an attribute that can be used by the derive macro `Model`, you might be missing a `derive` attribute
[INFO] [stdout] 
[INFO] [stdout] error: cannot find attribute `auto` in this scope
[INFO] [stdout]    --> src/lib.rs:561:7
[INFO] [stdout]     |
[INFO] [stdout] 561 |     #[auto]
[INFO] [stdout]     |       ^^^^
[INFO] [stdout]     |
[INFO] [stdout]     = note: `auto` is an attribute that can be used by the derive macro `Model`, you might be missing a `derive` attribute
[INFO] [stdout] 
[INFO] [stdout] error: cannot find attribute `index` in this scope
[INFO] [stdout]    --> src/lib.rs:563:7
[INFO] [stdout]     |
[INFO] [stdout] 563 |     #[index]
[INFO] [stdout]     |       ^^^^^
[INFO] [stdout]     |
[INFO] [stdout]     = note: `index` is an attribute that can be used by the derive macros `Embed` and `Model`, you might be missing a `derive` attribute
[INFO] [stdout] 
[INFO] [stdout] error: cannot find attribute `belongs_to` in this scope
[INFO] [stdout]    --> src/lib.rs:565:7
[INFO] [stdout]     |
[INFO] [stdout] 565 |     #[belongs_to(key = user_id, references = id)]
[INFO] [stdout]     |       ^^^^^^^^^^
[INFO] [stdout]     |
[INFO] [stdout]     = note: `belongs_to` is an attribute that can be used by the derive macros `Embed` and `Model`, you might be missing a `derive` attribute
[INFO] [stdout] 
[INFO] [stdout] error: cannot find attribute `index` in this scope
[INFO] [stdout]    --> src/lib.rs:567:7
[INFO] [stdout]     |
[INFO] [stdout] 567 |     #[index]
[INFO] [stdout]     |       ^^^^^
[INFO] [stdout]     |
[INFO] [stdout]     = note: `index` is an attribute that can be used by the derive macros `Embed` and `Model`, you might be missing a `derive` attribute
[INFO] [stdout] 
[INFO] [stdout] error: cannot find attribute `belongs_to` in this scope
[INFO] [stdout]    --> src/lib.rs:569:7
[INFO] [stdout]     |
[INFO] [stdout] 569 |     #[belongs_to(key = article_id, references = id)]
[INFO] [stdout]     |       ^^^^^^^^^^
[INFO] [stdout]     |
[INFO] [stdout]     = note: `belongs_to` is an attribute that can be used by the derive macros `Embed` and `Model`, you might be missing a `derive` attribute
[INFO] [stdout] 
[INFO] [stdout] error[E0433]: cannot find module or crate `toasty` in this scope
[INFO] [stdout]    --> src/lib.rs:566:11
[INFO] [stdout]     |
[INFO] [stdout] 566 |     user: toasty::Deferred<User>,
[INFO] [stdout]     |           ^^^^^^ use of unresolved module or unlinked crate `toasty`
[INFO] [stdout]     |
[INFO] [stdout]     = help: if you wanted to use a crate named `toasty`, use `cargo add toasty` to add it to your `Cargo.toml`
[INFO] [stdout] 
[INFO] [stdout] error[E0433]: cannot find module or crate `toasty` in this scope
[INFO] [stdout]    --> src/lib.rs:570:14
[INFO] [stdout]     |
[INFO] [stdout] 570 |     article: toasty::Deferred<Article>,
[INFO] [stdout]     |              ^^^^^^ use of unresolved module or unlinked crate `toasty`
[INFO] [stdout]     |
[INFO] [stdout]     = help: if you wanted to use a crate named `toasty`, use `cargo add toasty` to add it to your `Cargo.toml`
[INFO] [stdout] 
[INFO] [stdout] error[E0433]: cannot find module or crate `toasty` in this scope
[INFO] [stdout]    --> src/lib.rs:578:15
[INFO] [stdout]     |
[INFO] [stdout] 578 |     comments: toasty::Deferred<Vec<Comment>>,
[INFO] [stdout]     |               ^^^^^^ use of unresolved module or unlinked crate `toasty`
[INFO] [stdout]     |
[INFO] [stdout]     = help: if you wanted to use a crate named `toasty`, use `cargo add toasty` to add it to your `Cargo.toml`
[INFO] [stdout] 
[INFO] [stdout] error[E0433]: cannot find module or crate `toasty` in this scope
[INFO] [stdout]    --> src/lib.rs:586:15
[INFO] [stdout]     |
[INFO] [stdout] 586 |     comments: toasty::Deferred<Vec<Comment>>,
[INFO] [stdout]     |               ^^^^^^ use of unresolved module or unlinked crate `toasty`
[INFO] [stdout]     |
[INFO] [stdout]     = help: if you wanted to use a crate named `toasty`, use `cargo add toasty` to add it to your `Cargo.toml`
[INFO] [stdout] 
[INFO] [stdout] error[E0433]: cannot find module or crate `toasty` in this scope
[INFO] [stdout]    --> src/lib.rs:589:21
[INFO] [stdout]     |
[INFO] [stdout] 589 | commented_articles: toasty::Deferred<Vec<Article>>,
[INFO] [stdout]     |                     ^^^^^^ use of unresolved module or unlinked crate `toasty`
[INFO] [stdout]     |
[INFO] [stdout]     = help: if you wanted to use a crate named `toasty`, use `cargo add toasty` to add it to your `Cargo.toml`
[INFO] [stdout] 
[INFO] [stdout] error: aborting due to 19 previous errors
[INFO] [stdout] 
[INFO] [stdout] Some errors have detailed explanations: E0432, E0433.
[INFO] [stdout] For more information about an error, try `rustc --explain E0432`.
[INFO] [stdout] Couldn't compile the test.
[INFO] [stdout] ---- src/lib.rs - derive_embed (line 1269) stdout ----
[INFO] [stdout] error[E0433]: cannot find module or crate `toasty` in this scope
[INFO] [stdout]     --> src/lib.rs:1276:17
[INFO] [stdout]      |
[INFO] [stdout] 1276 | #[derive(Debug, toasty::Embed)]
[INFO] [stdout]      |                 ^^^^^^ use of unresolved module or unlinked crate `toasty`
[INFO] [stdout] 
[INFO] [stdout] error[E0433]: cannot find module or crate `toasty` in this scope
[INFO] [stdout]     --> src/lib.rs:1270:17
[INFO] [stdout]      |
[INFO] [stdout] 1270 | #[derive(Debug, toasty::Model)]
[INFO] [stdout]      |                 ^^^^^^ use of unresolved module or unlinked crate `toasty`
[INFO] [stdout] 
[INFO] [stdout] error: cannot find attribute `index` in this scope
[INFO] [stdout]     --> src/lib.rs:1279:11
[INFO] [stdout]      |
[INFO] [stdout] 1279 |         #[index]
[INFO] [stdout]      |           ^^^^^
[INFO] [stdout] 
[INFO] [stdout] error: cannot find attribute `belongs_to` in this scope
[INFO] [stdout]     --> src/lib.rs:1281:11
[INFO] [stdout]      |
[INFO] [stdout] 1281 |         #[belongs_to(key = id)]
[INFO] [stdout]      |           ^^^^^^^^^^
[INFO] [stdout] 
[INFO] [stdout] error: cannot find attribute `key` in this scope
[INFO] [stdout]     --> src/lib.rs:1272:7
[INFO] [stdout]      |
[INFO] [stdout] 1272 |     #[key]
[INFO] [stdout]      |       ^^^
[INFO] [stdout] 
[INFO] [stdout] error: cannot find attribute `auto` in this scope
[INFO] [stdout]     --> src/lib.rs:1273:7
[INFO] [stdout]      |
[INFO] [stdout] 1273 |     #[auto]
[INFO] [stdout]      |       ^^^^
[INFO] [stdout] 
[INFO] [stdout] error[E0433]: cannot find module or crate `toasty` in this scope
[INFO] [stdout]     --> src/lib.rs:1274:9
[INFO] [stdout]      |
[INFO] [stdout] 1274 |     id: toasty::stmt::Uuid,
[INFO] [stdout]      |         ^^^^^^ use of unresolved module or unlinked crate `toasty`
[INFO] [stdout]      |
[INFO] [stdout]      = help: if you wanted to use a crate named `toasty`, use `cargo add toasty` to add it to your `Cargo.toml`
[INFO] [stdout] 
[INFO] [stdout] error[E0433]: cannot find module or crate `toasty` in this scope
[INFO] [stdout]     --> src/lib.rs:1280:13
[INFO] [stdout]      |
[INFO] [stdout] 1280 |         id: toasty::stmt::Uuid,
[INFO] [stdout]      |             ^^^^^^ use of unresolved module or unlinked crate `toasty`
[INFO] [stdout]      |
[INFO] [stdout]      = help: if you wanted to use a crate named `toasty`, use `cargo add toasty` to add it to your `Cargo.toml`
[INFO] [stdout] 
[INFO] [stdout] error[E0433]: cannot find module or crate `toasty` in this scope
[INFO] [stdout]     --> src/lib.rs:1282:16
[INFO] [stdout]      |
[INFO] [stdout] 1282 |         human: toasty::Deferred<Human>,
[INFO] [stdout]      |                ^^^^^^ use of unresolved module or unlinked crate `toasty`
[INFO] [stdout]      |
[INFO] [stdout]      = help: if you wanted to use a crate named `toasty`, use `cargo add toasty` to add it to your `Cargo.toml`
[INFO] [stdout] 
[INFO] [stdout] error: aborting due to 9 previous errors
[INFO] [stdout] 
[INFO] [stdout] For more information about this error, try `rustc --explain E0433`.
[INFO] [stdout] Couldn't compile the test.
[INFO] [stdout] ---- src/lib.rs - derive_model (line 278) stdout ----
[INFO] [stdout] error[E0432]: unresolved import `toasty`
[INFO] [stdout]    --> src/lib.rs:279:5
[INFO] [stdout]     |
[INFO] [stdout] 279 | use toasty::Model;
[INFO] [stdout]     |     ^^^^^^ use of unresolved module or unlinked crate `toasty`
[INFO] [stdout]     |
[INFO] [stdout]     = help: if you wanted to use a crate named `toasty`, use `cargo add toasty` to add it to your `Cargo.toml`
[INFO] [stdout] 
[INFO] [stdout] error: cannot find attribute `key` in this scope
[INFO] [stdout]    --> src/lib.rs:282:7
[INFO] [stdout]     |
[INFO] [stdout] 282 |     #[key]
[INFO] [stdout]     |       ^^^
[INFO] [stdout]     |
[INFO] [stdout]     = note: `key` is an attribute that can be used by the derive macro `Model`, you might be missing a `derive` attribute
[INFO] [stdout] 
[INFO] [stdout] error: cannot find attribute `auto` in this scope
[INFO] [stdout]    --> src/lib.rs:283:7
[INFO] [stdout]     |
[INFO] [stdout] 283 |     #[auto]
[INFO] [stdout]     |       ^^^^
[INFO] [stdout]     |
[INFO] [stdout]     = note: `auto` is an attribute that can be used by the derive macro `Model`, you might be missing a `derive` attribute
[INFO] [stdout] 
[INFO] [stdout] error: cannot find attribute `column` in this scope
[INFO] [stdout]    --> src/lib.rs:285:3
[INFO] [stdout]     |
[INFO] [stdout] 285 | #[column(type = varchar(255))]
[INFO] [stdout]     |   ^^^^^^
[INFO] [stdout]     |
[INFO] [stdout]     = note: `column` is an attribute that can be used by the derive macros `Embed` and `Model`, you might be missing a `derive` attribute
[INFO] [stdout]     = note: `column` is in scope, but it is a function-like macro
[INFO] [stdout] 
[INFO] [stdout] error: aborting due to 4 previous errors
[INFO] [stdout] 
[INFO] [stdout] For more information about this error, try `rustc --explain E0432`.
[INFO] [stdout] Couldn't compile the test.
[INFO] [stdout] ---- src/lib.rs - derive_model (line 493) stdout ----
[INFO] [stdout] error[E0432]: unresolved import `toasty`
[INFO] [stdout]    --> src/lib.rs:494:5
[INFO] [stdout]     |
[INFO] [stdout] 494 | use toasty::Model;
[INFO] [stdout]     |     ^^^^^^ use of unresolved module or unlinked crate `toasty`
[INFO] [stdout]     |
[INFO] [stdout]     = help: if you wanted to use a crate named `toasty`, use `cargo add toasty` to add it to your `Cargo.toml`
[INFO] [stdout] 
[INFO] [stdout] error: cannot find attribute `key` in this scope
[INFO] [stdout]    --> src/lib.rs:507:7
[INFO] [stdout]     |
[INFO] [stdout] 507 |     #[key]
[INFO] [stdout]     |       ^^^
[INFO] [stdout]     |
[INFO] [stdout]     = note: `key` is an attribute that can be used by the derive macro `Model`, you might be missing a `derive` attribute
[INFO] [stdout] 
[INFO] [stdout] error: cannot find attribute `auto` in this scope
[INFO] [stdout]    --> src/lib.rs:508:7
[INFO] [stdout]     |
[INFO] [stdout] 508 |     #[auto]
[INFO] [stdout]     |       ^^^^
[INFO] [stdout]     |
[INFO] [stdout]     = note: `auto` is an attribute that can be used by the derive macro `Model`, you might be missing a `derive` attribute
[INFO] [stdout] 
[INFO] [stdout] error: cannot find attribute `has_many` in this scope
[INFO] [stdout]    --> src/lib.rs:510:3
[INFO] [stdout]     |
[INFO] [stdout] 510 | #[has_many]
[INFO] [stdout]     |   ^^^^^^^^
[INFO] [stdout]     |
[INFO] [stdout]     = note: `has_many` is an attribute that can be used by the derive macro `Model`, you might be missing a `derive` attribute
[INFO] [stdout] 
[INFO] [stdout] error: cannot find attribute `key` in this scope
[INFO] [stdout]    --> src/lib.rs:497:7
[INFO] [stdout]     |
[INFO] [stdout] 497 |     #[key]
[INFO] [stdout]     |       ^^^
[INFO] [stdout]     |
[INFO] [stdout]     = note: `key` is an attribute that can be used by the derive macro `Model`, you might be missing a `derive` attribute
[INFO] [stdout] 
[INFO] [stdout] error: cannot find attribute `auto` in this scope
[INFO] [stdout]    --> src/lib.rs:498:7
[INFO] [stdout]     |
[INFO] [stdout] 498 |     #[auto]
[INFO] [stdout]     |       ^^^^
[INFO] [stdout]     |
[INFO] [stdout]     = note: `auto` is an attribute that can be used by the derive macro `Model`, you might be missing a `derive` attribute
[INFO] [stdout] 
[INFO] [stdout] error: cannot find attribute `index` in this scope
[INFO] [stdout]    --> src/lib.rs:500:7
[INFO] [stdout]     |
[INFO] [stdout] 500 |     #[index]
[INFO] [stdout]     |       ^^^^^
[INFO] [stdout]     |
[INFO] [stdout]     = note: `index` is an attribute that can be used by the derive macros `Embed` and `Model`, you might be missing a `derive` attribute
[INFO] [stdout] 
[INFO] [stdout] error: cannot find attribute `belongs_to` in this scope
[INFO] [stdout]    --> src/lib.rs:502:7
[INFO] [stdout]     |
[INFO] [stdout] 502 |     #[belongs_to(key = example_id, references = id)]
[INFO] [stdout]     |       ^^^^^^^^^^
[INFO] [stdout]     |
[INFO] [stdout]     = note: `belongs_to` is an attribute that can be used by the derive macros `Embed` and `Model`, you might be missing a `derive` attribute
[INFO] [stdout] 
[INFO] [stdout] error[E0433]: cannot find module or crate `toasty` in this scope
[INFO] [stdout]    --> src/lib.rs:503:14
[INFO] [stdout]     |
[INFO] [stdout] 503 |     example: toasty::Deferred<Example>,
[INFO] [stdout]     |              ^^^^^^ use of unresolved module or unlinked crate `toasty`
[INFO] [stdout]     |
[INFO] [stdout]     = help: if you wanted to use a crate named `toasty`, use `cargo add toasty` to add it to your `Cargo.toml`
[INFO] [stdout] 
[INFO] [stdout] error[E0433]: cannot find module or crate `toasty` in this scope
[INFO] [stdout]    --> src/lib.rs:511:8
[INFO] [stdout]     |
[INFO] [stdout] 511 | posts: toasty::Deferred<Vec<Post>>,
[INFO] [stdout]     |        ^^^^^^ use of unresolved module or unlinked crate `toasty`
[INFO] [stdout]     |
[INFO] [stdout]     = help: if you wanted to use a crate named `toasty`, use `cargo add toasty` to add it to your `Cargo.toml`
[INFO] [stdout] 
[INFO] [stdout] error: aborting due to 10 previous errors
[INFO] [stdout] 
[INFO] [stdout] Some errors have detailed explanations: E0432, E0433.
[INFO] [stdout] For more information about an error, try `rustc --explain E0432`.
[INFO] [stdout] Couldn't compile the test.
[INFO] [stdout] ---- src/lib.rs - derive_model (line 666) stdout ----
[INFO] [stdout] error[E0432]: unresolved import `toasty`
[INFO] [stdout]    --> src/lib.rs:667:5
[INFO] [stdout]     |
[INFO] [stdout] 667 | use toasty::Model;
[INFO] [stdout]     |     ^^^^^^ use of unresolved module or unlinked crate `toasty`
[INFO] [stdout]     |
[INFO] [stdout]     = help: if you wanted to use a crate named `toasty`, use `cargo add toasty` to add it to your `Cargo.toml`
[INFO] [stdout] 
[INFO] [stdout] error: cannot find attribute `key` in this scope
[INFO] [stdout]    --> src/lib.rs:680:7
[INFO] [stdout]     |
[INFO] [stdout] 680 |     #[key]
[INFO] [stdout]     |       ^^^
[INFO] [stdout]     |
[INFO] [stdout]     = note: `key` is an attribute that can be used by the derive macro `Model`, you might be missing a `derive` attribute
[INFO] [stdout] 
[INFO] [stdout] error: cannot find attribute `auto` in this scope
[INFO] [stdout]    --> src/lib.rs:681:7
[INFO] [stdout]     |
[INFO] [stdout] 681 |     #[auto]
[INFO] [stdout]     |       ^^^^
[INFO] [stdout]     |
[INFO] [stdout]     = note: `auto` is an attribute that can be used by the derive macro `Model`, you might be missing a `derive` attribute
[INFO] [stdout] 
[INFO] [stdout] error: cannot find attribute `has_one` in this scope
[INFO] [stdout]    --> src/lib.rs:683:3
[INFO] [stdout]     |
[INFO] [stdout] 683 | #[has_one]
[INFO] [stdout]     |   ^^^^^^^
[INFO] [stdout]     |
[INFO] [stdout]     = note: `has_one` is an attribute that can be used by the derive macro `Model`, you might be missing a `derive` attribute
[INFO] [stdout] 
[INFO] [stdout] error: cannot find attribute `key` in this scope
[INFO] [stdout]    --> src/lib.rs:670:7
[INFO] [stdout]     |
[INFO] [stdout] 670 |     #[key]
[INFO] [stdout]     |       ^^^
[INFO] [stdout]     |
[INFO] [stdout]     = note: `key` is an attribute that can be used by the derive macro `Model`, you might be missing a `derive` attribute
[INFO] [stdout] 
[INFO] [stdout] error: cannot find attribute `auto` in this scope
[INFO] [stdout]    --> src/lib.rs:671:7
[INFO] [stdout]     |
[INFO] [stdout] 671 |     #[auto]
[INFO] [stdout]     |       ^^^^
[INFO] [stdout]     |
[INFO] [stdout]     = note: `auto` is an attribute that can be used by the derive macro `Model`, you might be missing a `derive` attribute
[INFO] [stdout] 
[INFO] [stdout] error: cannot find attribute `index` in this scope
[INFO] [stdout]    --> src/lib.rs:673:7
[INFO] [stdout]     |
[INFO] [stdout] 673 |     #[index]
[INFO] [stdout]     |       ^^^^^
[INFO] [stdout]     |
[INFO] [stdout]     = note: `index` is an attribute that can be used by the derive macros `Embed` and `Model`, you might be missing a `derive` attribute
[INFO] [stdout] 
[INFO] [stdout] error: cannot find attribute `belongs_to` in this scope
[INFO] [stdout]    --> src/lib.rs:675:7
[INFO] [stdout]     |
[INFO] [stdout] 675 |     #[belongs_to(key = example_id, references = id)]
[INFO] [stdout]     |       ^^^^^^^^^^
[INFO] [stdout]     |
[INFO] [stdout]     = note: `belongs_to` is an attribute that can be used by the derive macros `Embed` and `Model`, you might be missing a `derive` attribute
[INFO] [stdout] 
[INFO] [stdout] error[E0433]: cannot find module or crate `toasty` in this scope
[INFO] [stdout]    --> src/lib.rs:676:14
[INFO] [stdout]     |
[INFO] [stdout] 676 |     example: toasty::Deferred<Example>,
[INFO] [stdout]     |              ^^^^^^ use of unresolved module or unlinked crate `toasty`
[INFO] [stdout]     |
[INFO] [stdout]     = help: if you wanted to use a crate named `toasty`, use `cargo add toasty` to add it to your `Cargo.toml`
[INFO] [stdout] 
[INFO] [stdout] error[E0433]: cannot find module or crate `toasty` in this scope
[INFO] [stdout]    --> src/lib.rs:684:10
[INFO] [stdout]     |
[INFO] [stdout] 684 | profile: toasty::Deferred<Profile>,
[INFO] [stdout]     |          ^^^^^^ use of unresolved module or unlinked crate `toasty`
[INFO] [stdout]     |
[INFO] [stdout]     = help: if you wanted to use a crate named `toasty`, use `cargo add toasty` to add it to your `Cargo.toml`
[INFO] [stdout] 
[INFO] [stdout] error: aborting due to 10 previous errors
[INFO] [stdout] 
[INFO] [stdout] Some errors have detailed explanations: E0432, E0433.
[INFO] [stdout] For more information about an error, try `rustc --explain E0432`.
[INFO] [stdout] Couldn't compile the test.
[INFO] [stdout] ---- src/lib.rs - derive_model (line 103) stdout ----
[INFO] [stdout] error[E0432]: unresolved import `toasty`
[INFO] [stdout]    --> src/lib.rs:104:5
[INFO] [stdout]     |
[INFO] [stdout] 104 | use toasty::Model;
[INFO] [stdout]     |     ^^^^^^ use of unresolved module or unlinked crate `toasty`
[INFO] [stdout]     |
[INFO] [stdout]     = help: if you wanted to use a crate named `toasty`, use `cargo add toasty` to add it to your `Cargo.toml`
[INFO] [stdout] 
[INFO] [stdout] error: cannot find attribute `key` in this scope
[INFO] [stdout]    --> src/lib.rs:106:3
[INFO] [stdout]     |
[INFO] [stdout] 106 | #[key(partition = [tenant, org], local = [id])]
[INFO] [stdout]     |   ^^^
[INFO] [stdout]     |
[INFO] [stdout]     = note: `key` is an attribute that can be used by the derive macro `Model`, you might be missing a `derive` attribute
[INFO] [stdout] 
[INFO] [stdout] error: aborting due to 2 previous errors
[INFO] [stdout] 
[INFO] [stdout] For more information about this error, try `rustc --explain E0432`.
[INFO] [stdout] Couldn't compile the test.
[INFO] [stdout] ---- src/lib.rs - derive_model (line 292) stdout ----
[INFO] [stdout] error[E0432]: unresolved import `toasty`
[INFO] [stdout]    --> src/lib.rs:293:5
[INFO] [stdout]     |
[INFO] [stdout] 293 | use toasty::Model;
[INFO] [stdout]     |     ^^^^^^ use of unresolved module or unlinked crate `toasty`
[INFO] [stdout]     |
[INFO] [stdout]     = help: if you wanted to use a crate named `toasty`, use `cargo add toasty` to add it to your `Cargo.toml`
[INFO] [stdout] 
[INFO] [stdout] error: cannot find attribute `key` in this scope
[INFO] [stdout]    --> src/lib.rs:296:7
[INFO] [stdout]     |
[INFO] [stdout] 296 |     #[key]
[INFO] [stdout]     |       ^^^
[INFO] [stdout]     |
[INFO] [stdout]     = note: `key` is an attribute that can be used by the derive macro `Model`, you might be missing a `derive` attribute
[INFO] [stdout] 
[INFO] [stdout] error: cannot find attribute `auto` in this scope
[INFO] [stdout]    --> src/lib.rs:297:7
[INFO] [stdout]     |
[INFO] [stdout] 297 |     #[auto]
[INFO] [stdout]     |       ^^^^
[INFO] [stdout]     |
[INFO] [stdout]     = note: `auto` is an attribute that can be used by the derive macro `Model`, you might be missing a `derive` attribute
[INFO] [stdout] 
[INFO] [stdout] error: cannot find attribute `column` in this scope
[INFO] [stdout]    --> src/lib.rs:299:3
[INFO] [stdout]     |
[INFO] [stdout] 299 | #[column("user_email", type = varchar(255))]
[INFO] [stdout]     |   ^^^^^^
[INFO] [stdout]     |
[INFO] [stdout]     = note: `column` is an attribute that can be used by the derive macros `Embed` and `Model`, you might be missing a `derive` attribute
[INFO] [stdout]     = note: `column` is in scope, but it is a function-like macro
[INFO] [stdout] 
[INFO] [stdout] error: aborting due to 4 previous errors
[INFO] [stdout] 
[INFO] [stdout] For more information about this error, try `rustc --explain E0432`.
[INFO] [stdout] Couldn't compile the test.
[INFO] [stdout] ---- src/lib.rs - derive_model (line 532) stdout ----
[INFO] [stdout] error[E0432]: unresolved import `toasty`
[INFO] [stdout]    --> src/lib.rs:533:5
[INFO] [stdout]     |
[INFO] [stdout] 533 | use toasty::Model;
[INFO] [stdout]     |     ^^^^^^ use of unresolved module or unlinked crate `toasty`
[INFO] [stdout]     |
[INFO] [stdout]     = help: if you wanted to use a crate named `toasty`, use `cargo add toasty` to add it to your `Cargo.toml`
[INFO] [stdout] 
[INFO] [stdout] error: cannot find attribute `key` in this scope
[INFO] [stdout]    --> src/lib.rs:536:7
[INFO] [stdout]     |
[INFO] [stdout] 536 |     #[key]
[INFO] [stdout]     |       ^^^
[INFO] [stdout]     |
[INFO] [stdout]     = note: `key` is an attribute that can be used by the derive macro `Model`, you might be missing a `derive` attribute
[INFO] [stdout] 
[INFO] [stdout] error: cannot find attribute `auto` in this scope
[INFO] [stdout]    --> src/lib.rs:537:7
[INFO] [stdout]     |
[INFO] [stdout] 537 |     #[auto]
[INFO] [stdout]     |       ^^^^
[INFO] [stdout]     |
[INFO] [stdout]     = note: `auto` is an attribute that can be used by the derive macro `Model`, you might be missing a `derive` attribute
[INFO] [stdout] 
[INFO] [stdout] error: cannot find attribute `index` in this scope
[INFO] [stdout]    --> src/lib.rs:539:7
[INFO] [stdout]     |
[INFO] [stdout] 539 |     #[index]
[INFO] [stdout]     |       ^^^^^
[INFO] [stdout]     |
[INFO] [stdout]     = note: `index` is an attribute that can be used by the derive macros `Embed` and `Model`, you might be missing a `derive` attribute
[INFO] [stdout] 
[INFO] [stdout] error: cannot find attribute `belongs_to` in this scope
[INFO] [stdout]    --> src/lib.rs:541:7
[INFO] [stdout]     |
[INFO] [stdout] 541 |     #[belongs_to(key = parent_id, references = id)]
[INFO] [stdout]     |       ^^^^^^^^^^
[INFO] [stdout]     |
[INFO] [stdout]     = note: `belongs_to` is an attribute that can be used by the derive macros `Embed` and `Model`, you might be missing a `derive` attribute
[INFO] [stdout] 
[INFO] [stdout] error: cannot find attribute `has_many` in this scope
[INFO] [stdout]    --> src/lib.rs:543:3
[INFO] [stdout]     |
[INFO] [stdout] 543 | #[has_many(pair = parent)]
[INFO] [stdout]     |   ^^^^^^^^
[INFO] [stdout]     |
[INFO] [stdout]     = note: `has_many` is an attribute that can be used by the derive macro `Model`, you might be missing a `derive` attribute
[INFO] [stdout] 
[INFO] [stdout] error[E0433]: cannot find module or crate `toasty` in this scope
[INFO] [stdout]    --> src/lib.rs:542:13
[INFO] [stdout]     |
[INFO] [stdout] 542 |     parent: toasty::Deferred<Option<Self>>,
[INFO] [stdout]     |             ^^^^^^ use of unresolved module or unlinked crate `toasty`
[INFO] [stdout]     |
[INFO] [stdout]     = help: if you wanted to use a crate named `toasty`, use `cargo add toasty` to add it to your `Cargo.toml`
[INFO] [stdout] 
[INFO] [stdout] error[E0433]: cannot find module or crate `toasty` in this scope
[INFO] [stdout]    --> src/lib.rs:544:11
[INFO] [stdout]     |
[INFO] [stdout] 544 | children: toasty::Deferred<Vec<Person>>,
[INFO] [stdout]     |           ^^^^^^ use of unresolved module or unlinked crate `toasty`
[INFO] [stdout]     |
[INFO] [stdout]     = help: if you wanted to use a crate named `toasty`, use `cargo add toasty` to add it to your `Cargo.toml`
[INFO] [stdout] 
[INFO] [stdout] error: aborting due to 8 previous errors
[INFO] [stdout] 
[INFO] [stdout] Some errors have detailed explanations: E0432, E0433.
[INFO] [stdout] For more information about an error, try `rustc --explain E0432`.
[INFO] [stdout] Couldn't compile the test.
[INFO] [stdout] ---- src/lib.rs - derive_model (line 73) stdout ----
[INFO] [stdout] error[E0432]: unresolved import `toasty`
[INFO] [stdout]   --> src/lib.rs:74:5
[INFO] [stdout]    |
[INFO] [stdout] 74 | use toasty::Model;
[INFO] [stdout]    |     ^^^^^^ use of unresolved module or unlinked crate `toasty`
[INFO] [stdout]    |
[INFO] [stdout]    = help: if you wanted to use a crate named `toasty`, use `cargo add toasty` to add it to your `Cargo.toml`
[INFO] [stdout] 
[INFO] [stdout] error: cannot find attribute `key` in this scope
[INFO] [stdout]   --> src/lib.rs:76:3
[INFO] [stdout]    |
[INFO] [stdout] 76 | #[key(name)]
[INFO] [stdout]    |   ^^^
[INFO] [stdout]    |
[INFO] [stdout]    = note: `key` is an attribute that can be used by the derive macro `Model`, you might be missing a `derive` attribute
[INFO] [stdout] 
[INFO] [stdout] error: aborting due to 2 previous errors
[INFO] [stdout] 
[INFO] [stdout] For more information about this error, try `rustc --explain E0432`.
[INFO] [stdout] Couldn't compile the test.
[INFO] [stdout] ---- src/lib.rs - derive_model (line 85) stdout ----
[INFO] [stdout] error[E0432]: unresolved import `toasty`
[INFO] [stdout]   --> src/lib.rs:86:5
[INFO] [stdout]    |
[INFO] [stdout] 86 | use toasty::Model;
[INFO] [stdout]    |     ^^^^^^ use of unresolved module or unlinked crate `toasty`
[INFO] [stdout]    |
[INFO] [stdout]    = help: if you wanted to use a crate named `toasty`, use `cargo add toasty` to add it to your `Cargo.toml`
[INFO] [stdout] 
[INFO] [stdout] error: cannot find attribute `key` in this scope
[INFO] [stdout]   --> src/lib.rs:88:3
[INFO] [stdout]    |
[INFO] [stdout] 88 | #[key(partition = user_id, local = id)]
[INFO] [stdout]    |   ^^^
[INFO] [stdout]    |
[INFO] [stdout]    = note: `key` is an attribute that can be used by the derive macro `Model`, you might be missing a `derive` attribute
[INFO] [stdout] 
[INFO] [stdout] error: cannot find attribute `auto` in this scope
[INFO] [stdout]   --> src/lib.rs:90:7
[INFO] [stdout]    |
[INFO] [stdout] 90 |     #[auto]
[INFO] [stdout]    |       ^^^^
[INFO] [stdout]    |
[INFO] [stdout]    = note: `auto` is an attribute that can be used by the derive macro `Model`, you might be missing a `derive` attribute
[INFO] [stdout] 
[INFO] [stdout] error[E0433]: cannot find module or crate `toasty` in this scope
[INFO] [stdout]   --> src/lib.rs:91:9
[INFO] [stdout]    |
[INFO] [stdout] 91 |     id: toasty::stmt::Uuid,
[INFO] [stdout]    |         ^^^^^^ use of unresolved module or unlinked crate `toasty`
[INFO] [stdout]    |
[INFO] [stdout]    = help: if you wanted to use a crate named `toasty`, use `cargo add toasty` to add it to your `Cargo.toml`
[INFO] [stdout] 
[INFO] [stdout] error: aborting due to 4 previous errors
[INFO] [stdout] 
[INFO] [stdout] Some errors have detailed explanations: E0432, E0433.
[INFO] [stdout] For more information about an error, try `rustc --explain E0432`.
[INFO] [stdout] Couldn't compile the test.
[INFO] [stdout] ---- src/lib.rs - query (line 1598) stdout ----
[INFO] [stdout] error[E0433]: cannot find module or crate `toasty` in this scope
[INFO] [stdout]     --> src/lib.rs:1613:9
[INFO] [stdout]      |
[INFO] [stdout] 1613 | let _ = toasty::query!(User FILTER .age > #(min_age()));
[INFO] [stdout]      |         ^^^^^^ use of unresolved module or unlinked crate `toasty`
[INFO] [stdout] 
[INFO] [stdout] error[E0433]: cannot find module or crate `toasty` in this scope
[INFO] [stdout]     --> src/lib.rs:1609:9
[INFO] [stdout]      |
[INFO] [stdout] 1609 | let _ = toasty::query!(User FILTER .name == #name);
[INFO] [stdout]      |         ^^^^^^ use of unresolved module or unlinked crate `toasty`
[INFO] [stdout] 
[INFO] [stdout] error[E0433]: cannot find module or crate `toasty` in this scope
[INFO] [stdout]     --> src/lib.rs:1599:10
[INFO] [stdout]      |
[INFO] [stdout] 1599 | #[derive(toasty::Model)]
[INFO] [stdout]      |          ^^^^^^ use of unresolved module or unlinked crate `toasty`
[INFO] [stdout] 
[INFO] [stdout] error: cannot find attribute `key` in this scope
[INFO] [stdout]     --> src/lib.rs:1601:7
[INFO] [stdout]      |
[INFO] [stdout] 1601 |     #[key]
[INFO] [stdout]      |       ^^^
[INFO] [stdout] 
[INFO] [stdout] error: aborting due to 4 previous errors
[INFO] [stdout] 
[INFO] [stdout] For more information about this error, try `rustc --explain E0433`.
[INFO] [stdout] Couldn't compile the test.
[INFO] [stdout] ---- src/lib.rs - derive_model (line 728) stdout ----
[INFO] [stdout] error[E0432]: unresolved import `toasty`
[INFO] [stdout]    --> src/lib.rs:729:5
[INFO] [stdout]     |
[INFO] [stdout] 729 | use toasty::Model;
[INFO] [stdout]     |     ^^^^^^ use of unresolved module or unlinked crate `toasty`
[INFO] [stdout]     |
[INFO] [stdout]     = help: if you wanted to use a crate named `toasty`, use `cargo add toasty` to add it to your `Cargo.toml`
[INFO] [stdout] 
[INFO] [stdout] error: cannot find attribute `key` in this scope
[INFO] [stdout]    --> src/lib.rs:754:7
[INFO] [stdout]     |
[INFO] [stdout] 754 |     #[key]
[INFO] [stdout]     |       ^^^
[INFO] [stdout]     |
[INFO] [stdout]     = note: `key` is an attribute that can be used by the derive macro `Model`, you might be missing a `derive` attribute
[INFO] [stdout] 
[INFO] [stdout] error: cannot find attribute `auto` in this scope
[INFO] [stdout]    --> src/lib.rs:755:7
[INFO] [stdout]     |
[INFO] [stdout] 755 |     #[auto]
[INFO] [stdout]     |       ^^^^
[INFO] [stdout]     |
[INFO] [stdout]     = note: `auto` is an attribute that can be used by the derive macro `Model`, you might be missing a `derive` attribute
[INFO] [stdout] 
[INFO] [stdout] error: cannot find attribute `has_one` in this scope
[INFO] [stdout]    --> src/lib.rs:757:7
[INFO] [stdout]     |
[INFO] [stdout] 757 |     #[has_one]
[INFO] [stdout]     |       ^^^^^^^
[INFO] [stdout]     |
[INFO] [stdout]     = note: `has_one` is an attribute that can be used by the derive macro `Model`, you might be missing a `derive` attribute
[INFO] [stdout] 
[INFO] [stdout] error: cannot find attribute `has_one` in this scope
[INFO] [stdout]    --> src/lib.rs:760:3
[INFO] [stdout]     |
[INFO] [stdout] 760 | #[has_one(via = account.subscription)]
[INFO] [stdout]     |   ^^^^^^^
[INFO] [stdout]     |
[INFO] [stdout]     = note: `has_one` is an attribute that can be used by the derive macro `Model`, you might be missing a `derive` attribute
[INFO] [stdout] 
[INFO] [stdout] error: cannot find attribute `key` in this scope
[INFO] [stdout]    --> src/lib.rs:742:7
[INFO] [stdout]     |
[INFO] [stdout] 742 |     #[key]
[INFO] [stdout]     |       ^^^
[INFO] [stdout]     |
[INFO] [stdout]     = note: `key` is an attribute that can be used by the derive macro `Model`, you might be missing a `derive` attribute
[INFO] [stdout] 
[INFO] [stdout] error: cannot find attribute `auto` in this scope
[INFO] [stdout]    --> src/lib.rs:743:7
[INFO] [stdout]     |
[INFO] [stdout] 743 |     #[auto]
[INFO] [stdout]     |       ^^^^
[INFO] [stdout]     |
[INFO] [stdout]     = note: `auto` is an attribute that can be used by the derive macro `Model`, you might be missing a `derive` attribute
[INFO] [stdout] 
[INFO] [stdout] error: cannot find attribute `unique` in this scope
[INFO] [stdout]    --> src/lib.rs:745:7
[INFO] [stdout]     |
[INFO] [stdout] 745 |     #[unique]
[INFO] [stdout]     |       ^^^^^^
[INFO] [stdout]     |
[INFO] [stdout]     = note: `unique` is an attribute that can be used by the derive macros `Embed` and `Model`, you might be missing a `derive` attribute
[INFO] [stdout] 
[INFO] [stdout] error: cannot find attribute `belongs_to` in this scope
[INFO] [stdout]    --> src/lib.rs:747:7
[INFO] [stdout]     |
[INFO] [stdout] 747 |     #[belongs_to(key = user_id, references = id)]
[INFO] [stdout]     |       ^^^^^^^^^^
[INFO] [stdout]     |
[INFO] [stdout]     = note: `belongs_to` is an attribute that can be used by the derive macros `Embed` and `Model`, you might be missing a `derive` attribute
[INFO] [stdout] 
[INFO] [stdout] error: cannot find attribute `has_one` in this scope
[INFO] [stdout]    --> src/lib.rs:749:7
[INFO] [stdout]     |
[INFO] [stdout] 749 |     #[has_one]
[INFO] [stdout]     |       ^^^^^^^
[INFO] [stdout]     |
[INFO] [stdout]     = note: `has_one` is an attribute that can be used by the derive macro `Model`, you might be missing a `derive` attribute
[INFO] [stdout] 
[INFO] [stdout] error: cannot find attribute `key` in this scope
[INFO] [stdout]    --> src/lib.rs:732:7
[INFO] [stdout]     |
[INFO] [stdout] 732 |     #[key]
[INFO] [stdout]     |       ^^^
[INFO] [stdout]     |
[INFO] [stdout]     = note: `key` is an attribute that can be used by the derive macro `Model`, you might be missing a `derive` attribute
[INFO] [stdout] 
[INFO] [stdout] error: cannot find attribute `auto` in this scope
[INFO] [stdout]    --> src/lib.rs:733:7
[INFO] [stdout]     |
[INFO] [stdout] 733 |     #[auto]
[INFO] [stdout]     |       ^^^^
[INFO] [stdout]     |
[INFO] [stdout]     = note: `auto` is an attribute that can be used by the derive macro `Model`, you might be missing a `derive` attribute
[INFO] [stdout] 
[INFO] [stdout] error: cannot find attribute `unique` in this scope
[INFO] [stdout]    --> src/lib.rs:735:7
[INFO] [stdout]     |
[INFO] [stdout] 735 |     #[unique]
[INFO] [stdout]     |       ^^^^^^
[INFO] [stdout]     |
[INFO] [stdout]     = note: `unique` is an attribute that can be used by the derive macros `Embed` and `Model`, you might be missing a `derive` attribute
[INFO] [stdout] 
[INFO] [stdout] error: cannot find attribute `belongs_to` in this scope
[INFO] [stdout]    --> src/lib.rs:737:7
[INFO] [stdout]     |
[INFO] [stdout] 737 |     #[belongs_to(key = account_id, references = id)]
[INFO] [stdout]     |       ^^^^^^^^^^
[INFO] [stdout]     |
[INFO] [stdout]     = note: `belongs_to` is an attribute that can be used by the derive macros `Embed` and `Model`, you might be missing a `derive` attribute
[INFO] [stdout] 
[INFO] [stdout] error[E0433]: cannot find module or crate `toasty` in this scope
[INFO] [stdout]    --> src/lib.rs:738:14
[INFO] [stdout]     |
[INFO] [stdout] 738 |     account: toasty::Deferred<Option<Account>>,
[INFO] [stdout]     |              ^^^^^^ use of unresolved module or unlinked crate `toasty`
[INFO] [stdout]     |
[INFO] [stdout]     = help: if you wanted to use a crate named `toasty`, use `cargo add toasty` to add it to your `Cargo.toml`
[INFO] [stdout] 
[INFO] [stdout] error[E0433]: cannot find module or crate `toasty` in this scope
[INFO] [stdout]    --> src/lib.rs:748:11
[INFO] [stdout]     |
[INFO] [stdout] 748 |     user: toasty::Deferred<Option<User>>,
[INFO] [stdout]     |           ^^^^^^ use of unresolved module or unlinked crate `toasty`
[INFO] [stdout]     |
[INFO] [stdout]     = help: if you wanted to use a crate named `toasty`, use `cargo add toasty` to add it to your `Cargo.toml`
[INFO] [stdout] 
[INFO] [stdout] error[E0433]: cannot find module or crate `toasty` in this scope
[INFO] [stdout]    --> src/lib.rs:750:19
[INFO] [stdout]     |
[INFO] [stdout] 750 |     subscription: toasty::Deferred<Option<Subscription>>,
[INFO] [stdout]     |                   ^^^^^^ use of unresolved module or unlinked crate `toasty`
[INFO] [stdout]     |
[INFO] [stdout]     = help: if you wanted to use a crate named `toasty`, use `cargo add toasty` to add it to your `Cargo.toml`
[INFO] [stdout] 
[INFO] [stdout] error[E0433]: cannot find module or crate `toasty` in this scope
[INFO] [stdout]    --> src/lib.rs:758:14
[INFO] [stdout]     |
[INFO] [stdout] 758 |     account: toasty::Deferred<Option<Account>>,
[INFO] [stdout]     |              ^^^^^^ use of unresolved module or unlinked crate `toasty`
[INFO] [stdout]     |
[INFO] [stdout]     = help: if you wanted to use a crate named `toasty`, use `cargo add toasty` to add it to your `Cargo.toml`
[INFO] [stdout] 
[INFO] [stdout] error[E0433]: cannot find module or crate `toasty` in this scope
[INFO] [stdout]    --> src/lib.rs:761:15
[INFO] [stdout]     |
[INFO] [stdout] 761 | subscription: toasty::Deferred<Option<Subscription>>,
[INFO] [stdout]     |               ^^^^^^ use of unresolved module or unlinked crate `toasty`
[INFO] [stdout]     |
[INFO] [stdout]     = help: if you wanted to use a crate named `toasty`, use `cargo add toasty` to add it to your `Cargo.toml`
[INFO] [stdout] 
[INFO] [stdout] error: aborting due to 19 previous errors
[INFO] [stdout] 
[INFO] [stdout] Some errors have detailed explanations: E0432, E0433.
[INFO] [stdout] For more information about an error, try `rustc --explain E0432`.
[INFO] [stdout] Couldn't compile the test.
[INFO] [stdout] ---- src/lib.rs - query (line 1531) stdout ----
[INFO] [stdout] error[E0433]: cannot find module or crate `toasty` in this scope
[INFO] [stdout]     --> src/lib.rs:1550:9
[INFO] [stdout]      |
[INFO] [stdout] 1550 | let _ = toasty::query!(User FILTER NOT .active == true AND (.name == "Alice" OR .age >= 21));
[INFO] [stdout]      |         ^^^^^^ use of unresolved module or unlinked crate `toasty`
[INFO] [stdout] 
[INFO] [stdout] error[E0433]: cannot find module or crate `toasty` in this scope
[INFO] [stdout]     --> src/lib.rs:1547:9
[INFO] [stdout]      |
[INFO] [stdout] 1547 | let _ = toasty::query!(User FILTER NOT .active == true);
[INFO] [stdout]      |         ^^^^^^ use of unresolved module or unlinked crate `toasty`
[INFO] [stdout] 
[INFO] [stdout] error[E0433]: cannot find module or crate `toasty` in this scope
[INFO] [stdout]     --> src/lib.rs:1544:9
[INFO] [stdout]      |
[INFO] [stdout] 1544 | let _ = toasty::query!(User FILTER .name == "Alice" OR .name == "Bob");
[INFO] [stdout]      |         ^^^^^^ use of unresolved module or unlinked crate `toasty`
[INFO] [stdout] 
[INFO] [stdout] error[E0433]: cannot find module or crate `toasty` in this scope
[INFO] [stdout]     --> src/lib.rs:1541:9
[INFO] [stdout]      |
[INFO] [stdout] 1541 | let _ = toasty::query!(User FILTER .name == "Alice" AND .age > 18);
[INFO] [stdout]      |         ^^^^^^ use of unresolved module or unlinked crate `toasty`
[INFO] [stdout] 
[INFO] [stdout] error[E0433]: cannot find module or crate `toasty` in this scope
[INFO] [stdout]     --> src/lib.rs:1532:10
[INFO] [stdout]      |
[INFO] [stdout] 1532 | #[derive(toasty::Model)]
[INFO] [stdout]      |          ^^^^^^ use of unresolved module or unlinked crate `toasty`
[INFO] [stdout] 
[INFO] [stdout] error: cannot find attribute `key` in this scope
[INFO] [stdout]     --> src/lib.rs:1534:7
[INFO] [stdout]      |
[INFO] [stdout] 1534 |     #[key]
[INFO] [stdout]      |       ^^^
[INFO] [stdout] 
[INFO] [stdout] error: aborting due to 6 previous errors
[INFO] [stdout] 
[INFO] [stdout] For more information about this error, try `rustc --explain E0433`.
[INFO] [stdout] Couldn't compile the test.
[INFO] [stdout] ---- src/lib.rs - query (line 1579) stdout ----
[INFO] [stdout] error[E0433]: cannot find module or crate `toasty` in this scope
[INFO] [stdout]     --> src/lib.rs:1590:9
[INFO] [stdout]      |
[INFO] [stdout] 1590 | let _ = toasty::query!(User FILTER .age == 42);
[INFO] [stdout]      |         ^^^^^^ use of unresolved module or unlinked crate `toasty`
[INFO] [stdout] 
[INFO] [stdout] error[E0433]: cannot find module or crate `toasty` in this scope
[INFO] [stdout]     --> src/lib.rs:1589:9
[INFO] [stdout]      |
[INFO] [stdout] 1589 | let _ = toasty::query!(User FILTER .active == false);
[INFO] [stdout]      |         ^^^^^^ use of unresolved module or unlinked crate `toasty`
[INFO] [stdout] 
[INFO] [stdout] error[E0433]: cannot find module or crate `toasty` in this scope
[INFO] [stdout]     --> src/lib.rs:1588:9
[INFO] [stdout]      |
[INFO] [stdout] 1588 | let _ = toasty::query!(User FILTER .active == true);
[INFO] [stdout]      |         ^^^^^^ use of unresolved module or unlinked crate `toasty`
[INFO] [stdout] 
[INFO] [stdout] error[E0433]: cannot find module or crate `toasty` in this scope
[INFO] [stdout]     --> src/lib.rs:1580:10
[INFO] [stdout]      |
[INFO] [stdout] 1580 | #[derive(toasty::Model)]
[INFO] [stdout]      |          ^^^^^^ use of unresolved module or unlinked crate `toasty`
[INFO] [stdout] 
[INFO] [stdout] error: cannot find attribute `key` in this scope
[INFO] [stdout]     --> src/lib.rs:1582:7
[INFO] [stdout]      |
[INFO] [stdout] 1582 |     #[key]
[INFO] [stdout]      |       ^^^
[INFO] [stdout] 
[INFO] [stdout] error: aborting due to 5 previous errors
[INFO] [stdout] 
[INFO] [stdout] For more information about this error, try `rustc --explain E0433`.
[INFO] [stdout] Couldn't compile the test.
[INFO] [stdout] ---- src/lib.rs - query (line 1466) stdout ----
[INFO] [stdout] error[E0433]: cannot find module or crate `toasty` in this scope
[INFO] [stdout]     --> src/lib.rs:1476:9
[INFO] [stdout]      |
[INFO] [stdout] 1476 | let _ = toasty::query!(User);
[INFO] [stdout]      |         ^^^^^^ use of unresolved module or unlinked crate `toasty`
[INFO] [stdout] 
[INFO] [stdout] error[E0433]: cannot find module or crate `toasty` in this scope
[INFO] [stdout]     --> src/lib.rs:1467:10
[INFO] [stdout]      |
[INFO] [stdout] 1467 | #[derive(toasty::Model)]
[INFO] [stdout]      |          ^^^^^^ use of unresolved module or unlinked crate `toasty`
[INFO] [stdout] 
[INFO] [stdout] error: cannot find attribute `key` in this scope
[INFO] [stdout]     --> src/lib.rs:1469:7
[INFO] [stdout]      |
[INFO] [stdout] 1469 |     #[key]
[INFO] [stdout]      |       ^^^
[INFO] [stdout] 
[INFO] [stdout] error: aborting due to 3 previous errors
[INFO] [stdout] 
[INFO] [stdout] For more information about this error, try `rustc --explain E0433`.
[INFO] [stdout] Couldn't compile the test.
[INFO] [stdout] ---- src/lib.rs - query (line 1621) stdout ----
[INFO] [stdout] error[E0433]: cannot find module or crate `toasty` in this scope
[INFO] [stdout]     --> src/lib.rs:1634:9
[INFO] [stdout]      |
[INFO] [stdout] 1634 | let _ = toasty::query!(User FILTER .id == 1 AND .name == "X" AND .age > 0);
[INFO] [stdout]      |         ^^^^^^ use of unresolved module or unlinked crate `toasty`
[INFO] [stdout] 
[INFO] [stdout] error[E0433]: cannot find module or crate `toasty` in this scope
[INFO] [stdout]     --> src/lib.rs:1631:9
[INFO] [stdout]      |
[INFO] [stdout] 1631 | let _ = toasty::query!(User FILTER .name == "Alice");
[INFO] [stdout]      |         ^^^^^^ use of unresolved module or unlinked crate `toasty`
[INFO] [stdout] 
[INFO] [stdout] error[E0433]: cannot find module or crate `toasty` in this scope
[INFO] [stdout]     --> src/lib.rs:1622:10
[INFO] [stdout]      |
[INFO] [stdout] 1622 | #[derive(toasty::Model)]
[INFO] [stdout]      |          ^^^^^^ use of unresolved module or unlinked crate `toasty`
[INFO] [stdout] 
[INFO] [stdout] error: cannot find attribute `key` in this scope
[INFO] [stdout]     --> src/lib.rs:1624:7
[INFO] [stdout]      |
[INFO] [stdout] 1624 |     #[key]
[INFO] [stdout]      |       ^^^
[INFO] [stdout] 
[INFO] [stdout] error: aborting due to 4 previous errors
[INFO] [stdout] 
[INFO] [stdout] For more information about this error, try `rustc --explain E0433`.
[INFO] [stdout] Couldn't compile the test.
[INFO] [stdout] ---- src/lib.rs - query (line 1642) stdout ----
[INFO] [stdout] error[E0433]: cannot find module or crate `toasty` in this scope
[INFO] [stdout]     --> src/lib.rs:1658:9
[INFO] [stdout]      |
[INFO] [stdout] 1658 | let _ = toasty::query!(User FILTER .active == true ORDER BY .name ASC);
[INFO] [stdout]      |         ^^^^^^ use of unresolved module or unlinked crate `toasty`
[INFO] [stdout] 
[INFO] [stdout] error[E0433]: cannot find module or crate `toasty` in this scope
[INFO] [stdout]     --> src/lib.rs:1655:9
[INFO] [stdout]      |
[INFO] [stdout] 1655 | let _ = toasty::query!(User ORDER BY .age DESC);
[INFO] [stdout]      |         ^^^^^^ use of unresolved module or unlinked crate `toasty`
[INFO] [stdout] 
[INFO] [stdout] error[E0433]: cannot find module or crate `toasty` in this scope
[INFO] [stdout]     --> src/lib.rs:1652:9
[INFO] [stdout]      |
[INFO] [stdout] 1652 | let _ = toasty::query!(User ORDER BY .name ASC);
[INFO] [stdout]      |         ^^^^^^ use of unresolved module or unlinked crate `toasty`
[INFO] [stdout] 
[INFO] [stdout] error[E0433]: cannot find module or crate `toasty` in this scope
[INFO] [stdout]     --> src/lib.rs:1643:10
[INFO] [stdout]      |
[INFO] [stdout] 1643 | #[derive(toasty::Model)]
[INFO] [stdout]      |          ^^^^^^ use of unresolved module or unlinked crate `toasty`
[INFO] [stdout] 
[INFO] [stdout] error: cannot find attribute `key` in this scope
[INFO] [stdout]     --> src/lib.rs:1645:7
[INFO] [stdout]      |
[INFO] [stdout] 1645 |     #[key]
[INFO] [stdout]      |       ^^^
[INFO] [stdout] 
[INFO] [stdout] error: aborting due to 5 previous errors
[INFO] [stdout] 
[INFO] [stdout] For more information about this error, try `rustc --explain E0433`.
[INFO] [stdout] Couldn't compile the test.
[INFO] [stdout] ---- src/lib.rs - update (line 2419) stdout ----
[INFO] [stdout] error[E0433]: cannot find module or crate `toasty` in this scope
[INFO] [stdout]     --> src/lib.rs:2430:1
[INFO] [stdout]      |
[INFO] [stdout] 2430 | toasty::update!(doc {
[INFO] [stdout]      | ^^^^^^ use of unresolved module or unlinked crate `toasty`
[INFO] [stdout] 
[INFO] [stdout] error[E0433]: cannot find module or crate `toasty` in this scope
[INFO] [stdout]     --> src/lib.rs:2422:10
[INFO] [stdout]      |
[INFO] [stdout] 2422 | #[derive(toasty::Model)]
[INFO] [stdout]      |          ^^^^^^ use of unresolved module or unlinked crate `toasty`
[INFO] [stdout] 
[INFO] [stdout] error[E0433]: cannot find module or crate `toasty` in this scope
[INFO] [stdout]     --> src/lib.rs:2420:10
[INFO] [stdout]      |
[INFO] [stdout] 2420 | #[derive(toasty::Embed)]
[INFO] [stdout]      |          ^^^^^^ use of unresolved module or unlinked crate `toasty`
[INFO] [stdout] 
[INFO] [stdout] error: cannot find attribute `key` in this scope
[INFO] [stdout]     --> src/lib.rs:2424:7
[INFO] [stdout]      |
[INFO] [stdout] 2424 |     #[key]
[INFO] [stdout]      |       ^^^
[INFO] [stdout] 
[INFO] [stdout] error: cannot find attribute `auto` in this scope
[INFO] [stdout]     --> src/lib.rs:2425:7
[INFO] [stdout]      |
[INFO] [stdout] 2425 |     #[auto]
[INFO] [stdout]      |       ^^^^
[INFO] [stdout] 
[INFO] [stdout] error[E0433]: cannot find module or crate `toasty` in this scope
[INFO] [stdout]     --> src/lib.rs:2429:26
[INFO] [stdout]      |
[INFO] [stdout] 2429 | async fn example(mut db: toasty::Db, mut doc: Document) -> toasty::Result<()> {
[INFO] [stdout]      |                          ^^^^^^ use of unresolved module or unlinked crate `toasty`
[INFO] [stdout]      |
[INFO] [stdout]      = help: if you wanted to use a crate named `toasty`, use `cargo add toasty` to add it to your `Cargo.toml`
[INFO] [stdout] 
[INFO] [stdout] error[E0433]: cannot find module or crate `toasty` in this scope
[INFO] [stdout]     --> src/lib.rs:2429:60
[INFO] [stdout]      |
[INFO] [stdout] 2429 | async fn example(mut db: toasty::Db, mut doc: Document) -> toasty::Result<()> {
[INFO] [stdout]      |                                                            ^^^^^^ use of unresolved module or unlinked crate `toasty`
[INFO] [stdout]      |
[INFO] [stdout]      = help: if you wanted to use a crate named `toasty`, use `cargo add toasty` to add it to your `Cargo.toml`
[INFO] [stdout] 
[INFO] [stdout] error: aborting due to 7 previous errors
[INFO] [stdout] 
[INFO] [stdout] For more information about this error, try `rustc --explain E0433`.
[INFO] [stdout] Couldn't compile the test.
[INFO] [stdout] ---- src/lib.rs - query (line 1498) stdout ----
[INFO] [stdout] error[E0433]: cannot find module or crate `toasty` in this scope
[INFO] [stdout]     --> src/lib.rs:1523:9
[INFO] [stdout]      |
[INFO] [stdout] 1523 | let _ = toasty::query!(User FILTER .age <= 99);
[INFO] [stdout]      |         ^^^^^^ use of unresolved module or unlinked crate `toasty`
[INFO] [stdout] 
[INFO] [stdout] error[E0433]: cannot find module or crate `toasty` in this scope
[INFO] [stdout]     --> src/lib.rs:1520:9
[INFO] [stdout]      |
[INFO] [stdout] 1520 | let _ = toasty::query!(User FILTER .age < 65);
[INFO] [stdout]      |         ^^^^^^ use of unresolved module or unlinked crate `toasty`
[INFO] [stdout] 
[INFO] [stdout] error[E0433]: cannot find module or crate `toasty` in this scope
[INFO] [stdout]     --> src/lib.rs:1517:9
[INFO] [stdout]      |
[INFO] [stdout] 1517 | let _ = toasty::query!(User FILTER .age >= 21);
[INFO] [stdout]      |         ^^^^^^ use of unresolved module or unlinked crate `toasty`
[INFO] [stdout] 
[INFO] [stdout] error[E0433]: cannot find module or crate `toasty` in this scope
[INFO] [stdout]     --> src/lib.rs:1514:9
[INFO] [stdout]      |
[INFO] [stdout] 1514 | let _ = toasty::query!(User FILTER .age > 18);
[INFO] [stdout]      |         ^^^^^^ use of unresolved module or unlinked crate `toasty`
[INFO] [stdout] 
[INFO] [stdout] error[E0433]: cannot find module or crate `toasty` in this scope
[INFO] [stdout]     --> src/lib.rs:1511:9
[INFO] [stdout]      |
[INFO] [stdout] 1511 | let _ = toasty::query!(User FILTER .name != "Bob");
[INFO] [stdout]      |         ^^^^^^ use of unresolved module or unlinked crate `toasty`
[INFO] [stdout] 
[INFO] [stdout] error[E0433]: cannot find module or crate `toasty` in this scope
[INFO] [stdout]     --> src/lib.rs:1508:9
[INFO] [stdout]      |
[INFO] [stdout] 1508 | let _ = toasty::query!(User FILTER .name == "Alice");
[INFO] [stdout]      |         ^^^^^^ use of unresolved module or unlinked crate `toasty`
[INFO] [stdout] 
[INFO] [stdout] error[E0433]: cannot find module or crate `toasty` in this scope
[INFO] [stdout]     --> src/lib.rs:1499:10
[INFO] [stdout]      |
[INFO] [stdout] 1499 | #[derive(toasty::Model)]
[INFO] [stdout]      |          ^^^^^^ use of unresolved module or unlinked crate `toasty`
[INFO] [stdout] 
[INFO] [stdout] error: cannot find attribute `key` in this scope
[INFO] [stdout]     --> src/lib.rs:1501:7
[INFO] [stdout]      |
[INFO] [stdout] 1501 |     #[key]
[INFO] [stdout]      |       ^^^
[INFO] [stdout] 
[INFO] [stdout] error: aborting due to 8 previous errors
[INFO] [stdout] 
[INFO] [stdout] For more information about this error, try `rustc --explain E0433`.
[INFO] [stdout] Couldn't compile the test.
[INFO] [stdout] ---- src/lib.rs - query (line 1667) stdout ----
[INFO] [stdout] error[E0433]: cannot find module or crate `toasty` in this scope
[INFO] [stdout]     --> src/lib.rs:1687:9
[INFO] [stdout]      |
[INFO] [stdout] 1687 | let _ = toasty::query!(User LIMIT #(5 + 5));
[INFO] [stdout]      |         ^^^^^^ use of unresolved module or unlinked crate `toasty`
[INFO] [stdout] 
[INFO] [stdout] error[E0433]: cannot find module or crate `toasty` in this scope
[INFO] [stdout]     --> src/lib.rs:1684:9
[INFO] [stdout]      |
[INFO] [stdout] 1684 | let _ = toasty::query!(User LIMIT #page_size);
[INFO] [stdout]      |         ^^^^^^ use of unresolved module or unlinked crate `toasty`
[INFO] [stdout] 
[INFO] [stdout] error[E0433]: cannot find module or crate `toasty` in this scope
[INFO] [stdout]     --> src/lib.rs:1680:9
[INFO] [stdout]      |
[INFO] [stdout] 1680 | let _ = toasty::query!(User OFFSET 20 LIMIT 10);
[INFO] [stdout]      |         ^^^^^^ use of unresolved module or unlinked crate `toasty`
[INFO] [stdout] 
[INFO] [stdout] error[E0433]: cannot find module or crate `toasty` in this scope
[INFO] [stdout]     --> src/lib.rs:1677:9
[INFO] [stdout]      |
[INFO] [stdout] 1677 | let _ = toasty::query!(User LIMIT 10);
[INFO] [stdout]      |         ^^^^^^ use of unresolved module or unlinked crate `toasty`
[INFO] [stdout] 
[INFO] [stdout] error[E0433]: cannot find module or crate `toasty` in this scope
[INFO] [stdout]     --> src/lib.rs:1668:10
[INFO] [stdout]      |
[INFO] [stdout] 1668 | #[derive(toasty::Model)]
[INFO] [stdout]      |          ^^^^^^ use of unresolved module or unlinked crate `toasty`
[INFO] [stdout] 
[INFO] [stdout] error: cannot find attribute `key` in this scope
[INFO] [stdout]     --> src/lib.rs:1670:7
[INFO] [stdout]      |
[INFO] [stdout] 1670 |     #[key]
[INFO] [stdout]      |       ^^^
[INFO] [stdout] 
[INFO] [stdout] error: aborting due to 6 previous errors
[INFO] [stdout] 
[INFO] [stdout] For more information about this error, try `rustc --explain E0433`.
[INFO] [stdout] Couldn't compile the test.
[INFO] [stdout] ---- src/lib.rs - query (line 1558) stdout ----
[INFO] [stdout] error[E0433]: cannot find module or crate `toasty` in this scope
[INFO] [stdout]     --> src/lib.rs:1571:9
[INFO] [stdout]      |
[INFO] [stdout] 1571 | let _ = toasty::query!(User FILTER .name == "A" AND (.age > 0 OR .active == false));
[INFO] [stdout]      |         ^^^^^^ use of unresolved module or unlinked crate `toasty`
[INFO] [stdout] 
[INFO] [stdout] error[E0433]: cannot find module or crate `toasty` in this scope
[INFO] [stdout]     --> src/lib.rs:1568:9
[INFO] [stdout]      |
[INFO] [stdout] 1568 | let _ = toasty::query!(User FILTER .name == "A" AND .age > 0 OR .active == false);
[INFO] [stdout]      |         ^^^^^^ use of unresolved module or unlinked crate `toasty`
[INFO] [stdout] 
[INFO] [stdout] error[E0433]: cannot find module or crate `toasty` in this scope
[INFO] [stdout]     --> src/lib.rs:1559:10
[INFO] [stdout]      |
[INFO] [stdout] 1559 | #[derive(toasty::Model)]
[INFO] [stdout]      |          ^^^^^^ use of unresolved module or unlinked crate `toasty`
[INFO] [stdout] 
[INFO] [stdout] error: cannot find attribute `key` in this scope
[INFO] [stdout]     --> src/lib.rs:1561:7
[INFO] [stdout]      |
[INFO] [stdout] 1561 |     #[key]
[INFO] [stdout]      |       ^^^
[INFO] [stdout] 
[INFO] [stdout] error: aborting due to 4 previous errors
[INFO] [stdout] 
[INFO] [stdout] For more information about this error, try `rustc --explain E0433`.
[INFO] [stdout] Couldn't compile the test.
[INFO] [stdout] ---- src/lib.rs - update (line 2447) stdout ----
[INFO] [stdout] error[E0433]: cannot find module or crate `toasty` in this scope
[INFO] [stdout]     --> src/lib.rs:2469:1
[INFO] [stdout]      |
[INFO] [stdout] 2469 | toasty::update!(user {
[INFO] [stdout]      | ^^^^^^ use of unresolved module or unlinked crate `toasty`
[INFO] [stdout] 
[INFO] [stdout] error[E0433]: cannot find module or crate `toasty` in this scope
[INFO] [stdout]     --> src/lib.rs:2457:10
[INFO] [stdout]      |
[INFO] [stdout] 2457 | #[derive(toasty::Model)]
[INFO] [stdout]      |          ^^^^^^ use of unresolved module or unlinked crate `toasty`
[INFO] [stdout] 
[INFO] [stdout] error[E0433]: cannot find module or crate `toasty` in this scope
[INFO] [stdout]     --> src/lib.rs:2448:10
[INFO] [stdout]      |
[INFO] [stdout] 2448 | #[derive(toasty::Model)]
[INFO] [stdout]      |          ^^^^^^ use of unresolved module or unlinked crate `toasty`
[INFO] [stdout] 
[INFO] [stdout] error: cannot find attribute `key` in this scope
[INFO] [stdout]     --> src/lib.rs:2459:7
[INFO] [stdout]      |
[INFO] [stdout] 2459 |     #[key]
[INFO] [stdout]      |       ^^^
[INFO] [stdout] 
[INFO] [stdout] error: cannot find attribute `auto` in this scope
[INFO] [stdout]     --> src/lib.rs:2460:7
[INFO] [stdout]      |
[INFO] [stdout] 2460 |     #[auto]
[INFO] [stdout]      |       ^^^^
[INFO] [stdout] 
[INFO] [stdout] error: cannot find attribute `index` in this scope
[INFO] [stdout]     --> src/lib.rs:2463:7
[INFO] [stdout]      |
[INFO] [stdout] 2463 |     #[index]
[INFO] [stdout]      |       ^^^^^
[INFO] [stdout] 
[INFO] [stdout] error: cannot find attribute `belongs_to` in this scope
[INFO] [stdout]     --> src/lib.rs:2465:7
[INFO] [stdout]      |
[INFO] [stdout] 2465 |     #[belongs_to(key = user_id, references = id)]
[INFO] [stdout]      |       ^^^^^^^^^^
[INFO] [stdout] 
[INFO] [stdout] error: cannot find attribute `key` in this scope
[INFO] [stdout]     --> src/lib.rs:2450:7
[INFO] [stdout]      |
[INFO] [stdout] 2450 |     #[key]
[INFO] [stdout]      |       ^^^
[INFO] [stdout] 
[INFO] [stdout] error: cannot find attribute `auto` in this scope
[INFO] [stdout]     --> src/lib.rs:2451:7
[INFO] [stdout]      |
[INFO] [stdout] 2451 |     #[auto]
[INFO] [stdout]      |       ^^^^
[INFO] [stdout] 
[INFO] [stdout] error: cannot find attribute `has_many` in this scope
[INFO] [stdout]     --> src/lib.rs:2454:7
[INFO] [stdout]      |
[INFO] [stdout] 2454 |     #[has_many]
[INFO] [stdout]      |       ^^^^^^^^
[INFO] [stdout] 
[INFO] [stdout] error[E0433]: cannot find module or crate `toasty` in this scope
[INFO] [stdout]     --> src/lib.rs:2455:12
[INFO] [stdout]      |
[INFO] [stdout] 2455 |     todos: toasty::Deferred<Vec<Todo>>,
[INFO] [stdout]      |            ^^^^^^ use of unresolved module or unlinked crate `toasty`
[INFO] [stdout]      |
[INFO] [stdout]      = help: if you wanted to use a crate named `toasty`, use `cargo add toasty` to add it to your `Cargo.toml`
[INFO] [stdout] 
[INFO] [stdout] error[E0433]: cannot find module or crate `toasty` in this scope
[INFO] [stdout]     --> src/lib.rs:2466:11
[INFO] [stdout]      |
[INFO] [stdout] 2466 |     user: toasty::Deferred<User>,
[INFO] [stdout]      |           ^^^^^^ use of unresolved module or unlinked crate `toasty`
[INFO] [stdout]      |
[INFO] [stdout]      = help: if you wanted to use a crate named `toasty`, use `cargo add toasty` to add it to your `Cargo.toml`
[INFO] [stdout] 
[INFO] [stdout] error[E0433]: cannot find module or crate `toasty` in this scope
[INFO] [stdout]     --> src/lib.rs:2468:26
[INFO] [stdout]      |
[INFO] [stdout] 2468 | async fn example(mut db: toasty::Db, mut user: User) -> toasty::Result<()> {
[INFO] [stdout]      |                          ^^^^^^ use of unresolved module or unlinked crate `toasty`
[INFO] [stdout]      |
[INFO] [stdout]      = help: if you wanted to use a crate named `toasty`, use `cargo add toasty` to add it to your `Cargo.toml`
[INFO] [stdout] 
[INFO] [stdout] error[E0433]: cannot find module or crate `toasty` in this scope
[INFO] [stdout]     --> src/lib.rs:2468:57
[INFO] [stdout]      |
[INFO] [stdout] 2468 | async fn example(mut db: toasty::Db, mut user: User) -> toasty::Result<()> {
[INFO] [stdout]      |                                                         ^^^^^^ use of unresolved module or unlinked crate `toasty`
[INFO] [stdout]      |
[INFO] [stdout]      = help: if you wanted to use a crate named `toasty`, use `cargo add toasty` to add it to your `Cargo.toml`
[INFO] [stdout] 
[INFO] [stdout] error: aborting due to 14 previous errors
[INFO] [stdout] 
[INFO] [stdout] For more information about this error, try `rustc --explain E0433`.
[INFO] [stdout] Couldn't compile the test.
[INFO] [stdout] ---- src/lib.rs - query (line 1695) stdout ----
[INFO] [stdout] error[E0433]: cannot find module or crate `toasty` in this scope
[INFO] [stdout]     --> src/lib.rs:1705:9
[INFO] [stdout]      |
[INFO] [stdout] 1705 | let _ = toasty::query!(User FILTER .age > 18 ORDER BY .age DESC OFFSET 0 LIMIT 50);
[INFO] [stdout]      |         ^^^^^^ use of unresolved module or unlinked crate `toasty`
[INFO] [stdout] 
[INFO] [stdout] error[E0433]: cannot find module or crate `toasty` in this scope
[INFO] [stdout]     --> src/lib.rs:1704:9
[INFO] [stdout]      |
[INFO] [stdout] 1704 | let _ = toasty::query!(User FILTER .active == true ORDER BY .name ASC LIMIT 10);
[INFO] [stdout]      |         ^^^^^^ use of unresolved module or unlinked crate `toasty`
[INFO] [stdout] 
[INFO] [stdout] error[E0433]: cannot find module or crate `toasty` in this scope
[INFO] [stdout]     --> src/lib.rs:1696:10
[INFO] [stdout]      |
[INFO] [stdout] 1696 | #[derive(toasty::Model)]
[INFO] [stdout]      |          ^^^^^^ use of unresolved module or unlinked crate `toasty`
[INFO] [stdout] 
[INFO] [stdout] error: cannot find attribute `key` in this scope
[INFO] [stdout]     --> src/lib.rs:1698:7
[INFO] [stdout]      |
[INFO] [stdout] 1698 |     #[key]
[INFO] [stdout]      |       ^^^
[INFO] [stdout] 
[INFO] [stdout] error: aborting due to 4 previous errors
[INFO] [stdout] 
[INFO] [stdout] For more information about this error, try `rustc --explain E0433`.
[INFO] [stdout] Couldn't compile the test.
[INFO] [stdout] ---- src/lib.rs - update (line 2299) stdout ----
[INFO] [stdout] error[E0433]: cannot find module or crate `toasty` in this scope
[INFO] [stdout]     --> src/lib.rs:2313:1
[INFO] [stdout]      |
[INFO] [stdout] 2313 | toasty::update!(User::filter_by_id(id) { name: "Bob" })
[INFO] [stdout]      | ^^^^^^ use of unresolved module or unlinked crate `toasty`
[INFO] [stdout] 
[INFO] [stdout] error[E0433]: cannot find module or crate `toasty` in this scope
[INFO] [stdout]     --> src/lib.rs:2309:1
[INFO] [stdout]      |
[INFO] [stdout] 2309 | toasty::update!(user { name: "Alice Smith" })
[INFO] [stdout]      | ^^^^^^ use of unresolved module or unlinked crate `toasty`
[INFO] [stdout] 
[INFO] [stdout] error[E0433]: cannot find module or crate `toasty` in this scope
[INFO] [stdout]     --> src/lib.rs:2300:10
[INFO] [stdout]      |
[INFO] [stdout] 2300 | #[derive(toasty::Model)]
[INFO] [stdout]      |          ^^^^^^ use of unresolved module or unlinked crate `toasty`
[INFO] [stdout] 
[INFO] [stdout] error: cannot find attribute `key` in this scope
[INFO] [stdout]     --> src/lib.rs:2302:7
[INFO] [stdout]      |
[INFO] [stdout] 2302 |     #[key]
[INFO] [stdout]      |       ^^^
[INFO] [stdout] 
[INFO] [stdout] error: cannot find attribute `auto` in this scope
[INFO] [stdout]     --> src/lib.rs:2303:7
[INFO] [stdout]      |
[INFO] [stdout] 2303 |     #[auto]
[INFO] [stdout]      |       ^^^^
[INFO] [stdout] 
[INFO] [stdout] error[E0433]: cannot find module or crate `toasty` in this scope
[INFO] [stdout]     --> src/lib.rs:2307:26
[INFO] [stdout]      |
[INFO] [stdout] 2307 | async fn example(mut db: toasty::Db, mut user: User, id: i64) -> toasty::Result<()> {
[INFO] [stdout]      |                          ^^^^^^ use of unresolved module or unlinked crate `toasty`
[INFO] [stdout]      |
[INFO] [stdout]      = help: if you wanted to use a crate named `toasty`, use `cargo add toasty` to add it to your `Cargo.toml`
[INFO] [stdout] 
[INFO] [stdout] error[E0433]: cannot find module or crate `toasty` in this scope
[INFO] [stdout]     --> src/lib.rs:2307:66
[INFO] [stdout]      |
[INFO] [stdout] 2307 | async fn example(mut db: toasty::Db, mut user: User, id: i64) -> toasty::Result<()> {
[INFO] [stdout]      |                                                                  ^^^^^^ use of unresolved module or unlinked crate `toasty`
[INFO] [stdout]      |
[INFO] [stdout]      = help: if you wanted to use a crate named `toasty`, use `cargo add toasty` to add it to your `Cargo.toml`
[INFO] [stdout] 
[INFO] [stdout] error: aborting due to 7 previous errors
[INFO] [stdout] 
[INFO] [stdout] For more information about this error, try `rustc --explain E0433`.
[INFO] [stdout] Couldn't compile the test.
[INFO] [stdout] ---- src/lib.rs - update (line 2326) stdout ----
[INFO] [stdout] error[E0433]: cannot find module or crate `toasty` in this scope
[INFO] [stdout]     --> src/lib.rs:2335:1
[INFO] [stdout]      |
[INFO] [stdout] 2335 | toasty::update!(todo { done: !todo.done }).exec(&mut db).await?;
[INFO] [stdout]      | ^^^^^^ use of unresolved module or unlinked crate `toasty`
[INFO] [stdout] 
[INFO] [stdout] error[E0433]: cannot find module or crate `toasty` in this scope
[INFO] [stdout]     --> src/lib.rs:2327:10
[INFO] [stdout]      |
[INFO] [stdout] 2327 | #[derive(toasty::Model)]
[INFO] [stdout]      |          ^^^^^^ use of unresolved module or unlinked crate `toasty`
[INFO] [stdout] 
[INFO] [stdout] error: cannot find attribute `key` in this scope
[INFO] [stdout]     --> src/lib.rs:2329:7
[INFO] [stdout]      |
[INFO] [stdout] 2329 |     #[key]
[INFO] [stdout]      |       ^^^
[INFO] [stdout] 
[INFO] [stdout] error: cannot find attribute `auto` in this scope
[INFO] [stdout]     --> src/lib.rs:2330:7
[INFO] [stdout]      |
[INFO] [stdout] 2330 |     #[auto]
[INFO] [stdout]      |       ^^^^
[INFO] [stdout] 
[INFO] [stdout] error[E0433]: cannot find module or crate `toasty` in this scope
[INFO] [stdout]     --> src/lib.rs:2334:26
[INFO] [stdout]      |
[INFO] [stdout] 2334 | async fn example(mut db: toasty::Db, mut todo: Todo) -> toasty::Result<()> {
[INFO] [stdout]      |                          ^^^^^^ use of unresolved module or unlinked crate `toasty`
[INFO] [stdout]      |
[INFO] [stdout]      = help: if you wanted to use a crate named `toasty`, use `cargo add toasty` to add it to your `Cargo.toml`
[INFO] [stdout] 
[INFO] [stdout] error[E0433]: cannot find module or crate `toasty` in this scope
[INFO] [stdout]     --> src/lib.rs:2334:57
[INFO] [stdout]      |
[INFO] [stdout] 2334 | async fn example(mut db: toasty::Db, mut todo: Todo) -> toasty::Result<()> {
[INFO] [stdout]      |                                                         ^^^^^^ use of unresolved module or unlinked crate `toasty`
[INFO] [stdout]      |
[INFO] [stdout]      = help: if you wanted to use a crate named `toasty`, use `cargo add toasty` to add it to your `Cargo.toml`
[INFO] [stdout] 
[INFO] [stdout] error: aborting due to 6 previous errors
[INFO] [stdout] 
[INFO] [stdout] For more information about this error, try `rustc --explain E0433`.
[INFO] [stdout] Couldn't compile the test.
[INFO] [stdout] ---- src/lib.rs - update (line 2373) stdout ----
[INFO] [stdout] error[E0433]: cannot find module or crate `toasty` in this scope
[INFO] [stdout]     --> src/lib.rs:2383:1
[INFO] [stdout]      |
[INFO] [stdout] 2383 | toasty::update!(user { name }).exec(&mut db).await?;
[INFO] [stdout]      | ^^^^^^ use of unresolved module or unlinked crate `toasty`
[INFO] [stdout] 
[INFO] [stdout] error[E0433]: cannot find module or crate `toasty` in this scope
[INFO] [stdout]     --> src/lib.rs:2374:10
[INFO] [stdout]      |
[INFO] [stdout] 2374 | #[derive(toasty::Model)]
[INFO] [stdout]      |          ^^^^^^ use of unresolved module or unlinked crate `toasty`
[INFO] [stdout] 
[INFO] [stdout] error: cannot find attribute `key` in this scope
[INFO] [stdout]     --> src/lib.rs:2376:7
[INFO] [stdout]      |
[INFO] [stdout] 2376 |     #[key]
[INFO] [stdout]      |       ^^^
[INFO] [stdout] 
[INFO] [stdout] error: cannot find attribute `auto` in this scope
[INFO] [stdout]     --> src/lib.rs:2377:7
[INFO] [stdout]      |
[INFO] [stdout] 2377 |     #[auto]
[INFO] [stdout]      |       ^^^^
[INFO] [stdout] 
[INFO] [stdout] error[E0433]: cannot find module or crate `toasty` in this scope
[INFO] [stdout]     --> src/lib.rs:2381:26
[INFO] [stdout]      |
[INFO] [stdout] 2381 | async fn example(mut db: toasty::Db, mut user: User) -> toasty::Result<()> {
[INFO] [stdout]      |                          ^^^^^^ use of unresolved module or unlinked crate `toasty`
[INFO] [stdout]      |
[INFO] [stdout]      = help: if you wanted to use a crate named `toasty`, use `cargo add toasty` to add it to your `Cargo.toml`
[INFO] [stdout] 
[INFO] [stdout] error[E0433]: cannot find module or crate `toasty` in this scope
[INFO] [stdout]     --> src/lib.rs:2381:57
[INFO] [stdout]      |
[INFO] [stdout] 2381 | async fn example(mut db: toasty::Db, mut user: User) -> toasty::Result<()> {
[INFO] [stdout]      |                                                         ^^^^^^ use of unresolved module or unlinked crate `toasty`
[INFO] [stdout]      |
[INFO] [stdout]      = help: if you wanted to use a crate named `toasty`, use `cargo add toasty` to add it to your `Cargo.toml`
[INFO] [stdout] 
[INFO] [stdout] error: aborting due to 6 previous errors
[INFO] [stdout] 
[INFO] [stdout] For more information about this error, try `rustc --explain E0433`.
[INFO] [stdout] Couldn't compile the test.
[INFO] [stdout] ---- src/lib.rs - update (line 2346) stdout ----
[INFO] [stdout] error[E0433]: cannot find module or crate `toasty` in this scope
[INFO] [stdout]     --> src/lib.rs:2356:1
[INFO] [stdout]      |
[INFO] [stdout] 2356 | toasty::update!(user {
[INFO] [stdout]      | ^^^^^^ use of unresolved module or unlinked crate `toasty`
[INFO] [stdout] 
[INFO] [stdout] error[E0433]: cannot find module or crate `toasty` in this scope
[INFO] [stdout]     --> src/lib.rs:2347:10
[INFO] [stdout]      |
[INFO] [stdout] 2347 | #[derive(toasty::Model)]
[INFO] [stdout]      |          ^^^^^^ use of unresolved module or unlinked crate `toasty`
[INFO] [stdout] 
[INFO] [stdout] error: cannot find attribute `key` in this scope
[INFO] [stdout]     --> src/lib.rs:2349:7
[INFO] [stdout]      |
[INFO] [stdout] 2349 |     #[key]
[INFO] [stdout]      |       ^^^
[INFO] [stdout] 
[INFO] [stdout] error: cannot find attribute `auto` in this scope
[INFO] [stdout]     --> src/lib.rs:2350:7
[INFO] [stdout]      |
[INFO] [stdout] 2350 |     #[auto]
[INFO] [stdout]      |       ^^^^
[INFO] [stdout] 
[INFO] [stdout] error[E0433]: cannot find module or crate `toasty` in this scope
[INFO] [stdout]     --> src/lib.rs:2355:26
[INFO] [stdout]      |
[INFO] [stdout] 2355 | async fn example(mut db: toasty::Db, mut user: User) -> toasty::Result<()> {
[INFO] [stdout]      |                          ^^^^^^ use of unresolved module or unlinked crate `toasty`
[INFO] [stdout]      |
[INFO] [stdout]      = help: if you wanted to use a crate named `toasty`, use `cargo add toasty` to add it to your `Cargo.toml`
[INFO] [stdout] 
[INFO] [stdout] error[E0433]: cannot find module or crate `toasty` in this scope
[INFO] [stdout]     --> src/lib.rs:2355:57
[INFO] [stdout]      |
[INFO] [stdout] 2355 | async fn example(mut db: toasty::Db, mut user: User) -> toasty::Result<()> {
[INFO] [stdout]      |                                                         ^^^^^^ use of unresolved module or unlinked crate `toasty`
[INFO] [stdout]      |
[INFO] [stdout]      = help: if you wanted to use a crate named `toasty`, use `cargo add toasty` to add it to your `Cargo.toml`
[INFO] [stdout] 
[INFO] [stdout] error: aborting due to 6 previous errors
[INFO] [stdout] 
[INFO] [stdout] For more information about this error, try `rustc --explain E0433`.
[INFO] [stdout] Couldn't compile the test.
[INFO] [stdout] ---- src/lib.rs - query (line 1713) stdout ----
[INFO] [stdout] error[E0433]: cannot find module or crate `toasty` in this scope
[INFO] [stdout]     --> src/lib.rs:1725:9
[INFO] [stdout]      |
[INFO] [stdout] 1725 | let _ = toasty::query!(User Filter .name == "A");
[INFO] [stdout]      |         ^^^^^^ use of unresolved module or unlinked crate `toasty`
[INFO] [stdout] 
[INFO] [stdout] error[E0433]: cannot find module or crate `toasty` in this scope
[INFO] [stdout]     --> src/lib.rs:1724:9
[INFO] [stdout]      |
[INFO] [stdout] 1724 | let _ = toasty::query!(User filter .name == "A");
[INFO] [stdout]      |         ^^^^^^ use of unresolved module or unlinked crate `toasty`
[INFO] [stdout] 
[INFO] [stdout] error[E0433]: cannot find module or crate `toasty` in this scope
[INFO] [stdout]     --> src/lib.rs:1723:9
[INFO] [stdout]      |
[INFO] [stdout] 1723 | let _ = toasty::query!(User FILTER .name == "A");
[INFO] [stdout]      |         ^^^^^^ use of unresolved module or unlinked crate `toasty`
[INFO] [stdout] 
[INFO] [stdout] error[E0433]: cannot find module or crate `toasty` in this scope
[INFO] [stdout]     --> src/lib.rs:1714:10
[INFO] [stdout]      |
[INFO] [stdout] 1714 | #[derive(toasty::Model)]
[INFO] [stdout]      |          ^^^^^^ use of unresolved module or unlinked crate `toasty`
[INFO] [stdout] 
[INFO] [stdout] error: cannot find attribute `key` in this scope
[INFO] [stdout]     --> src/lib.rs:1716:7
[INFO] [stdout]      |
[INFO] [stdout] 1716 |     #[key]
[INFO] [stdout]      |       ^^^
[INFO] [stdout] 
[INFO] [stdout] error: aborting due to 5 previous errors
[INFO] [stdout] 
[INFO] [stdout] For more information about this error, try `rustc --explain E0433`.
[INFO] [stdout] Couldn't compile the test.
[INFO] [stdout] ---- src/lib.rs - derive_model (line 442) stdout ----
[INFO] [stdout] error[E0432]: unresolved import `toasty`
[INFO] [stdout]    --> src/lib.rs:443:5
[INFO] [stdout]     |
[INFO] [stdout] 443 | use toasty::Model;
[INFO] [stdout]     |     ^^^^^^ use of unresolved module or unlinked crate `toasty`
[INFO] [stdout]     |
[INFO] [stdout]     = help: if you wanted to use a crate named `toasty`, use `cargo add toasty` to add it to your `Cargo.toml`
[INFO] [stdout] 
[INFO] [stdout] error: cannot find attribute `key` in this scope
[INFO] [stdout]    --> src/lib.rs:452:7
[INFO] [stdout]     |
[INFO] [stdout] 452 |     #[key]
[INFO] [stdout]     |       ^^^
[INFO] [stdout]     |
[INFO] [stdout]     = note: `key` is an attribute that can be used by the derive macro `Model`, you might be missing a `derive` attribute
[INFO] [stdout] 
[INFO] [stdout] error: cannot find attribute `auto` in this scope
[INFO] [stdout]    --> src/lib.rs:453:7
[INFO] [stdout]     |
[INFO] [stdout] 453 |     #[auto]
[INFO] [stdout]     |       ^^^^
[INFO] [stdout]     |
[INFO] [stdout]     = note: `auto` is an attribute that can be used by the derive macro `Model`, you might be missing a `derive` attribute
[INFO] [stdout] 
[INFO] [stdout] error: cannot find attribute `belongs_to` in this scope
[INFO] [stdout]    --> src/lib.rs:457:3
[INFO] [stdout]     |
[INFO] [stdout] 457 | #[belongs_to(key = [org_id, tenant_id], references = [id, tenant_id])]
[INFO] [stdout]     |   ^^^^^^^^^^
[INFO] [stdout]     |
[INFO] [stdout]     = note: `belongs_to` is an attribute that can be used by the derive macros `Embed` and `Model`, you might be missing a `derive` attribute
[INFO] [stdout] 
[INFO] [stdout] error: cannot find attribute `key` in this scope
[INFO] [stdout]    --> src/lib.rs:445:3
[INFO] [stdout]     |
[INFO] [stdout] 445 | #[key(id, tenant_id)]
[INFO] [stdout]     |   ^^^
[INFO] [stdout]     |
[INFO] [stdout]     = note: `key` is an attribute that can be used by the derive macro `Model`, you might be missing a `derive` attribute
[INFO] [stdout] 
[INFO] [stdout] error[E0433]: cannot find module or crate `toasty` in this scope
[INFO] [stdout]    --> src/lib.rs:458:6
[INFO] [stdout]     |
[INFO] [stdout] 458 | org: toasty::Deferred<Org>,
[INFO] [stdout]     |      ^^^^^^ use of unresolved module or unlinked crate `toasty`
[INFO] [stdout]     |
[INFO] [stdout]     = help: if you wanted to use a crate named `toasty`, use `cargo add toasty` to add it to your `Cargo.toml`
[INFO] [stdout] 
[INFO] [stdout] error: aborting due to 6 previous errors
[INFO] [stdout] 
[INFO] [stdout] Some errors have detailed explanations: E0432, E0433.
[INFO] [stdout] For more information about an error, try `rustc --explain E0432`.
[INFO] [stdout] Couldn't compile the test.
[INFO] [stdout] ---- src/lib.rs - derive_model (line 697) stdout ----
[INFO] [stdout] error[E0432]: unresolved import `toasty`
[INFO] [stdout]    --> src/lib.rs:698:5
[INFO] [stdout]     |
[INFO] [stdout] 698 | use toasty::Model;
[INFO] [stdout]     |     ^^^^^^ use of unresolved module or unlinked crate `toasty`
[INFO] [stdout]     |
[INFO] [stdout]     = help: if you wanted to use a crate named `toasty`, use `cargo add toasty` to add it to your `Cargo.toml`
[INFO] [stdout] 
[INFO] [stdout] error: cannot find attribute `key` in this scope
[INFO] [stdout]    --> src/lib.rs:711:7
[INFO] [stdout]     |
[INFO] [stdout] 711 |     #[key]
[INFO] [stdout]     |       ^^^
[INFO] [stdout]     |
[INFO] [stdout]     = note: `key` is an attribute that can be used by the derive macro `Model`, you might be missing a `derive` attribute
[INFO] [stdout] 
[INFO] [stdout] error: cannot find attribute `auto` in this scope
[INFO] [stdout]    --> src/lib.rs:712:7
[INFO] [stdout]     |
[INFO] [stdout] 712 |     #[auto]
[INFO] [stdout]     |       ^^^^
[INFO] [stdout]     |
[INFO] [stdout]     = note: `auto` is an attribute that can be used by the derive macro `Model`, you might be missing a `derive` attribute
[INFO] [stdout] 
[INFO] [stdout] error: cannot find attribute `has_one` in this scope
[INFO] [stdout]    --> src/lib.rs:714:3
[INFO] [stdout]     |
[INFO] [stdout] 714 | #[has_one]
[INFO] [stdout]     |   ^^^^^^^
[INFO] [stdout]     |
[INFO] [stdout]     = note: `has_one` is an attribute that can be used by the derive macro `Model`, you might be missing a `derive` attribute
[INFO] [stdout] 
[INFO] [stdout] error: cannot find attribute `key` in this scope
[INFO] [stdout]    --> src/lib.rs:701:7
[INFO] [stdout]     |
[INFO] [stdout] 701 |     #[key]
[INFO] [stdout]     |       ^^^
[INFO] [stdout]     |
[INFO] [stdout]     = note: `key` is an attribute that can be used by the derive macro `Model`, you might be missing a `derive` attribute
[INFO] [stdout] 
[INFO] [stdout] error: cannot find attribute `auto` in this scope
[INFO] [stdout]    --> src/lib.rs:702:7
[INFO] [stdout]     |
[INFO] [stdout] 702 |     #[auto]
[INFO] [stdout]     |       ^^^^
[INFO] [stdout]     |
[INFO] [stdout]     = note: `auto` is an attribute that can be used by the derive macro `Model`, you might be missing a `derive` attribute
[INFO] [stdout] 
[INFO] [stdout] error: cannot find attribute `index` in this scope
[INFO] [stdout]    --> src/lib.rs:704:7
[INFO] [stdout]     |
[INFO] [stdout] 704 |     #[index]
[INFO] [stdout]     |       ^^^^^
[INFO] [stdout]     |
[INFO] [stdout]     = note: `index` is an attribute that can be used by the derive macros `Embed` and `Model`, you might be missing a `derive` attribute
[INFO] [stdout] 
[INFO] [stdout] error: cannot find attribute `belongs_to` in this scope
[INFO] [stdout]    --> src/lib.rs:706:7
[INFO] [stdout]     |
[INFO] [stdout] 706 |     #[belongs_to(key = example_id, references = id)]
[INFO] [stdout]     |       ^^^^^^^^^^
[INFO] [stdout]     |
[INFO] [stdout]     = note: `belongs_to` is an attribute that can be used by the derive macros `Embed` and `Model`, you might be missing a `derive` attribute
[INFO] [stdout] 
[INFO] [stdout] error[E0433]: cannot find module or crate `toasty` in this scope
[INFO] [stdout]    --> src/lib.rs:707:14
[INFO] [stdout]     |
[INFO] [stdout] 707 |     example: toasty::Deferred<Example>,
[INFO] [stdout]     |              ^^^^^^ use of unresolved module or unlinked crate `toasty`
[INFO] [stdout]     |
[INFO] [stdout]     = help: if you wanted to use a crate named `toasty`, use `cargo add toasty` to add it to your `Cargo.toml`
[INFO] [stdout] 
[INFO] [stdout] error[E0433]: cannot find module or crate `toasty` in this scope
[INFO] [stdout]    --> src/lib.rs:715:10
[INFO] [stdout]     |
[INFO] [stdout] 715 | profile: toasty::Deferred<Option<Profile>>,
[INFO] [stdout]     |          ^^^^^^ use of unresolved module or unlinked crate `toasty`
[INFO] [stdout]     |
[INFO] [stdout]     = help: if you wanted to use a crate named `toasty`, use `cargo add toasty` to add it to your `Cargo.toml`
[INFO] [stdout] 
[INFO] [stdout] error: aborting due to 10 previous errors
[INFO] [stdout] 
[INFO] [stdout] Some errors have detailed explanations: E0432, E0433.
[INFO] [stdout] For more information about an error, try `rustc --explain E0432`.
[INFO] [stdout] Couldn't compile the test.
[INFO] [stdout] ---- src/lib.rs - derive_model (line 606) stdout ----
[INFO] [stdout] error[E0432]: unresolved import `toasty`
[INFO] [stdout]    --> src/lib.rs:607:5
[INFO] [stdout]     |
[INFO] [stdout] 607 | use toasty::Model;
[INFO] [stdout]     |     ^^^^^^ use of unresolved module or unlinked crate `toasty`
[INFO] [stdout]     |
[INFO] [stdout]     = help: if you wanted to use a crate named `toasty`, use `cargo add toasty` to add it to your `Cargo.toml`
[INFO] [stdout] 
[INFO] [stdout] error[E0433]: cannot find module or crate `toasty` in this scope
[INFO] [stdout]    --> src/lib.rs:634:17
[INFO] [stdout]     |
[INFO] [stdout] 634 | #[derive(Debug, toasty::Model)]
[INFO] [stdout]     |                 ^^^^^^ use of unresolved module or unlinked crate `toasty`
[INFO] [stdout] 
[INFO] [stdout] error[E0433]: cannot find module or crate `toasty` in this scope
[INFO] [stdout]    --> src/lib.rs:621:17
[INFO] [stdout]     |
[INFO] [stdout] 621 | #[derive(Debug, toasty::Model)]
[INFO] [stdout]     |                 ^^^^^^ use of unresolved module or unlinked crate `toasty`
[INFO] [stdout] 
[INFO] [stdout] error[E0433]: cannot find module or crate `toasty` in this scope
[INFO] [stdout]    --> src/lib.rs:608:17
[INFO] [stdout]     |
[INFO] [stdout] 608 | #[derive(Debug, toasty::Model)]
[INFO] [stdout]     |                 ^^^^^^ use of unresolved module or unlinked crate `toasty`
[INFO] [stdout] 
[INFO] [stdout] error: cannot find attribute `key` in this scope
[INFO] [stdout]    --> src/lib.rs:635:3
[INFO] [stdout]     |
[INFO] [stdout] 635 | #[key(user_id, group_id)]
[INFO] [stdout]     |   ^^^
[INFO] [stdout]     |
[INFO] [stdout]     = note: `key` is an attribute that can be used by the derive macro `Model`, you might be missing a `derive` attribute
[INFO] [stdout] 
[INFO] [stdout] error: cannot find attribute `index` in this scope
[INFO] [stdout]    --> src/lib.rs:637:7
[INFO] [stdout]     |
[INFO] [stdout] 637 |     #[index]
[INFO] [stdout]     |       ^^^^^
[INFO] [stdout]     |
[INFO] [stdout]     = note: `index` is an attribute that can be used by the derive macros `Embed` and `Model`, you might be missing a `derive` attribute
[INFO] [stdout] 
[INFO] [stdout] error: cannot find attribute `belongs_to` in this scope
[INFO] [stdout]    --> src/lib.rs:640:7
[INFO] [stdout]     |
[INFO] [stdout] 640 |     #[belongs_to(key = user_id, references = id)]
[INFO] [stdout]     |       ^^^^^^^^^^
[INFO] [stdout]     |
[INFO] [stdout]     = note: `belongs_to` is an attribute that can be used by the derive macros `Embed` and `Model`, you might be missing a `derive` attribute
[INFO] [stdout] 
[INFO] [stdout] error: cannot find attribute `index` in this scope
[INFO] [stdout]    --> src/lib.rs:643:7
[INFO] [stdout]     |
[INFO] [stdout] 643 |     #[index]
[INFO] [stdout]     |       ^^^^^
[INFO] [stdout]     |
[INFO] [stdout]     = note: `index` is an attribute that can be used by the derive macros `Embed` and `Model`, you might be missing a `derive` attribute
[INFO] [stdout] 
[INFO] [stdout] error: cannot find attribute `belongs_to` in this scope
[INFO] [stdout]    --> src/lib.rs:646:7
[INFO] [stdout]     |
[INFO] [stdout] 646 |     #[belongs_to(key = group_id, references = id)]
[INFO] [stdout]     |       ^^^^^^^^^^
[INFO] [stdout]     |
[INFO] [stdout]     = note: `belongs_to` is an attribute that can be used by the derive macros `Embed` and `Model`, you might be missing a `derive` attribute
[INFO] [stdout] 
[INFO] [stdout] error: cannot find attribute `key` in this scope
[INFO] [stdout]    --> src/lib.rs:623:7
[INFO] [stdout]     |
[INFO] [stdout] 623 |     #[key]
[INFO] [stdout]     |       ^^^
[INFO] [stdout]     |
[INFO] [stdout]     = note: `key` is an attribute that can be used by the derive macro `Model`, you might be missing a `derive` attribute
[INFO] [stdout] 
[INFO] [stdout] error: cannot find attribute `auto` in this scope
[INFO] [stdout]    --> src/lib.rs:624:7
[INFO] [stdout]     |
[INFO] [stdout] 624 |     #[auto]
[INFO] [stdout]     |       ^^^^
[INFO] [stdout]     |
[INFO] [stdout]     = note: `auto` is an attribute that can be used by the derive macro `Model`, you might be missing a `derive` attribute
[INFO] [stdout] 
[INFO] [stdout] error: cannot find attribute `has_many` in this scope
[INFO] [stdout]    --> src/lib.rs:627:7
[INFO] [stdout]     |
[INFO] [stdout] 627 |     #[has_many]
[INFO] [stdout]     |       ^^^^^^^^
[INFO] [stdout]     |
[INFO] [stdout]     = note: `has_many` is an attribute that can be used by the derive macro `Model`, you might be missing a `derive` attribute
[INFO] [stdout] 
[INFO] [stdout] error: cannot find attribute `has_many` in this scope
[INFO] [stdout]    --> src/lib.rs:630:7
[INFO] [stdout]     |
[INFO] [stdout] 630 |     #[has_many(via = memberships.user)]
[INFO] [stdout]     |       ^^^^^^^^
[INFO] [stdout]     |
[INFO] [stdout]     = note: `has_many` is an attribute that can be used by the derive macro `Model`, you might be missing a `derive` attribute
[INFO] [stdout] 
[INFO] [stdout] error: cannot find attribute `key` in this scope
[INFO] [stdout]    --> src/lib.rs:610:7
[INFO] [stdout]     |
[INFO] [stdout] 610 |     #[key]
[INFO] [stdout]     |       ^^^
[INFO] [stdout]     |
[INFO] [stdout]     = note: `key` is an attribute that can be used by the derive macro `Model`, you might be missing a `derive` attribute
[INFO] [stdout] 
[INFO] [stdout] error: cannot find attribute `auto` in this scope
[INFO] [stdout]    --> src/lib.rs:611:7
[INFO] [stdout]     |
[INFO] [stdout] 611 |     #[auto]
[INFO] [stdout]     |       ^^^^
[INFO] [stdout]     |
[INFO] [stdout]     = note: `auto` is an attribute that can be used by the derive macro `Model`, you might be missing a `derive` attribute
[INFO] [stdout] 
[INFO] [stdout] error: cannot find attribute `has_many` in this scope
[INFO] [stdout]    --> src/lib.rs:614:7
[INFO] [stdout]     |
[INFO] [stdout] 614 |     #[has_many]
[INFO] [stdout]     |       ^^^^^^^^
[INFO] [stdout]     |
[INFO] [stdout]     = note: `has_many` is an attribute that can be used by the derive macro `Model`, you might be missing a `derive` attribute
[INFO] [stdout] 
[INFO] [stdout] error: cannot find attribute `has_many` in this scope
[INFO] [stdout]    --> src/lib.rs:617:7
[INFO] [stdout]     |
[INFO] [stdout] 617 |     #[has_many(via = memberships.group)]
[INFO] [stdout]     |       ^^^^^^^^
[INFO] [stdout]     |
[INFO] [stdout]     = note: `has_many` is an attribute that can be used by the derive macro `Model`, you might be missing a `derive` attribute
[INFO] [stdout] 
[INFO] [stdout] error[E0433]: cannot find module or crate `toasty` in this scope
[INFO] [stdout]    --> src/lib.rs:615:18
[INFO] [stdout]     |
[INFO] [stdout] 615 |     memberships: toasty::Deferred<Vec<Membership>>,
[INFO] [stdout]     |                  ^^^^^^ use of unresolved module or unlinked crate `toasty`
[INFO] [stdout]     |
[INFO] [stdout]     = help: if you wanted to use a crate named `toasty`, use `cargo add toasty` to add it to your `Cargo.toml`
[INFO] [stdout] 
[INFO] [stdout] error[E0433]: cannot find module or crate `toasty` in this scope
[INFO] [stdout]    --> src/lib.rs:618:13
[INFO] [stdout]     |
[INFO] [stdout] 618 |     groups: toasty::Deferred<Vec<Group>>,
[INFO] [stdout]     |             ^^^^^^ use of unresolved module or unlinked crate `toasty`
[INFO] [stdout]     |
[INFO] [stdout]     = help: if you wanted to use a crate named `toasty`, use `cargo add toasty` to add it to your `Cargo.toml`
[INFO] [stdout] 
[INFO] [stdout] error[E0433]: cannot find module or crate `toasty` in this scope
[INFO] [stdout]    --> src/lib.rs:628:18
[INFO] [stdout]     |
[INFO] [stdout] 628 |     memberships: toasty::Deferred<Vec<Membership>>,
[INFO] [stdout]     |                  ^^^^^^ use of unresolved module or unlinked crate `toasty`
[INFO] [stdout]     |
[INFO] [stdout]     = help: if you wanted to use a crate named `toasty`, use `cargo add toasty` to add it to your `Cargo.toml`
[INFO] [stdout] 
[INFO] [stdout] error[E0433]: cannot find module or crate `toasty` in this scope
[INFO] [stdout]    --> src/lib.rs:631:12
[INFO] [stdout]     |
[INFO] [stdout] 631 |     users: toasty::Deferred<Vec<User>>,
[INFO] [stdout]     |            ^^^^^^ use of unresolved module or unlinked crate `toasty`
[INFO] [stdout]     |
[INFO] [stdout]     = help: if you wanted to use a crate named `toasty`, use `cargo add toasty` to add it to your `Cargo.toml`
[INFO] [stdout] 
[INFO] [stdout] error[E0433]: cannot find module or crate `toasty` in this scope
[INFO] [stdout]    --> src/lib.rs:641:11
[INFO] [stdout]     |
[INFO] [stdout] 641 |     user: toasty::Deferred<User>,
[INFO] [stdout]     |           ^^^^^^ use of unresolved module or unlinked crate `toasty`
[INFO] [stdout]     |
[INFO] [stdout]     = help: if you wanted to use a crate named `toasty`, use `cargo add toasty` to add it to your `Cargo.toml`
[INFO] [stdout] 
[INFO] [stdout] error[E0433]: cannot find module or crate `toasty` in this scope
[INFO] [stdout]    --> src/lib.rs:647:12
[INFO] [stdout]     |
[INFO] [stdout] 647 |     group: toasty::Deferred<Group>,
[INFO] [stdout]     |            ^^^^^^ use of unresolved module or unlinked crate `toasty`
[INFO] [stdout]     |
[INFO] [stdout]     = help: if you wanted to use a crate named `toasty`, use `cargo add toasty` to add it to your `Cargo.toml`
[INFO] [stdout] 
[INFO] [stdout] error: aborting due to 23 previous errors
[INFO] [stdout] 
[INFO] [stdout] Some errors have detailed explanations: E0432, E0433.
[INFO] [stdout] For more information about an error, try `rustc --explain E0432`.
[INFO] [stdout] Couldn't compile the test.
[INFO] [stdout] ---- src/lib.rs - update (line 2394) stdout ----
[INFO] [stdout] error[E0433]: cannot find module or crate `toasty` in this scope
[INFO] [stdout]     --> src/lib.rs:2404:1
[INFO] [stdout]      |
[INFO] [stdout] 2404 | toasty::update!(article { tags.push("rust") })
[INFO] [stdout]      | ^^^^^^ use of unresolved module or unlinked crate `toasty`
[INFO] [stdout] 
[INFO] [stdout] error[E0433]: cannot find module or crate `toasty` in this scope
[INFO] [stdout]     --> src/lib.rs:2395:10
[INFO] [stdout]      |
[INFO] [stdout] 2395 | #[derive(toasty::Model)]
[INFO] [stdout]      |          ^^^^^^ use of unresolved module or unlinked crate `toasty`
[INFO] [stdout] 
[INFO] [stdout] error: cannot find attribute `key` in this scope
[INFO] [stdout]     --> src/lib.rs:2397:7
[INFO] [stdout]      |
[INFO] [stdout] 2397 |     #[key]
[INFO] [stdout]      |       ^^^
[INFO] [stdout] 
[INFO] [stdout] error: cannot find attribute `auto` in this scope
[INFO] [stdout]     --> src/lib.rs:2398:7
[INFO] [stdout]      |
[INFO] [stdout] 2398 |     #[auto]
[INFO] [stdout]      |       ^^^^
[INFO] [stdout] 
[INFO] [stdout] error[E0433]: cannot find module or crate `toasty` in this scope
[INFO] [stdout]     --> src/lib.rs:2402:26
[INFO] [stdout]      |
[INFO] [stdout] 2402 | async fn example(mut db: toasty::Db, mut article: Article) -> toasty::Result<()> {
[INFO] [stdout]      |                          ^^^^^^ use of unresolved module or unlinked crate `toasty`
[INFO] [stdout]      |
[INFO] [stdout]      = help: if you wanted to use a crate named `toasty`, use `cargo add toasty` to add it to your `Cargo.toml`
[INFO] [stdout] 
[INFO] [stdout] error[E0433]: cannot find module or crate `toasty` in this scope
[INFO] [stdout]     --> src/lib.rs:2402:63
[INFO] [stdout]      |
[INFO] [stdout] 2402 | async fn example(mut db: toasty::Db, mut article: Article) -> toasty::Result<()> {
[INFO] [stdout]      |                                                               ^^^^^^ use of unresolved module or unlinked crate `toasty`
[INFO] [stdout]      |
[INFO] [stdout]      = help: if you wanted to use a crate named `toasty`, use `cargo add toasty` to add it to your `Cargo.toml`
[INFO] [stdout] 
[INFO] [stdout] error: aborting due to 6 previous errors
[INFO] [stdout] 
[INFO] [stdout] For more information about this error, try `rustc --explain E0433`.
[INFO] [stdout] Couldn't compile the test.
[INFO] [stdout] ---- src/lib.rs - derive_embed (line 1378) stdout ----
[INFO] [stdout] error[E0432]: unresolved import `toasty`
[INFO] [stdout]     --> src/lib.rs:1426:5
[INFO] [stdout]      |
[INFO] [stdout] 1426 | use toasty::stmt;
[INFO] [stdout]      |     ^^^^^^ use of unresolved module or unlinked crate `toasty`
[INFO] [stdout]      |
[INFO] [stdout]      = help: if you wanted to use a crate named `toasty`, use `cargo add toasty` to add it to your `Cargo.toml`
[INFO] [stdout] 
[INFO] [stdout] error[E0433]: cannot find module or crate `toasty` in this scope
[INFO] [stdout]     --> src/lib.rs:1395:17
[INFO] [stdout]      |
[INFO] [stdout] 1395 | #[derive(Debug, toasty::Model)]
[INFO] [stdout]      |                 ^^^^^^ use of unresolved module or unlinked crate `toasty`
[INFO] [stdout] 
[INFO] [stdout] error[E0433]: cannot find module or crate `toasty` in this scope
[INFO] [stdout]     --> src/lib.rs:1388:17
[INFO] [stdout]      |
[INFO] [stdout] 1388 | #[derive(Debug, toasty::Embed)]
[INFO] [stdout]      |                 ^^^^^^ use of unresolved module or unlinked crate `toasty`
[INFO] [stdout] 
[INFO] [stdout] error[E0433]: cannot find module or crate `toasty` in this scope
[INFO] [stdout]     --> src/lib.rs:1380:28
[INFO] [stdout]      |
[INFO] [stdout] 1380 | #[derive(Debug, PartialEq, toasty::Embed)]
[INFO] [stdout]      |                            ^^^^^^ use of unresolved module or unlinked crate `toasty`
[INFO] [stdout] 
[INFO] [stdout] error: cannot find attribute `key` in this scope
[INFO] [stdout]     --> src/lib.rs:1397:7
[INFO] [stdout]      |
[INFO] [stdout] 1397 |     #[key]
[INFO] [stdout]      |       ^^^
[INFO] [stdout]      |
[INFO] [stdout]      = note: `key` is an attribute that can be used by the derive macro `Model`, you might be missing a `derive` attribute
[INFO] [stdout] 
[INFO] [stdout] error: cannot find attribute `auto` in this scope
[INFO] [stdout]     --> src/lib.rs:1398:7
[INFO] [stdout]      |
[INFO] [stdout] 1398 |     #[auto]
[INFO] [stdout]      |       ^^^^
[INFO] [stdout]      |
[INFO] [stdout]      = note: `auto` is an attribute that can be used by the derive macro `Model`, you might be missing a `derive` attribute
[INFO] [stdout] 
[INFO] [stdout] error: cannot find attribute `unique` in this scope
[INFO] [stdout]     --> src/lib.rs:1403:7
[INFO] [stdout]      |
[INFO] [stdout] 1403 |     #[unique]
[INFO] [stdout]      |       ^^^^^^
[INFO] [stdout]      |
[INFO] [stdout]      = note: `unique` is an attribute that can be used by the derive macros `Embed` and `Model`, you might be missing a `derive` attribute
[INFO] [stdout] 
[INFO] [stdout] error: cannot find attribute `column` in this scope
[INFO] [stdout]     --> src/lib.rs:1381:3
[INFO] [stdout]      |
[INFO] [stdout] 1381 | #[column(rename_all = "SCREAMING_SNAKE_CASE")]
[INFO] [stdout]      |   ^^^^^^
[INFO] [stdout]      |
[INFO] [stdout]      = note: `column` is an attribute that can be used by the derive macros `Embed` and `Model`, you might be missing a `derive` attribute
[INFO] [stdout]      = note: `column` is in scope, but it is a function-like macro
[INFO] [stdout] 
[INFO] [stdout] error[E0599]: no associated function or constant named `create` found for struct `Document` in the current scope
[INFO] [stdout]     --> src/lib.rs:1410:25
[INFO] [stdout]      |
[INFO] [stdout] 1396 | struct Document {
[INFO] [stdout]      | --------------- associated function or constant `create` not found for this struct
[INFO] [stdout] ...
[INFO] [stdout] 1410 | let mut doc = Document::create()
[INFO] [stdout]      |                         ^^^^^^ associated function or constant not found in `Document`
[INFO] [stdout]      |
[INFO] [stdout]      = help: items from traits can only be used if the trait is implemented and in scope
[INFO] [stdout]      = note: the following trait defines an item `create`, perhaps you need to implement it:
[INFO] [stdout]              candidate #1: `regex_syntax::hir::interval::Interval`
[INFO] [stdout] 
[INFO] [stdout] error[E0599]: `Document` is not an iterator
[INFO] [stdout]     --> src/lib.rs:1421:24
[INFO] [stdout]      |
[INFO] [stdout] 1396 | struct Document {
[INFO] [stdout]      | --------------- associated function or constant `filter` not found for this struct because it doesn't satisfy `Document: Iterator`
[INFO] [stdout] ...
[INFO] [stdout] 1421 | let drafts = Document::filter(
[INFO] [stdout]      |                        ^^^^^^ `Document` is not an iterator
[INFO] [stdout]      |
[INFO] [stdout]      = note: the following trait bounds were not satisfied:
[INFO] [stdout]              `Document: Iterator`
[INFO] [stdout]              which is required by `&mut Document: Iterator`
[INFO] [stdout] note: the trait `Iterator` must be implemented
[INFO] [stdout]     --> /rustc/e3feeb59cd1bdd011a2bfcc0747b55125d9b8527/library/core/src/iter/traits/iterator.rs:42:0
[INFO] [stdout]      = help: items from traits can only be used if the trait is implemented and in scope
[INFO] [stdout]      = note: the following traits define an item `filter`, perhaps you need to implement one of them:
[INFO] [stdout]              candidate #1: `Iterator`
[INFO] [stdout]              candidate #2: `tokio_stream::StreamExt`
[INFO] [stdout] 
[INFO] [stdout] error[E0599]: no associated function or constant named `fields` found for struct `Document` in the current scope
[INFO] [stdout]     --> src/lib.rs:1422:15
[INFO] [stdout]      |
[INFO] [stdout] 1396 | struct Document {
[INFO] [stdout]      | --------------- associated function or constant `fields` not found for this struct
[INFO] [stdout] ...
[INFO] [stdout] 1422 |     Document::fields().meta().status().eq("draft")
[INFO] [stdout]      |               ^^^^^^ associated function or constant not found in `Document`
[INFO] [stdout] 
[INFO] [stdout] warning: method call on a diverging inference variable
[INFO] [stdout]     --> src/lib.rs:1427:5
[INFO] [stdout]      |
[INFO] [stdout] 1427 | doc.update()
[INFO] [stdout]      |     ^^^^^^
[INFO] [stdout]      |
[INFO] [stdout]      = help: consider providing a type annotation
[INFO] [stdout]      = warning: this was previously accepted by the compiler but is being phased out; it will become a hard error in a future release!
[INFO] [stdout]      = note: for more information, see issue #156047 <https://github.com/rust-lang/rust/issues/156047>
[INFO] [stdout]      = note: `#[warn(method_call_on_diverging_infer_var)]` (part of `#[warn(future_incompatible)]`) on by default
[INFO] [stdout] 
[INFO] [stdout] error[E0599]: no method named `update` found for type `!` in the current scope
[INFO] [stdout]     --> src/lib.rs:1427:5
[INFO] [stdout]      |
[INFO] [stdout] 1427 | doc.update()
[INFO] [stdout]      |     ^^^^^^ method not found in `!`
[INFO] [stdout] 
[INFO] [stdout] error[E0599]: no associated function or constant named `fields` found for struct `example::{closure#0}::Metadata` in the current scope
[INFO] [stdout]     --> src/lib.rs:1429:31
[INFO] [stdout]      |
[INFO] [stdout] 1389 | struct Metadata {
[INFO] [stdout]      | --------------- associated function or constant `fields` not found for this struct
[INFO] [stdout] ...
[INFO] [stdout] 1429 |         stmt::patch(Metadata::fields().version(), 2),
[INFO] [stdout]      |                               ^^^^^^ associated function or constant not found in `example::{closure#0}::Metadata`
[INFO] [stdout] 
[INFO] [stdout] error[E0599]: no associated function or constant named `fields` found for struct `example::{closure#0}::Metadata` in the current scope
[INFO] [stdout]     --> src/lib.rs:1430:31
[INFO] [stdout]      |
[INFO] [stdout] 1389 | struct Metadata {
[INFO] [stdout]      | --------------- associated function or constant `fields` not found for this struct
[INFO] [stdout] ...
[INFO] [stdout] 1430 |         stmt::patch(Metadata::fields().status(), "published"),
[INFO] [stdout]      |                               ^^^^^^ associated function or constant not found in `example::{closure#0}::Metadata`
[INFO] [stdout] 
[INFO] [stdout] error[E0433]: cannot find module or crate `toasty` in this scope
[INFO] [stdout]     --> src/lib.rs:1379:26
[INFO] [stdout]      |
[INFO] [stdout] 1379 | async fn example(mut db: toasty::Db) -> toasty::Result<()> {
[INFO] [stdout]      |                          ^^^^^^ use of unresolved module or unlinked crate `toasty`
[INFO] [stdout]      |
[INFO] [stdout]      = help: if you wanted to use a crate named `toasty`, use `cargo add toasty` to add it to your `Cargo.toml`
[INFO] [stdout] 
[INFO] [stdout] error[E0433]: cannot find module or crate `toasty` in this scope
[INFO] [stdout]     --> src/lib.rs:1379:41
[INFO] [stdout]      |
[INFO] [stdout] 1379 | async fn example(mut db: toasty::Db) -> toasty::Result<()> {
[INFO] [stdout]      |                                         ^^^^^^ use of unresolved module or unlinked crate `toasty`
[INFO] [stdout]      |
[INFO] [stdout]      = help: if you wanted to use a crate named `toasty`, use `cargo add toasty` to add it to your `Cargo.toml`
[INFO] [stdout] 
[INFO] [stdout] error: aborting due to 16 previous errors; 1 warning emitted
[INFO] [stdout] 
[INFO] [stdout] Some errors have detailed explanations: E0432, E0433, E0599.
[INFO] [stdout] For more information about an error, try `rustc --explain E0432`.
[INFO] [stdout] Couldn't compile the test.
[INFO] [stdout] ---- src/lib.rs - update (line 2479) stdout ----
[INFO] [stdout] error[E0433]: cannot find module or crate `toasty` in this scope
[INFO] [stdout]     --> src/lib.rs:2500:1
[INFO] [stdout]      |
[INFO] [stdout] 2500 | toasty::update!(user {
[INFO] [stdout]      | ^^^^^^ use of unresolved module or unlinked crate `toasty`
[INFO] [stdout] 
[INFO] [stdout] error[E0433]: cannot find module or crate `toasty` in this scope
[INFO] [stdout]     --> src/lib.rs:2488:10
[INFO] [stdout]      |
[INFO] [stdout] 2488 | #[derive(toasty::Model)]
[INFO] [stdout]      |          ^^^^^^ use of unresolved module or unlinked crate `toasty`
[INFO] [stdout] 
[INFO] [stdout] error[E0433]: cannot find module or crate `toasty` in this scope
[INFO] [stdout]     --> src/lib.rs:2480:10
[INFO] [stdout]      |
[INFO] [stdout] 2480 | #[derive(toasty::Model)]
[INFO] [stdout]      |          ^^^^^^ use of unresolved module or unlinked crate `toasty`
[INFO] [stdout] 
[INFO] [stdout] error: cannot find attribute `key` in this scope
[INFO] [stdout]     --> src/lib.rs:2490:7
[INFO] [stdout]      |
[INFO] [stdout] 2490 |     #[key]
[INFO] [stdout]      |       ^^^
[INFO] [stdout] 
[INFO] [stdout] error: cannot find attribute `auto` in this scope
[INFO] [stdout]     --> src/lib.rs:2491:7
[INFO] [stdout]      |
[INFO] [stdout] 2491 |     #[auto]
[INFO] [stdout]      |       ^^^^
[INFO] [stdout] 
[INFO] [stdout] error: cannot find attribute `index` in this scope
[INFO] [stdout]     --> src/lib.rs:2494:7
[INFO] [stdout]      |
[INFO] [stdout] 2494 |     #[index]
[INFO] [stdout]      |       ^^^^^
[INFO] [stdout] 
[INFO] [stdout] error: cannot find attribute `belongs_to` in this scope
[INFO] [stdout]     --> src/lib.rs:2496:7
[INFO] [stdout]      |
[INFO] [stdout] 2496 |     #[belongs_to(key = user_id, references = id)]
[INFO] [stdout]      |       ^^^^^^^^^^
[INFO] [stdout] 
[INFO] [stdout] error: cannot find attribute `key` in this scope
[INFO] [stdout]     --> src/lib.rs:2482:7
[INFO] [stdout]      |
[INFO] [stdout] 2482 |     #[key]
[INFO] [stdout]      |       ^^^
[INFO] [stdout] 
[INFO] [stdout] error: cannot find attribute `auto` in this scope
[INFO] [stdout]     --> src/lib.rs:2483:7
[INFO] [stdout]      |
[INFO] [stdout] 2483 |     #[auto]
[INFO] [stdout]      |       ^^^^
[INFO] [stdout] 
[INFO] [stdout] error: cannot find attribute `has_many` in this scope
[INFO] [stdout]     --> src/lib.rs:2485:7
[INFO] [stdout]      |
[INFO] [stdout] 2485 |     #[has_many]
[INFO] [stdout]      |       ^^^^^^^^
[INFO] [stdout] 
[INFO] [stdout] error[E0433]: cannot find module or crate `toasty` in this scope
[INFO] [stdout]     --> src/lib.rs:2486:12
[INFO] [stdout]      |
[INFO] [stdout] 2486 |     todos: toasty::Deferred<Vec<Todo>>,
[INFO] [stdout]      |            ^^^^^^ use of unresolved module or unlinked crate `toasty`
[INFO] [stdout]      |
[INFO] [stdout]      = help: if you wanted to use a crate named `toasty`, use `cargo add toasty` to add it to your `Cargo.toml`
[INFO] [stdout] 
[INFO] [stdout] error[E0433]: cannot find module or crate `toasty` in this scope
[INFO] [stdout]     --> src/lib.rs:2497:11
[INFO] [stdout]      |
[INFO] [stdout] 2497 |     user: toasty::Deferred<User>,
[INFO] [stdout]      |           ^^^^^^ use of unresolved module or unlinked crate `toasty`
[INFO] [stdout]      |
[INFO] [stdout]      = help: if you wanted to use a crate named `toasty`, use `cargo add toasty` to add it to your `Cargo.toml`
[INFO] [stdout] 
[INFO] [stdout] error[E0433]: cannot find module or crate `toasty` in this scope
[INFO] [stdout]     --> src/lib.rs:2499:26
[INFO] [stdout]      |
[INFO] [stdout] 2499 | async fn example(mut db: toasty::Db, mut user: User, old: Todo) -> toasty::Result<()> {
[INFO] [stdout]      |                          ^^^^^^ use of unresolved module or unlinked crate `toasty`
[INFO] [stdout]      |
[INFO] [stdout]      = help: if you wanted to use a crate named `toasty`, use `cargo add toasty` to add it to your `Cargo.toml`
[INFO] [stdout] 
[INFO] [stdout] error[E0433]: cannot find module or crate `toasty` in this scope
[INFO] [stdout]     --> src/lib.rs:2499:68
[INFO] [stdout]      |
[INFO] [stdout] 2499 | async fn example(mut db: toasty::Db, mut user: User, old: Todo) -> toasty::Result<()> {
[INFO] [stdout]      |                                                                    ^^^^^^ use of unresolved module or unlinked crate `toasty`
[INFO] [stdout]      |
[INFO] [stdout]      = help: if you wanted to use a crate named `toasty`, use `cargo add toasty` to add it to your `Cargo.toml`
[INFO] [stdout] 
[INFO] [stdout] error: aborting due to 14 previous errors
[INFO] [stdout] 
[INFO] [stdout] For more information about this error, try `rustc --explain E0433`.
[INFO] [stdout] Couldn't compile the test.
[INFO] [stdout] ---- src/lib.rs - derive_model (line 784) stdout ----
[INFO] [stdout] error[E0433]: cannot find module or crate `toasty` in this scope
[INFO] [stdout]    --> src/lib.rs:806:17
[INFO] [stdout]     |
[INFO] [stdout] 806 | #[derive(Debug, toasty::Model)]
[INFO] [stdout]     |                 ^^^^^^ use of unresolved module or unlinked crate `toasty`
[INFO] [stdout] 
[INFO] [stdout] error[E0433]: cannot find module or crate `toasty` in this scope
[INFO] [stdout]    --> src/lib.rs:785:17
[INFO] [stdout]     |
[INFO] [stdout] 785 | #[derive(Debug, toasty::Model)]
[INFO] [stdout]     |                 ^^^^^^ use of unresolved module or unlinked crate `toasty`
[INFO] [stdout] 
[INFO] [stdout] error: cannot find attribute `key` in this scope
[INFO] [stdout]    --> src/lib.rs:808:7
[INFO] [stdout]     |
[INFO] [stdout] 808 |     #[key]
[INFO] [stdout]     |       ^^^
[INFO] [stdout] 
[INFO] [stdout] error: cannot find attribute `auto` in this scope
[INFO] [stdout]    --> src/lib.rs:809:7
[INFO] [stdout]     |
[INFO] [stdout] 809 |     #[auto]
[INFO] [stdout]     |       ^^^^
[INFO] [stdout] 
[INFO] [stdout] error: cannot find attribute `column` in this scope
[INFO] [stdout]    --> src/lib.rs:814:7
[INFO] [stdout]     |
[INFO] [stdout] 814 |     #[column(type = text)]
[INFO] [stdout]     |       ^^^^^^
[INFO] [stdout]     |
[INFO] [stdout]     = note: `column` is in scope, but it is a function-like macro
[INFO] [stdout] 
[INFO] [stdout] error: cannot find attribute `index` in this scope
[INFO] [stdout]    --> src/lib.rs:817:7
[INFO] [stdout]     |
[INFO] [stdout] 817 |     #[index]
[INFO] [stdout]     |       ^^^^^
[INFO] [stdout] 
[INFO] [stdout] error: cannot find attribute `belongs_to` in this scope
[INFO] [stdout]    --> src/lib.rs:820:7
[INFO] [stdout]     |
[INFO] [stdout] 820 |     #[belongs_to(key = user_id, references = id)]
[INFO] [stdout]     |       ^^^^^^^^^^
[INFO] [stdout] 
[INFO] [stdout] error: cannot find attribute `key` in this scope
[INFO] [stdout]    --> src/lib.rs:787:7
[INFO] [stdout]     |
[INFO] [stdout] 787 |     #[key]
[INFO] [stdout]     |       ^^^
[INFO] [stdout] 
[INFO] [stdout] error: cannot find attribute `auto` in this scope
[INFO] [stdout]    --> src/lib.rs:788:7
[INFO] [stdout]     |
[INFO] [stdout] 788 |     #[auto]
[INFO] [stdout]     |       ^^^^
[INFO] [stdout] 
[INFO] [stdout] error: cannot find attribute `unique` in this scope
[INFO] [stdout]    --> src/lib.rs:791:7
[INFO] [stdout]     |
[INFO] [stdout] 791 |     #[unique]
[INFO] [stdout]     |       ^^^^^^
[INFO] [stdout] 
[INFO] [stdout] error: cannot find attribute `default` in this scope
[INFO] [stdout]    --> src/lib.rs:796:7
[INFO] [stdout]     |
[INFO] [stdout] 796 |     #[default(toasty::stmt::Timestamp::now())]
[INFO] [stdout]     |       ^^^^^^^
[INFO] [stdout] 
[INFO] [stdout] error: cannot find attribute `update` in this scope
[INFO] [stdout]    --> src/lib.rs:799:7
[INFO] [stdout]     |
[INFO] [stdout] 799 |     #[update(toasty::stmt::Timestamp::now())]
[INFO] [stdout]     |       ^^^^^^
[INFO] [stdout] 
[INFO] [stdout] error: cannot find attribute `has_many` in this scope
[INFO] [stdout]    --> src/lib.rs:802:7
[INFO] [stdout]     |
[INFO] [stdout] 802 |     #[has_many]
[INFO] [stdout]     |       ^^^^^^^^
[INFO] [stdout] 
[INFO] [stdout] error[E0433]: cannot find module or crate `toasty` in this scope
[INFO] [stdout]    --> src/lib.rs:797:17
[INFO] [stdout]     |
[INFO] [stdout] 797 |     created_at: toasty::stmt::Timestamp,
[INFO] [stdout]     |                 ^^^^^^ use of unresolved module or unlinked crate `toasty`
[INFO] [stdout]     |
[INFO] [stdout]     = help: if you wanted to use a crate named `toasty`, use `cargo add toasty` to add it to your `Cargo.toml`
[INFO] [stdout] 
[INFO] [stdout] error[E0433]: cannot find module or crate `toasty` in this scope
[INFO] [stdout]    --> src/lib.rs:800:17
[INFO] [stdout]     |
[INFO] [stdout] 800 |     updated_at: toasty::stmt::Timestamp,
[INFO] [stdout]     |                 ^^^^^^ use of unresolved module or unlinked crate `toasty`
[INFO] [stdout]     |
[INFO] [stdout]     = help: if you wanted to use a crate named `toasty`, use `cargo add toasty` to add it to your `Cargo.toml`
[INFO] [stdout] 
[INFO] [stdout] error[E0433]: cannot find module or crate `toasty` in this scope
[INFO] [stdout]    --> src/lib.rs:803:12
[INFO] [stdout]     |
[INFO] [stdout] 803 |     posts: toasty::Deferred<Vec<Post>>,
[INFO] [stdout]     |            ^^^^^^ use of unresolved module or unlinked crate `toasty`
[INFO] [stdout]     |
[INFO] [stdout]     = help: if you wanted to use a crate named `toasty`, use `cargo add toasty` to add it to your `Cargo.toml`
[INFO] [stdout] 
[INFO] [stdout] error[E0433]: cannot find module or crate `toasty` in this scope
[INFO] [stdout]    --> src/lib.rs:815:11
[INFO] [stdout]     |
[INFO] [stdout] 815 |     tags: toasty::Json<Vec<String>>,
[INFO] [stdout]     |           ^^^^^^ use of unresolved module or unlinked crate `toasty`
[INFO] [stdout]     |
[INFO] [stdout]     = help: if you wanted to use a crate named `toasty`, use `cargo add toasty` to add it to your `Cargo.toml`
[INFO] [stdout] 
[INFO] [stdout] error[E0433]: cannot find module or crate `toasty` in this scope
[INFO] [stdout]    --> src/lib.rs:821:11
[INFO] [stdout]     |
[INFO] [stdout] 821 |     user: toasty::Deferred<User>,
[INFO] [stdout]     |           ^^^^^^ use of unresolved module or unlinked crate `toasty`
[INFO] [stdout]     |
[INFO] [stdout]     = help: if you wanted to use a crate named `toasty`, use `cargo add toasty` to add it to your `Cargo.toml`
[INFO] [stdout] 
[INFO] [stdout] error: aborting due to 18 previous errors
[INFO] [stdout] 
[INFO] [stdout] For more information about this error, try `rustc --explain E0433`.
[INFO] [stdout] Couldn't compile the test.
[INFO] [stdout] 
[INFO] [stdout] failures:
[INFO] [stdout]     src/lib.rs - create (line 1846)
[INFO] [stdout]     src/lib.rs - create (line 1875)
[INFO] [stdout]     src/lib.rs - create (line 1915)
[INFO] [stdout]     src/lib.rs - create (line 1948)
[INFO] [stdout]     src/lib.rs - create (line 1979)
[INFO] [stdout]     src/lib.rs - create (line 2014)
[INFO] [stdout]     src/lib.rs - create (line 2030)
[INFO] [stdout]     src/lib.rs - create (line 2048)
[INFO] [stdout]     src/lib.rs - create (line 2086)
[INFO] [stdout]     src/lib.rs - create (line 2127)
[INFO] [stdout]     src/lib.rs - create (line 2217)
[INFO] [stdout]     src/lib.rs - derive_embed (line 1004)
[INFO] [stdout]     src/lib.rs - derive_embed (line 1020)
[INFO] [stdout]     src/lib.rs - derive_embed (line 1044)
[INFO] [stdout]     src/lib.rs - derive_embed (line 1066)
[INFO] [stdout]     src/lib.rs - derive_embed (line 1084)
[INFO] [stdout]     src/lib.rs - derive_embed (line 1111)
[INFO] [stdout]     src/lib.rs - derive_embed (line 1132)
[INFO] [stdout]     src/lib.rs - derive_embed (line 1157)
[INFO] [stdout]     src/lib.rs - derive_embed (line 1170)
[INFO] [stdout]     src/lib.rs - derive_embed (line 1187)
[INFO] [stdout]     src/lib.rs - derive_embed (line 1211)
[INFO] [stdout]     src/lib.rs - derive_embed (line 1230)
[INFO] [stdout]     src/lib.rs - derive_embed (line 1269)
[INFO] [stdout]     src/lib.rs - derive_embed (line 1313)
[INFO] [stdout]     src/lib.rs - derive_embed (line 1343)
[INFO] [stdout]     src/lib.rs - derive_embed (line 1378)
[INFO] [stdout]     src/lib.rs - derive_embed (line 853)
[INFO] [stdout]     src/lib.rs - derive_embed (line 882)
[INFO] [stdout]     src/lib.rs - derive_embed (line 962)
[INFO] [stdout]     src/lib.rs - derive_embed (line 990)
[INFO] [stdout]     src/lib.rs - derive_model (line 103)
[INFO] [stdout]     src/lib.rs - derive_model (line 119)
[INFO] [stdout]     src/lib.rs - derive_model (line 143)
[INFO] [stdout]     src/lib.rs - derive_model (line 180)
[INFO] [stdout]     src/lib.rs - derive_model (line 208)
[INFO] [stdout]     src/lib.rs - derive_model (line 227)
[INFO] [stdout]     src/lib.rs - derive_model (line 246)
[INFO] [stdout]     src/lib.rs - derive_model (line 264)
[INFO] [stdout]     src/lib.rs - derive_model (line 278)
[INFO] [stdout]     src/lib.rs - derive_model (line 292)
[INFO] [stdout]     src/lib.rs - derive_model (line 340)
[INFO] [stdout]     src/lib.rs - derive_model (line 355)
[INFO] [stdout]     src/lib.rs - derive_model (line 371)
[INFO] [stdout]     src/lib.rs - derive_model (line 409)
[INFO] [stdout]     src/lib.rs - derive_model (line 442)
[INFO] [stdout]     src/lib.rs - derive_model (line 467)
[INFO] [stdout]     src/lib.rs - derive_model (line 493)
[INFO] [stdout]     src/lib.rs - derive_model (line 532)
[INFO] [stdout]     src/lib.rs - derive_model (line 556)
[INFO] [stdout]     src/lib.rs - derive_model (line 606)
[INFO] [stdout]     src/lib.rs - derive_model (line 666)
[INFO] [stdout]     src/lib.rs - derive_model (line 697)
[INFO] [stdout]     src/lib.rs - derive_model (line 728)
[INFO] [stdout]     src/lib.rs - derive_model (line 73)
[INFO] [stdout]     src/lib.rs - derive_model (line 784)
[INFO] [stdout]     src/lib.rs - derive_model (line 85)
[INFO] [stdout]     src/lib.rs - query (line 1466)
[INFO] [stdout]     src/lib.rs - query (line 1498)
[INFO] [stdout]     src/lib.rs - query (line 1531)
[INFO] [stdout]     src/lib.rs - query (line 1558)
[INFO] [stdout]     src/lib.rs - query (line 1579)
[INFO] [stdout]     src/lib.rs - query (line 1598)
[INFO] [stdout]     src/lib.rs - query (line 1621)
[INFO] [stdout]     src/lib.rs - query (line 1642)
[INFO] [stdout]     src/lib.rs - query (line 1667)
[INFO] [stdout]     src/lib.rs - query (line 1695)
[INFO] [stdout]     src/lib.rs - query (line 1713)
[INFO] [stdout]     src/lib.rs - update (line 2299)
[INFO] [stdout]     src/lib.rs - update (line 2326)
[INFO] [stdout]     src/lib.rs - update (line 2346)
[INFO] [stdout]     src/lib.rs - update (line 2373)
[INFO] [stdout]     src/lib.rs - update (line 2394)
[INFO] [stdout]     src/lib.rs - update (line 2419)
[INFO] [stdout]     src/lib.rs - update (line 2447)
[INFO] [stdout]     src/lib.rs - update (line 2479)
[INFO] [stdout] 
[INFO] [stdout] test result: FAILED. 6 passed; 76 failed; 10 ignored; 0 measured; 0 filtered out; finished in 2.51s
[INFO] [stdout] 
[INFO] [stdout] all doctests ran in 4.44s; merged doctests compilation took 1.93s
[INFO] [stderr] error: doctest failed, to rerun pass `--doc`
[INFO] running `Command { std: "docker" "inspect" "43016e7cb7703bc81f280a076f04113ffaf76687a0725fc1fb73239d55da2a12", kill_on_drop: false }`
[INFO] running `Command { std: "docker" "rm" "-f" "43016e7cb7703bc81f280a076f04113ffaf76687a0725fc1fb73239d55da2a12", kill_on_drop: false }`
[INFO] [stdout] 43016e7cb7703bc81f280a076f04113ffaf76687a0725fc1fb73239d55da2a12
