[INFO] fetching crate toa 0.4.0...
[INFO] testing toa-0.4.0 against 1.99.0-beta.8+cargoflags=--release for beta-release-1.100-2
[INFO] extracting crate toa 0.4.0 into /workspace/builds/worker-3-tc1/source
[INFO] started tweaking crates.io crate toa 0.4.0
[INFO] removed 0 missing tests
[INFO] finished tweaking crates.io crate toa 0.4.0
[INFO] tweaked toml for crates.io crate toa 0.4.0 written to /workspace/builds/worker-3-tc1/source/Cargo.toml
[INFO] validating manifest of crates.io crate toa 0.4.0 on toolchain 1.99.0-beta.8
[INFO] running `Command { std: CARGO_HOME="/workspace/cargo-home" RUSTUP_HOME="/workspace/rustup-home" "/workspace/cargo-home/bin/cargo" "+1.99.0-beta.8" "metadata" "--manifest-path" "Cargo.toml" "--no-deps", kill_on_drop: false }`
[INFO] crate crates.io crate toa 0.4.0 already has a lockfile, it will not be regenerated
[INFO] running `Command { std: CARGO_HOME="/workspace/cargo-home" RUSTUP_HOME="/workspace/rustup-home" "/workspace/cargo-home/bin/cargo" "+1.99.0-beta.8" "fetch" "--manifest-path" "Cargo.toml", kill_on_drop: false }`
[INFO] [stderr]     Updating crates.io index
[INFO] [stderr]  Downloading crates ...
[INFO] [stderr]   Downloaded libtoa v0.4.0
[INFO] running `Command { std: "docker" "create" "-v" "/var/lib/crater-agent-workspace/builds/worker-3-tc1/source:/opt/rustwide/workdir:ro,Z" "-v" "/var/lib/crater-agent-workspace/builds/worker-3-tc1/target:/opt/rustwide/target:rw,Z" "-v" "/var/lib/crater-agent-workspace/cargo-home:/opt/rustwide/cargo-home:ro,Z" "-v" "/var/lib/crater-agent-workspace/rustup-home:/opt/rustwide/rustup-home:ro,Z" "-m" "1610612736" "--network" "none" "ghcr.io/rust-lang/crates-build-env/linux@sha256:77db811e55d90add9212f6832c23229e3de5f1c1f9905e8cb07319ea15df73ac" "sleep" "infinity", kill_on_drop: false }`
[INFO] [stdout] 699f932a83f7b27ec6839461cbe1d2cd07e53a2e767f7b01e92b610b2fa0f181
[INFO] running `Command { std: "docker" "start" "699f932a83f7b27ec6839461cbe1d2cd07e53a2e767f7b01e92b610b2fa0f181", kill_on_drop: false }`
[INFO] running `Command { std: "docker" "inspect" "699f932a83f7b27ec6839461cbe1d2cd07e53a2e767f7b01e92b610b2fa0f181", kill_on_drop: false }`
[INFO] running `Command { std: "docker" "exec" "-e" "SOURCE_DIR=/opt/rustwide/workdir" "-e" "CARGO_HOME=/opt/rustwide/cargo-home" "-e" "RUSTUP_HOME=/opt/rustwide/rustup-home" "-e" "CARGO_TARGET_DIR=/opt/rustwide/target" "-w" "/opt/rustwide/workdir" "--user" "0:0" "699f932a83f7b27ec6839461cbe1d2cd07e53a2e767f7b01e92b610b2fa0f181" "/opt/rustwide/cargo-home/bin/cargo" "+1.99.0-beta.8" "metadata" "--no-deps" "--format-version=1", kill_on_drop: false }`
[INFO] running `Command { std: "docker" "inspect" "699f932a83f7b27ec6839461cbe1d2cd07e53a2e767f7b01e92b610b2fa0f181", kill_on_drop: false }`
[INFO] running `Command { std: "docker" "exec" "-e" "SOURCE_DIR=/opt/rustwide/workdir" "-e" "CARGO_HOME=/opt/rustwide/cargo-home" "-e" "RUSTUP_HOME=/opt/rustwide/rustup-home" "-e" "CARGO_TARGET_DIR=/opt/rustwide/target" "-e" "CARGO_INCREMENTAL=0" "-e" "RUST_BACKTRACE=full" "-e" "RUSTFLAGS=--cap-lints=warn" "-e" "RUSTDOCFLAGS=--cap-lints=warn" "-w" "/opt/rustwide/workdir" "--user" "0:0" "699f932a83f7b27ec6839461cbe1d2cd07e53a2e767f7b01e92b610b2fa0f181" "/opt/rustwide/cargo-home/bin/cargo" "+1.99.0-beta.8" "build" "--frozen" "--message-format=json" "--release", kill_on_drop: false }`
[INFO] [stderr]    Compiling cc v1.2.39
[INFO] [stderr]    Compiling clap_lex v0.7.5
[INFO] [stderr]    Compiling clap_builder v4.5.48
[INFO] [stderr]    Compiling blake3 v1.8.2
[INFO] [stderr]    Compiling libtoa v0.4.0
[INFO] [stderr]    Compiling clap v4.5.48
[INFO] [stderr]    Compiling toa v0.4.0 (/opt/rustwide/workdir)
[INFO] [stderr]     Finished `release` profile [optimized] target(s) in 11.60s
[INFO] running `Command { std: "docker" "inspect" "699f932a83f7b27ec6839461cbe1d2cd07e53a2e767f7b01e92b610b2fa0f181", kill_on_drop: false }`
[INFO] running `Command { std: "docker" "exec" "-e" "SOURCE_DIR=/opt/rustwide/workdir" "-e" "CARGO_HOME=/opt/rustwide/cargo-home" "-e" "RUSTUP_HOME=/opt/rustwide/rustup-home" "-e" "CARGO_TARGET_DIR=/opt/rustwide/target" "-e" "CARGO_INCREMENTAL=0" "-e" "RUST_BACKTRACE=full" "-e" "RUSTFLAGS=--cap-lints=warn" "-e" "RUSTDOCFLAGS=--cap-lints=warn" "-w" "/opt/rustwide/workdir" "--user" "0:0" "699f932a83f7b27ec6839461cbe1d2cd07e53a2e767f7b01e92b610b2fa0f181" "/opt/rustwide/cargo-home/bin/cargo" "+1.99.0-beta.8" "test" "--frozen" "--no-run" "--message-format=json" "--release", kill_on_drop: false }`
[INFO] [stderr]    Compiling toa v0.4.0 (/opt/rustwide/workdir)
[INFO] [stderr]     Finished `release` profile [optimized] target(s) in 2.20s
[INFO] running `Command { std: "docker" "inspect" "699f932a83f7b27ec6839461cbe1d2cd07e53a2e767f7b01e92b610b2fa0f181", kill_on_drop: false }`
[INFO] running `Command { std: "docker" "exec" "-e" "SOURCE_DIR=/opt/rustwide/workdir" "-e" "CARGO_HOME=/opt/rustwide/cargo-home" "-e" "RUSTUP_HOME=/opt/rustwide/rustup-home" "-e" "CARGO_TARGET_DIR=/opt/rustwide/target" "-e" "CARGO_INCREMENTAL=0" "-e" "RUST_BACKTRACE=full" "-e" "RUSTFLAGS=--cap-lints=warn" "-e" "RUSTDOCFLAGS=--cap-lints=warn" "-w" "/opt/rustwide/workdir" "--user" "0:0" "699f932a83f7b27ec6839461cbe1d2cd07e53a2e767f7b01e92b610b2fa0f181" "/opt/rustwide/cargo-home/bin/cargo" "+1.99.0-beta.8" "test" "--frozen" "--release", kill_on_drop: false }`
[INFO] [stderr]     Finished `release` profile [optimized] target(s) in 0.02s
[INFO] [stderr]      Running unittests src/main.rs (/opt/rustwide/target/release/deps/toa-da918cd053e8dd66)
[INFO] [stdout] 
[INFO] [stderr]      Running tests/bcj.rs (/opt/rustwide/target/release/deps/bcj-e4832172cbee1067)
[INFO] [stdout] running 1 test
[INFO] [stdout] test util::tests::test_format_size ... ok
[INFO] [stdout] 
[INFO] [stdout] test result: ok. 1 passed; 0 failed; 0 ignored; 0 measured; 0 filtered out; finished in 0.00s
[INFO] [stdout] 
[INFO] [stdout] 
[INFO] [stdout] running 8 tests
[INFO] [stdout] test test_bcj_arm_thumb_filter ... FAILED
[INFO] [stdout] test test_bcj_powerpc_filter ... FAILED
[INFO] [stdout] test test_bcj_sparc_filter ... FAILED
[INFO] [stdout] test test_bcj_x86_filter ... FAILED
[INFO] [stdout] test test_bcj_riscv_filter ... FAILED
[INFO] [stdout] test test_bcj_arm_filter ... FAILED
[INFO] [stdout] test test_bcj_arm64_filter ... FAILED
[INFO] [stdout] test test_bcj_ia64_filter ... FAILED
[INFO] [stdout] 
[INFO] [stdout] failures:
[INFO] [stdout] 
[INFO] [stdout] ---- test_bcj_arm_thumb_filter stdout ----
[INFO] [stdout] 
[INFO] [stdout] thread 'test_bcj_arm_thumb_filter' (479) panicked at tests/bcj.rs:111:40:
[INFO] [stdout] Failed to read test file: tests/data/wget-arm-thumb
[INFO] [stdout] stack backtrace:
[INFO] [stdout]    0:     0x6031c3114721 - <<std[70759c8f55707aa4]::sys::backtrace::BacktraceLock>::print::DisplayBacktrace as core[df12db4294e9bfd3]::fmt::Display>::fmt
[INFO] [stdout]    1:     0x6031c312902a - core[df12db4294e9bfd3]::fmt::write
[INFO] [stdout]    2:     0x6031c3118bbc - <alloc[2182bb758b4b3781]::vec::Vec<u8> as core[df12db4294e9bfd3]::io::write::Write>::write_fmt
[INFO] [stdout]    3:     0x6031c30f09f6 - std[70759c8f55707aa4]::panicking::default_hook::{closure#0}
[INFO] [stdout]    4:     0x6031c310cb69 - std[70759c8f55707aa4]::panicking::default_hook
[INFO] [stdout]    5:     0x6031c306b110 - test[9d35eded1c95d3be]::test_main_inner::<test[9d35eded1c95d3be]::test_main_static::{closure#0}>::{closure#0}
[INFO] [stdout]    6:     0x6031c310cd22 - std[70759c8f55707aa4]::panicking::panic_with_hook
[INFO] [stdout]    7:     0x6031c30f0aa2 - std[70759c8f55707aa4]::panicking::panic_handler::{closure#0}
[INFO] [stdout]    8:     0x6031c30e9699 - std[70759c8f55707aa4]::sys::backtrace::__rust_end_short_backtrace::<std[70759c8f55707aa4]::panicking::panic_handler::{closure#0}, !>
[INFO] [stdout]    9:     0x6031c30f169d - __rustc[8fa7c3cbc660c2b3]::rust_begin_unwind
[INFO] [stdout]   10:     0x6031c312975c - core[df12db4294e9bfd3]::panicking::panic_fmt
[INFO] [stdout]   11:     0x6031c305c5ef - bcj[88207fc8c2e02deb]::load_test_data::{closure#0}
[INFO] [stdout]   12:     0x6031c305c892 - bcj[88207fc8c2e02deb]::load_test_data
[INFO] [stdout]   13:     0x6031c305e31e - <bcj[88207fc8c2e02deb]::test_bcj_arm_thumb_filter::{closure#0} as core[df12db4294e9bfd3]::ops::function::FnOnce<()>>::call_once
[INFO] [stdout]   14:     0x6031c305e3fb - test[9d35eded1c95d3be]::__rust_begin_short_backtrace::<core[df12db4294e9bfd3]::result::Result<(), alloc[2182bb758b4b3781]::string::String>, fn() -> core[df12db4294e9bfd3]::result::Result<(), alloc[2182bb758b4b3781]::string::String>>
[INFO] [stdout]   15:     0x6031c306ba65 - test[9d35eded1c95d3be]::run_test::{closure#0}
[INFO] [stdout]   16:     0x6031c3065324 - std[70759c8f55707aa4]::sys::backtrace::__rust_begin_short_backtrace::<test[9d35eded1c95d3be]::run_test::{closure#1}, ()>
[INFO] [stdout]   17:     0x6031c306ebc2 - <std[70759c8f55707aa4]::thread::lifecycle::spawn_unchecked<test[9d35eded1c95d3be]::run_test::{closure#1}, ()>::{closure#1} as core[df12db4294e9bfd3]::ops::function::FnOnce<()>>::call_once::{shim:vtable#0}
[INFO] [stdout]   18:     0x6031c3113cd9 - <std[70759c8f55707aa4]::sys::thread::unix::Thread>::new::thread_start
[INFO] [stdout]   19:     0x7f519ce58dfa - <unknown>
[INFO] [stdout]   20:     0x7f519ceec3d4 - clone
[INFO] [stdout]   21:                0x0 - <unknown>
[INFO] [stdout] 
[INFO] [stdout] ---- test_bcj_powerpc_filter stdout ----
[INFO] [stdout] 
[INFO] [stdout] thread 'test_bcj_powerpc_filter' (481) panicked at tests/bcj.rs:111:40:
[INFO] [stdout] Failed to read test file: tests/data/wget-ppc
[INFO] [stdout] stack backtrace:
[INFO] [stdout]    0:     0x6031c3114721 - <<std[70759c8f55707aa4]::sys::backtrace::BacktraceLock>::print::DisplayBacktrace as core[df12db4294e9bfd3]::fmt::Display>::fmt
[INFO] [stdout]    1:     0x6031c312902a - core[df12db4294e9bfd3]::fmt::write
[INFO] [stdout]    2:     0x6031c3118bbc - <alloc[2182bb758b4b3781]::vec::Vec<u8> as core[df12db4294e9bfd3]::io::write::Write>::write_fmt
[INFO] [stdout]    3:     0x6031c30f09f6 - std[70759c8f55707aa4]::panicking::default_hook::{closure#0}
[INFO] [stdout]    4:     0x6031c310cb69 - std[70759c8f55707aa4]::panicking::default_hook
[INFO] [stdout]    5:     0x6031c306b110 - test[9d35eded1c95d3be]::test_main_inner::<test[9d35eded1c95d3be]::test_main_static::{closure#0}>::{closure#0}
[INFO] [stdout]    6:     0x6031c310cd22 - std[70759c8f55707aa4]::panicking::panic_with_hook
[INFO] [stdout]    7:     0x6031c30f0aa2 - std[70759c8f55707aa4]::panicking::panic_handler::{closure#0}
[INFO] [stdout]    8:     0x6031c30e9699 - std[70759c8f55707aa4]::sys::backtrace::__rust_end_short_backtrace::<std[70759c8f55707aa4]::panicking::panic_handler::{closure#0}, !>
[INFO] [stdout]    9:     0x6031c30f169d - __rustc[8fa7c3cbc660c2b3]::rust_begin_unwind
[INFO] [stdout]   10:     0x6031c312975c - core[df12db4294e9bfd3]::panicking::panic_fmt
[INFO] [stdout]   11:     0x6031c305c5ef - bcj[88207fc8c2e02deb]::load_test_data::{closure#0}
[INFO] [stdout]   12:     0x6031c305c892 - bcj[88207fc8c2e02deb]::load_test_data
[INFO] [stdout]   13:     0x6031c305e28e - <bcj[88207fc8c2e02deb]::test_bcj_powerpc_filter::{closure#0} as core[df12db4294e9bfd3]::ops::function::FnOnce<()>>::call_once
[INFO] [stdout]   14:     0x6031c305e3fb - test[9d35eded1c95d3be]::__rust_begin_short_backtrace::<core[df12db4294e9bfd3]::result::Result<(), alloc[2182bb758b4b3781]::string::String>, fn() -> core[df12db4294e9bfd3]::result::Result<(), alloc[2182bb758b4b3781]::string::String>>
[INFO] [stdout]   15:     0x6031c306ba65 - test[9d35eded1c95d3be]::run_test::{closure#0}
[INFO] [stdout]   16:     0x6031c3065324 - std[70759c8f55707aa4]::sys::backtrace::__rust_begin_short_backtrace::<test[9d35eded1c95d3be]::run_test::{closure#1}, ()>
[INFO] [stdout]   17:     0x6031c306ebc2 - <std[70759c8f55707aa4]::thread::lifecycle::spawn_unchecked<test[9d35eded1c95d3be]::run_test::{closure#1}, ()>::{closure#1} as core[df12db4294e9bfd3]::ops::function::FnOnce<()>>::call_once::{shim:vtable#0}
[INFO] [stdout]   18:     0x6031c3113cd9 - <std[70759c8f55707aa4]::sys::thread::unix::Thread>::new::thread_start
[INFO] [stdout]   19:     0x7f519ce58dfa - <unknown>
[INFO] [stdout]   20:     0x7f519ceec3d4 - clone
[INFO] [stdout]   21:                0x0 - <unknown>
[INFO] [stdout] 
[INFO] [stdout] ---- test_bcj_sparc_filter stdout ----
[INFO] [stdout] 
[INFO] [stdout] thread 'test_bcj_sparc_filter' (483) panicked at tests/bcj.rs:111:40:
[INFO] [stdout] Failed to read test file: tests/data/wget-sparc
[INFO] [stdout] stack backtrace:
[INFO] [stdout]    0:     0x6031c3114721 - <<std[70759c8f55707aa4]::sys::backtrace::BacktraceLock>::print::DisplayBacktrace as core[df12db4294e9bfd3]::fmt::Display>::fmt
[INFO] [stdout]    1:     0x6031c312902a - core[df12db4294e9bfd3]::fmt::write
[INFO] [stdout]    2:     0x6031c3118bbc - <alloc[2182bb758b4b3781]::vec::Vec<u8> as core[df12db4294e9bfd3]::io::write::Write>::write_fmt
[INFO] [stdout]    3:     0x6031c30f09f6 - std[70759c8f55707aa4]::panicking::default_hook::{closure#0}
[INFO] [stdout]    4:     0x6031c310cb69 - std[70759c8f55707aa4]::panicking::default_hook
[INFO] [stdout]    5:     0x6031c306b110 - test[9d35eded1c95d3be]::test_main_inner::<test[9d35eded1c95d3be]::test_main_static::{closure#0}>::{closure#0}
[INFO] [stdout]    6:     0x6031c310cd22 - std[70759c8f55707aa4]::panicking::panic_with_hook
[INFO] [stdout]    7:     0x6031c30f0aa2 - std[70759c8f55707aa4]::panicking::panic_handler::{closure#0}
[INFO] [stdout]    8:     0x6031c30e9699 - std[70759c8f55707aa4]::sys::backtrace::__rust_end_short_backtrace::<std[70759c8f55707aa4]::panicking::panic_handler::{closure#0}, !>
[INFO] [stdout]    9:     0x6031c30f169d - __rustc[8fa7c3cbc660c2b3]::rust_begin_unwind
[INFO] [stdout]   10:     0x6031c312975c - core[df12db4294e9bfd3]::panicking::panic_fmt
[INFO] [stdout]   11:     0x6031c305c5ef - bcj[88207fc8c2e02deb]::load_test_data::{closure#0}
[INFO] [stdout]   12:     0x6031c305c892 - bcj[88207fc8c2e02deb]::load_test_data
[INFO] [stdout]   13:     0x6031c305e1fe - <bcj[88207fc8c2e02deb]::test_bcj_sparc_filter::{closure#0} as core[df12db4294e9bfd3]::ops::function::FnOnce<()>>::call_once
[INFO] [stdout]   14:     0x6031c305e3fb - test[9d35eded1c95d3be]::__rust_begin_short_backtrace::<core[df12db4294e9bfd3]::result::Result<(), alloc[2182bb758b4b3781]::string::String>, fn() -> core[df12db4294e9bfd3]::result::Result<(), alloc[2182bb758b4b3781]::string::String>>
[INFO] [stdout]   15:     0x6031c306ba65 - test[9d35eded1c95d3be]::run_test::{closure#0}
[INFO] [stdout]   16:     0x6031c3065324 - std[70759c8f55707aa4]::sys::backtrace::__rust_begin_short_backtrace::<test[9d35eded1c95d3be]::run_test::{closure#1}, ()>
[INFO] [stdout]   17:     0x6031c306ebc2 - <std[70759c8f55707aa4]::thread::lifecycle::spawn_unchecked<test[9d35eded1c95d3be]::run_test::{closure#1}, ()>::{closure#1} as core[df12db4294e9bfd3]::ops::function::FnOnce<()>>::call_once::{shim:vtable#0}
[INFO] [stdout]   18:     0x6031c3113cd9 - <std[70759c8f55707aa4]::sys::thread::unix::Thread>::new::thread_start
[INFO] [stdout]   19:     0x7f519ce58dfa - <unknown>
[INFO] [stdout]   20:     0x7f519ceec3d4 - clone
[INFO] [stdout]   21:                0x0 - <unknown>
[INFO] [stdout] 
[INFO] [stdout] ---- test_bcj_x86_filter stdout ----
[INFO] [stdout] 
[INFO] [stdout] thread 'test_bcj_x86_filter' (484) panicked at tests/bcj.rs:111:40:
[INFO] [stdout] Failed to read test file: tests/data/wget-x86
[INFO] [stdout] stack backtrace:
[INFO] [stdout]    0:     0x6031c3114721 - <<std[70759c8f55707aa4]::sys::backtrace::BacktraceLock>::print::DisplayBacktrace as core[df12db4294e9bfd3]::fmt::Display>::fmt
[INFO] [stdout]    1:     0x6031c312902a - core[df12db4294e9bfd3]::fmt::write
[INFO] [stdout]    2:     0x6031c3118bbc - <alloc[2182bb758b4b3781]::vec::Vec<u8> as core[df12db4294e9bfd3]::io::write::Write>::write_fmt
[INFO] [stdout]    3:     0x6031c30f09f6 - std[70759c8f55707aa4]::panicking::default_hook::{closure#0}
[INFO] [stdout]    4:     0x6031c310cb69 - std[70759c8f55707aa4]::panicking::default_hook
[INFO] [stdout]    5:     0x6031c306b110 - test[9d35eded1c95d3be]::test_main_inner::<test[9d35eded1c95d3be]::test_main_static::{closure#0}>::{closure#0}
[INFO] [stdout]    6:     0x6031c310cd22 - std[70759c8f55707aa4]::panicking::panic_with_hook
[INFO] [stdout]    7:     0x6031c30f0aa2 - std[70759c8f55707aa4]::panicking::panic_handler::{closure#0}
[INFO] [stdout]    8:     0x6031c30e9699 - std[70759c8f55707aa4]::sys::backtrace::__rust_end_short_backtrace::<std[70759c8f55707aa4]::panicking::panic_handler::{closure#0}, !>
[INFO] [stdout]    9:     0x6031c30f169d - __rustc[8fa7c3cbc660c2b3]::rust_begin_unwind
[INFO] [stdout]   10:     0x6031c312975c - core[df12db4294e9bfd3]::panicking::panic_fmt
[INFO] [stdout]   11:     0x6031c305c5ef - bcj[88207fc8c2e02deb]::load_test_data::{closure#0}
[INFO] [stdout]   12:     0x6031c305c892 - bcj[88207fc8c2e02deb]::load_test_data
[INFO] [stdout]   13:     0x6031c305df8e - <bcj[88207fc8c2e02deb]::test_bcj_x86_filter::{closure#0} as core[df12db4294e9bfd3]::ops::function::FnOnce<()>>::call_once
[INFO] [stdout]   14:     0x6031c305e3fb - test[9d35eded1c95d3be]::__rust_begin_short_backtrace::<core[df12db4294e9bfd3]::result::Result<(), alloc[2182bb758b4b3781]::string::String>, fn() -> core[df12db4294e9bfd3]::result::Result<(), alloc[2182bb758b4b3781]::string::String>>
[INFO] [stdout]   15:     0x6031c306ba65 - test[9d35eded1c95d3be]::run_test::{closure#0}
[INFO] [stdout]   16:     0x6031c3065324 - std[70759c8f55707aa4]::sys::backtrace::__rust_begin_short_backtrace::<test[9d35eded1c95d3be]::run_test::{closure#1}, ()>
[INFO] [stdout]   17:     0x6031c306ebc2 - <std[70759c8f55707aa4]::thread::lifecycle::spawn_unchecked<test[9d35eded1c95d3be]::run_test::{closure#1}, ()>::{closure#1} as core[df12db4294e9bfd3]::ops::function::FnOnce<()>>::call_once::{shim:vtable#0}
[INFO] [stdout]   18:     0x6031c3113cd9 - <std[70759c8f55707aa4]::sys::thread::unix::Thread>::new::thread_start
[INFO] [stdout]   19:     0x7f519ce58dfa - <unknown>
[INFO] [stdout]   20:     0x7f519ceec3d4 - clone
[INFO] [stdout]   21:                0x0 - <unknown>
[INFO] [stdout] 
[INFO] [stdout] ---- test_bcj_riscv_filter stdout ----
[INFO] [stdout] 
[INFO] [stdout] thread 'test_bcj_riscv_filter' (482) panicked at tests/bcj.rs:111:40:
[INFO] [stdout] Failed to read test file: tests/data/wget-riscv
[INFO] [stdout] stack backtrace:
[INFO] [stdout]    0:     0x6031c3114721 - <<std[70759c8f55707aa4]::sys::backtrace::BacktraceLock>::print::DisplayBacktrace as core[df12db4294e9bfd3]::fmt::Display>::fmt
[INFO] [stdout]    1:     0x6031c312902a - core[df12db4294e9bfd3]::fmt::write
[INFO] [stdout]    2:     0x6031c3118bbc - <alloc[2182bb758b4b3781]::vec::Vec<u8> as core[df12db4294e9bfd3]::io::write::Write>::write_fmt
[INFO] [stdout]    3:     0x6031c30f09f6 - std[70759c8f55707aa4]::panicking::default_hook::{closure#0}
[INFO] [stdout]    4:     0x6031c310cb69 - std[70759c8f55707aa4]::panicking::default_hook
[INFO] [stdout]    5:     0x6031c306b110 - test[9d35eded1c95d3be]::test_main_inner::<test[9d35eded1c95d3be]::test_main_static::{closure#0}>::{closure#0}
[INFO] [stdout]    6:     0x6031c310cd22 - std[70759c8f55707aa4]::panicking::panic_with_hook
[INFO] [stdout]    7:     0x6031c30f0aa2 - std[70759c8f55707aa4]::panicking::panic_handler::{closure#0}
[INFO] [stdout]    8:     0x6031c30e9699 - std[70759c8f55707aa4]::sys::backtrace::__rust_end_short_backtrace::<std[70759c8f55707aa4]::panicking::panic_handler::{closure#0}, !>
[INFO] [stdout]    9:     0x6031c30f169d - __rustc[8fa7c3cbc660c2b3]::rust_begin_unwind
[INFO] [stdout]   10:     0x6031c312975c - core[df12db4294e9bfd3]::panicking::panic_fmt
[INFO] [stdout]   11:     0x6031c305c5ef - bcj[88207fc8c2e02deb]::load_test_data::{closure#0}
[INFO] [stdout]   12:     0x6031c305c892 - bcj[88207fc8c2e02deb]::load_test_data
[INFO] [stdout]   13:     0x6031c305e15e - <bcj[88207fc8c2e02deb]::test_bcj_riscv_filter::{closure#0} as core[df12db4294e9bfd3]::ops::function::FnOnce<()>>::call_once
[INFO] [stdout]   14:     0x6031c305e3fb - test[9d35eded1c95d3be]::__rust_begin_short_backtrace::<core[df12db4294e9bfd3]::result::Result<(), alloc[2182bb758b4b3781]::string::String>, fn() -> core[df12db4294e9bfd3]::result::Result<(), alloc[2182bb758b4b3781]::string::String>>
[INFO] [stdout]   15:     0x6031c306ba65 - test[9d35eded1c95d3be]::run_test::{closure#0}
[INFO] [stdout]   16:     0x6031c3065324 - std[70759c8f55707aa4]::sys::backtrace::__rust_begin_short_backtrace::<test[9d35eded1c95d3be]::run_test::{closure#1}, ()>
[INFO] [stdout]   17:     0x6031c306ebc2 - <std[70759c8f55707aa4]::thread::lifecycle::spawn_unchecked<test[9d35eded1c95d3be]::run_test::{closure#1}, ()>::{closure#1} as core[df12db4294e9bfd3]::ops::function::FnOnce<()>>::call_once::{shim:vtable#0}
[INFO] [stdout]   18:     0x6031c3113cd9 - <std[70759c8f55707aa4]::sys::thread::unix::Thread>::new::thread_start
[INFO] [stdout]   19:     0x7f519ce58dfa - <unknown>
[INFO] [stdout]   20:     0x7f519ceec3d4 - clone
[INFO] [stdout]   21:                0x0 - <unknown>
[INFO] [stdout] 
[INFO] [stdout] ---- test_bcj_arm_filter stdout ----
[INFO] [stdout] 
[INFO] [stdout] thread 'test_bcj_arm_filter' (478) panicked at tests/bcj.rs:111:40:
[INFO] [stdout] Failed to read test file: tests/data/wget-arm
[INFO] [stdout] stack backtrace:
[INFO] [stdout]    0:     0x6031c3114721 - <<std[70759c8f55707aa4]::sys::backtrace::BacktraceLock>::print::DisplayBacktrace as core[df12db4294e9bfd3]::fmt::Display>::fmt
[INFO] [stdout]    1:     0x6031c312902a - core[df12db4294e9bfd3]::fmt::write
[INFO] [stdout]    2:     0x6031c3118bbc - <alloc[2182bb758b4b3781]::vec::Vec<u8> as core[df12db4294e9bfd3]::io::write::Write>::write_fmt
[INFO] [stdout]    3:     0x6031c30f09f6 - std[70759c8f55707aa4]::panicking::default_hook::{closure#0}
[INFO] [stdout]    4:     0x6031c310cb69 - std[70759c8f55707aa4]::panicking::default_hook
[INFO] [stdout]    5:     0x6031c306b110 - test[9d35eded1c95d3be]::test_main_inner::<test[9d35eded1c95d3be]::test_main_static::{closure#0}>::{closure#0}
[INFO] [stdout]    6:     0x6031c310cd22 - std[70759c8f55707aa4]::panicking::panic_with_hook
[INFO] [stdout]    7:     0x6031c30f0aa2 - std[70759c8f55707aa4]::panicking::panic_handler::{closure#0}
[INFO] [stdout]    8:     0x6031c30e9699 - std[70759c8f55707aa4]::sys::backtrace::__rust_end_short_backtrace::<std[70759c8f55707aa4]::panicking::panic_handler::{closure#0}, !>
[INFO] [stdout]    9:     0x6031c30f169d - __rustc[8fa7c3cbc660c2b3]::rust_begin_unwind
[INFO] [stdout]   10:     0x6031c312975c - core[df12db4294e9bfd3]::panicking::panic_fmt
[INFO] [stdout]   11:     0x6031c305c5ef - bcj[88207fc8c2e02deb]::load_test_data::{closure#0}
[INFO] [stdout]   12:     0x6031c305c892 - bcj[88207fc8c2e02deb]::load_test_data
[INFO] [stdout]   13:     0x6031c305deee - <bcj[88207fc8c2e02deb]::test_bcj_arm_filter::{closure#0} as core[df12db4294e9bfd3]::ops::function::FnOnce<()>>::call_once
[INFO] [stdout]   14:     0x6031c305e3fb - test[9d35eded1c95d3be]::__rust_begin_short_backtrace::<core[df12db4294e9bfd3]::result::Result<(), alloc[2182bb758b4b3781]::string::String>, fn() -> core[df12db4294e9bfd3]::result::Result<(), alloc[2182bb758b4b3781]::string::String>>
[INFO] [stdout]   15:     0x6031c306ba65 - test[9d35eded1c95d3be]::run_test::{closure#0}
[INFO] [stdout]   16:     0x6031c3065324 - std[70759c8f55707aa4]::sys::backtrace::__rust_begin_short_backtrace::<test[9d35eded1c95d3be]::run_test::{closure#1}, ()>
[INFO] [stdout]   17:     0x6031c306ebc2 - <std[70759c8f55707aa4]::thread::lifecycle::spawn_unchecked<test[9d35eded1c95d3be]::run_test::{closure#1}, ()>::{closure#1} as core[df12db4294e9bfd3]::ops::function::FnOnce<()>>::call_once::{shim:vtable#0}
[INFO] [stdout]   18:     0x6031c3113cd9 - <std[70759c8f55707aa4]::sys::thread::unix::Thread>::new::thread_start
[INFO] [stdout]   19:     0x7f519ce58dfa - <unknown>
[INFO] [stdout]   20:     0x7f519ceec3d4 - clone
[INFO] [stdout]   21:                0x0 - <unknown>
[INFO] [stdout] 
[INFO] [stdout] ---- test_bcj_arm64_filter stdout ----
[INFO] [stdout] 
[INFO] [stdout] thread 'test_bcj_arm64_filter' (477) panicked at tests/bcj.rs:111:40:
[INFO] [stdout] Failed to read test file: tests/data/wget-arm64
[INFO] [stdout] stack backtrace:
[INFO] [stdout]    0:     0x6031c3114721 - <<std[70759c8f55707aa4]::sys::backtrace::BacktraceLock>::print::DisplayBacktrace as core[df12db4294e9bfd3]::fmt::Display>::fmt
[INFO] [stdout]    1:     0x6031c312902a - core[df12db4294e9bfd3]::fmt::write
[INFO] [stdout]    2:     0x6031c3118bbc - <alloc[2182bb758b4b3781]::vec::Vec<u8> as core[df12db4294e9bfd3]::io::write::Write>::write_fmt
[INFO] [stdout]    3:     0x6031c30f09f6 - std[70759c8f55707aa4]::panicking::default_hook::{closure#0}
[INFO] [stdout]    4:     0x6031c310cb69 - std[70759c8f55707aa4]::panicking::default_hook
[INFO] [stdout]    5:     0x6031c306b110 - test[9d35eded1c95d3be]::test_main_inner::<test[9d35eded1c95d3be]::test_main_static::{closure#0}>::{closure#0}
[INFO] [stdout]    6:     0x6031c310cd22 - std[70759c8f55707aa4]::panicking::panic_with_hook
[INFO] [stdout]    7:     0x6031c30f0aa2 - std[70759c8f55707aa4]::panicking::panic_handler::{closure#0}
[INFO] [stdout]    8:     0x6031c30e9699 - std[70759c8f55707aa4]::sys::backtrace::__rust_end_short_backtrace::<std[70759c8f55707aa4]::panicking::panic_handler::{closure#0}, !>
[INFO] [stdout]    9:     0x6031c30f169d - __rustc[8fa7c3cbc660c2b3]::rust_begin_unwind
[INFO] [stdout]   10:     0x6031c312975c - core[df12db4294e9bfd3]::panicking::panic_fmt
[INFO] [stdout]   11:     0x6031c305c5ef - bcj[88207fc8c2e02deb]::load_test_data::{closure#0}
[INFO] [stdout]   12:     0x6031c305c892 - bcj[88207fc8c2e02deb]::load_test_data
[INFO] [stdout]   13:     0x6031c305e0be - <bcj[88207fc8c2e02deb]::test_bcj_arm64_filter::{closure#0} as core[df12db4294e9bfd3]::ops::function::FnOnce<()>>::call_once
[INFO] [stdout]   14:     0x6031c305e3fb - test[9d35eded1c95d3be]::__rust_begin_short_backtrace::<core[df12db4294e9bfd3]::result::Result<(), alloc[2182bb758b4b3781]::string::String>, fn() -> core[df12db4294e9bfd3]::result::Result<(), alloc[2182bb758b4b3781]::string::String>>
[INFO] [stdout]   15:     0x6031c306ba65 - test[9d35eded1c95d3be]::run_test::{closure#0}
[INFO] [stdout]   16:     0x6031c3065324 - std[70759c8f55707aa4]::sys::backtrace::__rust_begin_short_backtrace::<test[9d35eded1c95d3be]::run_test::{closure#1}, ()>
[INFO] [stdout]   17:     0x6031c306ebc2 - <std[70759c8f55707aa4]::thread::lifecycle::spawn_unchecked<test[9d35eded1c95d3be]::run_test::{closure#1}, ()>::{closure#1} as core[df12db4294e9bfd3]::ops::function::FnOnce<()>>::call_once::{shim:vtable#0}
[INFO] [stdout]   18:     0x6031c3113cd9 - <std[70759c8f55707aa4]::sys::thread::unix::Thread>::new::thread_start
[INFO] [stdout]   19:     0x7f519ce58dfa - <unknown>
[INFO] [stdout]   20:     0x7f519ceec3d4 - clone
[INFO] [stdout]   21:                0x0 - <unknown>
[INFO] [stdout] 
[INFO] [stdout] ---- test_bcj_ia64_filter stdout ----
[INFO] [stdout] 
[INFO] [stdout] thread 'test_bcj_ia64_filter' (480) panicked at tests/bcj.rs:111:40:
[INFO] [stdout] Failed to read test file: tests/data/wget-ia64
[INFO] [stdout] stack backtrace:
[INFO] [stdout]    0:     0x6031c3114721 - <<std[70759c8f55707aa4]::sys::backtrace::BacktraceLock>::print::DisplayBacktrace as core[df12db4294e9bfd3]::fmt::Display>::fmt
[INFO] [stdout]    1:     0x6031c312902a - core[df12db4294e9bfd3]::fmt::write
[INFO] [stdout]    2:     0x6031c3118bbc - <alloc[2182bb758b4b3781]::vec::Vec<u8> as core[df12db4294e9bfd3]::io::write::Write>::write_fmt
[INFO] [stdout]    3:     0x6031c30f09f6 - std[70759c8f55707aa4]::panicking::default_hook::{closure#0}
[INFO] [stdout]    4:     0x6031c310cb69 - std[70759c8f55707aa4]::panicking::default_hook
[INFO] [stdout]    5:     0x6031c306b110 - test[9d35eded1c95d3be]::test_main_inner::<test[9d35eded1c95d3be]::test_main_static::{closure#0}>::{closure#0}
[INFO] [stdout]    6:     0x6031c310cd22 - std[70759c8f55707aa4]::panicking::panic_with_hook
[INFO] [stdout]    7:     0x6031c30f0aa2 - std[70759c8f55707aa4]::panicking::panic_handler::{closure#0}
[INFO] [stdout]    8:     0x6031c30e9699 - std[70759c8f55707aa4]::sys::backtrace::__rust_end_short_backtrace::<std[70759c8f55707aa4]::panicking::panic_handler::{closure#0}, !>
[INFO] [stdout]    9:     0x6031c30f169d - __rustc[8fa7c3cbc660c2b3]::rust_begin_unwind
[INFO] [stdout]   10:     0x6031c312975c - core[df12db4294e9bfd3]::panicking::panic_fmt
[INFO] [stdout]   11:     0x6031c305c5ef - bcj[88207fc8c2e02deb]::load_test_data::{closure#0}
[INFO] [stdout]   12:     0x6031c305c892 - bcj[88207fc8c2e02deb]::load_test_data
[INFO] [stdout]   13:     0x6031c305e01e - <bcj[88207fc8c2e02deb]::test_bcj_ia64_filter::{closure#0} as core[df12db4294e9bfd3]::ops::function::FnOnce<()>>::call_once
[INFO] [stdout]   14:     0x6031c305e3fb - test[9d35eded1c95d3be]::__rust_begin_short_backtrace::<core[df12db4294e9bfd3]::result::Result<(), alloc[2182bb758b4b3781]::string::String>, fn() -> core[df12db4294e9bfd3]::result::Result<(), alloc[2182bb758b4b3781]::string::String>>
[INFO] [stdout]   15:     0x6031c306ba65 - test[9d35eded1c95d3be]::run_test::{closure#0}
[INFO] [stdout]   16:     0x6031c3065324 - std[70759c8f55707aa4]::sys::backtrace::__rust_begin_short_backtrace::<test[9d35eded1c95d3be]::run_test::{closure#1}, ()>
[INFO] [stdout]   17:     0x6031c306ebc2 - <std[70759c8f55707aa4]::thread::lifecycle::spawn_unchecked<test[9d35eded1c95d3be]::run_test::{closure#1}, ()>::{closure#1} as core[df12db4294e9bfd3]::ops::function::FnOnce<()>>::call_once::{shim:vtable#0}
[INFO] [stderr] error: test failed, to rerun pass `--test bcj`
[INFO] [stdout]   18:     0x6031c3113cd9 - <std[70759c8f55707aa4]::sys::thread::unix::Thread>::new::thread_start
[INFO] [stdout]   19:     0x7f519ce58dfa - <unknown>
[INFO] [stdout]   20:     0x7f519ceec3d4 - clone
[INFO] [stdout]   21:                0x0 - <unknown>
[INFO] [stdout] 
[INFO] [stdout] 
[INFO] [stdout] failures:
[INFO] [stdout]     test_bcj_arm64_filter
[INFO] [stdout]     test_bcj_arm_filter
[INFO] [stdout]     test_bcj_arm_thumb_filter
[INFO] [stdout]     test_bcj_ia64_filter
[INFO] [stdout]     test_bcj_powerpc_filter
[INFO] [stdout]     test_bcj_riscv_filter
[INFO] [stdout]     test_bcj_sparc_filter
[INFO] [stdout]     test_bcj_x86_filter
[INFO] [stdout] 
[INFO] [stdout] test result: FAILED. 0 passed; 8 failed; 0 ignored; 0 measured; 0 filtered out; finished in 0.01s
[INFO] [stdout] 
[INFO] running `Command { std: "docker" "inspect" "699f932a83f7b27ec6839461cbe1d2cd07e53a2e767f7b01e92b610b2fa0f181", kill_on_drop: false }`
[INFO] running `Command { std: "docker" "rm" "-f" "699f932a83f7b27ec6839461cbe1d2cd07e53a2e767f7b01e92b610b2fa0f181", kill_on_drop: false }`
[INFO] [stdout] 699f932a83f7b27ec6839461cbe1d2cd07e53a2e767f7b01e92b610b2fa0f181
