[INFO] fetching crate tmux-mcp-rs 0.6.0...
[INFO] testing tmux-mcp-rs-0.6.0 against 1.100.0-beta.1+cargoflags=--release for beta-release-1.100-2
[INFO] extracting crate tmux-mcp-rs 0.6.0 into /workspace/builds/worker-0-tc2/source
[INFO] started tweaking crates.io crate tmux-mcp-rs 0.6.0
[INFO] removed 0 missing tests
[INFO] finished tweaking crates.io crate tmux-mcp-rs 0.6.0
[INFO] tweaked toml for crates.io crate tmux-mcp-rs 0.6.0 written to /workspace/builds/worker-0-tc2/source/Cargo.toml
[INFO] validating manifest of crates.io crate tmux-mcp-rs 0.6.0 on toolchain 1.100.0-beta.1
[INFO] running `Command { std: CARGO_HOME="/workspace/cargo-home" RUSTUP_HOME="/workspace/rustup-home" "/workspace/cargo-home/bin/cargo" "+1.100.0-beta.1" "metadata" "--manifest-path" "Cargo.toml" "--no-deps", kill_on_drop: false }`
[INFO] crate crates.io crate tmux-mcp-rs 0.6.0 already has a lockfile, it will not be regenerated
[INFO] running `Command { std: CARGO_HOME="/workspace/cargo-home" RUSTUP_HOME="/workspace/rustup-home" "/workspace/cargo-home/bin/cargo" "+1.100.0-beta.1" "fetch" "--manifest-path" "Cargo.toml", kill_on_drop: false }`
[INFO] running `Command { std: "docker" "create" "-v" "/var/lib/crater-agent-workspace/builds/worker-0-tc2/source:/opt/rustwide/workdir:ro,Z" "-v" "/var/lib/crater-agent-workspace/builds/worker-0-tc2/target:/opt/rustwide/target:rw,Z" "-v" "/var/lib/crater-agent-workspace/cargo-home:/opt/rustwide/cargo-home:ro,Z" "-v" "/var/lib/crater-agent-workspace/rustup-home:/opt/rustwide/rustup-home:ro,Z" "-m" "1610612736" "--network" "none" "ghcr.io/rust-lang/crates-build-env/linux@sha256:77db811e55d90add9212f6832c23229e3de5f1c1f9905e8cb07319ea15df73ac" "sleep" "infinity", kill_on_drop: false }`
[INFO] [stdout] 69c4a7ff63f4eface3a39ec5173266fc1b6e630a25542031040ff6405c9b01b0
[INFO] running `Command { std: "docker" "start" "69c4a7ff63f4eface3a39ec5173266fc1b6e630a25542031040ff6405c9b01b0", kill_on_drop: false }`
[INFO] running `Command { std: "docker" "inspect" "69c4a7ff63f4eface3a39ec5173266fc1b6e630a25542031040ff6405c9b01b0", kill_on_drop: false }`
[INFO] running `Command { std: "docker" "exec" "-e" "SOURCE_DIR=/opt/rustwide/workdir" "-e" "CARGO_HOME=/opt/rustwide/cargo-home" "-e" "RUSTUP_HOME=/opt/rustwide/rustup-home" "-e" "CARGO_TARGET_DIR=/opt/rustwide/target" "-w" "/opt/rustwide/workdir" "--user" "0:0" "69c4a7ff63f4eface3a39ec5173266fc1b6e630a25542031040ff6405c9b01b0" "/opt/rustwide/cargo-home/bin/cargo" "+1.100.0-beta.1" "metadata" "--no-deps" "--format-version=1", kill_on_drop: false }`
[INFO] running `Command { std: "docker" "inspect" "69c4a7ff63f4eface3a39ec5173266fc1b6e630a25542031040ff6405c9b01b0", kill_on_drop: false }`
[INFO] running `Command { std: "docker" "exec" "-e" "SOURCE_DIR=/opt/rustwide/workdir" "-e" "CARGO_HOME=/opt/rustwide/cargo-home" "-e" "RUSTUP_HOME=/opt/rustwide/rustup-home" "-e" "CARGO_TARGET_DIR=/opt/rustwide/target" "-e" "CARGO_INCREMENTAL=0" "-e" "RUST_BACKTRACE=full" "-e" "RUSTFLAGS=--cap-lints=warn" "-e" "RUSTDOCFLAGS=--cap-lints=warn" "-w" "/opt/rustwide/workdir" "--user" "0:0" "69c4a7ff63f4eface3a39ec5173266fc1b6e630a25542031040ff6405c9b01b0" "/opt/rustwide/cargo-home/bin/cargo" "+1.100.0-beta.1" "build" "--frozen" "--message-format=json" "--release", kill_on_drop: false }`
[INFO] [stderr]    Compiling libc v0.2.185
[INFO] [stderr]    Compiling futures-channel v0.3.32
[INFO] [stderr]    Compiling zmij v1.0.21
[INFO] [stderr]    Compiling aho-corasick v1.1.4
[INFO] [stderr]    Compiling regex-syntax v0.8.10
[INFO] [stderr]    Compiling serde_json v1.0.149
[INFO] [stderr]    Compiling darling_core v0.23.0
[INFO] [stderr]    Compiling serde_derive_internals v0.29.1
[INFO] [stderr]    Compiling ref-cast-impl v1.0.25
[INFO] [stderr]    Compiling memchr v2.8.0
[INFO] [stderr]    Compiling anstream v1.0.0
[INFO] [stderr]    Compiling tracing v0.1.44
[INFO] [stderr]    Compiling chrono v0.4.44
[INFO] [stderr]    Compiling thiserror-impl v2.0.18
[INFO] [stderr]    Compiling strsim v0.11.1
[INFO] [stderr]    Compiling winnow v1.0.1
[INFO] [stderr]    Compiling futures-util v0.3.32
[INFO] [stderr]    Compiling clap_lex v1.1.0
[INFO] [stderr]    Compiling rmcp v2.2.0
[INFO] [stderr]    Compiling ref-cast v1.0.25
[INFO] [stderr]    Compiling toml_parser v1.1.2+spec-1.1.0
[INFO] [stderr]    Compiling clap_builder v4.6.0
[INFO] [stderr]    Compiling clap_derive v4.6.1
[INFO] [stderr]    Compiling toml_datetime v0.7.5+spec-1.1.0
[INFO] [stderr]    Compiling async-trait v0.1.89
[INFO] [stderr]    Compiling schemars_derive v1.2.1
[INFO] [stderr]    Compiling toml_writer v1.1.1+spec-1.1.0
[INFO] [stderr]    Compiling winnow v0.7.15
[INFO] [stderr]    Compiling pastey v0.2.1
[INFO] [stderr]    Compiling thiserror v2.0.18
[INFO] [stderr]    Compiling rayon v1.12.0
[INFO] [stderr]    Compiling shell-words v1.1.1
[INFO] [stderr]    Compiling errno v0.3.14
[INFO] [stderr]    Compiling mio v1.2.0
[INFO] [stderr]    Compiling signal-hook-registry v1.4.8
[INFO] [stderr]    Compiling getrandom v0.4.2
[INFO] [stderr]    Compiling tokio v1.52.0
[INFO] [stderr]    Compiling tempfile v3.27.0
[INFO] [stderr]    Compiling uuid v1.23.1
[INFO] [stderr]    Compiling rapidfuzz v0.5.0
[INFO] [stderr]    Compiling regex-automata v0.4.14
[INFO] [stderr]    Compiling schemars v1.2.1
[INFO] [stderr]    Compiling darling_macro v0.23.0
[INFO] [stderr]    Compiling darling v0.23.0
[INFO] [stderr]    Compiling rmcp-macros v2.2.0
[INFO] [stderr]    Compiling toml v0.9.12+spec-1.1.0
[INFO] [stderr]    Compiling clap v4.6.1
[INFO] [stderr]    Compiling futures-executor v0.3.32
[INFO] [stderr]    Compiling futures v0.3.32
[INFO] [stderr]    Compiling tokio-util v0.7.18
[INFO] [stderr]    Compiling matchers v0.2.0
[INFO] [stderr]    Compiling regex v1.12.3
[INFO] [stderr]    Compiling tracing-subscriber v0.3.23
[INFO] [stderr]    Compiling tmux-mcp-rs v0.6.0 (/opt/rustwide/workdir)
[INFO] [stderr]     Finished `release` profile [optimized] target(s) in 2m 09s
[INFO] running `Command { std: "docker" "inspect" "69c4a7ff63f4eface3a39ec5173266fc1b6e630a25542031040ff6405c9b01b0", kill_on_drop: false }`
[INFO] running `Command { std: "docker" "exec" "-e" "SOURCE_DIR=/opt/rustwide/workdir" "-e" "CARGO_HOME=/opt/rustwide/cargo-home" "-e" "RUSTUP_HOME=/opt/rustwide/rustup-home" "-e" "CARGO_TARGET_DIR=/opt/rustwide/target" "-e" "CARGO_INCREMENTAL=0" "-e" "RUST_BACKTRACE=full" "-e" "RUSTFLAGS=--cap-lints=warn" "-e" "RUSTDOCFLAGS=--cap-lints=warn" "-w" "/opt/rustwide/workdir" "--user" "0:0" "69c4a7ff63f4eface3a39ec5173266fc1b6e630a25542031040ff6405c9b01b0" "/opt/rustwide/cargo-home/bin/cargo" "+1.100.0-beta.1" "test" "--frozen" "--no-run" "--message-format=json" "--release", kill_on_drop: false }`
[INFO] [stderr]    Compiling syn v2.0.117
[INFO] [stderr]    Compiling winnow v1.0.1
[INFO] [stderr]    Compiling hashbrown v0.17.0
[INFO] [stderr]    Compiling aho-corasick v1.1.4
[INFO] [stderr]    Compiling regex-syntax v0.8.10
[INFO] [stderr]    Compiling rstest_macros v0.26.1
[INFO] [stderr]    Compiling relative-path v1.9.3
[INFO] [stderr]    Compiling futures-timer v3.0.3
[INFO] [stderr]    Compiling indexmap v2.14.0
[INFO] [stderr]    Compiling toml_parser v1.1.2+spec-1.1.0
[INFO] [stderr]    Compiling regex-automata v0.4.14
[INFO] [stderr]    Compiling toml_edit v0.25.11+spec-1.1.0
[INFO] [stderr]    Compiling proc-macro-crate v3.5.0
[INFO] [stderr]    Compiling darling_core v0.23.0
[INFO] [stderr]    Compiling serde_derive_internals v0.29.1
[INFO] [stderr]    Compiling regex v1.12.3
[INFO] [stderr]    Compiling futures-macro v0.3.32
[INFO] [stderr]    Compiling serde_derive v1.0.228
[INFO] [stderr]    Compiling tokio-macros v2.7.0
[INFO] [stderr]    Compiling tracing-attributes v0.1.31
[INFO] [stderr]    Compiling ref-cast-impl v1.0.25
[INFO] [stderr]    Compiling thiserror-impl v2.0.18
[INFO] [stderr]    Compiling clap_derive v4.6.1
[INFO] [stderr]    Compiling async-trait v0.1.89
[INFO] [stderr]    Compiling schemars_derive v1.2.1
[INFO] [stderr]    Compiling tokio v1.52.0
[INFO] [stderr]    Compiling ref-cast v1.0.25
[INFO] [stderr]    Compiling futures-util v0.3.32
[INFO] [stderr]    Compiling tracing v0.1.44
[INFO] [stderr]    Compiling thiserror v2.0.18
[INFO] [stderr]    Compiling tracing-subscriber v0.3.23
[INFO] [stderr]    Compiling clap v4.6.1
[INFO] [stderr]    Compiling darling_macro v0.23.0
[INFO] [stderr]    Compiling darling v0.23.0
[INFO] [stderr]    Compiling rmcp-macros v2.2.0
[INFO] [stderr]    Compiling serde v1.0.228
[INFO] [stderr]    Compiling chrono v0.4.44
[INFO] [stderr]    Compiling schemars v1.2.1
[INFO] [stderr]    Compiling tokio-util v0.7.18
[INFO] [stderr]    Compiling futures-executor v0.3.32
[INFO] [stderr]    Compiling rstest v0.26.1
[INFO] [stderr]    Compiling futures v0.3.32
[INFO] [stderr]    Compiling rmcp v2.2.0
[INFO] [stderr]    Compiling tmux-mcp-rs v0.6.0 (/opt/rustwide/workdir)
[INFO] [stderr]     Finished `release` profile [optimized] target(s) in 2m 41s
[INFO] running `Command { std: "docker" "inspect" "69c4a7ff63f4eface3a39ec5173266fc1b6e630a25542031040ff6405c9b01b0", kill_on_drop: false }`
[INFO] running `Command { std: "docker" "exec" "-e" "SOURCE_DIR=/opt/rustwide/workdir" "-e" "CARGO_HOME=/opt/rustwide/cargo-home" "-e" "RUSTUP_HOME=/opt/rustwide/rustup-home" "-e" "CARGO_TARGET_DIR=/opt/rustwide/target" "-e" "CARGO_INCREMENTAL=0" "-e" "RUST_BACKTRACE=full" "-e" "RUSTFLAGS=--cap-lints=warn" "-e" "RUSTDOCFLAGS=--cap-lints=warn" "-w" "/opt/rustwide/workdir" "--user" "0:0" "69c4a7ff63f4eface3a39ec5173266fc1b6e630a25542031040ff6405c9b01b0" "/opt/rustwide/cargo-home/bin/cargo" "+1.100.0-beta.1" "test" "--frozen" "--release", kill_on_drop: false }`
[INFO] [stderr]     Finished `release` profile [optimized] target(s) in 0.29s
[INFO] [stderr]      Running unittests src/lib.rs (/opt/rustwide/target/release/build/tmux-mcp-rs/2bb6e3095155ea8d/out/tmux_mcp_rs-2bb6e3095155ea8d)
[INFO] [stdout] 
[INFO] [stdout] running 180 tests
[INFO] [stdout] test commands::tests::extract_output_reports_capture_boundaries::case_4 ... ok
[INFO] [stdout] test commands::tests::extract_output_reports_capture_boundaries::case_3 ... ok
[INFO] [stdout] test commands::tests::extract_output_reports_capture_boundaries::case_2 ... ok
[INFO] [stdout] test commands::tests::extract_output_reports_capture_boundaries::case_1 ... ok
[INFO] [stdout] test commands::tests::extract_output_uses_last_done_marker_for_the_boundary ... ok
[INFO] [stdout] test commands::tests::partial_capture_never_exceeds_final_capture_budget ... ok
[INFO] [stdout] test commands::tests::check_status_returns_terminal_commit_that_wins_capture_race ... ok
[INFO] [stdout] test commands::tests::terminal_capture_marks_missing_boundaries_truncated ... ok
[INFO] [stdout] test commands::tests::terminal_capture_retries_boundedly_until_done_is_visible ... ok
[INFO] [stdout] test commands::tests::execute_command_rejects_unquoted_hash ... ok
[INFO] [stdout] test commands::tests::test_extract_exit_code::case_1 ... ok
[INFO] [stdout] test commands::tests::test_extract_exit_code::case_2 ... ok
[INFO] [stdout] test commands::tests::test_extract_exit_code::case_3 ... ok
[INFO] [stdout] test commands::tests::test_get_end_marker::case_1 ... ok
[INFO] [stdout] test commands::tests::test_get_end_marker::case_2 ... ok
[INFO] [stdout] test commands::tests::test_get_end_marker::case_3 ... ok
[INFO] [stdout] test commands::tests::test_get_end_marker::case_4 ... ok
[INFO] [stdout] test commands::tests::test_has_unquoted_shell_comment_marker_allows::case_1 ... ok
[INFO] [stdout] test commands::tests::test_has_unquoted_shell_comment_marker_allows::case_2 ... ok
[INFO] [stdout] test commands::tests::test_has_unquoted_shell_comment_marker_rejects::case_1 ... ok
[INFO] [stdout] test commands::tests::test_has_unquoted_shell_comment_marker_rejects::case_2 ... ok
[INFO] [stdout] test commands::tests::test_parse_command_output_brackets_only ... ok
[INFO] [stdout] test commands::tests::test_resource_uri_helper ... ok
[INFO] [stdout] test commands::tests::test_shell_type_for_pane_command::case_1 ... ok
[INFO] [stdout] test commands::tests::test_shell_type_for_pane_command::case_2 ... ok
[INFO] [stdout] test commands::tests::test_shell_type_for_pane_command::case_3 ... ok
[INFO] [stdout] test commands::tests::test_shell_type_for_pane_command::case_4 ... ok
[INFO] [stdout] test commands::tests::test_shell_type_for_pane_command::case_5 ... ok
[INFO] [stdout] test commands::tests::test_wrap_includes_side_channel ... ok
[INFO] [stdout] test commands::tests::test_wrap_tracked_command_space_before_done ... ok
[INFO] [stdout] test commands::tests::terminal_state_and_queue_advance_while_presentation_capture_is_blocked ... ok
[INFO] [stdout] test commands::tests::execute_command_queues_second_on_same_pane ... ok
[INFO] [stdout] test security::tests::config_rejects_unknown_fields ... ok
[INFO] [stdout] test commands::tests::execute_command_rejects_background ... ok
[INFO] [stdout] test security::tests::test_check_buffer_path_rejects_absolute_path_by_default ... ok
[INFO] [stdout] test security::tests::test_check_buffer_path_honors_allowed_buffer_paths ... ok
[INFO] [stdout] test security::tests::test_check_buffer_path_rejects_default_relative_path_outside_safe_dir ... ok
[INFO] [stdout] test security::tests::test_check_buffer_path_rejects_allowed_symlink_escape ... ok
[INFO] [stdout] test security::tests::test_check_buffer_path_rejects_parent_traversal ... ok
[INFO] [stdout] test security::tests::test_check_tool_allows_unknown ... ok
[INFO] [stdout] test security::tests::test_command_allowlist ... ok
[INFO] [stdout] test security::tests::test_command_allowlist_allows_escaped_spaces_and_separators ... ok
[INFO] [stdout] test security::tests::test_command_allowlist_blocks_chained_statements ... ok
[INFO] [stdout] test security::tests::test_command_allowlist_checks_each_non_empty_line ... ok
[INFO] [stdout] test security::tests::test_check_buffer_path_resolves_default_relative_path_under_safe_dir ... ok
[INFO] [stdout] test security::tests::test_command_allowlist_keeps_redirection_ampersands_in_statement ... ok
[INFO] [stdout] test security::tests::test_command_allowlist_preserves_parameter_expansions ... ok
[INFO] [stdout] test security::tests::test_command_denylist ... ok
[INFO] [stdout] test security::tests::test_command_filter_blocks_chained_statements ... ok
[INFO] [stdout] test security::tests::test_command_filter_blocks_process_substitution_statements ... ok
[INFO] [stdout] test security::tests::test_command_filter_blocks_subshell_and_brace_group_statements ... ok
[INFO] [stdout] test security::tests::test_command_filter_checks_each_non_empty_line ... ok
[INFO] [stdout] test security::tests::test_command_filter_rejects_shell_c_wrappers ... ok
[INFO] [stdout] test security::tests::test_command_filter_respects_single_quotes ... ok
[INFO] [stdout] test security::tests::test_default_policy_allows_all ... ok
[INFO] [stdout] test security::tests::test_disabled_security_allows_absolute_buffer_path ... ok
[INFO] [stdout] test security::tests::test_command_filter_treats_single_quote_inside_double_quotes_as_literal ... ok
[INFO] [stdout] test commands::tests::partial_capture_is_bounded_and_preserves_useful_output_after_marker_loss ... ok
[INFO] [stdout] test security::tests::test_disabled_security_allows_all ... ok
[INFO] [stdout] test security::tests::test_disabled_security_ignores_tool_filter ... ok
[INFO] [stdout] test security::tests::test_load_invalid_toml_returns_error ... ok
[INFO] [stdout] test security::tests::test_load_missing_file_returns_error ... ok
[INFO] [stdout] test security::tests::test_pane_restriction ... ok
[INFO] [stdout] test security::tests::test_remote_buffer_destination_allows_fresh_default_file ... ok
[INFO] [stdout] test security::tests::test_remote_buffer_destination_rejects_parent_outside_allowlist ... ok
[INFO] [stdout] test security::tests::test_remote_buffer_path_rejects_remote_symlink_escape ... ok
[INFO] [stdout] test security::tests::test_remote_buffer_path_uses_remote_canonical_allowlist ... ok
[INFO] [stdout] test security::tests::test_remote_default_buffer_path_is_anchored_to_safe_dir ... ok
[INFO] [stdout] test security::tests::test_remote_default_buffer_path_rejects_unsafe_input_before_canonicalization ... ok
[INFO] [stdout] test security::tests::test_resolve_local_buffer_destination_allows_fresh_allowed_file ... ok
[INFO] [stdout] test security::tests::test_resolve_local_buffer_destination_allows_fresh_default_file ... ok
[INFO] [stdout] test security::tests::test_resolve_local_buffer_destination_rejects_existing_symlink_escape ... ok
[INFO] [stdout] test security::tests::test_resolve_local_buffer_destination_rejects_broken_symlink ... ok
[INFO] [stdout] test security::tests::test_socket_restriction ... ok
[INFO] [stdout] test security::tests::test_tool_denial ... ok
[INFO] [stdout] test security::tests::test_tool_filter_allows_only_list_group ... ok
[INFO] [stdout] test security::tests::test_tool_filter_denies_exact_tools ... ok
[INFO] [stdout] test security::tests::test_tool_filter_group_denies_raw_input ... ok
[INFO] [stdout] test security::tests::test_tool_filter_rejects_unknown_items ... ok
[INFO] [stdout] test security::tests::test_session_restriction ... ok
[INFO] [stdout] test security::tests::test_tool_filter_rejects_unknown_groups ... ok
[INFO] [stdout] test commands::tests::execute_command_spoof_done_does_not_complete ... ok
[INFO] [stdout] test commands::tests::execute_command_side_channel_keeps_status_but_marks_unclosed_output_truncated ... ok
[INFO] [stdout] test commands::tests::execute_command_side_channel_retries_output_until_done_marker_is_visible ... ok
[INFO] [stdout] test commands::tests::execute_command_uses_pane_shell_for_markers ... ok
[INFO] [stdout] test commands::tests::execute_command_rejects_intra_word_background ... ok
[INFO] [stdout] test commands::tests::queued_send_failure_remains_pollable_as_tracking_error ... ok
[INFO] [stdout] test commands::tests::raw_mode_disables_tracking ... ok
[INFO] [stdout] test commands::tests::purge_pane_is_scoped_to_socket ... ok
[INFO] [stdout] test commands::tests::execute_command_side_channel_completes ... ok
[INFO] [stdout] test commands::tests::execute_command_rejects_newline ... ok
[INFO] [stdout] test commands::tests::execute_command_send_failure_rolls_back ... ok
[INFO] [stdout] test tmux::tests::decode_window_preserves_complete_trailing_utf8_scalar ... ok
[INFO] [stdout] test tmux::tests::decode_window_rejects_invalid_utf8 ... ok
[INFO] [stdout] test commands::tests::wait_for_returns_on_completion ... ok
[INFO] [stdout] test commands::tests::wait_for_timeout_leaves_running ... ok
[INFO] [stdout] test tmux::tests::break_pane_handles_bad_output ... ok
[INFO] [stdout] test tmux::tests::execute_tmux_preserves_raw_stdout_whitespace ... ok
[INFO] [stdout] test tmux::tests::break_pane_recovers_from_missing_output ... ok
[INFO] [stdout] test tmux::tests::canonicalize_remote_path_uses_ssh_host ... ok
[INFO] [stdout] test tmux::tests::capture_pane_preserves_significant_whitespace ... ok
[INFO] [stdout] test tmux::tests::capture_pane_returns_content ... ok
[INFO] [stdout] test tmux::tests::create_session_handles_bad_output ... ok
[INFO] [stdout] test tmux::tests::create_remote_dir_uses_ssh_host ... ok
[INFO] [stdout] test tmux::tests::create_session_parses_output ... ok
[INFO] [stdout] test tmux::tests::list_parsers_reject_extra_tab_fields ... ok
[INFO] [stdout] test tmux::tests::create_session_recovers_from_missing_output ... ok
[INFO] [stdout] test tmux::tests::create_window_recovers_from_missing_output ... ok
[INFO] [stdout] test tmux::tests::max_matches_cursor_replays_complete_multi_buffer_request_without_duplicates ... ok
[INFO] [stdout] test tmux::tests::parse_hex_tokens_normalizes_and_validates ... ok
[INFO] [stdout] test tmux::tests::create_window_handles_bad_output ... ok
[INFO] [stdout] test tmux::tests::remote_path_is_symlink_uses_ssh_host ... ok
[INFO] [stdout] test tmux::tests::remote_tmux_command_shell_quotes_args ... ok
[INFO] [stdout] test tmux::tests::execute_tmux_error_message ... ok
[INFO] [stdout] test tmux::tests::execute_tmux_invalid_ssh_returns_error ... ok
[INFO] [stdout] test tmux::tests::execute_tmux_over_ssh_preserves_shell_sensitive_args ... ok
[INFO] [stdout] test tmux::tests::break_pane_parses_output ... ok
[INFO] [stdout] test tmux::tests::execute_tmux_spawn_error ... ok
[INFO] [stdout] test tmux::tests::search_buffers_regex_requires_full_budget_before_loading_window ... ok
[INFO] [stdout] test tmux::tests::search_buffers_streaming_searches_literal_lookahead_once ... ok
[INFO] [stdout] test tmux::tests::execute_tmux_uses_socket_args ... ok
[INFO] [stdout] test tmux::tests::get_current_session_handles_missing ... ok
[INFO] [stdout] test tmux::tests::is_tmux_running_reports_states ... ok
[INFO] [stdout] test tmux::tests::list_parsers_trim_executor_output_boundaries ... ok
[INFO] [stdout] test tmux::tests::join_and_swap_panes_happy_path ... ok
[INFO] [stdout] test tmux::tests::list_windows_and_panes ... ok
[INFO] [stdout] test tmux::tests::paste_text_deletes_staging_buffer_on_paste_failure ... FAILED
[INFO] [stdout] test tmux::tests::set_buffer_bytes_returns_load_error_for_binary_content ... FAILED
[INFO] [stdout] test tmux::tests::show_buffer_preserves_significant_whitespace ... ok
[INFO] [stdout] test tmux::tests::split_pane_handles_bad_output ... ok
[INFO] [stdout] test tmux::tests::split_pane_parses_output ... ok
[INFO] [stdout] test tmux::tests::split_pane_recovers_from_missing_output ... ok
[INFO] [stdout] test tmux::tests::resize_pane_requires_dimensions_or_direction ... ok
[INFO] [stdout] test tmux::tests::resize_pane_invalid_direction_returns_error ... ok
[INFO] [stdout] test tmux::tests::resolve_socket_prefers_override_and_env ... ok
[INFO] [stdout] test tmux::tests::test_parse_buffers::case_2 ... ok
[INFO] [stdout] test tmux::tests::test_parse_panes::case_1 ... ok
[INFO] [stdout] test tmux::tests::test_parse_panes::case_2 ... ok
[INFO] [stdout] test tmux::tests::test_parse_panes::case_3 ... ok
[INFO] [stdout] test tmux::tests::test_parse_sessions::case_1 ... ok
[INFO] [stdout] test tmux::tests::test_parse_panes_skips_malformed_lines ... ok
[INFO] [stdout] test tmux::tests::test_parse_sessions::case_3 ... ok
[INFO] [stdout] test tmux::tests::test_parse_sessions::case_2 ... ok
[INFO] [stdout] test tmux::tests::test_parse_sessions_skips_malformed_lines ... ok
[INFO] [stdout] test tmux::tests::test_parse_ssh_args_ok::case_1 ... ok
[INFO] [stdout] test tmux::tests::test_parse_ssh_args_ok::case_2 ... ok
[INFO] [stdout] test tmux::tests::test_parse_ssh_args_ok::case_4 ... ok
[INFO] [stdout] test tmux::tests::test_parse_ssh_args_ok::case_5 ... ok
[INFO] [stdout] test tmux::tests::test_parse_ssh_args_ok::case_6 ... ok
[INFO] [stdout] test tmux::tests::test_parse_ssh_args_rejects_unbalanced_quotes ... ok
[INFO] [stdout] test tmux::tests::test_parse_tmux_version::case_1 ... ok
[INFO] [stdout] test tmux::tests::test_parse_ssh_args_ok::case_3 ... ok
[INFO] [stdout] test tmux::tests::test_parse_tmux_version::case_3 ... ok
[INFO] [stdout] test tmux::tests::test_parse_tmux_version::case_4 ... ok
[INFO] [stdout] test tmux::tests::test_parse_tmux_version::case_2 ... ok
[INFO] [stdout] test tmux::tests::search_buffers_preserves_complete_trailing_utf8_scalar ... ok
[INFO] [stdout] test tmux::tests::test_parse_tmux_version::case_7 ... ok
[INFO] [stdout] test tmux::tests::test_parse_tmux_version::case_5 ... ok
[INFO] [stdout] test tmux::tests::test_parse_tmux_version::case_6 ... ok
[INFO] [stdout] test tmux::tests::test_parse_windows::case_2 ... ok
[INFO] [stdout] test tmux::tests::test_parse_windows::case_3 ... ok
[INFO] [stdout] test tmux::tests::execute_tmux_success ... ok
[INFO] [stdout] test tmux::tests::test_parse_tmux_version::case_8 ... ok
[INFO] [stdout] test tmux::tests::test_parse_windows::case_1 ... ok
[INFO] [stdout] test tmux::tests::test_parse_windows_skips_malformed_lines ... ok
[INFO] [stdout] test tmux::tests::test_parse_windows_with_colons::case_1 ... ok
[INFO] [stdout] test types::tests::command_snapshot_preserves_output_capture_completeness ... ok
[INFO] [stdout] test tmux::tests::zoom_pane_happy_path ... ok
[INFO] [stdout] test tmux::tests::search_buffers_returns_offsets_and_snippets ... ok
[INFO] [stdout] test tmux::tests::test_parse_buffers::case_1 ... ok
[INFO] [stdout] test tmux::tests::test_parse_sessions_with_colons_in_name::case_1 ... ok
[INFO] [stdout] test tmux::tests::execute_tmux_uses_ssh_when_configured ... ok
[INFO] [stdout] test tmux::tests::create_window_parses_output ... ok
[INFO] [stdout] test tmux::tests::search_buffers_streaming_uses_scan_window ... ok
[INFO] [stdout] test tmux::tests::select_layout_happy_path ... ok
[INFO] [stdout] test tmux::tests::select_layout_tmux_error ... ok
[INFO] [stdout] test tmux::tests::send_keys_hex_passes_byte_tokens ... ok
[INFO] [stdout] test tmux::tests::send_keys_literal_chunks_large_payload ... ok
[INFO] [stdout] test tmux::tests::send_keys_literal_fast_path_single_call ... ok
[INFO] [stdout] test tmux::tests::send_keys_literal_uses_separator_for_leading_dash_payload ... ok
[INFO] [stdout] 
[INFO] [stdout] failures:
[INFO] [stdout] 
[INFO] [stdout] ---- tmux::tests::paste_text_deletes_staging_buffer_on_paste_failure stdout ----
[INFO] [stdout] 
[INFO] [stdout] thread 'tmux::tests::paste_text_deletes_staging_buffer_on_paste_failure' (2801) panicked at src/tmux.rs:2972:40:
[INFO] [stderr] error: test failed, to rerun pass `--lib`
[INFO] [stdout] assertion failed: message.contains("paste failed")
[INFO] [stdout] stack backtrace:
[INFO] [stdout]    0:     0x64776eaeeee1 - <<std[617be2ca0a6fd877]::sys::backtrace::BacktraceLock>::print::DisplayBacktrace as core[a373ad73a504971]::fmt::Display>::fmt
[INFO] [stdout]    1:     0x64776eb063aa - core[a373ad73a504971]::fmt::write
[INFO] [stdout]    2:     0x64776eaf35fc - <alloc[2e1b2a31b91974c5]::vec::Vec<u8> as core[a373ad73a504971]::io::write::Write>::write_fmt
[INFO] [stdout]    3:     0x64776eac8336 - std[617be2ca0a6fd877]::panicking::default_hook::{closure#0}
[INFO] [stdout]    4:     0x64776eae5ef9 - std[617be2ca0a6fd877]::panicking::default_hook
[INFO] [stdout]    5:     0x64776e9670f0 - test[aada8e7e76ba119b]::test_main_inner::{closure#0}
[INFO] [stdout]    6:     0x64776eae6222 - std[617be2ca0a6fd877]::panicking::panic_with_hook
[INFO] [stdout]    7:     0x64776eac8414 - std[617be2ca0a6fd877]::panicking::panic_handler::{closure#0}
[INFO] [stdout]    8:     0x64776eac0c59 - std[617be2ca0a6fd877]::sys::backtrace::__rust_end_short_backtrace::<std[617be2ca0a6fd877]::panicking::panic_handler::{closure#0}, !>
[INFO] [stdout]    9:     0x64776eac93bd - __rustc[ea4f61d10b84890b]::rust_begin_unwind
[INFO] [stdout]   10:     0x64776eb06bcc - core[a373ad73a504971]::panicking::panic_fmt
[INFO] [stdout]   11:     0x64776eb06b92 - core[a373ad73a504971]::panicking::panic
[INFO] [stdout]   12:     0x64776e86f729 - tmux_mcp_rs[96c373ddd280ef89]::tmux::tests::paste_text_deletes_staging_buffer_on_paste_failure::{closure#0}
[INFO] [stdout]   13:     0x64776e90da93 - <tokio[5bf3fd963305448f]::runtime::scheduler::current_thread::Context>::enter::<core[a373ad73a504971]::task::poll::Poll<()>, <tokio[5bf3fd963305448f]::runtime::scheduler::current_thread::CoreGuard>::block_on<core[a373ad73a504971]::pin::Pin<&mut core[a373ad73a504971]::pin::Pin<&mut dyn core[a373ad73a504971]::future::future::Future<Output = ()>>>>::{closure#0}::{closure#0}>
[INFO] [stdout]   14:     0x64776e8d15fc - <tokio[5bf3fd963305448f]::runtime::context::scoped::Scoped<tokio[5bf3fd963305448f]::runtime::scheduler::Context>>::set::<<tokio[5bf3fd963305448f]::runtime::scheduler::current_thread::CoreGuard>::enter<<tokio[5bf3fd963305448f]::runtime::scheduler::current_thread::CoreGuard>::block_on<core[a373ad73a504971]::pin::Pin<&mut core[a373ad73a504971]::pin::Pin<&mut dyn core[a373ad73a504971]::future::future::Future<Output = ()>>>>::{closure#0}, core[a373ad73a504971]::option::Option<()>>::{closure#0}, (alloc[2e1b2a31b91974c5]::boxed::Box<tokio[5bf3fd963305448f]::runtime::scheduler::current_thread::Core>, core[a373ad73a504971]::option::Option<()>)>
[INFO] [stdout]   15:     0x64776e90d5ad - <tokio[5bf3fd963305448f]::runtime::runtime::Runtime>::block_on::<core[a373ad73a504971]::pin::Pin<&mut dyn core[a373ad73a504971]::future::future::Future<Output = ()>>>
[INFO] [stdout]   16:     0x64776e879a9e - <tmux_mcp_rs[96c373ddd280ef89]::tmux::tests::paste_text_deletes_staging_buffer_on_paste_failure::{closure#0} as core[a373ad73a504971]::ops::function::FnOnce<()>>::call_once
[INFO] [stdout]   17:     0x64776e95a53b - test[aada8e7e76ba119b]::__rust_begin_short_backtrace::<core[a373ad73a504971]::result::Result<(), alloc[2e1b2a31b91974c5]::string::String>, fn() -> core[a373ad73a504971]::result::Result<(), alloc[2e1b2a31b91974c5]::string::String>>
[INFO] [stdout]   18:     0x64776e967715 - test[aada8e7e76ba119b]::run_test::{closure#0}
[INFO] [stdout]   19:     0x64776e961004 - std[617be2ca0a6fd877]::sys::backtrace::__rust_begin_short_backtrace::<test[aada8e7e76ba119b]::run_test::{closure#1}, ()>
[INFO] [stdout]   20:     0x64776e96a7a2 - <std[617be2ca0a6fd877]::thread::lifecycle::spawn_unchecked<test[aada8e7e76ba119b]::run_test::{closure#1}, ()>::{closure#1} as core[a373ad73a504971]::ops::function::FnOnce<()>>::call_once::{shim:vtable#0}
[INFO] [stdout]   21:     0x64776eaee1bf - <std[617be2ca0a6fd877]::sys::thread::unix::Thread>::new::thread_start
[INFO] [stdout]   22:     0x728c12bfadfa - <unknown>
[INFO] [stdout]   23:     0x728c12c8e3d4 - clone
[INFO] [stdout]   24:                0x0 - <unknown>
[INFO] [stdout] 
[INFO] [stdout] ---- tmux::tests::set_buffer_bytes_returns_load_error_for_binary_content stdout ----
[INFO] [stdout] 
[INFO] [stdout] thread 'tmux::tests::set_buffer_bytes_returns_load_error_for_binary_content' (2849) panicked at src/tmux.rs:2866:9:
[INFO] [stdout] assertion failed: matches!(err, Error::Tmux { ref message } if
[INFO] [stdout]     message.contains("load-buffer failed"))
[INFO] [stdout] stack backtrace:
[INFO] [stdout]    0:     0x64776eaeeee1 - <<std[617be2ca0a6fd877]::sys::backtrace::BacktraceLock>::print::DisplayBacktrace as core[a373ad73a504971]::fmt::Display>::fmt
[INFO] [stdout]    1:     0x64776eb063aa - core[a373ad73a504971]::fmt::write
[INFO] [stdout]    2:     0x64776eaf35fc - <alloc[2e1b2a31b91974c5]::vec::Vec<u8> as core[a373ad73a504971]::io::write::Write>::write_fmt
[INFO] [stdout]    3:     0x64776eac8336 - std[617be2ca0a6fd877]::panicking::default_hook::{closure#0}
[INFO] [stdout]    4:     0x64776eae5ef9 - std[617be2ca0a6fd877]::panicking::default_hook
[INFO] [stdout]    5:     0x64776e9670f0 - test[aada8e7e76ba119b]::test_main_inner::{closure#0}
[INFO] [stdout]    6:     0x64776eae6222 - std[617be2ca0a6fd877]::panicking::panic_with_hook
[INFO] [stdout]    7:     0x64776eac8414 - std[617be2ca0a6fd877]::panicking::panic_handler::{closure#0}
[INFO] [stdout]    8:     0x64776eac0c59 - std[617be2ca0a6fd877]::sys::backtrace::__rust_end_short_backtrace::<std[617be2ca0a6fd877]::panicking::panic_handler::{closure#0}, !>
[INFO] [stdout]    9:     0x64776eac93bd - __rustc[ea4f61d10b84890b]::rust_begin_unwind
[INFO] [stdout]   10:     0x64776eb06bcc - core[a373ad73a504971]::panicking::panic_fmt
[INFO] [stdout]   11:     0x64776eb06b92 - core[a373ad73a504971]::panicking::panic
[INFO] [stdout]   12:     0x64776e8703aa - tmux_mcp_rs[96c373ddd280ef89]::tmux::tests::set_buffer_bytes_returns_load_error_for_binary_content::{closure#0}
[INFO] [stdout]   13:     0x64776e90da93 - <tokio[5bf3fd963305448f]::runtime::scheduler::current_thread::Context>::enter::<core[a373ad73a504971]::task::poll::Poll<()>, <tokio[5bf3fd963305448f]::runtime::scheduler::current_thread::CoreGuard>::block_on<core[a373ad73a504971]::pin::Pin<&mut core[a373ad73a504971]::pin::Pin<&mut dyn core[a373ad73a504971]::future::future::Future<Output = ()>>>>::{closure#0}::{closure#0}>
[INFO] [stdout]   14:     0x64776e8d15fc - <tokio[5bf3fd963305448f]::runtime::context::scoped::Scoped<tokio[5bf3fd963305448f]::runtime::scheduler::Context>>::set::<<tokio[5bf3fd963305448f]::runtime::scheduler::current_thread::CoreGuard>::enter<<tokio[5bf3fd963305448f]::runtime::scheduler::current_thread::CoreGuard>::block_on<core[a373ad73a504971]::pin::Pin<&mut core[a373ad73a504971]::pin::Pin<&mut dyn core[a373ad73a504971]::future::future::Future<Output = ()>>>>::{closure#0}, core[a373ad73a504971]::option::Option<()>>::{closure#0}, (alloc[2e1b2a31b91974c5]::boxed::Box<tokio[5bf3fd963305448f]::runtime::scheduler::current_thread::Core>, core[a373ad73a504971]::option::Option<()>)>
[INFO] [stdout]   15:     0x64776e90d5ad - <tokio[5bf3fd963305448f]::runtime::runtime::Runtime>::block_on::<core[a373ad73a504971]::pin::Pin<&mut dyn core[a373ad73a504971]::future::future::Future<Output = ()>>>
[INFO] [stdout]   16:     0x64776e87a06e - <tmux_mcp_rs[96c373ddd280ef89]::tmux::tests::set_buffer_bytes_returns_load_error_for_binary_content::{closure#0} as core[a373ad73a504971]::ops::function::FnOnce<()>>::call_once
[INFO] [stdout]   17:     0x64776e95a53b - test[aada8e7e76ba119b]::__rust_begin_short_backtrace::<core[a373ad73a504971]::result::Result<(), alloc[2e1b2a31b91974c5]::string::String>, fn() -> core[a373ad73a504971]::result::Result<(), alloc[2e1b2a31b91974c5]::string::String>>
[INFO] [stdout]   18:     0x64776e967715 - test[aada8e7e76ba119b]::run_test::{closure#0}
[INFO] [stdout]   19:     0x64776e961004 - std[617be2ca0a6fd877]::sys::backtrace::__rust_begin_short_backtrace::<test[aada8e7e76ba119b]::run_test::{closure#1}, ()>
[INFO] [stdout]   20:     0x64776e96a7a2 - <std[617be2ca0a6fd877]::thread::lifecycle::spawn_unchecked<test[aada8e7e76ba119b]::run_test::{closure#1}, ()>::{closure#1} as core[a373ad73a504971]::ops::function::FnOnce<()>>::call_once::{shim:vtable#0}
[INFO] [stdout]   21:     0x64776eaee1bf - <std[617be2ca0a6fd877]::sys::thread::unix::Thread>::new::thread_start
[INFO] [stdout]   22:     0x728c12bfadfa - <unknown>
[INFO] [stdout]   23:     0x728c12c8e3d4 - clone
[INFO] [stdout]   24:                0x0 - <unknown>
[INFO] [stdout] 
[INFO] [stdout] 
[INFO] [stdout] failures:
[INFO] [stdout]     tmux::tests::paste_text_deletes_staging_buffer_on_paste_failure
[INFO] [stdout]     tmux::tests::set_buffer_bytes_returns_load_error_for_binary_content
[INFO] [stdout] 
[INFO] [stdout] test result: FAILED. 178 passed; 2 failed; 0 ignored; 0 measured; 0 filtered out; finished in 9.75s
[INFO] [stdout] 
[INFO] running `Command { std: "docker" "inspect" "69c4a7ff63f4eface3a39ec5173266fc1b6e630a25542031040ff6405c9b01b0", kill_on_drop: false }`
[INFO] running `Command { std: "docker" "rm" "-f" "69c4a7ff63f4eface3a39ec5173266fc1b6e630a25542031040ff6405c9b01b0", kill_on_drop: false }`
[INFO] [stdout] 69c4a7ff63f4eface3a39ec5173266fc1b6e630a25542031040ff6405c9b01b0
