[INFO] fetching crate tmux-fingers-rs 0.3.0...
[INFO] testing tmux-fingers-rs-0.3.0 against 1.100.0-beta.1+cargoflags=--release for beta-release-1.100-2
[INFO] extracting crate tmux-fingers-rs 0.3.0 into /workspace/builds/worker-2-tc2/source
[INFO] removed /workspace/builds/worker-2-tc2/source/rust-toolchain.toml
[INFO] started tweaking crates.io crate tmux-fingers-rs 0.3.0
[INFO] removed 0 missing tests
[INFO] finished tweaking crates.io crate tmux-fingers-rs 0.3.0
[INFO] tweaked toml for crates.io crate tmux-fingers-rs 0.3.0 written to /workspace/builds/worker-2-tc2/source/Cargo.toml
[INFO] validating manifest of crates.io crate tmux-fingers-rs 0.3.0 on toolchain 1.100.0-beta.1
[INFO] running `Command { std: CARGO_HOME="/workspace/cargo-home" RUSTUP_HOME="/workspace/rustup-home" "/workspace/cargo-home/bin/cargo" "+1.100.0-beta.1" "metadata" "--manifest-path" "Cargo.toml" "--no-deps", kill_on_drop: false }`
[INFO] crate crates.io crate tmux-fingers-rs 0.3.0 already has a lockfile, it will not be regenerated
[INFO] running `Command { std: CARGO_HOME="/workspace/cargo-home" RUSTUP_HOME="/workspace/rustup-home" "/workspace/cargo-home/bin/cargo" "+1.100.0-beta.1" "fetch" "--manifest-path" "Cargo.toml", kill_on_drop: false }`
[INFO] [stderr] warning: `package.homepage` is redundant with `package.repository`
[INFO] [stderr]   --> Cargo.toml:36:12
[INFO] [stderr]    |
[INFO] [stderr] 36 | homepage = "https://github.com/martintrojer/tmux-fingers-rs"
[INFO] [stderr]    |            ^^^^^^^^^^^^^^^^^^^^^^^^^^^^^^^^^^^^^^^^^^^^^^^^^
[INFO] [stderr] ...
[INFO] [stderr] 41 | repository = "https://github.com/martintrojer/tmux-fingers-rs"
[INFO] [stderr]    |              -------------------------------------------------
[INFO] [stderr]    |
[INFO] [stderr]    = note: `cargo::redundant_homepage` is set to `warn` by default
[INFO] [stderr] help: consider removing `package.homepage`
[INFO] [stderr] warning: `tmux-fingers-rs` (manifest) generated 1 warning
[INFO] running `Command { std: "docker" "create" "-v" "/var/lib/crater-agent-workspace/builds/worker-2-tc2/source:/opt/rustwide/workdir:ro,Z" "-v" "/var/lib/crater-agent-workspace/builds/worker-2-tc2/target:/opt/rustwide/target:rw,Z" "-v" "/var/lib/crater-agent-workspace/cargo-home:/opt/rustwide/cargo-home:ro,Z" "-v" "/var/lib/crater-agent-workspace/rustup-home:/opt/rustwide/rustup-home:ro,Z" "-m" "1610612736" "--network" "none" "ghcr.io/rust-lang/crates-build-env/linux@sha256:77db811e55d90add9212f6832c23229e3de5f1c1f9905e8cb07319ea15df73ac" "sleep" "infinity", kill_on_drop: false }`
[INFO] [stdout] 31fcab3b79cf765313bb8bbdb0d5fe4fb153aff40dbed686e4bdd5edf95156e3
[INFO] running `Command { std: "docker" "start" "31fcab3b79cf765313bb8bbdb0d5fe4fb153aff40dbed686e4bdd5edf95156e3", kill_on_drop: false }`
[INFO] running `Command { std: "docker" "inspect" "31fcab3b79cf765313bb8bbdb0d5fe4fb153aff40dbed686e4bdd5edf95156e3", kill_on_drop: false }`
[INFO] running `Command { std: "docker" "exec" "-e" "SOURCE_DIR=/opt/rustwide/workdir" "-e" "CARGO_HOME=/opt/rustwide/cargo-home" "-e" "RUSTUP_HOME=/opt/rustwide/rustup-home" "-e" "CARGO_TARGET_DIR=/opt/rustwide/target" "-w" "/opt/rustwide/workdir" "--user" "0:0" "31fcab3b79cf765313bb8bbdb0d5fe4fb153aff40dbed686e4bdd5edf95156e3" "/opt/rustwide/cargo-home/bin/cargo" "+1.100.0-beta.1" "metadata" "--no-deps" "--format-version=1", kill_on_drop: false }`
[INFO] running `Command { std: "docker" "inspect" "31fcab3b79cf765313bb8bbdb0d5fe4fb153aff40dbed686e4bdd5edf95156e3", kill_on_drop: false }`
[INFO] running `Command { std: "docker" "exec" "-e" "SOURCE_DIR=/opt/rustwide/workdir" "-e" "CARGO_HOME=/opt/rustwide/cargo-home" "-e" "RUSTUP_HOME=/opt/rustwide/rustup-home" "-e" "CARGO_TARGET_DIR=/opt/rustwide/target" "-e" "CARGO_INCREMENTAL=0" "-e" "RUST_BACKTRACE=full" "-e" "RUSTFLAGS=--cap-lints=warn" "-e" "RUSTDOCFLAGS=--cap-lints=warn" "-w" "/opt/rustwide/workdir" "--user" "0:0" "31fcab3b79cf765313bb8bbdb0d5fe4fb153aff40dbed686e4bdd5edf95156e3" "/opt/rustwide/cargo-home/bin/cargo" "+1.100.0-beta.1" "build" "--frozen" "--message-format=json" "--release", kill_on_drop: false }`
[INFO] [stderr] warning: `package.homepage` is redundant with `package.repository`
[INFO] [stderr]   --> Cargo.toml:36:12
[INFO] [stderr]    |
[INFO] [stderr] 36 | homepage = "https://github.com/martintrojer/tmux-fingers-rs"
[INFO] [stderr]    |            ^^^^^^^^^^^^^^^^^^^^^^^^^^^^^^^^^^^^^^^^^^^^^^^^^
[INFO] [stderr] ...
[INFO] [stderr] 41 | repository = "https://github.com/martintrojer/tmux-fingers-rs"
[INFO] [stderr]    |              -------------------------------------------------
[INFO] [stderr]    |
[INFO] [stderr]    = note: `cargo::redundant_homepage` is set to `warn` by default
[INFO] [stderr] help: consider removing `package.homepage`
[INFO] [stderr] warning: `tmux-fingers-rs` (manifest) generated 1 warning
[INFO] [stderr]    Compiling libc v0.2.183
[INFO] [stderr]    Compiling proc-macro2 v1.0.106
[INFO] [stderr]    Compiling unicode-ident v1.0.24
[INFO] [stderr]    Compiling quote v1.0.45
[INFO] [stderr]    Compiling shlex v1.3.0
[INFO] [stderr]    Compiling find-msvc-tools v0.1.9
[INFO] [stderr]    Compiling utf8parse v0.2.2
[INFO] [stderr]    Compiling pkg-config v0.3.32
[INFO] [stderr]    Compiling serde_core v1.0.228
[INFO] [stderr]    Compiling zmij v1.0.21
[INFO] [stderr]    Compiling anstyle-query v1.1.5
[INFO] [stderr]    Compiling colorchoice v1.0.5
[INFO] [stderr]    Compiling anstyle v1.0.14
[INFO] [stderr]    Compiling is_terminal_polyfill v1.70.2
[INFO] [stderr]    Compiling serde_json v1.0.149
[INFO] [stderr]    Compiling clap_lex v1.1.0
[INFO] [stderr]    Compiling strsim v0.11.1
[INFO] [stderr]    Compiling heck v0.5.0
[INFO] [stderr]    Compiling serde v1.0.228
[INFO] [stderr]    Compiling memchr v2.8.0
[INFO] [stderr]    Compiling anstyle-parse v1.0.0
[INFO] [stderr]    Compiling log v0.4.29
[INFO] [stderr]    Compiling itoa v1.0.18
[INFO] [stderr]    Compiling shell-words v1.1.1
[INFO] [stderr]    Compiling anstream v1.0.0
[INFO] [stderr]    Compiling clap_builder v4.6.0
[INFO] [stderr]    Compiling syn v2.0.117
[INFO] [stderr]    Compiling jobserver v0.1.34
[INFO] [stderr]    Compiling cc v1.2.58
[INFO] [stderr]    Compiling pcre2-sys v0.2.10
[INFO] [stderr]    Compiling pcre2 v0.2.11
[INFO] [stderr]    Compiling serde_derive v1.0.228
[INFO] [stderr]    Compiling clap_derive v4.6.0
[INFO] [stderr]    Compiling clap v4.6.0
[INFO] [stderr]    Compiling tmux-fingers-rs v0.3.0 (/opt/rustwide/workdir)
[INFO] [stderr]     Finished `release` profile [optimized] target(s) in 38.21s
[INFO] running `Command { std: "docker" "inspect" "31fcab3b79cf765313bb8bbdb0d5fe4fb153aff40dbed686e4bdd5edf95156e3", kill_on_drop: false }`
[INFO] running `Command { std: "docker" "exec" "-e" "SOURCE_DIR=/opt/rustwide/workdir" "-e" "CARGO_HOME=/opt/rustwide/cargo-home" "-e" "RUSTUP_HOME=/opt/rustwide/rustup-home" "-e" "CARGO_TARGET_DIR=/opt/rustwide/target" "-e" "CARGO_INCREMENTAL=0" "-e" "RUST_BACKTRACE=full" "-e" "RUSTFLAGS=--cap-lints=warn" "-e" "RUSTDOCFLAGS=--cap-lints=warn" "-w" "/opt/rustwide/workdir" "--user" "0:0" "31fcab3b79cf765313bb8bbdb0d5fe4fb153aff40dbed686e4bdd5edf95156e3" "/opt/rustwide/cargo-home/bin/cargo" "+1.100.0-beta.1" "test" "--frozen" "--no-run" "--message-format=json" "--release", kill_on_drop: false }`
[INFO] [stderr] warning: `package.homepage` is redundant with `package.repository`
[INFO] [stderr]   --> Cargo.toml:36:12
[INFO] [stderr]    |
[INFO] [stderr] 36 | homepage = "https://github.com/martintrojer/tmux-fingers-rs"
[INFO] [stderr]    |            ^^^^^^^^^^^^^^^^^^^^^^^^^^^^^^^^^^^^^^^^^^^^^^^^^
[INFO] [stderr] ...
[INFO] [stderr] 41 | repository = "https://github.com/martintrojer/tmux-fingers-rs"
[INFO] [stderr]    |              -------------------------------------------------
[INFO] [stderr]    |
[INFO] [stderr]    = note: `cargo::redundant_homepage` is set to `warn` by default
[INFO] [stderr] help: consider removing `package.homepage`
[INFO] [stderr] warning: `tmux-fingers-rs` (manifest) generated 1 warning
[INFO] [stderr]    Compiling tmux-fingers-rs v0.3.0 (/opt/rustwide/workdir)
[INFO] [stderr]     Finished `release` profile [optimized] target(s) in 36.91s
[INFO] running `Command { std: "docker" "inspect" "31fcab3b79cf765313bb8bbdb0d5fe4fb153aff40dbed686e4bdd5edf95156e3", kill_on_drop: false }`
[INFO] running `Command { std: "docker" "exec" "-e" "SOURCE_DIR=/opt/rustwide/workdir" "-e" "CARGO_HOME=/opt/rustwide/cargo-home" "-e" "RUSTUP_HOME=/opt/rustwide/rustup-home" "-e" "CARGO_TARGET_DIR=/opt/rustwide/target" "-e" "CARGO_INCREMENTAL=0" "-e" "RUST_BACKTRACE=full" "-e" "RUSTFLAGS=--cap-lints=warn" "-e" "RUSTDOCFLAGS=--cap-lints=warn" "-w" "/opt/rustwide/workdir" "--user" "0:0" "31fcab3b79cf765313bb8bbdb0d5fe4fb153aff40dbed686e4bdd5edf95156e3" "/opt/rustwide/cargo-home/bin/cargo" "+1.100.0-beta.1" "test" "--frozen" "--release", kill_on_drop: false }`
[INFO] [stderr] warning: `package.homepage` is redundant with `package.repository`
[INFO] [stderr]   --> Cargo.toml:36:12
[INFO] [stderr]    |
[INFO] [stderr] 36 | homepage = "https://github.com/martintrojer/tmux-fingers-rs"
[INFO] [stderr]    |            ^^^^^^^^^^^^^^^^^^^^^^^^^^^^^^^^^^^^^^^^^^^^^^^^^
[INFO] [stderr] ...
[INFO] [stderr] 41 | repository = "https://github.com/martintrojer/tmux-fingers-rs"
[INFO] [stderr]    |              -------------------------------------------------
[INFO] [stderr]    |
[INFO] [stderr]    = note: `cargo::redundant_homepage` is set to `warn` by default
[INFO] [stderr] help: consider removing `package.homepage`
[INFO] [stderr] warning: `tmux-fingers-rs` (manifest) generated 1 warning
[INFO] [stderr]     Finished `release` profile [optimized] target(s) in 0.07s
[INFO] [stderr]      Running unittests src/lib.rs (/opt/rustwide/target/release/build/tmux-fingers-rs/c128e72ce3e1fe2a/out/tmux_fingers_rs-c128e72ce3e1fe2a)
[INFO] [stdout] 
[INFO] [stdout] running 75 tests
[INFO] [stdout] test fingers::action_runner::tests::jump_mode_moves_to_match_offset ... ok
[INFO] [stdout] test fingers::action_runner::tests::resolves_open_action_to_platform_launcher ... ok
[INFO] [stdout] test fingers::action_runner::tests::paste_command_cancels_copy_mode_before_pasting ... ok
[INFO] [stdout] test fingers::action_runner::tests::expands_home_for_open_action ... ok
[INFO] [stdout] test fingers::action_runner::tests::jump_mode_skips_zero_cursor_offsets ... ok
[INFO] [stdout] test fingers::action_runner::tests::resolves_paste_command ... ok
[INFO] [stdout] test fingers::action_runner::tests::resolves_windows_clipboard_command_without_shell_pipeline ... ok
[INFO] [stdout] test fingers::config::tests::default_styles_match_the_style_printer ... ok
[INFO] [stdout] test fingers::config::tests::kubernetes_pod_matches_deployment_managed_pod_names ... ok
[INFO] [stdout] test fingers::hinter::tests::duplicate_text_reuses_one_hint ... ok
[INFO] [stdout] test fingers::hinter::tests::can_rerender_without_reusing_hints ... ok
[INFO] [stdout] test fingers::config::tests::kubernetes_pod_ignores_non_pod_text ... ok
[INFO] [stdout] test fingers::hinter::tests::prefixes_expands_and_pads_every_line_like_upstream ... ok
[INFO] [stdout] test fingers::hinter::tests::current_input_only_formats_matching_prefixes ... ok
[INFO] [stdout] test fingers::hinter::tests::puts_too_long_hints_back_for_the_next_match ... ok
[INFO] [stdout] test fingers::hinter::tests::named_capture_controls_highlight_and_codepoint_offset ... ok
[INFO] [stdout] test fingers::hinter::tests::expands_tab_from_its_position_before_match_formatting ... ok
[INFO] [stdout] test fingers::load_config::tests::invalid_options_are_reported_but_not_unset ... ok
[INFO] [stdout] test fingers::load_config::tests::converts_tmux_option_names ... ok
[INFO] [stdout] test fingers::hinter::tests::reuse_hints_handles_multibyte_matches ... ok
[INFO] [stdout] test fingers::load_config::tests::rejects_malformed_enum_values ... ok
[INFO] [stdout] test fingers::load_config::tests::rejects_malformed_styles_and_patterns ... ok
[INFO] [stdout] test fingers::load_config::tests::rejects_patterns_that_fail_in_the_combined_matcher ... ok
[INFO] [stdout] test fingers::hinter::tests::combined_builtins_capture_diff_path ... ok
[INFO] [stdout] test fingers::hinter::tests::reuse_hints_counts_builtin_capture_text_once ... ok
[INFO] [stdout] test fingers::load_config::tests::tmux_version_and_pattern_options_are_valid ... ok
[INFO] [stdout] test fingers::load_config::tests::setup_bindings_emits_root_and_mode_binds ... ok
[INFO] [stdout] test fingers::load_config::tests::names_the_user_pattern_that_breaks_the_combined_matcher ... ok
[INFO] [stdout] test fingers::load_config::tests::setup_bindings_quotes_cli_paths_with_spaces ... ok
[INFO] [stdout] test fingers::load_config::tests::parses_options_into_config ... ok
[INFO] [stdout] test fingers::load_config::tests::rejects_unknown_builtin_actions_but_allows_shell_commands ... ok
[INFO] [stdout] test fingers::hinter::tests::zero_hint_index_is_an_error_even_when_hints_exist ... ok
[INFO] [stdout] test fingers::match_formatter::tests::places_hint_on_left ... ok
[INFO] [stdout] test fingers::match_formatter::tests::only_highlights_offset ... ok
[INFO] [stdout] test fingers::match_formatter::tests::places_hint_on_right ... ok
[INFO] [stdout] test fingers::match_formatter::tests::only_highlights_offset_at_the_beginning ... ok
[INFO] [stdout] test fingers::load_config::tests::user_defined_patterns_are_always_enabled_but_not_valid_builtin_names ... ok
[INFO] [stdout] test fingers::load_config::tests::validates_each_enabled_builtin_pattern_name ... ok
[INFO] [stdout] test fingers::hinter::tests::unicode_matching_uses_codepoints_and_ucp ... ok
[INFO] [stdout] test fingers::hinter::tests::combined_builtins_capture_git_branch ... ok
[INFO] [stdout] test fingers::hinter::tests::falls_back_from_jit_for_long_path_matches ... ok
[INFO] [stdout] test fingers::hinter::tests::dense_match_scanning_scales_better_than_quadratically ... FAILED
[INFO] [stdout] test fingers::hinter::tests::combined_builtins_capture_git_status_path ... ok
[INFO] [stdout] test fingers::input_socket::tests::sends_and_receives_messages ... ok
[INFO] [stdout] test fingers::start::tests::selects_requested_patterns ... ok
[INFO] [stdout] test fingers::start::tests::selected_match_shows_copied_notification ... ok
[INFO] [stdout] test huffman::tests::default_config_alphabet_generates_hints ... ok
[INFO] [stdout] test huffman::tests::generates_hints_for_5 ... ok
[INFO] [stdout] test huffman::tests::generates_hints_for_50 ... ok
[INFO] [stdout] test fingers::load_config::tests::rejects_an_invalid_pattern_even_if_another_pattern_balances_it ... ok
[INFO] [stdout] test priority_queue::tests::preserves_priority_order ... ok
[INFO] [stdout] test fingers::start::tests::action_error_message_is_not_truncated_for_narrow_panes ... ok
[INFO] [stdout] test tmux::tests::compares_versions ... ok
[INFO] [stdout] test tmux::tests::parses_letter_versions ... ok
[INFO] [stdout] test tmux::tests::parses_pane_paths_containing_semicolons ... ok
[INFO] [stdout] test tmux::tests::parses_prefixed_letter_versions ... ok
[INFO] [stdout] test tmux::tests::rejects_strings_without_version ... ok
[INFO] [stdout] test fingers::start::tests::parses_explicit_pane_ids ... ok
[INFO] [stdout] test huffman::tests::empty_alphabet_has_no_hints ... ok
[INFO] [stdout] test fingers::start::tests::resize_detects_wrapped_or_wide_lines ... ok
[INFO] [stdout] test huffman::tests::single_character_alphabet_has_no_hints ... ok
[INFO] [stdout] test tmux::tests::parses_prefixed_versions ... ok
[INFO] [stdout] test tmux_style_printer::tests::does_not_emit_a_reset_when_no_styles_were_applied ... ok
[INFO] [stdout] test tmux_style_printer::tests::resets_to_remaining_styles_when_a_style_is_removed ... ok
[INFO] [stdout] test fingers::match_formatter::tests::selects_correct_style ... ok
[INFO] [stdout] test tmux_style_printer::tests::transforms_tmux_style_format_into_escape_sequences ... ok
[INFO] [stdout] test fingers::start::tests::cleanup_restores_tmux_state ... ok
[INFO] [stdout] test fingers::start::tests::hint_input_selects_result ... ok
[INFO] [stdout] test fingers::load_config::tests::parses_booleans_the_way_upstream_does ... ok
[INFO] [stdout] test fingers::start::tests::parses_target_formats_via_tmux_lookup ... ok
[INFO] [stdout] test fingers::start::tests::reports_action_errors_as_styled_padded_message ... ok
[INFO] [stdout] test tmux::tests::parses_plain_versions ... ok
[INFO] [stdout] test fingers::start::tests::jump_mode_ignores_multi_mode_toggle ... ok
[INFO] [stdout] test tmux::tests::caches_successful_and_failed_version_lookups ... ok
[INFO] [stdout] test fingers::start::tests::rejects_unknown_requested_pattern ... ok
[INFO] [stdout] 
[INFO] [stdout] failures:
[INFO] [stdout] 
[INFO] [stdout] ---- fingers::hinter::tests::dense_match_scanning_scales_better_than_quadratically stdout ----
[INFO] [stdout] 
[INFO] [stdout] thread 'fingers::hinter::tests::dense_match_scanning_scales_better_than_quadratically' (1051) panicked at src/fingers/hinter.rs:617:9:
[INFO] [stdout] doubling dense matches took 2.394852ms versus 722.521µs
[INFO] [stdout] stack backtrace:
[INFO] [stdout]    0:     0x6449f09d8666 - <unknown>
[INFO] [stdout]    1:     0x6449f098595a - <unknown>
[INFO] [stdout]    2:     0x6449f09dddfc - <unknown>
[INFO] [stdout]    3:     0x6449f09b39b2 - <unknown>
[INFO] [stdout]    4:     0x6449f09cfbb1 - <unknown>
[INFO] [stdout]    5:     0x6449f09cfd92 - <unknown>
[INFO] [stdout]    6:     0x6449f09b3a62 - <unknown>
[INFO] [stdout]    7:     0x6449f09ac639 - <unknown>
[INFO] [stdout]    8:     0x6449f09b470d - <unknown>
[INFO] [stdout]    9:     0x6449f098604c - <unknown>
[INFO] [stdout]   10:     0x6449f0a78122 - <unknown>
[INFO] [stdout]   11:     0x6449f09df3db - <unknown>
[INFO] [stdout]   12:     0x6449f09ed284 - <unknown>
[INFO] [stdout]   13:     0x6449f09e69b4 - <unknown>
[INFO] [stdout]   14:     0x6449f09f1042 - <unknown>
[INFO] [stdout]   15:     0x6449f09d7514 - <unknown>
[INFO] [stdout]   16:     0x7659789d3dfa - <unknown>
[INFO] [stdout]   17:     0x765978a673d4 - clone
[INFO] [stdout]   18:                0x0 - <unknown>
[INFO] [stdout] 
[INFO] [stdout] 
[INFO] [stdout] failures:
[INFO] [stdout]     fingers::hinter::tests::dense_match_scanning_scales_better_than_quadratically
[INFO] [stdout] 
[INFO] [stdout] test result: FAILED. 74 passed; 1 failed; 0 ignored; 0 measured; 0 filtered out; finished in 0.05s
[INFO] [stdout] 
[INFO] [stderr] error: test failed, to rerun pass `--lib`
[INFO] running `Command { std: "docker" "inspect" "31fcab3b79cf765313bb8bbdb0d5fe4fb153aff40dbed686e4bdd5edf95156e3", kill_on_drop: false }`
[INFO] running `Command { std: "docker" "rm" "-f" "31fcab3b79cf765313bb8bbdb0d5fe4fb153aff40dbed686e4bdd5edf95156e3", kill_on_drop: false }`
[INFO] [stdout] 31fcab3b79cf765313bb8bbdb0d5fe4fb153aff40dbed686e4bdd5edf95156e3
