[INFO] fetching crate tm4c129x-hal 0.9.3...
[INFO] testing tm4c129x-hal-0.9.3 against 1.99.0-beta.8+cargoflags=--release for beta-release-1.100-2
[INFO] extracting crate tm4c129x-hal 0.9.3 into /workspace/builds/worker-6-tc1/source
[INFO] removed /workspace/builds/worker-6-tc1/source/.cargo/config
[INFO] started tweaking crates.io crate tm4c129x-hal 0.9.3
[INFO] finished tweaking crates.io crate tm4c129x-hal 0.9.3
[INFO] tweaked toml for crates.io crate tm4c129x-hal 0.9.3 written to /workspace/builds/worker-6-tc1/source/Cargo.toml
[INFO] validating manifest of crates.io crate tm4c129x-hal 0.9.3 on toolchain 1.99.0-beta.8
[INFO] running `Command { std: CARGO_HOME="/workspace/cargo-home" RUSTUP_HOME="/workspace/rustup-home" "/workspace/cargo-home/bin/cargo" "+1.99.0-beta.8" "metadata" "--manifest-path" "Cargo.toml" "--no-deps", kill_on_drop: false }`
[INFO] running `Command { std: CARGO_HOME="/workspace/cargo-home" RUSTUP_HOME="/workspace/rustup-home" "/workspace/cargo-home/bin/cargo" "+1.99.0-beta.8" "generate-lockfile" "--manifest-path" "Cargo.toml", kill_on_drop: false }`
[INFO] [stderr]     Updating crates.io index
[INFO] [stderr]      Locking 27 packages to highest compatible versions
[INFO] [stderr]       Adding cast v0.2.7 (available: v0.3.0)
[INFO] [stderr]       Adding embedded-hal v0.2.7 (available: v1.0.0)
[INFO] running `Command { std: CARGO_HOME="/workspace/cargo-home" RUSTUP_HOME="/workspace/rustup-home" "/workspace/cargo-home/bin/cargo" "+1.99.0-beta.8" "fetch" "--manifest-path" "Cargo.toml", kill_on_drop: false }`
[INFO] [stderr]  Downloading crates ...
[INFO] [stderr]   Downloaded cortex-m-rt v0.7.7
[INFO] [stderr]   Downloaded tm4c-hal v0.4.2
[INFO] [stderr]   Downloaded cortex-m-rt-macros v0.7.7
[INFO] [stderr]   Downloaded tm4c129x v0.9.2
[INFO] running `Command { std: "docker" "create" "-v" "/var/lib/crater-agent-workspace/builds/worker-6-tc1/source:/opt/rustwide/workdir:ro,Z" "-v" "/var/lib/crater-agent-workspace/builds/worker-6-tc1/target:/opt/rustwide/target:rw,Z" "-v" "/var/lib/crater-agent-workspace/cargo-home:/opt/rustwide/cargo-home:ro,Z" "-v" "/var/lib/crater-agent-workspace/rustup-home:/opt/rustwide/rustup-home:ro,Z" "-m" "1610612736" "--network" "none" "ghcr.io/rust-lang/crates-build-env/linux@sha256:77db811e55d90add9212f6832c23229e3de5f1c1f9905e8cb07319ea15df73ac" "sleep" "infinity", kill_on_drop: false }`
[INFO] [stdout] 31592d70c1fd4428df61ab25fded64d2e2f816a982658b969b60a1e48b16e3ae
[INFO] running `Command { std: "docker" "start" "31592d70c1fd4428df61ab25fded64d2e2f816a982658b969b60a1e48b16e3ae", kill_on_drop: false }`
[INFO] running `Command { std: "docker" "inspect" "31592d70c1fd4428df61ab25fded64d2e2f816a982658b969b60a1e48b16e3ae", kill_on_drop: false }`
[INFO] running `Command { std: "docker" "exec" "-e" "SOURCE_DIR=/opt/rustwide/workdir" "-e" "CARGO_HOME=/opt/rustwide/cargo-home" "-e" "RUSTUP_HOME=/opt/rustwide/rustup-home" "-e" "CARGO_TARGET_DIR=/opt/rustwide/target" "-w" "/opt/rustwide/workdir" "--user" "0:0" "31592d70c1fd4428df61ab25fded64d2e2f816a982658b969b60a1e48b16e3ae" "/opt/rustwide/cargo-home/bin/cargo" "+1.99.0-beta.8" "metadata" "--no-deps" "--format-version=1", kill_on_drop: false }`
[INFO] running `Command { std: "docker" "inspect" "31592d70c1fd4428df61ab25fded64d2e2f816a982658b969b60a1e48b16e3ae", kill_on_drop: false }`
[INFO] running `Command { std: "docker" "exec" "-e" "SOURCE_DIR=/opt/rustwide/workdir" "-e" "CARGO_HOME=/opt/rustwide/cargo-home" "-e" "RUSTUP_HOME=/opt/rustwide/rustup-home" "-e" "CARGO_TARGET_DIR=/opt/rustwide/target" "-e" "CARGO_INCREMENTAL=0" "-e" "RUST_BACKTRACE=full" "-e" "RUSTFLAGS=--cap-lints=warn" "-e" "RUSTDOCFLAGS=--cap-lints=warn" "-w" "/opt/rustwide/workdir" "--user" "0:0" "31592d70c1fd4428df61ab25fded64d2e2f816a982658b969b60a1e48b16e3ae" "/opt/rustwide/cargo-home/bin/cargo" "+1.99.0-beta.8" "build" "--frozen" "--message-format=json" "--release", kill_on_drop: false }`
[INFO] [stderr]    Compiling cortex-m v0.7.9
[INFO] [stderr]    Compiling cortex-m-macros v0.7.8
[INFO] [stderr]    Compiling embedded-hal v1.0.0
[INFO] [stderr]    Compiling tm4c129x v0.9.2
[INFO] [stderr]    Compiling tm4c129x-hal v0.9.3 (/opt/rustwide/workdir)
[INFO] [stderr]    Compiling cast v0.2.7
[INFO] [stderr]    Compiling tm4c-hal v0.4.2
[INFO] [stderr]     Finished `release` profile [optimized] target(s) in 12.84s
[INFO] running `Command { std: "docker" "inspect" "31592d70c1fd4428df61ab25fded64d2e2f816a982658b969b60a1e48b16e3ae", kill_on_drop: false }`
[INFO] running `Command { std: "docker" "exec" "-e" "SOURCE_DIR=/opt/rustwide/workdir" "-e" "CARGO_HOME=/opt/rustwide/cargo-home" "-e" "RUSTUP_HOME=/opt/rustwide/rustup-home" "-e" "CARGO_TARGET_DIR=/opt/rustwide/target" "-e" "CARGO_INCREMENTAL=0" "-e" "RUST_BACKTRACE=full" "-e" "RUSTFLAGS=--cap-lints=warn" "-e" "RUSTDOCFLAGS=--cap-lints=warn" "-w" "/opt/rustwide/workdir" "--user" "0:0" "31592d70c1fd4428df61ab25fded64d2e2f816a982658b969b60a1e48b16e3ae" "/opt/rustwide/cargo-home/bin/cargo" "+1.99.0-beta.8" "test" "--frozen" "--no-run" "--message-format=json" "--release", kill_on_drop: false }`
[INFO] [stderr]    Compiling tm4c129x-hal v0.9.3 (/opt/rustwide/workdir)
[INFO] [stderr]     Finished `release` profile [optimized] target(s) in 3.11s
[INFO] running `Command { std: "docker" "inspect" "31592d70c1fd4428df61ab25fded64d2e2f816a982658b969b60a1e48b16e3ae", kill_on_drop: false }`
[INFO] running `Command { std: "docker" "exec" "-e" "SOURCE_DIR=/opt/rustwide/workdir" "-e" "CARGO_HOME=/opt/rustwide/cargo-home" "-e" "RUSTUP_HOME=/opt/rustwide/rustup-home" "-e" "CARGO_TARGET_DIR=/opt/rustwide/target" "-e" "CARGO_INCREMENTAL=0" "-e" "RUST_BACKTRACE=full" "-e" "RUSTFLAGS=--cap-lints=warn" "-e" "RUSTDOCFLAGS=--cap-lints=warn" "-w" "/opt/rustwide/workdir" "--user" "0:0" "31592d70c1fd4428df61ab25fded64d2e2f816a982658b969b60a1e48b16e3ae" "/opt/rustwide/cargo-home/bin/cargo" "+1.99.0-beta.8" "test" "--frozen" "--release", kill_on_drop: false }`
[INFO] [stderr]     Finished `release` profile [optimized] target(s) in 0.06s
[INFO] [stderr]      Running unittests src/lib.rs (/opt/rustwide/target/release/deps/tm4c129x_hal-61a83113a9676a80)
[INFO] [stdout] 
[INFO] [stdout] running 0 tests
[INFO] [stdout] 
[INFO] [stdout] test result: ok. 0 passed; 0 failed; 0 ignored; 0 measured; 0 filtered out; finished in 0.00s
[INFO] [stdout] 
[INFO] [stderr]    Doc-tests tm4c129x_hal
[INFO] [stdout] 
[INFO] [stdout] running 1 test
[INFO] [stdout] test src/gpio.rs - gpio (line 20) ... FAILED
[INFO] [stdout] 
[INFO] [stdout] failures:
[INFO] [stdout] 
[INFO] [stdout] ---- src/gpio.rs - gpio (line 20) stdout ----
[INFO] [stdout] error[E0609]: no field `GPIO_PORTB` on type `tm4c129x_hal::Peripherals`
[INFO] [stdout]   --> src/gpio.rs:28:19
[INFO] [stdout]    |
[INFO] [stdout] 28 | let mut portb = p.GPIO_PORTB.split(&sc.power_control);
[INFO] [stdout]    |                   ^^^^^^^^^^ unknown field
[INFO] [stdout]    |
[INFO] [stdout] help: a field with a similar name exists
[INFO] [stdout]    |
[INFO] [stdout] 28 - let mut portb = p.GPIO_PORTB.split(&sc.power_control);
[INFO] [stdout] 28 + let mut portb = p.GPIO_PORTK.split(&sc.power_control);
[INFO] [stdout]    |
[INFO] [stdout] 
[INFO] [stdout] error: aborting due to 1 previous error
[INFO] [stdout] 
[INFO] [stdout] For more information about this error, try `rustc --explain E0609`.
[INFO] [stdout] Couldn't compile the test.
[INFO] [stdout] 
[INFO] [stdout] failures:
[INFO] [stdout]     src/gpio.rs - gpio (line 20)
[INFO] [stdout] 
[INFO] [stdout] test result: FAILED. 0 passed; 1 failed; 0 ignored; 0 measured; 0 filtered out; finished in 0.15s
[INFO] [stdout] 
[INFO] [stderr] error: doctest failed, to rerun pass `--doc`
[INFO] running `Command { std: "docker" "inspect" "31592d70c1fd4428df61ab25fded64d2e2f816a982658b969b60a1e48b16e3ae", kill_on_drop: false }`
[INFO] running `Command { std: "docker" "rm" "-f" "31592d70c1fd4428df61ab25fded64d2e2f816a982658b969b60a1e48b16e3ae", kill_on_drop: false }`
[INFO] [stdout] 31592d70c1fd4428df61ab25fded64d2e2f816a982658b969b60a1e48b16e3ae
