[INFO] fetching crate tm-cypher 0.7.0...
[INFO] testing tm-cypher-0.7.0 against 1.99.0-beta.8+cargoflags=--release for beta-release-1.100-2
[INFO] extracting crate tm-cypher 0.7.0 into /workspace/builds/worker-7-tc1/source
[INFO] started tweaking crates.io crate tm-cypher 0.7.0
[INFO] removed 0 missing examples
[INFO] finished tweaking crates.io crate tm-cypher 0.7.0
[INFO] tweaked toml for crates.io crate tm-cypher 0.7.0 written to /workspace/builds/worker-7-tc1/source/Cargo.toml
[INFO] validating manifest of crates.io crate tm-cypher 0.7.0 on toolchain 1.99.0-beta.8
[INFO] running `Command { std: CARGO_HOME="/workspace/cargo-home" RUSTUP_HOME="/workspace/rustup-home" "/workspace/cargo-home/bin/cargo" "+1.99.0-beta.8" "metadata" "--manifest-path" "Cargo.toml" "--no-deps", kill_on_drop: false }`
[INFO] crate crates.io crate tm-cypher 0.7.0 already has a lockfile, it will not be regenerated
[INFO] running `Command { std: CARGO_HOME="/workspace/cargo-home" RUSTUP_HOME="/workspace/rustup-home" "/workspace/cargo-home/bin/cargo" "+1.99.0-beta.8" "fetch" "--manifest-path" "Cargo.toml", kill_on_drop: false }`
[INFO] [stderr]     Updating crates.io index
[INFO] [stderr]  Downloading crates ...
[INFO] [stderr]   Downloaded tm-core v0.7.0
[INFO] [stderr]   Downloaded tm-ir v0.7.0
[INFO] [stderr]   Downloaded open-cypher v0.2.1
[INFO] running `Command { std: "docker" "create" "-v" "/var/lib/crater-agent-workspace/builds/worker-7-tc1/source:/opt/rustwide/workdir:ro,Z" "-v" "/var/lib/crater-agent-workspace/builds/worker-7-tc1/target:/opt/rustwide/target:rw,Z" "-v" "/var/lib/crater-agent-workspace/cargo-home:/opt/rustwide/cargo-home:ro,Z" "-v" "/var/lib/crater-agent-workspace/rustup-home:/opt/rustwide/rustup-home:ro,Z" "-m" "1610612736" "--network" "none" "ghcr.io/rust-lang/crates-build-env/linux@sha256:77db811e55d90add9212f6832c23229e3de5f1c1f9905e8cb07319ea15df73ac" "sleep" "infinity", kill_on_drop: false }`
[INFO] [stdout] 959472197a41ae62c0eb30fb9e9d29b3e1ebd17dd1e4103d5c20624e43b280e7
[INFO] running `Command { std: "docker" "start" "959472197a41ae62c0eb30fb9e9d29b3e1ebd17dd1e4103d5c20624e43b280e7", kill_on_drop: false }`
[INFO] running `Command { std: "docker" "inspect" "959472197a41ae62c0eb30fb9e9d29b3e1ebd17dd1e4103d5c20624e43b280e7", kill_on_drop: false }`
[INFO] running `Command { std: "docker" "exec" "-e" "SOURCE_DIR=/opt/rustwide/workdir" "-e" "CARGO_HOME=/opt/rustwide/cargo-home" "-e" "RUSTUP_HOME=/opt/rustwide/rustup-home" "-e" "CARGO_TARGET_DIR=/opt/rustwide/target" "-w" "/opt/rustwide/workdir" "--user" "0:0" "959472197a41ae62c0eb30fb9e9d29b3e1ebd17dd1e4103d5c20624e43b280e7" "/opt/rustwide/cargo-home/bin/cargo" "+1.99.0-beta.8" "metadata" "--no-deps" "--format-version=1", kill_on_drop: false }`
[INFO] running `Command { std: "docker" "inspect" "959472197a41ae62c0eb30fb9e9d29b3e1ebd17dd1e4103d5c20624e43b280e7", kill_on_drop: false }`
[INFO] running `Command { std: "docker" "exec" "-e" "SOURCE_DIR=/opt/rustwide/workdir" "-e" "CARGO_HOME=/opt/rustwide/cargo-home" "-e" "RUSTUP_HOME=/opt/rustwide/rustup-home" "-e" "CARGO_TARGET_DIR=/opt/rustwide/target" "-e" "CARGO_INCREMENTAL=0" "-e" "RUST_BACKTRACE=full" "-e" "RUSTFLAGS=--cap-lints=warn" "-e" "RUSTDOCFLAGS=--cap-lints=warn" "-w" "/opt/rustwide/workdir" "--user" "0:0" "959472197a41ae62c0eb30fb9e9d29b3e1ebd17dd1e4103d5c20624e43b280e7" "/opt/rustwide/cargo-home/bin/cargo" "+1.99.0-beta.8" "build" "--frozen" "--message-format=json" "--release", kill_on_drop: false }`
[INFO] [stderr]    Compiling lalrpop-util v0.23.1
[INFO] [stderr]    Compiling serde_core v1.0.229
[INFO] [stderr]    Compiling chrono-tz v0.10.4
[INFO] [stderr]    Compiling hashbrown v0.17.1
[INFO] [stderr]    Compiling phf_shared v0.12.1
[INFO] [stderr]    Compiling regex-automata v0.4.18
[INFO] [stderr]    Compiling syn v3.0.6
[INFO] [stderr]    Compiling syn v2.0.119
[INFO] [stderr]    Compiling chrono v0.4.45
[INFO] [stderr]    Compiling phf v0.12.1
[INFO] [stderr]    Compiling lru v0.18.5
[INFO] [stderr]    Compiling thiserror-impl v2.0.21
[INFO] [stderr]    Compiling regex v1.13.1
[INFO] [stderr]    Compiling thiserror v2.0.21
[INFO] [stderr]    Compiling tm-core v0.7.0
[INFO] [stderr]    Compiling serde_json v1.0.151
[INFO] [stderr]    Compiling logos-codegen v0.16.1
[INFO] [stderr]    Compiling logos-derive v0.16.1
[INFO] [stderr]    Compiling logos v0.16.1
[INFO] [stderr]    Compiling open-cypher v0.2.1
[INFO] [stderr]    Compiling tm-ir v0.7.0
[INFO] [stderr]    Compiling tm-cypher v0.7.0 (/opt/rustwide/workdir)
[INFO] [stderr]     Finished `release` profile [optimized] target(s) in 1m 09s
[INFO] running `Command { std: "docker" "inspect" "959472197a41ae62c0eb30fb9e9d29b3e1ebd17dd1e4103d5c20624e43b280e7", kill_on_drop: false }`
[INFO] running `Command { std: "docker" "exec" "-e" "SOURCE_DIR=/opt/rustwide/workdir" "-e" "CARGO_HOME=/opt/rustwide/cargo-home" "-e" "RUSTUP_HOME=/opt/rustwide/rustup-home" "-e" "CARGO_TARGET_DIR=/opt/rustwide/target" "-e" "CARGO_INCREMENTAL=0" "-e" "RUST_BACKTRACE=full" "-e" "RUSTFLAGS=--cap-lints=warn" "-e" "RUSTDOCFLAGS=--cap-lints=warn" "-w" "/opt/rustwide/workdir" "--user" "0:0" "959472197a41ae62c0eb30fb9e9d29b3e1ebd17dd1e4103d5c20624e43b280e7" "/opt/rustwide/cargo-home/bin/cargo" "+1.99.0-beta.8" "test" "--frozen" "--no-run" "--message-format=json" "--release", kill_on_drop: false }`
[INFO] [stderr]    Compiling getrandom v0.3.4
[INFO] [stderr]    Compiling getrandom v0.4.3
[INFO] [stderr]    Compiling ppv-lite86 v0.2.21
[INFO] [stderr]    Compiling serde v1.0.229
[INFO] [stderr]    Compiling chrono v0.4.45
[INFO] [stderr]    Compiling tempfile v3.27.0
[INFO] [stderr]    Compiling rand_core v0.9.5
[INFO] [stderr]    Compiling rusty-fork v0.3.1
[INFO] [stderr]    Compiling rand v0.9.5
[INFO] [stderr]    Compiling rand_xorshift v0.4.0
[INFO] [stderr]    Compiling rand_chacha v0.9.0
[INFO] [stderr]    Compiling insta v1.48.0
[INFO] [stderr]    Compiling chrono-tz v0.10.4
[INFO] [stderr]    Compiling proptest v1.11.0
[INFO] [stderr]    Compiling tm-cypher v0.7.0 (/opt/rustwide/workdir)
[INFO] [stderr]     Finished `release` profile [optimized] target(s) in 41.64s
[INFO] running `Command { std: "docker" "inspect" "959472197a41ae62c0eb30fb9e9d29b3e1ebd17dd1e4103d5c20624e43b280e7", kill_on_drop: false }`
[INFO] running `Command { std: "docker" "exec" "-e" "SOURCE_DIR=/opt/rustwide/workdir" "-e" "CARGO_HOME=/opt/rustwide/cargo-home" "-e" "RUSTUP_HOME=/opt/rustwide/rustup-home" "-e" "CARGO_TARGET_DIR=/opt/rustwide/target" "-e" "CARGO_INCREMENTAL=0" "-e" "RUST_BACKTRACE=full" "-e" "RUSTFLAGS=--cap-lints=warn" "-e" "RUSTDOCFLAGS=--cap-lints=warn" "-w" "/opt/rustwide/workdir" "--user" "0:0" "959472197a41ae62c0eb30fb9e9d29b3e1ebd17dd1e4103d5c20624e43b280e7" "/opt/rustwide/cargo-home/bin/cargo" "+1.99.0-beta.8" "test" "--frozen" "--release", kill_on_drop: false }`
[INFO] [stderr]     Finished `release` profile [optimized] target(s) in 0.07s
[INFO] [stderr]      Running unittests src/lib.rs (/opt/rustwide/target/release/deps/tm_cypher-2865049de4fe96bf)
[INFO] [stdout] 
[INFO] [stdout] running 10 tests
[INFO] [stdout] test parse::schema::tests::create_with_options ... ok
[INFO] [stdout] test vocab::tests::full_iris_and_invalid_names ... ok
[INFO] [stdout] test vocab::tests::ids ... ok
[INFO] [stdout] test vocab::tests::bare_names_use_the_vocab_verbatim ... ok
[INFO] [stdout] test vocab::tests::curies_resolve_through_the_table ... ok
[INFO] [stdout] test parse::schema::tests::drop_show_and_others ... ok
[INFO] [stdout] test vocab::tests::rendering ... ok
[INFO] [stdout] test vocab::tests::backticked_space_is_percent_encoded ... ok
[INFO] [stdout] test vocab::tests::names_round_trip ... ok
[INFO] [stderr]    Doc-tests tm_cypher
[INFO] [stdout] test vocab::tests::longest_prefix_and_tie_break ... ok
[INFO] [stdout] 
[INFO] [stdout] test result: ok. 10 passed; 0 failed; 0 ignored; 0 measured; 0 filtered out; finished in 0.01s
[INFO] [stdout] 
[INFO] [stdout] 
[INFO] [stdout] running 4 tests
[INFO] [stdout] test src/lib.rs - (line 53) ... FAILED
[INFO] [stdout] test src/value.rs - value::CypherResult (line 531) ... ok
[INFO] [stdout] test src/program.rs - program::compile (line 66) ... ok
[INFO] [stdout] test src/lib.rs - (line 29) ... ok
[INFO] [stdout] 
[INFO] [stdout] failures:
[INFO] [stdout] 
[INFO] [stdout] ---- src/lib.rs - (line 53) stdout ----
[INFO] [stdout] error[E0432]: unresolved import `tiramemsu`
[INFO] [stdout]   --> src/lib.rs:54:5
[INFO] [stdout]    |
[INFO] [stdout] 54 | use tiramemsu::{CypherParams, CypherValue, Db, OpenOptions, TxOptions};
[INFO] [stdout]    |     ^^^^^^^^^ use of unresolved module or unlinked crate `tiramemsu`
[INFO] [stdout]    |
[INFO] [stdout]    = help: if you wanted to use a crate named `tiramemsu`, use `cargo add tiramemsu` to add it to your `Cargo.toml`
[INFO] [stdout] 
[INFO] [stdout] error: aborting due to 1 previous error
[INFO] [stdout] 
[INFO] [stdout] For more information about this error, try `rustc --explain E0432`.
[INFO] [stdout] Couldn't compile the test.
[INFO] [stdout] 
[INFO] [stdout] failures:
[INFO] [stdout]     src/lib.rs - (line 53)
[INFO] [stdout] 
[INFO] [stdout] test result: FAILED. 3 passed; 1 failed; 0 ignored; 0 measured; 0 filtered out; finished in 0.67s
[INFO] [stdout] 
[INFO] [stderr] error: doctest failed, to rerun pass `--doc`
[INFO] running `Command { std: "docker" "inspect" "959472197a41ae62c0eb30fb9e9d29b3e1ebd17dd1e4103d5c20624e43b280e7", kill_on_drop: false }`
[INFO] running `Command { std: "docker" "rm" "-f" "959472197a41ae62c0eb30fb9e9d29b3e1ebd17dd1e4103d5c20624e43b280e7", kill_on_drop: false }`
[INFO] [stdout] 959472197a41ae62c0eb30fb9e9d29b3e1ebd17dd1e4103d5c20624e43b280e7
