[INFO] fetching crate tls-api-native-tls-2 0.11.0...
[INFO] testing tls-api-native-tls-2-0.11.0 against 1.100.0-beta.1+cargoflags=--release for beta-release-1.100-2
[INFO] extracting crate tls-api-native-tls-2 0.11.0 into /workspace/builds/worker-0-tc2/source
[INFO] started tweaking crates.io crate tls-api-native-tls-2 0.11.0
[INFO] finished tweaking crates.io crate tls-api-native-tls-2 0.11.0
[INFO] tweaked toml for crates.io crate tls-api-native-tls-2 0.11.0 written to /workspace/builds/worker-0-tc2/source/Cargo.toml
[INFO] validating manifest of crates.io crate tls-api-native-tls-2 0.11.0 on toolchain 1.100.0-beta.1
[INFO] running `Command { std: CARGO_HOME="/workspace/cargo-home" RUSTUP_HOME="/workspace/rustup-home" "/workspace/cargo-home/bin/cargo" "+1.100.0-beta.1" "metadata" "--manifest-path" "Cargo.toml" "--no-deps", kill_on_drop: false }`
[INFO] crate crates.io crate tls-api-native-tls-2 0.11.0 already has a lockfile, it will not be regenerated
[INFO] running `Command { std: CARGO_HOME="/workspace/cargo-home" RUSTUP_HOME="/workspace/rustup-home" "/workspace/cargo-home/bin/cargo" "+1.100.0-beta.1" "fetch" "--manifest-path" "Cargo.toml", kill_on_drop: false }`
[INFO] running `Command { std: "docker" "create" "-v" "/var/lib/crater-agent-workspace/builds/worker-0-tc2/source:/opt/rustwide/workdir:ro,Z" "-v" "/var/lib/crater-agent-workspace/builds/worker-0-tc2/target:/opt/rustwide/target:rw,Z" "-v" "/var/lib/crater-agent-workspace/cargo-home:/opt/rustwide/cargo-home:ro,Z" "-v" "/var/lib/crater-agent-workspace/rustup-home:/opt/rustwide/rustup-home:ro,Z" "-m" "1610612736" "--network" "none" "ghcr.io/rust-lang/crates-build-env/linux@sha256:77db811e55d90add9212f6832c23229e3de5f1c1f9905e8cb07319ea15df73ac" "sleep" "infinity", kill_on_drop: false }`
[INFO] [stdout] e245d4cdf5ee7f59fee8372da2f1801d377a2d9834cdb985c460220ad327e025
[INFO] running `Command { std: "docker" "start" "e245d4cdf5ee7f59fee8372da2f1801d377a2d9834cdb985c460220ad327e025", kill_on_drop: false }`
[INFO] running `Command { std: "docker" "inspect" "e245d4cdf5ee7f59fee8372da2f1801d377a2d9834cdb985c460220ad327e025", kill_on_drop: false }`
[INFO] running `Command { std: "docker" "exec" "-e" "SOURCE_DIR=/opt/rustwide/workdir" "-e" "CARGO_HOME=/opt/rustwide/cargo-home" "-e" "RUSTUP_HOME=/opt/rustwide/rustup-home" "-e" "CARGO_TARGET_DIR=/opt/rustwide/target" "-w" "/opt/rustwide/workdir" "--user" "0:0" "e245d4cdf5ee7f59fee8372da2f1801d377a2d9834cdb985c460220ad327e025" "/opt/rustwide/cargo-home/bin/cargo" "+1.100.0-beta.1" "metadata" "--no-deps" "--format-version=1", kill_on_drop: false }`
[INFO] running `Command { std: "docker" "inspect" "e245d4cdf5ee7f59fee8372da2f1801d377a2d9834cdb985c460220ad327e025", kill_on_drop: false }`
[INFO] running `Command { std: "docker" "exec" "-e" "SOURCE_DIR=/opt/rustwide/workdir" "-e" "CARGO_HOME=/opt/rustwide/cargo-home" "-e" "RUSTUP_HOME=/opt/rustwide/rustup-home" "-e" "CARGO_TARGET_DIR=/opt/rustwide/target" "-e" "CARGO_INCREMENTAL=0" "-e" "RUST_BACKTRACE=full" "-e" "RUSTFLAGS=--cap-lints=warn" "-e" "RUSTDOCFLAGS=--cap-lints=warn" "-w" "/opt/rustwide/workdir" "--user" "0:0" "e245d4cdf5ee7f59fee8372da2f1801d377a2d9834cdb985c460220ad327e025" "/opt/rustwide/cargo-home/bin/cargo" "+1.100.0-beta.1" "build" "--frozen" "--message-format=json" "--release", kill_on_drop: false }`
[INFO] [stderr]    Compiling libc v0.2.153
[INFO] [stderr]    Compiling cc v1.0.95
[INFO] [stderr]    Compiling proc-macro2 v1.0.81
[INFO] [stderr]    Compiling unicode-ident v1.0.12
[INFO] [stderr]    Compiling rustix v0.38.34
[INFO] [stderr]    Compiling anyhow v1.0.82
[INFO] [stderr]    Compiling thiserror v1.0.59
[INFO] [stderr]    Compiling cfg-if v1.0.0
[INFO] [stderr]    Compiling memchr v2.7.2
[INFO] [stderr]    Compiling bitflags v2.5.0
[INFO] [stderr]    Compiling linux-raw-sys v0.4.13
[INFO] [stderr]    Compiling regex-syntax v0.8.3
[INFO] [stderr]    Compiling pkg-config v0.3.30
[INFO] [stderr]    Compiling aho-corasick v1.1.3
[INFO] [stderr]    Compiling quote v1.0.36
[INFO] [stderr]    Compiling syn v2.0.60
[INFO] [stderr]    Compiling ring v0.17.8
[INFO] [stderr]    Compiling openssl-sys v0.9.102
[INFO] [stderr]    Compiling fastrand v2.0.2
[INFO] [stderr]    Compiling base64 v0.22.1
[INFO] [stderr]    Compiling regex-automata v0.4.6
[INFO] [stderr]    Compiling tls-api-test-2 v0.11.0
[INFO] [stderr]    Compiling utf8parse v0.2.1
[INFO] [stderr]    Compiling socket2 v0.5.6
[INFO] [stderr]    Compiling anstyle-parse v0.2.4
[INFO] [stderr]    Compiling num_cpus v1.16.0
[INFO] [stderr]    Compiling getrandom v0.2.14
[INFO] [stderr]    Compiling mio v0.8.11
[INFO] [stderr]    Compiling pem v3.0.4
[INFO] [stderr]    Compiling colorchoice v1.0.1
[INFO] [stderr]    Compiling spin v0.9.8
[INFO] [stderr]    Compiling pin-project-lite v0.2.14
[INFO] [stderr]    Compiling is_terminal_polyfill v1.70.0
[INFO] [stderr]    Compiling tempfile v3.10.1
[INFO] [stderr]    Compiling anstyle v1.0.7
[INFO] [stderr]    Compiling untrusted v0.9.0
[INFO] [stderr]    Compiling log v0.4.21
[INFO] [stderr]    Compiling anstyle-query v1.0.3
[INFO] [stderr]    Compiling bytes v1.6.0
[INFO] [stderr]    Compiling anstream v0.6.14
[INFO] [stderr]    Compiling tokio v1.37.0
[INFO] [stderr]    Compiling once_cell v1.19.0
[INFO] [stderr]    Compiling humantime v2.1.0
[INFO] [stderr]    Compiling regex v1.10.4
[INFO] [stderr]    Compiling thiserror-impl v1.0.59
[INFO] [stderr]    Compiling env_filter v0.1.0
[INFO] [stderr]    Compiling webpki v0.22.4
[INFO] [stderr]    Compiling env_logger v0.11.3
[INFO] [stderr]    Compiling test-cert-gen-2 v0.11.0
[INFO] [stderr]    Compiling tls-api-2 v0.11.0
[INFO] [stderr]    Compiling openssl v0.10.64
[INFO] [stderr]    Compiling openssl-macros v0.1.1
[INFO] [stderr]    Compiling native-tls v0.2.11
[INFO] [stderr]    Compiling tls-api-native-tls-2 v0.11.0 (/opt/rustwide/workdir)
[INFO] [stderr] warning: unused dependency `tls-api-test`
[INFO] [stderr]   --> Cargo.toml:30:15
[INFO] [stderr]    |
[INFO] [stderr] 30 | [dependencies.tls-api-test]
[INFO] [stderr]    |               ^^^^^^^^^^^^^
[INFO] [stderr]    |
[INFO] [stderr]    = note: `cargo::unused_dependencies` is set to `warn` by default
[INFO] [stderr] help: consider removing the dependency on `tls-api-test`
[INFO] [stderr] warning: `tls-api-native-tls-2` (manifest) generated 1 warning
[INFO] [stderr]     Finished `release` profile [optimized] target(s) in 1m 55s
[INFO] running `Command { std: "docker" "inspect" "e245d4cdf5ee7f59fee8372da2f1801d377a2d9834cdb985c460220ad327e025", kill_on_drop: false }`
[INFO] running `Command { std: "docker" "exec" "-e" "SOURCE_DIR=/opt/rustwide/workdir" "-e" "CARGO_HOME=/opt/rustwide/cargo-home" "-e" "RUSTUP_HOME=/opt/rustwide/rustup-home" "-e" "CARGO_TARGET_DIR=/opt/rustwide/target" "-e" "CARGO_INCREMENTAL=0" "-e" "RUST_BACKTRACE=full" "-e" "RUSTFLAGS=--cap-lints=warn" "-e" "RUSTDOCFLAGS=--cap-lints=warn" "-w" "/opt/rustwide/workdir" "--user" "0:0" "e245d4cdf5ee7f59fee8372da2f1801d377a2d9834cdb985c460220ad327e025" "/opt/rustwide/cargo-home/bin/cargo" "+1.100.0-beta.1" "test" "--frozen" "--no-run" "--message-format=json" "--release", kill_on_drop: false }`
[INFO] [stderr]    Compiling tls-api-native-tls-2 v0.11.0 (/opt/rustwide/workdir)
[INFO] [stderr] warning: unused dependency `tls-api-test`
[INFO] [stderr]   --> Cargo.toml:45:19
[INFO] [stderr]    |
[INFO] [stderr] 45 | [dev-dependencies.tls-api-test]
[INFO] [stderr]    |                   ^^^^^^^^^^^^^
[INFO] [stderr]    |
[INFO] [stderr]    = note: `cargo::unused_dependencies` is set to `warn` by default
[INFO] [stderr] help: consider removing the dependency on `tls-api-test`
[INFO] [stderr] help: to still use for development builds, move to `dev-dependencies`
[INFO] [stderr] warning: unused dependency `tls-api-test`
[INFO] [stderr]   --> Cargo.toml:30:15
[INFO] [stderr]    |
[INFO] [stderr] 30 | [dependencies.tls-api-test]
[INFO] [stderr]    |               ^^^^^^^^^^^^^
[INFO] [stderr]    |
[INFO] [stderr] help: consider removing the dependency on `tls-api-test`
[INFO] [stderr] help: to still use for development builds, move to `dev-dependencies`
[INFO] [stderr] warning: `tls-api-native-tls-2` (manifest) generated 2 warnings
[INFO] [stderr]     Finished `release` profile [optimized] target(s) in 6.60s
[INFO] running `Command { std: "docker" "inspect" "e245d4cdf5ee7f59fee8372da2f1801d377a2d9834cdb985c460220ad327e025", kill_on_drop: false }`
[INFO] running `Command { std: "docker" "exec" "-e" "SOURCE_DIR=/opt/rustwide/workdir" "-e" "CARGO_HOME=/opt/rustwide/cargo-home" "-e" "RUSTUP_HOME=/opt/rustwide/rustup-home" "-e" "CARGO_TARGET_DIR=/opt/rustwide/target" "-e" "CARGO_INCREMENTAL=0" "-e" "RUST_BACKTRACE=full" "-e" "RUSTFLAGS=--cap-lints=warn" "-e" "RUSTDOCFLAGS=--cap-lints=warn" "-w" "/opt/rustwide/workdir" "--user" "0:0" "e245d4cdf5ee7f59fee8372da2f1801d377a2d9834cdb985c460220ad327e025" "/opt/rustwide/cargo-home/bin/cargo" "+1.100.0-beta.1" "test" "--frozen" "--release", kill_on_drop: false }`
[INFO] [stderr] warning: unused dependency `tls-api-test`
[INFO] [stderr]   --> Cargo.toml:45:19
[INFO] [stderr]    |
[INFO] [stderr] 45 | [dev-dependencies.tls-api-test]
[INFO] [stderr]    |                   ^^^^^^^^^^^^^
[INFO] [stderr]    |
[INFO] [stderr]    = note: `cargo::unused_dependencies` is set to `warn` by default
[INFO] [stderr] help: consider removing the dependency on `tls-api-test`
[INFO] [stderr] help: to still use for development builds, move to `dev-dependencies`
[INFO] [stderr] warning: unused dependency `tls-api-test`
[INFO] [stderr]   --> Cargo.toml:30:15
[INFO] [stderr]    |
[INFO] [stderr] 30 | [dependencies.tls-api-test]
[INFO] [stderr]    |               ^^^^^^^^^^^^^
[INFO] [stderr]    |
[INFO] [stderr] help: consider removing the dependency on `tls-api-test`
[INFO] [stderr] help: to still use for development builds, move to `dev-dependencies`
[INFO] [stderr] warning: `tls-api-native-tls-2` (manifest) generated 2 warnings
[INFO] [stderr]     Finished `release` profile [optimized] target(s) in 0.14s
[INFO] [stderr]      Running unittests src/lib.rs (/opt/rustwide/target/release/build/tls-api-native-tls-2/87a5a3d1e80a70f7/out/tls_api_native_tls_2-87a5a3d1e80a70f7)
[INFO] [stderr]      Running tests/generated.rs (/opt/rustwide/target/release/build/tls-api-native-tls-2/4d10a0cf418d77f5/out/generated-4d10a0cf418d77f5)
[INFO] [stdout] 
[INFO] [stdout] running 0 tests
[INFO] [stdout] 
[INFO] [stdout] test result: ok. 0 passed; 0 failed; 0 ignored; 0 measured; 0 filtered out; finished in 0.00s
[INFO] [stdout] 
[INFO] [stdout] 
[INFO] [stdout] running 9 tests
[INFO] [stdout] test dummy ... ok
[INFO] [stdout] test version ... ok
[INFO] [stdout] test connect_bad_hostname_ignored ... FAILED
[INFO] [stdout] test connect_bad_hostname ... FAILED
[INFO] [stdout] test alpn ... ok
[INFO] [stdout] test google ... FAILED
[INFO] [stderr] Warning: output encryption option -nodes ignored with -export
[INFO] [stderr] Warning: output encryption option -nodes ignored with -export
[INFO] [stdout] test client_server_der ... ok
[INFO] [stdout] test client_server_pkcs12 ... ok
[INFO] [stdout] test client_server_dyn_der ... ok
[INFO] [stdout] 
[INFO] [stdout] failures:
[INFO] [stdout] 
[INFO] [stdout] ---- connect_bad_hostname_ignored stdout ----
[INFO] [stdout] 
[INFO] [stdout] thread 'connect_bad_hostname_ignored' (1817) panicked at /opt/rustwide/cargo-home/registry/src/index.crates.io-1949cf8c6b5b557f/tls-api-test-2-0.11.0/src/lib.rs:115:16:
[INFO] [stdout] "google.com:443".to_socket_addrs() failed with Custom { kind: Uncategorized, error: "failed to lookup address information: Temporary failure in name resolution" } (failed to lookup address information: Temporary failure in name resolution)
[INFO] [stdout] stack backtrace:
[INFO] [stdout]    0:     0x63cc15d38741 - <<std[617be2ca0a6fd877]::sys::backtrace::BacktraceLock>::print::DisplayBacktrace as core[a373ad73a504971]::fmt::Display>::fmt
[INFO] [stdout]    1:     0x63cc15d5103a - core[a373ad73a504971]::fmt::write
[INFO] [stdout]    2:     0x63cc15d3f1ac - <alloc[2e1b2a31b91974c5]::vec::Vec<u8> as core[a373ad73a504971]::io::write::Write>::write_fmt
[INFO] [stdout]    3:     0x63cc15d11896 - std[617be2ca0a6fd877]::panicking::default_hook::{closure#0}
[INFO] [stdout]    4:     0x63cc15d2f6f9 - std[617be2ca0a6fd877]::panicking::default_hook
[INFO] [stdout]    5:     0x63cc15cc8ed0 - test[aada8e7e76ba119b]::test_main_inner::{closure#0}
[INFO] [stdout]    6:     0x63cc15d2fa22 - std[617be2ca0a6fd877]::panicking::panic_with_hook
[INFO] [stdout]    7:     0x63cc15d11942 - std[617be2ca0a6fd877]::panicking::panic_handler::{closure#0}
[INFO] [stdout]    8:     0x63cc15d09ba9 - std[617be2ca0a6fd877]::sys::backtrace::__rust_end_short_backtrace::<std[617be2ca0a6fd877]::panicking::panic_handler::{closure#0}, !>
[INFO] [stdout]    9:     0x63cc15d128ed - __rustc[ea4f61d10b84890b]::rust_begin_unwind
[INFO] [stdout]   10:     0x63cc15d5181c - core[a373ad73a504971]::panicking::panic_fmt
[INFO] [stdout]   11:     0x63cc15b86547 - <tokio[84eae76b60ffd3c8]::runtime::park::CachedParkThread>::block_on::<tls_api_test_2[388468ca3b635748]::connect_bad_hostname_ignored_impl<tls_api_native_tls_2[76fa8990abc66caa]::connector::TlsConnector>::{closure#0}>
[INFO] [stdout]   12:     0x63cc15bae38f - tokio[84eae76b60ffd3c8]::runtime::context::runtime::enter_runtime::<<tokio[84eae76b60ffd3c8]::runtime::scheduler::multi_thread::MultiThread>::block_on<tls_api_test_2[388468ca3b635748]::connect_bad_hostname_ignored_impl<tls_api_native_tls_2[76fa8990abc66caa]::connector::TlsConnector>::{closure#0}>::{closure#0}, ()>
[INFO] [stdout]   13:     0x63cc15ba479b - <tokio[84eae76b60ffd3c8]::runtime::runtime::Runtime>::block_on::<tls_api_test_2[388468ca3b635748]::connect_bad_hostname_ignored_impl<tls_api_native_tls_2[76fa8990abc66caa]::connector::TlsConnector>::{closure#0}>
[INFO] [stdout]   14:     0x63cc15ba0b11 - tls_api_test_2[388468ca3b635748]::block_on::<tls_api_test_2[388468ca3b635748]::connect_bad_hostname_ignored_impl<tls_api_native_tls_2[76fa8990abc66caa]::connector::TlsConnector>::{closure#0}, ()>
[INFO] [stdout]   15:     0x63cc15baa457 - <generated[7ed6da29bee5407f]::connect_bad_hostname_ignored::{closure#0} as core[a373ad73a504971]::ops::function::FnOnce<()>>::call_once
[INFO] [stdout]   16:     0x63cc15cbc31b - test[aada8e7e76ba119b]::__rust_begin_short_backtrace::<core[a373ad73a504971]::result::Result<(), alloc[2e1b2a31b91974c5]::string::String>, fn() -> core[a373ad73a504971]::result::Result<(), alloc[2e1b2a31b91974c5]::string::String>>
[INFO] [stdout]   17:     0x63cc15cc94f5 - test[aada8e7e76ba119b]::run_test::{closure#0}
[INFO] [stdout]   18:     0x63cc15cc2de4 - std[617be2ca0a6fd877]::sys::backtrace::__rust_begin_short_backtrace::<test[aada8e7e76ba119b]::run_test::{closure#1}, ()>
[INFO] [stdout]   19:     0x63cc15ccc582 - <std[617be2ca0a6fd877]::thread::lifecycle::spawn_unchecked<test[aada8e7e76ba119b]::run_test::{closure#1}, ()>::{closure#1} as core[a373ad73a504971]::ops::function::FnOnce<()>>::call_once::{shim:vtable#0}
[INFO] [stdout]   20:     0x63cc15d3739f - <std[617be2ca0a6fd877]::sys::thread::unix::Thread>::new::thread_start
[INFO] [stdout]   21:     0x7953a1ff2dfa - <unknown>
[INFO] [stdout]   22:     0x7953a20863d4 - clone
[INFO] [stdout]   23:                0x0 - <unknown>
[INFO] [stdout] 
[INFO] [stdout] ---- connect_bad_hostname stdout ----
[INFO] [stdout] 
[INFO] [stdout] thread 'connect_bad_hostname' (1816) panicked at /opt/rustwide/cargo-home/registry/src/index.crates.io-1949cf8c6b5b557f/tls-api-test-2-0.11.0/src/lib.rs:88:16:
[INFO] [stdout] "google.com:443".to_socket_addrs() failed with Custom { kind: Uncategorized, error: "failed to lookup address information: Temporary failure in name resolution" } (failed to lookup address information: Temporary failure in name resolution)
[INFO] [stdout] stack backtrace:
[INFO] [stdout]    0:     0x63cc15d38741 - <<std[617be2ca0a6fd877]::sys::backtrace::BacktraceLock>::print::DisplayBacktrace as core[a373ad73a504971]::fmt::Display>::fmt
[INFO] [stdout]    1:     0x63cc15d5103a - core[a373ad73a504971]::fmt::write
[INFO] [stdout]    2:     0x63cc15d3f1ac - <alloc[2e1b2a31b91974c5]::vec::Vec<u8> as core[a373ad73a504971]::io::write::Write>::write_fmt
[INFO] [stdout]    3:     0x63cc15d11896 - std[617be2ca0a6fd877]::panicking::default_hook::{closure#0}
[INFO] [stdout]    4:     0x63cc15d2f6f9 - std[617be2ca0a6fd877]::panicking::default_hook
[INFO] [stdout]    5:     0x63cc15cc8ed0 - test[aada8e7e76ba119b]::test_main_inner::{closure#0}
[INFO] [stdout]    6:     0x63cc15d2fa22 - std[617be2ca0a6fd877]::panicking::panic_with_hook
[INFO] [stdout]    7:     0x63cc15d11942 - std[617be2ca0a6fd877]::panicking::panic_handler::{closure#0}
[INFO] [stdout]    8:     0x63cc15d09ba9 - std[617be2ca0a6fd877]::sys::backtrace::__rust_end_short_backtrace::<std[617be2ca0a6fd877]::panicking::panic_handler::{closure#0}, !>
[INFO] [stdout]    9:     0x63cc15d128ed - __rustc[ea4f61d10b84890b]::rust_begin_unwind
[INFO] [stdout]   10:     0x63cc15d5181c - core[a373ad73a504971]::panicking::panic_fmt
[INFO] [stdout]   11:     0x63cc15b85cd9 - <tokio[84eae76b60ffd3c8]::runtime::park::CachedParkThread>::block_on::<tls_api_test_2[388468ca3b635748]::connect_bad_hostname_impl<tls_api_native_tls_2[76fa8990abc66caa]::connector::TlsConnector, core[a373ad73a504971]::mem::drop<anyhow[ab034293b5fcc4a4]::Error>>::{closure#0}>
[INFO] [stdout]   12:     0x63cc15bae19f - tokio[84eae76b60ffd3c8]::runtime::context::runtime::enter_runtime::<<tokio[84eae76b60ffd3c8]::runtime::scheduler::multi_thread::MultiThread>::block_on<tls_api_test_2[388468ca3b635748]::connect_bad_hostname_impl<tls_api_native_tls_2[76fa8990abc66caa]::connector::TlsConnector, core[a373ad73a504971]::mem::drop<anyhow[ab034293b5fcc4a4]::Error>>::{closure#0}>::{closure#0}, ()>
[INFO] [stdout]   13:     0x63cc15ba464d - <tokio[84eae76b60ffd3c8]::runtime::runtime::Runtime>::block_on::<tls_api_test_2[388468ca3b635748]::connect_bad_hostname_impl<tls_api_native_tls_2[76fa8990abc66caa]::connector::TlsConnector, core[a373ad73a504971]::mem::drop<anyhow[ab034293b5fcc4a4]::Error>>::{closure#0}>
[INFO] [stdout]   14:     0x63cc15ba09f1 - tls_api_test_2[388468ca3b635748]::block_on::<tls_api_test_2[388468ca3b635748]::connect_bad_hostname_impl<tls_api_native_tls_2[76fa8990abc66caa]::connector::TlsConnector, core[a373ad73a504971]::mem::drop<anyhow[ab034293b5fcc4a4]::Error>>::{closure#0}, ()>
[INFO] [stdout]   15:     0x63cc15baa3fa - <generated[7ed6da29bee5407f]::connect_bad_hostname::{closure#0} as core[a373ad73a504971]::ops::function::FnOnce<()>>::call_once
[INFO] [stdout]   16:     0x63cc15cbc31b - test[aada8e7e76ba119b]::__rust_begin_short_backtrace::<core[a373ad73a504971]::result::Result<(), alloc[2e1b2a31b91974c5]::string::String>, fn() -> core[a373ad73a504971]::result::Result<(), alloc[2e1b2a31b91974c5]::string::String>>
[INFO] [stdout]   17:     0x63cc15cc94f5 - test[aada8e7e76ba119b]::run_test::{closure#0}
[INFO] [stdout]   18:     0x63cc15cc2de4 - std[617be2ca0a6fd877]::sys::backtrace::__rust_begin_short_backtrace::<test[aada8e7e76ba119b]::run_test::{closure#1}, ()>
[INFO] [stdout]   19:     0x63cc15ccc582 - <std[617be2ca0a6fd877]::thread::lifecycle::spawn_unchecked<test[aada8e7e76ba119b]::run_test::{closure#1}, ()>::{closure#1} as core[a373ad73a504971]::ops::function::FnOnce<()>>::call_once::{shim:vtable#0}
[INFO] [stdout]   20:     0x63cc15d3739f - <std[617be2ca0a6fd877]::sys::thread::unix::Thread>::new::thread_start
[INFO] [stdout]   21:     0x7953a1ff2dfa - <unknown>
[INFO] [stdout]   22:     0x7953a20863d4 - clone
[INFO] [stdout]   23:                0x0 - <unknown>
[INFO] [stdout] 
[INFO] [stdout] ---- google stdout ----
[INFO] [stdout] 
[INFO] [stdout] thread 'google' (1819) panicked at /opt/rustwide/cargo-home/registry/src/index.crates.io-1949cf8c6b5b557f/tls-api-test-2-0.11.0/src/google.rs:24:16:
[INFO] [stdout] "google.com:443".to_socket_addrs() failed with Custom { kind: Uncategorized, error: "failed to lookup address information: Temporary failure in name resolution" } (failed to lookup address information: Temporary failure in name resolution)
[INFO] [stdout] stack backtrace:
[INFO] [stdout]    0:     0x63cc15d38741 - <<std[617be2ca0a6fd877]::sys::backtrace::BacktraceLock>::print::DisplayBacktrace as core[a373ad73a504971]::fmt::Display>::fmt
[INFO] [stdout]    1:     0x63cc15d5103a - core[a373ad73a504971]::fmt::write
[INFO] [stdout]    2:     0x63cc15d3f1ac - <alloc[2e1b2a31b91974c5]::vec::Vec<u8> as core[a373ad73a504971]::io::write::Write>::write_fmt
[INFO] [stdout]    3:     0x63cc15d11896 - std[617be2ca0a6fd877]::panicking::default_hook::{closure#0}
[INFO] [stdout]    4:     0x63cc15d2f6f9 - std[617be2ca0a6fd877]::panicking::default_hook
[INFO] [stdout]    5:     0x63cc15cc8ed0 - test[aada8e7e76ba119b]::test_main_inner::{closure#0}
[INFO] [stdout]    6:     0x63cc15d2fa22 - std[617be2ca0a6fd877]::panicking::panic_with_hook
[INFO] [stdout]    7:     0x63cc15d11942 - std[617be2ca0a6fd877]::panicking::panic_handler::{closure#0}
[INFO] [stdout]    8:     0x63cc15d09ba9 - std[617be2ca0a6fd877]::sys::backtrace::__rust_end_short_backtrace::<std[617be2ca0a6fd877]::panicking::panic_handler::{closure#0}, !>
[INFO] [stdout]    9:     0x63cc15d128ed - __rustc[ea4f61d10b84890b]::rust_begin_unwind
[INFO] [stdout]   10:     0x63cc15d5181c - core[a373ad73a504971]::panicking::panic_fmt
[INFO] [stdout]   11:     0x63cc15b897c8 - <tokio[84eae76b60ffd3c8]::runtime::park::CachedParkThread>::block_on::<tls_api_test_2[388468ca3b635748]::google::test_google_impl<tls_api_native_tls_2[76fa8990abc66caa]::connector::TlsConnector>::{closure#0}>
[INFO] [stdout]   12:     0x63cc15bae95f - tokio[84eae76b60ffd3c8]::runtime::context::runtime::enter_runtime::<<tokio[84eae76b60ffd3c8]::runtime::scheduler::multi_thread::MultiThread>::block_on<tls_api_test_2[388468ca3b635748]::google::test_google_impl<tls_api_native_tls_2[76fa8990abc66caa]::connector::TlsConnector>::{closure#0}>::{closure#0}, ()>
[INFO] [stdout]   13:     0x63cc15ba4b8d - <tokio[84eae76b60ffd3c8]::runtime::runtime::Runtime>::block_on::<tls_api_test_2[388468ca3b635748]::google::test_google_impl<tls_api_native_tls_2[76fa8990abc66caa]::connector::TlsConnector>::{closure#0}>
[INFO] [stdout]   14:     0x63cc15ba0e71 - tls_api_test_2[388468ca3b635748]::block_on::<tls_api_test_2[388468ca3b635748]::google::test_google_impl<tls_api_native_tls_2[76fa8990abc66caa]::connector::TlsConnector>::{closure#0}, ()>
[INFO] [stdout]   15:     0x63cc15baa4ca - <generated[7ed6da29bee5407f]::google::{closure#0} as core[a373ad73a504971]::ops::function::FnOnce<()>>::call_once
[INFO] [stdout]   16:     0x63cc15cbc31b - test[aada8e7e76ba119b]::__rust_begin_short_backtrace::<core[a373ad73a504971]::result::Result<(), alloc[2e1b2a31b91974c5]::string::String>, fn() -> core[a373ad73a504971]::result::Result<(), alloc[2e1b2a31b91974c5]::string::String>>
[INFO] [stdout]   17:     0x63cc15cc94f5 - test[aada8e7e76ba119b]::run_test::{closure#0}
[INFO] [stdout]   18:     0x63cc15cc2de4 - std[617be2ca0a6fd877]::sys::backtrace::__rust_begin_short_backtrace::<test[aada8e7e76ba119b]::run_test::{closure#1}, ()>
[INFO] [stdout]   19:     0x63cc15ccc582 - <std[617be2ca0a6fd877]::thread::lifecycle::spawn_unchecked<test[aada8e7e76ba119b]::run_test::{closure#1}, ()>::{closure#1} as core[a373ad73a504971]::ops::function::FnOnce<()>>::call_once::{shim:vtable#0}
[INFO] [stdout]   20:     0x63cc15d3739f - <std[617be2ca0a6fd877]::sys::thread::unix::Thread>::new::thread_start
[INFO] [stdout]   21:     0x7953a1ff2dfa - <unknown>
[INFO] [stdout]   22:     0x7953a20863d4 - clone
[INFO] [stdout]   23:                0x0 - <unknown>
[INFO] [stdout] 
[INFO] [stdout] 
[INFO] [stdout] failures:
[INFO] [stdout]     connect_bad_hostname
[INFO] [stdout]     connect_bad_hostname_ignored
[INFO] [stdout]     google
[INFO] [stdout] 
[INFO] [stdout] test result: FAILED. 6 passed; 3 failed; 0 ignored; 0 measured; 0 filtered out; finished in 0.53s
[INFO] [stdout] 
[INFO] [stderr] error: test failed, to rerun pass `--test generated`
[INFO] running `Command { std: "docker" "inspect" "e245d4cdf5ee7f59fee8372da2f1801d377a2d9834cdb985c460220ad327e025", kill_on_drop: false }`
[INFO] running `Command { std: "docker" "rm" "-f" "e245d4cdf5ee7f59fee8372da2f1801d377a2d9834cdb985c460220ad327e025", kill_on_drop: false }`
[INFO] [stdout] e245d4cdf5ee7f59fee8372da2f1801d377a2d9834cdb985c460220ad327e025
