[INFO] fetching crate tlq-fhir-snapshot 0.1.10...
[INFO] testing tlq-fhir-snapshot-0.1.10 against 1.99.0-beta.8+cargoflags=--release for beta-release-1.100-2
[INFO] extracting crate tlq-fhir-snapshot 0.1.10 into /workspace/builds/worker-1-tc1/source
[INFO] started tweaking crates.io crate tlq-fhir-snapshot 0.1.10
[INFO] removed 0 missing tests
[INFO] finished tweaking crates.io crate tlq-fhir-snapshot 0.1.10
[INFO] tweaked toml for crates.io crate tlq-fhir-snapshot 0.1.10 written to /workspace/builds/worker-1-tc1/source/Cargo.toml
[INFO] validating manifest of crates.io crate tlq-fhir-snapshot 0.1.10 on toolchain 1.99.0-beta.8
[INFO] running `Command { std: CARGO_HOME="/workspace/cargo-home" RUSTUP_HOME="/workspace/rustup-home" "/workspace/cargo-home/bin/cargo" "+1.99.0-beta.8" "metadata" "--manifest-path" "Cargo.toml" "--no-deps", kill_on_drop: false }`
[INFO] crate crates.io crate tlq-fhir-snapshot 0.1.10 already has a lockfile, it will not be regenerated
[INFO] running `Command { std: CARGO_HOME="/workspace/cargo-home" RUSTUP_HOME="/workspace/rustup-home" "/workspace/cargo-home/bin/cargo" "+1.99.0-beta.8" "fetch" "--manifest-path" "Cargo.toml", kill_on_drop: false }`
[INFO] [stderr]     Updating crates.io index
[INFO] [stderr]  Downloading crates ...
[INFO] [stderr]   Downloaded tlq-fhir-package v0.1.10
[INFO] [stderr]   Downloaded tlq-fhir-registry-client v0.1.10
[INFO] [stderr]   Downloaded compression-codecs v0.4.35
[INFO] [stderr]   Downloaded tlq-fhir-models v0.1.10
[INFO] [stderr]   Downloaded rustls-pki-types v1.13.2
[INFO] [stderr]   Downloaded tlq-fhir-context v0.1.10
[INFO] [stderr]   Downloaded webpki-roots v1.0.5
[INFO] [stderr]   Downloaded async-compression v0.4.36
[INFO] [stderr]   Downloaded cc v1.2.49
[INFO] [stderr]   Downloaded reqwest v0.12.25
[INFO] [stderr]   Downloaded rustls v0.23.36
[INFO] running `Command { std: "docker" "create" "-v" "/var/lib/crater-agent-workspace/builds/worker-1-tc1/source:/opt/rustwide/workdir:ro,Z" "-v" "/var/lib/crater-agent-workspace/builds/worker-1-tc1/target:/opt/rustwide/target:rw,Z" "-v" "/var/lib/crater-agent-workspace/cargo-home:/opt/rustwide/cargo-home:ro,Z" "-v" "/var/lib/crater-agent-workspace/rustup-home:/opt/rustwide/rustup-home:ro,Z" "-m" "1610612736" "--network" "none" "ghcr.io/rust-lang/crates-build-env/linux@sha256:77db811e55d90add9212f6832c23229e3de5f1c1f9905e8cb07319ea15df73ac" "sleep" "infinity", kill_on_drop: false }`
[INFO] [stdout] bae44f01a9d8de31ea80774d98b96c7a03f6687cdec0e5941ac2aad9ca4e6f12
[INFO] running `Command { std: "docker" "start" "bae44f01a9d8de31ea80774d98b96c7a03f6687cdec0e5941ac2aad9ca4e6f12", kill_on_drop: false }`
[INFO] running `Command { std: "docker" "inspect" "bae44f01a9d8de31ea80774d98b96c7a03f6687cdec0e5941ac2aad9ca4e6f12", kill_on_drop: false }`
[INFO] running `Command { std: "docker" "exec" "-e" "SOURCE_DIR=/opt/rustwide/workdir" "-e" "CARGO_HOME=/opt/rustwide/cargo-home" "-e" "RUSTUP_HOME=/opt/rustwide/rustup-home" "-e" "CARGO_TARGET_DIR=/opt/rustwide/target" "-w" "/opt/rustwide/workdir" "--user" "0:0" "bae44f01a9d8de31ea80774d98b96c7a03f6687cdec0e5941ac2aad9ca4e6f12" "/opt/rustwide/cargo-home/bin/cargo" "+1.99.0-beta.8" "metadata" "--no-deps" "--format-version=1", kill_on_drop: false }`
[INFO] running `Command { std: "docker" "inspect" "bae44f01a9d8de31ea80774d98b96c7a03f6687cdec0e5941ac2aad9ca4e6f12", kill_on_drop: false }`
[INFO] running `Command { std: "docker" "exec" "-e" "SOURCE_DIR=/opt/rustwide/workdir" "-e" "CARGO_HOME=/opt/rustwide/cargo-home" "-e" "RUSTUP_HOME=/opt/rustwide/rustup-home" "-e" "CARGO_TARGET_DIR=/opt/rustwide/target" "-e" "CARGO_INCREMENTAL=0" "-e" "RUST_BACKTRACE=full" "-e" "RUSTFLAGS=--cap-lints=warn" "-e" "RUSTDOCFLAGS=--cap-lints=warn" "-w" "/opt/rustwide/workdir" "--user" "0:0" "bae44f01a9d8de31ea80774d98b96c7a03f6687cdec0e5941ac2aad9ca4e6f12" "/opt/rustwide/cargo-home/bin/cargo" "+1.99.0-beta.8" "build" "--frozen" "--message-format=json" "--release", kill_on_drop: false }`
[INFO] [stderr]    Compiling syn v2.0.111
[INFO] [stderr]    Compiling libc v0.2.178
[INFO] [stderr]    Compiling bytes v1.11.0
[INFO] [stderr]    Compiling find-msvc-tools v0.1.5
[INFO] [stderr]    Compiling hashbrown v0.16.1
[INFO] [stderr]    Compiling rustls-pki-types v1.13.2
[INFO] [stderr]    Compiling tracing-core v0.1.35
[INFO] [stderr]    Compiling futures-task v0.3.31
[INFO] [stderr]    Compiling bitflags v2.10.0
[INFO] [stderr]    Compiling flate2 v1.1.5
[INFO] [stderr]    Compiling rustix v1.1.2
[INFO] [stderr]    Compiling serde_json v1.0.145
[INFO] [stderr]    Compiling rustls v0.23.36
[INFO] [stderr]    Compiling brotli v8.0.2
[INFO] [stderr]    Compiling futures-channel v0.3.31
[INFO] [stderr]    Compiling linux-raw-sys v0.11.0
[INFO] [stderr]    Compiling futures-util v0.3.31
[INFO] [stderr]    Compiling encoding_rs v0.8.35
[INFO] [stderr]    Compiling foldhash v0.1.5
[INFO] [stderr]    Compiling cc v1.2.49
[INFO] [stderr]    Compiling allocator-api2 v0.2.21
[INFO] [stderr]    Compiling urlencoding v2.1.3
[INFO] [stderr]    Compiling semver v1.0.27
[INFO] [stderr]    Compiling indexmap v2.12.1
[INFO] [stderr]    Compiling webpki-roots v1.0.5
[INFO] [stderr]    Compiling hashbrown v0.15.5
[INFO] [stderr]    Compiling http v1.4.0
[INFO] [stderr]    Compiling ring v0.17.14
[INFO] [stderr]    Compiling mio v1.1.1
[INFO] [stderr]    Compiling socket2 v0.6.1
[INFO] [stderr]    Compiling getrandom v0.2.16
[INFO] [stderr]    Compiling filetime v0.2.26
[INFO] [stderr]    Compiling dirs-sys v0.4.1
[INFO] [stderr]    Compiling dirs v5.0.1
[INFO] [stderr]    Compiling lru v0.12.5
[INFO] [stderr]    Compiling tokio v1.48.0
[INFO] [stderr]    Compiling http-body v1.0.1
[INFO] [stderr]    Compiling http-body-util v0.1.3
[INFO] [stderr]    Compiling xattr v1.6.1
[INFO] [stderr]    Compiling tar v0.4.44
[INFO] [stderr]    Compiling compression-codecs v0.4.35
[INFO] [stderr]    Compiling synstructure v0.13.2
[INFO] [stderr]    Compiling zerofrom-derive v0.1.6
[INFO] [stderr]    Compiling yoke-derive v0.8.1
[INFO] [stderr]    Compiling zerovec-derive v0.11.2
[INFO] [stderr]    Compiling displaydoc v0.2.5
[INFO] [stderr]    Compiling serde_derive v1.0.228
[INFO] [stderr]    Compiling tracing-attributes v0.1.31
[INFO] [stderr]    Compiling thiserror-impl v1.0.69
[INFO] [stderr]    Compiling async-trait v0.1.89
[INFO] [stderr]    Compiling zerofrom v0.1.6
[INFO] [stderr]    Compiling yoke v0.8.1
[INFO] [stderr]    Compiling zerotrie v0.2.3
[INFO] [stderr]    Compiling zerovec v0.11.5
[INFO] [stderr]    Compiling tracing v0.1.43
[INFO] [stderr]    Compiling thiserror v1.0.69
[INFO] [stderr]    Compiling tinystr v0.8.2
[INFO] [stderr]    Compiling potential_utf v0.1.4
[INFO] [stderr]    Compiling icu_locale_core v2.1.1
[INFO] [stderr]    Compiling icu_collections v2.1.1
[INFO] [stderr]    Compiling tokio-util v0.7.18
[INFO] [stderr]    Compiling async-compression v0.4.36
[INFO] [stderr]    Compiling tower v0.5.2
[INFO] [stderr]    Compiling icu_provider v2.1.1
[INFO] [stderr]    Compiling serde v1.0.228
[INFO] [stderr]    Compiling icu_normalizer v2.1.1
[INFO] [stderr]    Compiling icu_properties v2.1.2
[INFO] [stderr]    Compiling h2 v0.4.13
[INFO] [stderr]    Compiling serde_urlencoded v0.7.1
[INFO] [stderr]    Compiling tower-http v0.6.8
[INFO] [stderr]    Compiling tlq-fhir-package v0.1.10
[INFO] [stderr]    Compiling chrono v0.4.42
[INFO] [stderr]    Compiling tlq-fhir-models v0.1.10
[INFO] [stderr]    Compiling idna_adapter v1.2.1
[INFO] [stderr]    Compiling idna v1.1.0
[INFO] [stderr]    Compiling url v2.5.7
[INFO] [stderr]    Compiling hyper v1.8.1
[INFO] [stderr]    Compiling rustls-webpki v0.103.8
[INFO] [stderr]    Compiling hyper-util v0.1.19
[INFO] [stderr]    Compiling tokio-rustls v0.26.4
[INFO] [stderr]    Compiling hyper-rustls v0.27.7
[INFO] [stderr]    Compiling reqwest v0.12.25
[INFO] [stderr]    Compiling tlq-fhir-registry-client v0.1.10
[INFO] [stderr]    Compiling tlq-fhir-context v0.1.10
[INFO] [stderr]    Compiling tlq-fhir-snapshot v0.1.10 (/opt/rustwide/workdir)
[INFO] [stderr]     Finished `release` profile [optimized] target(s) in 1m 58s
[INFO] running `Command { std: "docker" "inspect" "bae44f01a9d8de31ea80774d98b96c7a03f6687cdec0e5941ac2aad9ca4e6f12", kill_on_drop: false }`
[INFO] running `Command { std: "docker" "exec" "-e" "SOURCE_DIR=/opt/rustwide/workdir" "-e" "CARGO_HOME=/opt/rustwide/cargo-home" "-e" "RUSTUP_HOME=/opt/rustwide/rustup-home" "-e" "CARGO_TARGET_DIR=/opt/rustwide/target" "-e" "CARGO_INCREMENTAL=0" "-e" "RUST_BACKTRACE=full" "-e" "RUSTFLAGS=--cap-lints=warn" "-e" "RUSTDOCFLAGS=--cap-lints=warn" "-w" "/opt/rustwide/workdir" "--user" "0:0" "bae44f01a9d8de31ea80774d98b96c7a03f6687cdec0e5941ac2aad9ca4e6f12" "/opt/rustwide/cargo-home/bin/cargo" "+1.99.0-beta.8" "test" "--frozen" "--no-run" "--message-format=json" "--release", kill_on_drop: false }`
[INFO] [stderr]    Compiling tokio-macros v2.6.0
[INFO] [stderr]    Compiling tokio v1.48.0
[INFO] [stderr]    Compiling tokio-util v0.7.18
[INFO] [stderr]    Compiling tokio-rustls v0.26.4
[INFO] [stderr]    Compiling async-compression v0.4.36
[INFO] [stderr]    Compiling tower v0.5.2
[INFO] [stderr]    Compiling h2 v0.4.13
[INFO] [stderr]    Compiling tower-http v0.6.8
[INFO] [stderr]    Compiling hyper v1.8.1
[INFO] [stderr]    Compiling hyper-util v0.1.19
[INFO] [stderr]    Compiling hyper-rustls v0.27.7
[INFO] [stderr]    Compiling reqwest v0.12.25
[INFO] [stderr]    Compiling tlq-fhir-registry-client v0.1.10
[INFO] [stderr]    Compiling tlq-fhir-context v0.1.10
[INFO] [stderr]    Compiling tlq-fhir-snapshot v0.1.10 (/opt/rustwide/workdir)
[INFO] [stderr]     Finished `release` profile [optimized] target(s) in 1m 17s
[INFO] running `Command { std: "docker" "inspect" "bae44f01a9d8de31ea80774d98b96c7a03f6687cdec0e5941ac2aad9ca4e6f12", kill_on_drop: false }`
[INFO] running `Command { std: "docker" "exec" "-e" "SOURCE_DIR=/opt/rustwide/workdir" "-e" "CARGO_HOME=/opt/rustwide/cargo-home" "-e" "RUSTUP_HOME=/opt/rustwide/rustup-home" "-e" "CARGO_TARGET_DIR=/opt/rustwide/target" "-e" "CARGO_INCREMENTAL=0" "-e" "RUST_BACKTRACE=full" "-e" "RUSTFLAGS=--cap-lints=warn" "-e" "RUSTDOCFLAGS=--cap-lints=warn" "-w" "/opt/rustwide/workdir" "--user" "0:0" "bae44f01a9d8de31ea80774d98b96c7a03f6687cdec0e5941ac2aad9ca4e6f12" "/opt/rustwide/cargo-home/bin/cargo" "+1.99.0-beta.8" "test" "--frozen" "--release", kill_on_drop: false }`
[INFO] [stderr]     Finished `release` profile [optimized] target(s) in 0.16s
[INFO] [stderr]      Running unittests src/lib.rs (/opt/rustwide/target/release/deps/tlq_fhir_snapshot-d2df89c019b7c374)
[INFO] [stdout] 
[INFO] [stdout] running 45 tests
[INFO] [stdout] test expanded_context::tests::expands_and_materializes_structure_definitions ... ok
[INFO] [stdout] test generator::tests::computes_differential_from_snapshot_and_base ... ok
[INFO] [stdout] test inheritance::tests::does_not_auto_propagate_is_modifier ... ok
[INFO] [stdout] test inheritance::tests::does_not_override_explicit_flags ... ok
[INFO] [stdout] test generator::tests::maintains_canonical_element_order ... FAILED
[INFO] [stdout] test inheritance::tests::propagates_must_support_to_children ... ok
[INFO] [stdout] test normalization::tests::extracts_none_for_non_slice_id ... ok
[INFO] [stdout] test generator::tests::merges_differential_into_base_snapshot ... FAILED
[INFO] [stdout] test merge::tests::more_restrictive_max_handles_star ... ok
[INFO] [stdout] test inheritance::tests::inheritance_context_tracks_ancestors ... ok
[INFO] [stdout] test inheritance::tests::validates_cardinality_consistency ... ok
[INFO] [stdout] test normalization::tests::normalizes_differential ... ok
[INFO] [stdout] test merge::tests::binding_strength_becomes_more_restrictive ... ok
[INFO] [stdout] test normalization::tests::corrects_incorrect_slice_id ... ok
[INFO] [stdout] test normalization::tests::extracts_slice_name_from_id ... ok
[INFO] [stdout] test normalization::tests::normalizes_slice_id ... ok
[INFO] [stdout] test normalization::tests::validates_consistent_id_slice ... ok
[INFO] [stdout] test merge::tests::min_cannot_decrease ... FAILED
[INFO] [stdout] test slicing::tests::registers_slice_entry ... ok
[INFO] [stdout] test slicing::tests::registers_slice_instance ... ok
[INFO] [stdout] test slicing::tests::detects_implicit_slicing ... ok
[INFO] [stdout] test slicing::tests::detects_reslicing ... ok
[INFO] [stdout] test generator::tests::enforces_cardinality_restrictions ... FAILED
[INFO] [stdout] test generator::tests::normalizes_element_ids ... FAILED
[INFO] [stdout] test normalization::tests::normalizes_non_slice_id ... ok
[INFO] [stdout] test slicing::tests::validates_slicing_rules_closed ... ok
[INFO] [stdout] test merge::tests::merges_types_with_profiles ... FAILED
[INFO] [stdout] test slicing::tests::merges_slicing_definitions ... ok
[INFO] [stdout] test merge::tests::max_cannot_increase ... FAILED
[INFO] [stdout] test normalization::tests::normalizes_snapshot ... ok
[INFO] [stdout] test normalization::tests::preserves_correct_slice_id ... ok
[INFO] [stdout] test normalization::tests::validates_inconsistent_id_slice ... ok
[INFO] [stdout] test validation::tests::validates_snapshot ... ok
[INFO] [stdout] test snapshot_generation::tests::merges_metadata_correctly ... ok
[INFO] [stdout] test slicing::tests::validates_slicing_rules_open ... ok
[INFO] [stdout] test snapshot_generation::tests::merges_extensions ... ok
[INFO] [stdout] test validation::tests::rejects_child_before_parent ... ok
[INFO] [stdout] test validation::tests::validates_differential_against_base ... ok
[INFO] [stdout] test merge::tests::merges_cardinality_restrictively ... FAILED
[INFO] [stdout] test validation::tests::rejects_snapshot_without_root ... ok
[INFO] [stdout] test validation::tests::validates_correct_order ... ok
[INFO] [stdout] test validation::tests::validates_hierarchy ... ok
[INFO] [stderr] error: test failed, to rerun pass `--lib`
[INFO] [stdout] test validation::tests::rejects_differential_with_missing_parent ... ok
[INFO] [stdout] test validation::tests::allows_slices_after_base ... ok
[INFO] [stdout] test validation::tests::allows_relaxed_order_in_differentials ... ok
[INFO] [stdout] 
[INFO] [stdout] failures:
[INFO] [stdout] 
[INFO] [stdout] ---- generator::tests::maintains_canonical_element_order stdout ----
[INFO] [stdout] 
[INFO] [stdout] thread 'generator::tests::maintains_canonical_element_order' (2637) panicked at src/generator.rs:585:14:
[INFO] [stdout] Failed to create R4 context: PackageLoader("HTTP request error: error sending request for url (https://packages.simplifier.net/hl7.fhir.r4.core)")
[INFO] [stdout] stack backtrace:
[INFO] [stdout]    0:     0x6163e59424a1 - <<std[70759c8f55707aa4]::sys::backtrace::BacktraceLock>::print::DisplayBacktrace as core[df12db4294e9bfd3]::fmt::Display>::fmt
[INFO] [stdout]    1:     0x6163e59596aa - core[df12db4294e9bfd3]::fmt::write
[INFO] [stdout]    2:     0x6163e594732c - <alloc[2182bb758b4b3781]::vec::Vec<u8> as core[df12db4294e9bfd3]::io::write::Write>::write_fmt
[INFO] [stdout]    3:     0x6163e591c326 - std[70759c8f55707aa4]::panicking::default_hook::{closure#0}
[INFO] [stdout]    4:     0x6163e5939ca9 - std[70759c8f55707aa4]::panicking::default_hook
[INFO] [stdout]    5:     0x6163e55ec870 - test[9d35eded1c95d3be]::test_main_inner::<test[9d35eded1c95d3be]::test_main_static::{closure#0}>::{closure#0}
[INFO] [stdout]    6:     0x6163e5939fd2 - std[70759c8f55707aa4]::panicking::panic_with_hook
[INFO] [stdout]    7:     0x6163e591c3d2 - std[70759c8f55707aa4]::panicking::panic_handler::{closure#0}
[INFO] [stdout]    8:     0x6163e5914d29 - std[70759c8f55707aa4]::sys::backtrace::__rust_end_short_backtrace::<std[70759c8f55707aa4]::panicking::panic_handler::{closure#0}, !>
[INFO] [stdout]    9:     0x6163e591d1bd - __rustc[8fa7c3cbc660c2b3]::rust_begin_unwind
[INFO] [stdout]   10:     0x6163e5959e0c - core[df12db4294e9bfd3]::panicking::panic_fmt
[INFO] [stdout]   11:     0x6163e5959be2 - core[df12db4294e9bfd3]::result::unwrap_failed
[INFO] [stdout]   12:     0x6163e5570522 - tlq_fhir_snapshot[bbf12a4a76b82fe5]::generator::tests::create_test_context::{closure#0}
[INFO] [stdout]   13:     0x6163e55717b6 - tlq_fhir_snapshot[bbf12a4a76b82fe5]::generator::tests::maintains_canonical_element_order::{closure#0}
[INFO] [stdout]   14:     0x6163e556bc03 - <tokio[4a31fae84036de5d]::runtime::scheduler::current_thread::Context>::enter::<core[df12db4294e9bfd3]::task::poll::Poll<()>, <tokio[4a31fae84036de5d]::runtime::scheduler::current_thread::CoreGuard>::block_on<core[df12db4294e9bfd3]::pin::Pin<&mut core[df12db4294e9bfd3]::pin::Pin<&mut dyn core[df12db4294e9bfd3]::future::future::Future<Output = ()>>>>::{closure#0}::{closure#0}>
[INFO] [stdout]   15:     0x6163e559042c - <tokio[4a31fae84036de5d]::runtime::context::scoped::Scoped<tokio[4a31fae84036de5d]::runtime::scheduler::Context>>::set::<<tokio[4a31fae84036de5d]::runtime::scheduler::current_thread::CoreGuard>::enter<<tokio[4a31fae84036de5d]::runtime::scheduler::current_thread::CoreGuard>::block_on<core[df12db4294e9bfd3]::pin::Pin<&mut core[df12db4294e9bfd3]::pin::Pin<&mut dyn core[df12db4294e9bfd3]::future::future::Future<Output = ()>>>>::{closure#0}, core[df12db4294e9bfd3]::option::Option<()>>::{closure#0}, (alloc[2182bb758b4b3781]::boxed::Box<tokio[4a31fae84036de5d]::runtime::scheduler::current_thread::Core>, core[df12db4294e9bfd3]::option::Option<()>)>
[INFO] [stdout]   16:     0x6163e556bf57 - <tokio[4a31fae84036de5d]::runtime::scheduler::current_thread::CoreGuard>::block_on::<core[df12db4294e9bfd3]::pin::Pin<&mut core[df12db4294e9bfd3]::pin::Pin<&mut dyn core[df12db4294e9bfd3]::future::future::Future<Output = ()>>>>
[INFO] [stdout]   17:     0x6163e558332d - tokio[4a31fae84036de5d]::runtime::context::runtime::enter_runtime::<<tokio[4a31fae84036de5d]::runtime::scheduler::current_thread::CurrentThread>::block_on<core[df12db4294e9bfd3]::pin::Pin<&mut dyn core[df12db4294e9bfd3]::future::future::Future<Output = ()>>>::{closure#0}, ()>
[INFO] [stdout]   18:     0x6163e5580a3e - <tokio[4a31fae84036de5d]::runtime::runtime::Runtime>::block_on::<core[df12db4294e9bfd3]::pin::Pin<&mut dyn core[df12db4294e9bfd3]::future::future::Future<Output = ()>>>
[INFO] [stdout]   19:     0x6163e557644b - tlq_fhir_snapshot[bbf12a4a76b82fe5]::generator::tests::maintains_canonical_element_order
[INFO] [stdout]   20:     0x6163e55be039 - <tlq_fhir_snapshot[bbf12a4a76b82fe5]::generator::tests::maintains_canonical_element_order::{closure#0} as core[df12db4294e9bfd3]::ops::function::FnOnce<()>>::call_once
[INFO] [stdout]   21:     0x6163e55dfb5b - test[9d35eded1c95d3be]::__rust_begin_short_backtrace::<core[df12db4294e9bfd3]::result::Result<(), alloc[2182bb758b4b3781]::string::String>, fn() -> core[df12db4294e9bfd3]::result::Result<(), alloc[2182bb758b4b3781]::string::String>>
[INFO] [stdout]   22:     0x6163e55ed1c5 - test[9d35eded1c95d3be]::run_test::{closure#0}
[INFO] [stdout]   23:     0x6163e55e6a84 - std[70759c8f55707aa4]::sys::backtrace::__rust_begin_short_backtrace::<test[9d35eded1c95d3be]::run_test::{closure#1}, ()>
[INFO] [stdout]   24:     0x6163e55f0322 - <std[70759c8f55707aa4]::thread::lifecycle::spawn_unchecked<test[9d35eded1c95d3be]::run_test::{closure#1}, ()>::{closure#1} as core[df12db4294e9bfd3]::ops::function::FnOnce<()>>::call_once::{shim:vtable#0}
[INFO] [stdout]   25:     0x6163e59414b9 - <std[70759c8f55707aa4]::sys::thread::unix::Thread>::new::thread_start
[INFO] [stdout]   26:     0x79c9aee71dfa - <unknown>
[INFO] [stdout]   27:     0x79c9aef053d4 - clone
[INFO] [stdout]   28:                0x0 - <unknown>
[INFO] [stdout] 
[INFO] [stdout] ---- generator::tests::merges_differential_into_base_snapshot stdout ----
[INFO] [stdout] 
[INFO] [stdout] thread 'generator::tests::merges_differential_into_base_snapshot' (2638) panicked at src/generator.rs:585:14:
[INFO] [stdout] Failed to create R4 context: PackageLoader("HTTP request error: error sending request for url (https://packages.simplifier.net/hl7.fhir.r4.core)")
[INFO] [stdout] stack backtrace:
[INFO] [stdout]    0:     0x6163e59424a1 - <<std[70759c8f55707aa4]::sys::backtrace::BacktraceLock>::print::DisplayBacktrace as core[df12db4294e9bfd3]::fmt::Display>::fmt
[INFO] [stdout]    1:     0x6163e59596aa - core[df12db4294e9bfd3]::fmt::write
[INFO] [stdout]    2:     0x6163e594732c - <alloc[2182bb758b4b3781]::vec::Vec<u8> as core[df12db4294e9bfd3]::io::write::Write>::write_fmt
[INFO] [stdout]    3:     0x6163e591c326 - std[70759c8f55707aa4]::panicking::default_hook::{closure#0}
[INFO] [stdout]    4:     0x6163e5939ca9 - std[70759c8f55707aa4]::panicking::default_hook
[INFO] [stdout]    5:     0x6163e55ec870 - test[9d35eded1c95d3be]::test_main_inner::<test[9d35eded1c95d3be]::test_main_static::{closure#0}>::{closure#0}
[INFO] [stdout]    6:     0x6163e5939fd2 - std[70759c8f55707aa4]::panicking::panic_with_hook
[INFO] [stdout]    7:     0x6163e591c3d2 - std[70759c8f55707aa4]::panicking::panic_handler::{closure#0}
[INFO] [stdout]    8:     0x6163e5914d29 - std[70759c8f55707aa4]::sys::backtrace::__rust_end_short_backtrace::<std[70759c8f55707aa4]::panicking::panic_handler::{closure#0}, !>
[INFO] [stdout]    9:     0x6163e591d1bd - __rustc[8fa7c3cbc660c2b3]::rust_begin_unwind
[INFO] [stdout]   10:     0x6163e5959e0c - core[df12db4294e9bfd3]::panicking::panic_fmt
[INFO] [stdout]   11:     0x6163e5959be2 - core[df12db4294e9bfd3]::result::unwrap_failed
[INFO] [stdout]   12:     0x6163e5570522 - tlq_fhir_snapshot[bbf12a4a76b82fe5]::generator::tests::create_test_context::{closure#0}
[INFO] [stdout]   13:     0x6163e5571f77 - tlq_fhir_snapshot[bbf12a4a76b82fe5]::generator::tests::merges_differential_into_base_snapshot::{closure#0}
[INFO] [stdout]   14:     0x6163e556bc03 - <tokio[4a31fae84036de5d]::runtime::scheduler::current_thread::Context>::enter::<core[df12db4294e9bfd3]::task::poll::Poll<()>, <tokio[4a31fae84036de5d]::runtime::scheduler::current_thread::CoreGuard>::block_on<core[df12db4294e9bfd3]::pin::Pin<&mut core[df12db4294e9bfd3]::pin::Pin<&mut dyn core[df12db4294e9bfd3]::future::future::Future<Output = ()>>>>::{closure#0}::{closure#0}>
[INFO] [stdout]   15:     0x6163e559042c - <tokio[4a31fae84036de5d]::runtime::context::scoped::Scoped<tokio[4a31fae84036de5d]::runtime::scheduler::Context>>::set::<<tokio[4a31fae84036de5d]::runtime::scheduler::current_thread::CoreGuard>::enter<<tokio[4a31fae84036de5d]::runtime::scheduler::current_thread::CoreGuard>::block_on<core[df12db4294e9bfd3]::pin::Pin<&mut core[df12db4294e9bfd3]::pin::Pin<&mut dyn core[df12db4294e9bfd3]::future::future::Future<Output = ()>>>>::{closure#0}, core[df12db4294e9bfd3]::option::Option<()>>::{closure#0}, (alloc[2182bb758b4b3781]::boxed::Box<tokio[4a31fae84036de5d]::runtime::scheduler::current_thread::Core>, core[df12db4294e9bfd3]::option::Option<()>)>
[INFO] [stdout]   16:     0x6163e556bf57 - <tokio[4a31fae84036de5d]::runtime::scheduler::current_thread::CoreGuard>::block_on::<core[df12db4294e9bfd3]::pin::Pin<&mut core[df12db4294e9bfd3]::pin::Pin<&mut dyn core[df12db4294e9bfd3]::future::future::Future<Output = ()>>>>
[INFO] [stdout]   17:     0x6163e558332d - tokio[4a31fae84036de5d]::runtime::context::runtime::enter_runtime::<<tokio[4a31fae84036de5d]::runtime::scheduler::current_thread::CurrentThread>::block_on<core[df12db4294e9bfd3]::pin::Pin<&mut dyn core[df12db4294e9bfd3]::future::future::Future<Output = ()>>>::{closure#0}, ()>
[INFO] [stdout]   18:     0x6163e5580a3e - <tokio[4a31fae84036de5d]::runtime::runtime::Runtime>::block_on::<core[df12db4294e9bfd3]::pin::Pin<&mut dyn core[df12db4294e9bfd3]::future::future::Future<Output = ()>>>
[INFO] [stdout]   19:     0x6163e55765eb - tlq_fhir_snapshot[bbf12a4a76b82fe5]::generator::tests::merges_differential_into_base_snapshot
[INFO] [stdout]   20:     0x6163e55be059 - <tlq_fhir_snapshot[bbf12a4a76b82fe5]::generator::tests::merges_differential_into_base_snapshot::{closure#0} as core[df12db4294e9bfd3]::ops::function::FnOnce<()>>::call_once
[INFO] [stdout]   21:     0x6163e55dfb5b - test[9d35eded1c95d3be]::__rust_begin_short_backtrace::<core[df12db4294e9bfd3]::result::Result<(), alloc[2182bb758b4b3781]::string::String>, fn() -> core[df12db4294e9bfd3]::result::Result<(), alloc[2182bb758b4b3781]::string::String>>
[INFO] [stdout]   22:     0x6163e55ed1c5 - test[9d35eded1c95d3be]::run_test::{closure#0}
[INFO] [stdout]   23:     0x6163e55e6a84 - std[70759c8f55707aa4]::sys::backtrace::__rust_begin_short_backtrace::<test[9d35eded1c95d3be]::run_test::{closure#1}, ()>
[INFO] [stdout]   24:     0x6163e55f0322 - <std[70759c8f55707aa4]::thread::lifecycle::spawn_unchecked<test[9d35eded1c95d3be]::run_test::{closure#1}, ()>::{closure#1} as core[df12db4294e9bfd3]::ops::function::FnOnce<()>>::call_once::{shim:vtable#0}
[INFO] [stdout]   25:     0x6163e59414b9 - <std[70759c8f55707aa4]::sys::thread::unix::Thread>::new::thread_start
[INFO] [stdout]   26:     0x79c9aee71dfa - <unknown>
[INFO] [stdout]   27:     0x79c9aef053d4 - clone
[INFO] [stdout]   28:                0x0 - <unknown>
[INFO] [stdout] 
[INFO] [stdout] ---- merge::tests::min_cannot_decrease stdout ----
[INFO] [stdout] 
[INFO] [stdout] thread 'merge::tests::min_cannot_decrease' (2653) panicked at src/merge.rs:484:14:
[INFO] [stdout] Failed to create R4 context: PackageLoader("HTTP request error: error sending request for url (https://packages.simplifier.net/hl7.fhir.r4.core)")
[INFO] [stdout] stack backtrace:
[INFO] [stdout]    0:     0x6163e59424a1 - <<std[70759c8f55707aa4]::sys::backtrace::BacktraceLock>::print::DisplayBacktrace as core[df12db4294e9bfd3]::fmt::Display>::fmt
[INFO] [stdout]    1:     0x6163e59596aa - core[df12db4294e9bfd3]::fmt::write
[INFO] [stdout]    2:     0x6163e594732c - <alloc[2182bb758b4b3781]::vec::Vec<u8> as core[df12db4294e9bfd3]::io::write::Write>::write_fmt
[INFO] [stdout]    3:     0x6163e591c326 - std[70759c8f55707aa4]::panicking::default_hook::{closure#0}
[INFO] [stdout]    4:     0x6163e5939ca9 - std[70759c8f55707aa4]::panicking::default_hook
[INFO] [stdout]    5:     0x6163e55ec870 - test[9d35eded1c95d3be]::test_main_inner::<test[9d35eded1c95d3be]::test_main_static::{closure#0}>::{closure#0}
[INFO] [stdout]    6:     0x6163e5939fd2 - std[70759c8f55707aa4]::panicking::panic_with_hook
[INFO] [stdout]    7:     0x6163e591c3d2 - std[70759c8f55707aa4]::panicking::panic_handler::{closure#0}
[INFO] [stdout]    8:     0x6163e5914d29 - std[70759c8f55707aa4]::sys::backtrace::__rust_end_short_backtrace::<std[70759c8f55707aa4]::panicking::panic_handler::{closure#0}, !>
[INFO] [stdout]    9:     0x6163e591d1bd - __rustc[8fa7c3cbc660c2b3]::rust_begin_unwind
[INFO] [stdout]   10:     0x6163e5959e0c - core[df12db4294e9bfd3]::panicking::panic_fmt
[INFO] [stdout]   11:     0x6163e5959be2 - core[df12db4294e9bfd3]::result::unwrap_failed
[INFO] [stdout]   12:     0x6163e5588932 - tlq_fhir_snapshot[bbf12a4a76b82fe5]::merge::tests::create_test_context::{closure#0}
[INFO] [stdout]   13:     0x6163e5588d9f - tlq_fhir_snapshot[bbf12a4a76b82fe5]::merge::tests::min_cannot_decrease::{closure#0}
[INFO] [stdout]   14:     0x6163e556bc03 - <tokio[4a31fae84036de5d]::runtime::scheduler::current_thread::Context>::enter::<core[df12db4294e9bfd3]::task::poll::Poll<()>, <tokio[4a31fae84036de5d]::runtime::scheduler::current_thread::CoreGuard>::block_on<core[df12db4294e9bfd3]::pin::Pin<&mut core[df12db4294e9bfd3]::pin::Pin<&mut dyn core[df12db4294e9bfd3]::future::future::Future<Output = ()>>>>::{closure#0}::{closure#0}>
[INFO] [stdout]   15:     0x6163e559042c - <tokio[4a31fae84036de5d]::runtime::context::scoped::Scoped<tokio[4a31fae84036de5d]::runtime::scheduler::Context>>::set::<<tokio[4a31fae84036de5d]::runtime::scheduler::current_thread::CoreGuard>::enter<<tokio[4a31fae84036de5d]::runtime::scheduler::current_thread::CoreGuard>::block_on<core[df12db4294e9bfd3]::pin::Pin<&mut core[df12db4294e9bfd3]::pin::Pin<&mut dyn core[df12db4294e9bfd3]::future::future::Future<Output = ()>>>>::{closure#0}, core[df12db4294e9bfd3]::option::Option<()>>::{closure#0}, (alloc[2182bb758b4b3781]::boxed::Box<tokio[4a31fae84036de5d]::runtime::scheduler::current_thread::Core>, core[df12db4294e9bfd3]::option::Option<()>)>
[INFO] [stdout]   16:     0x6163e556bf57 - <tokio[4a31fae84036de5d]::runtime::scheduler::current_thread::CoreGuard>::block_on::<core[df12db4294e9bfd3]::pin::Pin<&mut core[df12db4294e9bfd3]::pin::Pin<&mut dyn core[df12db4294e9bfd3]::future::future::Future<Output = ()>>>>
[INFO] [stdout]   17:     0x6163e558332d - tokio[4a31fae84036de5d]::runtime::context::runtime::enter_runtime::<<tokio[4a31fae84036de5d]::runtime::scheduler::current_thread::CurrentThread>::block_on<core[df12db4294e9bfd3]::pin::Pin<&mut dyn core[df12db4294e9bfd3]::future::future::Future<Output = ()>>>::{closure#0}, ()>
[INFO] [stdout]   18:     0x6163e5580a3e - <tokio[4a31fae84036de5d]::runtime::runtime::Runtime>::block_on::<core[df12db4294e9bfd3]::pin::Pin<&mut dyn core[df12db4294e9bfd3]::future::future::Future<Output = ()>>>
[INFO] [stdout]   19:     0x6163e558aceb - tlq_fhir_snapshot[bbf12a4a76b82fe5]::merge::tests::min_cannot_decrease
[INFO] [stdout]   20:     0x6163e55bbf39 - <tlq_fhir_snapshot[bbf12a4a76b82fe5]::merge::tests::min_cannot_decrease::{closure#0} as core[df12db4294e9bfd3]::ops::function::FnOnce<()>>::call_once
[INFO] [stdout]   21:     0x6163e55dfb5b - test[9d35eded1c95d3be]::__rust_begin_short_backtrace::<core[df12db4294e9bfd3]::result::Result<(), alloc[2182bb758b4b3781]::string::String>, fn() -> core[df12db4294e9bfd3]::result::Result<(), alloc[2182bb758b4b3781]::string::String>>
[INFO] [stdout]   22:     0x6163e55ed1c5 - test[9d35eded1c95d3be]::run_test::{closure#0}
[INFO] [stdout]   23:     0x6163e55e6a84 - std[70759c8f55707aa4]::sys::backtrace::__rust_begin_short_backtrace::<test[9d35eded1c95d3be]::run_test::{closure#1}, ()>
[INFO] [stdout]   24:     0x6163e55f0322 - <std[70759c8f55707aa4]::thread::lifecycle::spawn_unchecked<test[9d35eded1c95d3be]::run_test::{closure#1}, ()>::{closure#1} as core[df12db4294e9bfd3]::ops::function::FnOnce<()>>::call_once::{shim:vtable#0}
[INFO] [stdout]   25:     0x6163e59414b9 - <std[70759c8f55707aa4]::sys::thread::unix::Thread>::new::thread_start
[INFO] [stdout]   26:     0x79c9aee71dfa - <unknown>
[INFO] [stdout]   27:     0x79c9aef053d4 - clone
[INFO] [stdout]   28:                0x0 - <unknown>
[INFO] [stdout] 
[INFO] [stdout] ---- generator::tests::enforces_cardinality_restrictions stdout ----
[INFO] [stdout] 
[INFO] [stdout] thread 'generator::tests::enforces_cardinality_restrictions' (2636) panicked at src/generator.rs:585:14:
[INFO] [stdout] Failed to create R4 context: PackageLoader("HTTP request error: error sending request for url (https://packages.simplifier.net/hl7.fhir.r4.core)")
[INFO] [stdout] stack backtrace:
[INFO] [stdout]    0:     0x6163e59424a1 - <<std[70759c8f55707aa4]::sys::backtrace::BacktraceLock>::print::DisplayBacktrace as core[df12db4294e9bfd3]::fmt::Display>::fmt
[INFO] [stdout]    1:     0x6163e59596aa - core[df12db4294e9bfd3]::fmt::write
[INFO] [stdout]    2:     0x6163e594732c - <alloc[2182bb758b4b3781]::vec::Vec<u8> as core[df12db4294e9bfd3]::io::write::Write>::write_fmt
[INFO] [stdout]    3:     0x6163e591c326 - std[70759c8f55707aa4]::panicking::default_hook::{closure#0}
[INFO] [stdout]    4:     0x6163e5939ca9 - std[70759c8f55707aa4]::panicking::default_hook
[INFO] [stdout]    5:     0x6163e55ec870 - test[9d35eded1c95d3be]::test_main_inner::<test[9d35eded1c95d3be]::test_main_static::{closure#0}>::{closure#0}
[INFO] [stdout]    6:     0x6163e5939fd2 - std[70759c8f55707aa4]::panicking::panic_with_hook
[INFO] [stdout]    7:     0x6163e591c3d2 - std[70759c8f55707aa4]::panicking::panic_handler::{closure#0}
[INFO] [stdout]    8:     0x6163e5914d29 - std[70759c8f55707aa4]::sys::backtrace::__rust_end_short_backtrace::<std[70759c8f55707aa4]::panicking::panic_handler::{closure#0}, !>
[INFO] [stdout]    9:     0x6163e591d1bd - __rustc[8fa7c3cbc660c2b3]::rust_begin_unwind
[INFO] [stdout]   10:     0x6163e5959e0c - core[df12db4294e9bfd3]::panicking::panic_fmt
[INFO] [stdout]   11:     0x6163e5959be2 - core[df12db4294e9bfd3]::result::unwrap_failed
[INFO] [stdout]   12:     0x6163e5570522 - tlq_fhir_snapshot[bbf12a4a76b82fe5]::generator::tests::create_test_context::{closure#0}
[INFO] [stdout]   13:     0x6163e55710d7 - tlq_fhir_snapshot[bbf12a4a76b82fe5]::generator::tests::enforces_cardinality_restrictions::{closure#0}
[INFO] [stdout]   14:     0x6163e556bc03 - <tokio[4a31fae84036de5d]::runtime::scheduler::current_thread::Context>::enter::<core[df12db4294e9bfd3]::task::poll::Poll<()>, <tokio[4a31fae84036de5d]::runtime::scheduler::current_thread::CoreGuard>::block_on<core[df12db4294e9bfd3]::pin::Pin<&mut core[df12db4294e9bfd3]::pin::Pin<&mut dyn core[df12db4294e9bfd3]::future::future::Future<Output = ()>>>>::{closure#0}::{closure#0}>
[INFO] [stdout]   15:     0x6163e559042c - <tokio[4a31fae84036de5d]::runtime::context::scoped::Scoped<tokio[4a31fae84036de5d]::runtime::scheduler::Context>>::set::<<tokio[4a31fae84036de5d]::runtime::scheduler::current_thread::CoreGuard>::enter<<tokio[4a31fae84036de5d]::runtime::scheduler::current_thread::CoreGuard>::block_on<core[df12db4294e9bfd3]::pin::Pin<&mut core[df12db4294e9bfd3]::pin::Pin<&mut dyn core[df12db4294e9bfd3]::future::future::Future<Output = ()>>>>::{closure#0}, core[df12db4294e9bfd3]::option::Option<()>>::{closure#0}, (alloc[2182bb758b4b3781]::boxed::Box<tokio[4a31fae84036de5d]::runtime::scheduler::current_thread::Core>, core[df12db4294e9bfd3]::option::Option<()>)>
[INFO] [stdout]   16:     0x6163e556bf57 - <tokio[4a31fae84036de5d]::runtime::scheduler::current_thread::CoreGuard>::block_on::<core[df12db4294e9bfd3]::pin::Pin<&mut core[df12db4294e9bfd3]::pin::Pin<&mut dyn core[df12db4294e9bfd3]::future::future::Future<Output = ()>>>>
[INFO] [stdout]   17:     0x6163e558332d - tokio[4a31fae84036de5d]::runtime::context::runtime::enter_runtime::<<tokio[4a31fae84036de5d]::runtime::scheduler::current_thread::CurrentThread>::block_on<core[df12db4294e9bfd3]::pin::Pin<&mut dyn core[df12db4294e9bfd3]::future::future::Future<Output = ()>>>::{closure#0}, ()>
[INFO] [stdout]   18:     0x6163e5580a3e - <tokio[4a31fae84036de5d]::runtime::runtime::Runtime>::block_on::<core[df12db4294e9bfd3]::pin::Pin<&mut dyn core[df12db4294e9bfd3]::future::future::Future<Output = ()>>>
[INFO] [stdout]   19:     0x6163e55762ab - tlq_fhir_snapshot[bbf12a4a76b82fe5]::generator::tests::enforces_cardinality_restrictions
[INFO] [stdout]   20:     0x6163e55be019 - <tlq_fhir_snapshot[bbf12a4a76b82fe5]::generator::tests::enforces_cardinality_restrictions::{closure#0} as core[df12db4294e9bfd3]::ops::function::FnOnce<()>>::call_once
[INFO] [stdout]   21:     0x6163e55dfb5b - test[9d35eded1c95d3be]::__rust_begin_short_backtrace::<core[df12db4294e9bfd3]::result::Result<(), alloc[2182bb758b4b3781]::string::String>, fn() -> core[df12db4294e9bfd3]::result::Result<(), alloc[2182bb758b4b3781]::string::String>>
[INFO] [stdout]   22:     0x6163e55ed1c5 - test[9d35eded1c95d3be]::run_test::{closure#0}
[INFO] [stdout]   23:     0x6163e55e6a84 - std[70759c8f55707aa4]::sys::backtrace::__rust_begin_short_backtrace::<test[9d35eded1c95d3be]::run_test::{closure#1}, ()>
[INFO] [stdout]   24:     0x6163e55f0322 - <std[70759c8f55707aa4]::thread::lifecycle::spawn_unchecked<test[9d35eded1c95d3be]::run_test::{closure#1}, ()>::{closure#1} as core[df12db4294e9bfd3]::ops::function::FnOnce<()>>::call_once::{shim:vtable#0}
[INFO] [stdout]   25:     0x6163e59414b9 - <std[70759c8f55707aa4]::sys::thread::unix::Thread>::new::thread_start
[INFO] [stdout]   26:     0x79c9aee71dfa - <unknown>
[INFO] [stdout]   27:     0x79c9aef053d4 - clone
[INFO] [stdout]   28:                0x0 - <unknown>
[INFO] [stdout] 
[INFO] [stdout] ---- generator::tests::normalizes_element_ids stdout ----
[INFO] [stdout] 
[INFO] [stdout] thread 'generator::tests::normalizes_element_ids' (2639) panicked at src/generator.rs:585:14:
[INFO] [stdout] Failed to create R4 context: PackageLoader("HTTP request error: error sending request for url (https://packages.simplifier.net/hl7.fhir.r4.core)")
[INFO] [stdout] stack backtrace:
[INFO] [stdout]    0:     0x6163e59424a1 - <<std[70759c8f55707aa4]::sys::backtrace::BacktraceLock>::print::DisplayBacktrace as core[df12db4294e9bfd3]::fmt::Display>::fmt
[INFO] [stdout]    1:     0x6163e59596aa - core[df12db4294e9bfd3]::fmt::write
[INFO] [stdout]    2:     0x6163e594732c - <alloc[2182bb758b4b3781]::vec::Vec<u8> as core[df12db4294e9bfd3]::io::write::Write>::write_fmt
[INFO] [stdout]    3:     0x6163e591c326 - std[70759c8f55707aa4]::panicking::default_hook::{closure#0}
[INFO] [stdout]    4:     0x6163e5939ca9 - std[70759c8f55707aa4]::panicking::default_hook
[INFO] [stdout]    5:     0x6163e55ec870 - test[9d35eded1c95d3be]::test_main_inner::<test[9d35eded1c95d3be]::test_main_static::{closure#0}>::{closure#0}
[INFO] [stdout]    6:     0x6163e5939fd2 - std[70759c8f55707aa4]::panicking::panic_with_hook
[INFO] [stdout]    7:     0x6163e591c3d2 - std[70759c8f55707aa4]::panicking::panic_handler::{closure#0}
[INFO] [stdout]    8:     0x6163e5914d29 - std[70759c8f55707aa4]::sys::backtrace::__rust_end_short_backtrace::<std[70759c8f55707aa4]::panicking::panic_handler::{closure#0}, !>
[INFO] [stdout]    9:     0x6163e591d1bd - __rustc[8fa7c3cbc660c2b3]::rust_begin_unwind
[INFO] [stdout]   10:     0x6163e5959e0c - core[df12db4294e9bfd3]::panicking::panic_fmt
[INFO] [stdout]   11:     0x6163e5959be2 - core[df12db4294e9bfd3]::result::unwrap_failed
[INFO] [stdout]   12:     0x6163e5570522 - tlq_fhir_snapshot[bbf12a4a76b82fe5]::generator::tests::create_test_context::{closure#0}
[INFO] [stdout]   13:     0x6163e55706b6 - tlq_fhir_snapshot[bbf12a4a76b82fe5]::generator::tests::normalizes_element_ids::{closure#0}
[INFO] [stdout]   14:     0x6163e556bc03 - <tokio[4a31fae84036de5d]::runtime::scheduler::current_thread::Context>::enter::<core[df12db4294e9bfd3]::task::poll::Poll<()>, <tokio[4a31fae84036de5d]::runtime::scheduler::current_thread::CoreGuard>::block_on<core[df12db4294e9bfd3]::pin::Pin<&mut core[df12db4294e9bfd3]::pin::Pin<&mut dyn core[df12db4294e9bfd3]::future::future::Future<Output = ()>>>>::{closure#0}::{closure#0}>
[INFO] [stdout]   15:     0x6163e559042c - <tokio[4a31fae84036de5d]::runtime::context::scoped::Scoped<tokio[4a31fae84036de5d]::runtime::scheduler::Context>>::set::<<tokio[4a31fae84036de5d]::runtime::scheduler::current_thread::CoreGuard>::enter<<tokio[4a31fae84036de5d]::runtime::scheduler::current_thread::CoreGuard>::block_on<core[df12db4294e9bfd3]::pin::Pin<&mut core[df12db4294e9bfd3]::pin::Pin<&mut dyn core[df12db4294e9bfd3]::future::future::Future<Output = ()>>>>::{closure#0}, core[df12db4294e9bfd3]::option::Option<()>>::{closure#0}, (alloc[2182bb758b4b3781]::boxed::Box<tokio[4a31fae84036de5d]::runtime::scheduler::current_thread::Core>, core[df12db4294e9bfd3]::option::Option<()>)>
[INFO] [stdout]   16:     0x6163e556bf57 - <tokio[4a31fae84036de5d]::runtime::scheduler::current_thread::CoreGuard>::block_on::<core[df12db4294e9bfd3]::pin::Pin<&mut core[df12db4294e9bfd3]::pin::Pin<&mut dyn core[df12db4294e9bfd3]::future::future::Future<Output = ()>>>>
[INFO] [stdout]   17:     0x6163e558332d - tokio[4a31fae84036de5d]::runtime::context::runtime::enter_runtime::<<tokio[4a31fae84036de5d]::runtime::scheduler::current_thread::CurrentThread>::block_on<core[df12db4294e9bfd3]::pin::Pin<&mut dyn core[df12db4294e9bfd3]::future::future::Future<Output = ()>>>::{closure#0}, ()>
[INFO] [stdout]   18:     0x6163e5580a3e - <tokio[4a31fae84036de5d]::runtime::runtime::Runtime>::block_on::<core[df12db4294e9bfd3]::pin::Pin<&mut dyn core[df12db4294e9bfd3]::future::future::Future<Output = ()>>>
[INFO] [stdout]   19:     0x6163e557610b - tlq_fhir_snapshot[bbf12a4a76b82fe5]::generator::tests::normalizes_element_ids
[INFO] [stdout]   20:     0x6163e55bdff9 - <tlq_fhir_snapshot[bbf12a4a76b82fe5]::generator::tests::normalizes_element_ids::{closure#0} as core[df12db4294e9bfd3]::ops::function::FnOnce<()>>::call_once
[INFO] [stdout]   21:     0x6163e55dfb5b - test[9d35eded1c95d3be]::__rust_begin_short_backtrace::<core[df12db4294e9bfd3]::result::Result<(), alloc[2182bb758b4b3781]::string::String>, fn() -> core[df12db4294e9bfd3]::result::Result<(), alloc[2182bb758b4b3781]::string::String>>
[INFO] [stdout]   22:     0x6163e55ed1c5 - test[9d35eded1c95d3be]::run_test::{closure#0}
[INFO] [stdout]   23:     0x6163e55e6a84 - std[70759c8f55707aa4]::sys::backtrace::__rust_begin_short_backtrace::<test[9d35eded1c95d3be]::run_test::{closure#1}, ()>
[INFO] [stdout]   24:     0x6163e55f0322 - <std[70759c8f55707aa4]::thread::lifecycle::spawn_unchecked<test[9d35eded1c95d3be]::run_test::{closure#1}, ()>::{closure#1} as core[df12db4294e9bfd3]::ops::function::FnOnce<()>>::call_once::{shim:vtable#0}
[INFO] [stdout]   25:     0x6163e59414b9 - <std[70759c8f55707aa4]::sys::thread::unix::Thread>::new::thread_start
[INFO] [stdout]   26:     0x79c9aee71dfa - <unknown>
[INFO] [stdout]   27:     0x79c9aef053d4 - clone
[INFO] [stdout]   28:                0x0 - <unknown>
[INFO] [stdout] 
[INFO] [stdout] ---- merge::tests::merges_types_with_profiles stdout ----
[INFO] [stdout] 
[INFO] [stdout] thread 'merge::tests::merges_types_with_profiles' (2652) panicked at src/merge.rs:484:14:
[INFO] [stdout] Failed to create R4 context: PackageLoader("HTTP request error: error sending request for url (https://packages.simplifier.net/hl7.fhir.r4.core)")
[INFO] [stdout] stack backtrace:
[INFO] [stdout]    0:     0x6163e59424a1 - <<std[70759c8f55707aa4]::sys::backtrace::BacktraceLock>::print::DisplayBacktrace as core[df12db4294e9bfd3]::fmt::Display>::fmt
[INFO] [stdout]    1:     0x6163e59596aa - core[df12db4294e9bfd3]::fmt::write
[INFO] [stdout]    2:     0x6163e594732c - <alloc[2182bb758b4b3781]::vec::Vec<u8> as core[df12db4294e9bfd3]::io::write::Write>::write_fmt
[INFO] [stdout]    3:     0x6163e591c326 - std[70759c8f55707aa4]::panicking::default_hook::{closure#0}
[INFO] [stdout]    4:     0x6163e5939ca9 - std[70759c8f55707aa4]::panicking::default_hook
[INFO] [stdout]    5:     0x6163e55ec870 - test[9d35eded1c95d3be]::test_main_inner::<test[9d35eded1c95d3be]::test_main_static::{closure#0}>::{closure#0}
[INFO] [stdout]    6:     0x6163e5939fd2 - std[70759c8f55707aa4]::panicking::panic_with_hook
[INFO] [stdout]    7:     0x6163e591c3d2 - std[70759c8f55707aa4]::panicking::panic_handler::{closure#0}
[INFO] [stdout]    8:     0x6163e5914d29 - std[70759c8f55707aa4]::sys::backtrace::__rust_end_short_backtrace::<std[70759c8f55707aa4]::panicking::panic_handler::{closure#0}, !>
[INFO] [stdout]    9:     0x6163e591d1bd - __rustc[8fa7c3cbc660c2b3]::rust_begin_unwind
[INFO] [stdout]   10:     0x6163e5959e0c - core[df12db4294e9bfd3]::panicking::panic_fmt
[INFO] [stdout]   11:     0x6163e5959be2 - core[df12db4294e9bfd3]::result::unwrap_failed
[INFO] [stdout]   12:     0x6163e5588932 - tlq_fhir_snapshot[bbf12a4a76b82fe5]::merge::tests::create_test_context::{closure#0}
[INFO] [stdout]   13:     0x6163e5588ff4 - tlq_fhir_snapshot[bbf12a4a76b82fe5]::merge::tests::merges_types_with_profiles::{closure#0}
[INFO] [stdout]   14:     0x6163e556bc03 - <tokio[4a31fae84036de5d]::runtime::scheduler::current_thread::Context>::enter::<core[df12db4294e9bfd3]::task::poll::Poll<()>, <tokio[4a31fae84036de5d]::runtime::scheduler::current_thread::CoreGuard>::block_on<core[df12db4294e9bfd3]::pin::Pin<&mut core[df12db4294e9bfd3]::pin::Pin<&mut dyn core[df12db4294e9bfd3]::future::future::Future<Output = ()>>>>::{closure#0}::{closure#0}>
[INFO] [stdout]   15:     0x6163e559042c - <tokio[4a31fae84036de5d]::runtime::context::scoped::Scoped<tokio[4a31fae84036de5d]::runtime::scheduler::Context>>::set::<<tokio[4a31fae84036de5d]::runtime::scheduler::current_thread::CoreGuard>::enter<<tokio[4a31fae84036de5d]::runtime::scheduler::current_thread::CoreGuard>::block_on<core[df12db4294e9bfd3]::pin::Pin<&mut core[df12db4294e9bfd3]::pin::Pin<&mut dyn core[df12db4294e9bfd3]::future::future::Future<Output = ()>>>>::{closure#0}, core[df12db4294e9bfd3]::option::Option<()>>::{closure#0}, (alloc[2182bb758b4b3781]::boxed::Box<tokio[4a31fae84036de5d]::runtime::scheduler::current_thread::Core>, core[df12db4294e9bfd3]::option::Option<()>)>
[INFO] [stdout]   16:     0x6163e556bf57 - <tokio[4a31fae84036de5d]::runtime::scheduler::current_thread::CoreGuard>::block_on::<core[df12db4294e9bfd3]::pin::Pin<&mut core[df12db4294e9bfd3]::pin::Pin<&mut dyn core[df12db4294e9bfd3]::future::future::Future<Output = ()>>>>
[INFO] [stdout]   17:     0x6163e558332d - tokio[4a31fae84036de5d]::runtime::context::runtime::enter_runtime::<<tokio[4a31fae84036de5d]::runtime::scheduler::current_thread::CurrentThread>::block_on<core[df12db4294e9bfd3]::pin::Pin<&mut dyn core[df12db4294e9bfd3]::future::future::Future<Output = ()>>>::{closure#0}, ()>
[INFO] [stdout]   18:     0x6163e5580a3e - <tokio[4a31fae84036de5d]::runtime::runtime::Runtime>::block_on::<core[df12db4294e9bfd3]::pin::Pin<&mut dyn core[df12db4294e9bfd3]::future::future::Future<Output = ()>>>
[INFO] [stdout]   19:     0x6163e558ae8b - tlq_fhir_snapshot[bbf12a4a76b82fe5]::merge::tests::merges_types_with_profiles
[INFO] [stdout]   20:     0x6163e55bbf59 - <tlq_fhir_snapshot[bbf12a4a76b82fe5]::merge::tests::merges_types_with_profiles::{closure#0} as core[df12db4294e9bfd3]::ops::function::FnOnce<()>>::call_once
[INFO] [stdout]   21:     0x6163e55dfb5b - test[9d35eded1c95d3be]::__rust_begin_short_backtrace::<core[df12db4294e9bfd3]::result::Result<(), alloc[2182bb758b4b3781]::string::String>, fn() -> core[df12db4294e9bfd3]::result::Result<(), alloc[2182bb758b4b3781]::string::String>>
[INFO] [stdout]   22:     0x6163e55ed1c5 - test[9d35eded1c95d3be]::run_test::{closure#0}
[INFO] [stdout]   23:     0x6163e55e6a84 - std[70759c8f55707aa4]::sys::backtrace::__rust_begin_short_backtrace::<test[9d35eded1c95d3be]::run_test::{closure#1}, ()>
[INFO] [stdout]   24:     0x6163e55f0322 - <std[70759c8f55707aa4]::thread::lifecycle::spawn_unchecked<test[9d35eded1c95d3be]::run_test::{closure#1}, ()>::{closure#1} as core[df12db4294e9bfd3]::ops::function::FnOnce<()>>::call_once::{shim:vtable#0}
[INFO] [stdout]   25:     0x6163e59414b9 - <std[70759c8f55707aa4]::sys::thread::unix::Thread>::new::thread_start
[INFO] [stdout]   26:     0x79c9aee71dfa - <unknown>
[INFO] [stdout]   27:     0x79c9aef053d4 - clone
[INFO] [stdout]   28:                0x0 - <unknown>
[INFO] [stdout] 
[INFO] [stdout] ---- merge::tests::max_cannot_increase stdout ----
[INFO] [stdout] 
[INFO] [stdout] thread 'merge::tests::max_cannot_increase' (2650) panicked at src/merge.rs:484:14:
[INFO] [stdout] Failed to create R4 context: PackageLoader("HTTP request error: error sending request for url (https://packages.simplifier.net/hl7.fhir.r4.core)")
[INFO] [stdout] stack backtrace:
[INFO] [stdout]    0:     0x6163e59424a1 - <<std[70759c8f55707aa4]::sys::backtrace::BacktraceLock>::print::DisplayBacktrace as core[df12db4294e9bfd3]::fmt::Display>::fmt
[INFO] [stdout]    1:     0x6163e59596aa - core[df12db4294e9bfd3]::fmt::write
[INFO] [stdout]    2:     0x6163e594732c - <alloc[2182bb758b4b3781]::vec::Vec<u8> as core[df12db4294e9bfd3]::io::write::Write>::write_fmt
[INFO] [stdout]    3:     0x6163e591c326 - std[70759c8f55707aa4]::panicking::default_hook::{closure#0}
[INFO] [stdout]    4:     0x6163e5939ca9 - std[70759c8f55707aa4]::panicking::default_hook
[INFO] [stdout]    5:     0x6163e55ec870 - test[9d35eded1c95d3be]::test_main_inner::<test[9d35eded1c95d3be]::test_main_static::{closure#0}>::{closure#0}
[INFO] [stdout]    6:     0x6163e5939fd2 - std[70759c8f55707aa4]::panicking::panic_with_hook
[INFO] [stdout]    7:     0x6163e591c3d2 - std[70759c8f55707aa4]::panicking::panic_handler::{closure#0}
[INFO] [stdout]    8:     0x6163e5914d29 - std[70759c8f55707aa4]::sys::backtrace::__rust_end_short_backtrace::<std[70759c8f55707aa4]::panicking::panic_handler::{closure#0}, !>
[INFO] [stdout]    9:     0x6163e591d1bd - __rustc[8fa7c3cbc660c2b3]::rust_begin_unwind
[INFO] [stdout]   10:     0x6163e5959e0c - core[df12db4294e9bfd3]::panicking::panic_fmt
[INFO] [stdout]   11:     0x6163e5959be2 - core[df12db4294e9bfd3]::result::unwrap_failed
[INFO] [stdout]   12:     0x6163e5588932 - tlq_fhir_snapshot[bbf12a4a76b82fe5]::merge::tests::create_test_context::{closure#0}
[INFO] [stdout]   13:     0x6163e5588ac1 - tlq_fhir_snapshot[bbf12a4a76b82fe5]::merge::tests::max_cannot_increase::{closure#0}
[INFO] [stdout]   14:     0x6163e556bc03 - <tokio[4a31fae84036de5d]::runtime::scheduler::current_thread::Context>::enter::<core[df12db4294e9bfd3]::task::poll::Poll<()>, <tokio[4a31fae84036de5d]::runtime::scheduler::current_thread::CoreGuard>::block_on<core[df12db4294e9bfd3]::pin::Pin<&mut core[df12db4294e9bfd3]::pin::Pin<&mut dyn core[df12db4294e9bfd3]::future::future::Future<Output = ()>>>>::{closure#0}::{closure#0}>
[INFO] [stdout]   15:     0x6163e559042c - <tokio[4a31fae84036de5d]::runtime::context::scoped::Scoped<tokio[4a31fae84036de5d]::runtime::scheduler::Context>>::set::<<tokio[4a31fae84036de5d]::runtime::scheduler::current_thread::CoreGuard>::enter<<tokio[4a31fae84036de5d]::runtime::scheduler::current_thread::CoreGuard>::block_on<core[df12db4294e9bfd3]::pin::Pin<&mut core[df12db4294e9bfd3]::pin::Pin<&mut dyn core[df12db4294e9bfd3]::future::future::Future<Output = ()>>>>::{closure#0}, core[df12db4294e9bfd3]::option::Option<()>>::{closure#0}, (alloc[2182bb758b4b3781]::boxed::Box<tokio[4a31fae84036de5d]::runtime::scheduler::current_thread::Core>, core[df12db4294e9bfd3]::option::Option<()>)>
[INFO] [stdout]   16:     0x6163e556bf57 - <tokio[4a31fae84036de5d]::runtime::scheduler::current_thread::CoreGuard>::block_on::<core[df12db4294e9bfd3]::pin::Pin<&mut core[df12db4294e9bfd3]::pin::Pin<&mut dyn core[df12db4294e9bfd3]::future::future::Future<Output = ()>>>>
[INFO] [stdout]   17:     0x6163e558332d - tokio[4a31fae84036de5d]::runtime::context::runtime::enter_runtime::<<tokio[4a31fae84036de5d]::runtime::scheduler::current_thread::CurrentThread>::block_on<core[df12db4294e9bfd3]::pin::Pin<&mut dyn core[df12db4294e9bfd3]::future::future::Future<Output = ()>>>::{closure#0}, ()>
[INFO] [stdout]   18:     0x6163e5580a3e - <tokio[4a31fae84036de5d]::runtime::runtime::Runtime>::block_on::<core[df12db4294e9bfd3]::pin::Pin<&mut dyn core[df12db4294e9bfd3]::future::future::Future<Output = ()>>>
[INFO] [stdout]   19:     0x6163e558ab4b - tlq_fhir_snapshot[bbf12a4a76b82fe5]::merge::tests::max_cannot_increase
[INFO] [stdout]   20:     0x6163e55bbf19 - <tlq_fhir_snapshot[bbf12a4a76b82fe5]::merge::tests::max_cannot_increase::{closure#0} as core[df12db4294e9bfd3]::ops::function::FnOnce<()>>::call_once
[INFO] [stdout]   21:     0x6163e55dfb5b - test[9d35eded1c95d3be]::__rust_begin_short_backtrace::<core[df12db4294e9bfd3]::result::Result<(), alloc[2182bb758b4b3781]::string::String>, fn() -> core[df12db4294e9bfd3]::result::Result<(), alloc[2182bb758b4b3781]::string::String>>
[INFO] [stdout]   22:     0x6163e55ed1c5 - test[9d35eded1c95d3be]::run_test::{closure#0}
[INFO] [stdout]   23:     0x6163e55e6a84 - std[70759c8f55707aa4]::sys::backtrace::__rust_begin_short_backtrace::<test[9d35eded1c95d3be]::run_test::{closure#1}, ()>
[INFO] [stdout]   24:     0x6163e55f0322 - <std[70759c8f55707aa4]::thread::lifecycle::spawn_unchecked<test[9d35eded1c95d3be]::run_test::{closure#1}, ()>::{closure#1} as core[df12db4294e9bfd3]::ops::function::FnOnce<()>>::call_once::{shim:vtable#0}
[INFO] [stdout]   25:     0x6163e59414b9 - <std[70759c8f55707aa4]::sys::thread::unix::Thread>::new::thread_start
[INFO] [stdout]   26:     0x79c9aee71dfa - <unknown>
[INFO] [stdout]   27:     0x79c9aef053d4 - clone
[INFO] [stdout]   28:                0x0 - <unknown>
[INFO] [stdout] 
[INFO] [stdout] ---- merge::tests::merges_cardinality_restrictively stdout ----
[INFO] [stdout] 
[INFO] [stdout] thread 'merge::tests::merges_cardinality_restrictively' (2651) panicked at src/merge.rs:484:14:
[INFO] [stdout] Failed to create R4 context: PackageLoader("HTTP request error: error sending request for url (https://packages.simplifier.net/hl7.fhir.r4.core)")
[INFO] [stdout] stack backtrace:
[INFO] [stdout]    0:     0x6163e59424a1 - <<std[70759c8f55707aa4]::sys::backtrace::BacktraceLock>::print::DisplayBacktrace as core[df12db4294e9bfd3]::fmt::Display>::fmt
[INFO] [stdout]    1:     0x6163e59596aa - core[df12db4294e9bfd3]::fmt::write
[INFO] [stdout]    2:     0x6163e594732c - <alloc[2182bb758b4b3781]::vec::Vec<u8> as core[df12db4294e9bfd3]::io::write::Write>::write_fmt
[INFO] [stdout]    3:     0x6163e591c326 - std[70759c8f55707aa4]::panicking::default_hook::{closure#0}
[INFO] [stdout]    4:     0x6163e5939ca9 - std[70759c8f55707aa4]::panicking::default_hook
[INFO] [stdout]    5:     0x6163e55ec870 - test[9d35eded1c95d3be]::test_main_inner::<test[9d35eded1c95d3be]::test_main_static::{closure#0}>::{closure#0}
[INFO] [stdout]    6:     0x6163e5939fd2 - std[70759c8f55707aa4]::panicking::panic_with_hook
[INFO] [stdout]    7:     0x6163e591c3d2 - std[70759c8f55707aa4]::panicking::panic_handler::{closure#0}
[INFO] [stdout]    8:     0x6163e5914d29 - std[70759c8f55707aa4]::sys::backtrace::__rust_end_short_backtrace::<std[70759c8f55707aa4]::panicking::panic_handler::{closure#0}, !>
[INFO] [stdout]    9:     0x6163e591d1bd - __rustc[8fa7c3cbc660c2b3]::rust_begin_unwind
[INFO] [stdout]   10:     0x6163e5959e0c - core[df12db4294e9bfd3]::panicking::panic_fmt
[INFO] [stdout]   11:     0x6163e5959be2 - core[df12db4294e9bfd3]::result::unwrap_failed
[INFO] [stdout]   12:     0x6163e5588932 - tlq_fhir_snapshot[bbf12a4a76b82fe5]::merge::tests::create_test_context::{closure#0}
[INFO] [stdout]   13:     0x6163e558a331 - tlq_fhir_snapshot[bbf12a4a76b82fe5]::merge::tests::merges_cardinality_restrictively::{closure#0}
[INFO] [stdout]   14:     0x6163e556bc03 - <tokio[4a31fae84036de5d]::runtime::scheduler::current_thread::Context>::enter::<core[df12db4294e9bfd3]::task::poll::Poll<()>, <tokio[4a31fae84036de5d]::runtime::scheduler::current_thread::CoreGuard>::block_on<core[df12db4294e9bfd3]::pin::Pin<&mut core[df12db4294e9bfd3]::pin::Pin<&mut dyn core[df12db4294e9bfd3]::future::future::Future<Output = ()>>>>::{closure#0}::{closure#0}>
[INFO] [stdout]   15:     0x6163e559042c - <tokio[4a31fae84036de5d]::runtime::context::scoped::Scoped<tokio[4a31fae84036de5d]::runtime::scheduler::Context>>::set::<<tokio[4a31fae84036de5d]::runtime::scheduler::current_thread::CoreGuard>::enter<<tokio[4a31fae84036de5d]::runtime::scheduler::current_thread::CoreGuard>::block_on<core[df12db4294e9bfd3]::pin::Pin<&mut core[df12db4294e9bfd3]::pin::Pin<&mut dyn core[df12db4294e9bfd3]::future::future::Future<Output = ()>>>>::{closure#0}, core[df12db4294e9bfd3]::option::Option<()>>::{closure#0}, (alloc[2182bb758b4b3781]::boxed::Box<tokio[4a31fae84036de5d]::runtime::scheduler::current_thread::Core>, core[df12db4294e9bfd3]::option::Option<()>)>
[INFO] [stdout]   16:     0x6163e556bf57 - <tokio[4a31fae84036de5d]::runtime::scheduler::current_thread::CoreGuard>::block_on::<core[df12db4294e9bfd3]::pin::Pin<&mut core[df12db4294e9bfd3]::pin::Pin<&mut dyn core[df12db4294e9bfd3]::future::future::Future<Output = ()>>>>
[INFO] [stdout]   17:     0x6163e558332d - tokio[4a31fae84036de5d]::runtime::context::runtime::enter_runtime::<<tokio[4a31fae84036de5d]::runtime::scheduler::current_thread::CurrentThread>::block_on<core[df12db4294e9bfd3]::pin::Pin<&mut dyn core[df12db4294e9bfd3]::future::future::Future<Output = ()>>>::{closure#0}, ()>
[INFO] [stdout]   18:     0x6163e5580a3e - <tokio[4a31fae84036de5d]::runtime::runtime::Runtime>::block_on::<core[df12db4294e9bfd3]::pin::Pin<&mut dyn core[df12db4294e9bfd3]::future::future::Future<Output = ()>>>
[INFO] [stdout]   19:     0x6163e558b02b - tlq_fhir_snapshot[bbf12a4a76b82fe5]::merge::tests::merges_cardinality_restrictively
[INFO] [stdout]   20:     0x6163e55bbf79 - <tlq_fhir_snapshot[bbf12a4a76b82fe5]::merge::tests::merges_cardinality_restrictively::{closure#0} as core[df12db4294e9bfd3]::ops::function::FnOnce<()>>::call_once
[INFO] [stdout]   21:     0x6163e55dfb5b - test[9d35eded1c95d3be]::__rust_begin_short_backtrace::<core[df12db4294e9bfd3]::result::Result<(), alloc[2182bb758b4b3781]::string::String>, fn() -> core[df12db4294e9bfd3]::result::Result<(), alloc[2182bb758b4b3781]::string::String>>
[INFO] [stdout]   22:     0x6163e55ed1c5 - test[9d35eded1c95d3be]::run_test::{closure#0}
[INFO] [stdout]   23:     0x6163e55e6a84 - std[70759c8f55707aa4]::sys::backtrace::__rust_begin_short_backtrace::<test[9d35eded1c95d3be]::run_test::{closure#1}, ()>
[INFO] [stdout]   24:     0x6163e55f0322 - <std[70759c8f55707aa4]::thread::lifecycle::spawn_unchecked<test[9d35eded1c95d3be]::run_test::{closure#1}, ()>::{closure#1} as core[df12db4294e9bfd3]::ops::function::FnOnce<()>>::call_once::{shim:vtable#0}
[INFO] [stdout]   25:     0x6163e59414b9 - <std[70759c8f55707aa4]::sys::thread::unix::Thread>::new::thread_start
[INFO] [stdout]   26:     0x79c9aee71dfa - <unknown>
[INFO] [stdout]   27:     0x79c9aef053d4 - clone
[INFO] [stdout]   28:                0x0 - <unknown>
[INFO] [stdout] 
[INFO] [stdout] 
[INFO] [stdout] failures:
[INFO] [stdout]     generator::tests::enforces_cardinality_restrictions
[INFO] [stdout]     generator::tests::maintains_canonical_element_order
[INFO] [stdout]     generator::tests::merges_differential_into_base_snapshot
[INFO] [stdout]     generator::tests::normalizes_element_ids
[INFO] [stdout]     merge::tests::max_cannot_increase
[INFO] [stdout]     merge::tests::merges_cardinality_restrictively
[INFO] [stdout]     merge::tests::merges_types_with_profiles
[INFO] [stdout]     merge::tests::min_cannot_decrease
[INFO] [stdout] 
[INFO] [stdout] test result: FAILED. 37 passed; 8 failed; 0 ignored; 0 measured; 0 filtered out; finished in 0.02s
[INFO] [stdout] 
[INFO] running `Command { std: "docker" "inspect" "bae44f01a9d8de31ea80774d98b96c7a03f6687cdec0e5941ac2aad9ca4e6f12", kill_on_drop: false }`
[INFO] running `Command { std: "docker" "rm" "-f" "bae44f01a9d8de31ea80774d98b96c7a03f6687cdec0e5941ac2aad9ca4e6f12", kill_on_drop: false }`
[INFO] [stdout] bae44f01a9d8de31ea80774d98b96c7a03f6687cdec0e5941ac2aad9ca4e6f12
