[INFO] fetching crate tlq-fhir-models 0.1.10...
[INFO] testing tlq-fhir-models-0.1.10 against 1.100.0-beta.1+cargoflags=--release for beta-release-1.100-2
[INFO] extracting crate tlq-fhir-models 0.1.10 into /workspace/builds/worker-3-tc2/source
[INFO] started tweaking crates.io crate tlq-fhir-models 0.1.10
[INFO] removed 0 missing tests
[INFO] finished tweaking crates.io crate tlq-fhir-models 0.1.10
[INFO] tweaked toml for crates.io crate tlq-fhir-models 0.1.10 written to /workspace/builds/worker-3-tc2/source/Cargo.toml
[INFO] validating manifest of crates.io crate tlq-fhir-models 0.1.10 on toolchain 1.100.0-beta.1
[INFO] running `Command { std: CARGO_HOME="/workspace/cargo-home" RUSTUP_HOME="/workspace/rustup-home" "/workspace/cargo-home/bin/cargo" "+1.100.0-beta.1" "metadata" "--manifest-path" "Cargo.toml" "--no-deps", kill_on_drop: false }`
[INFO] crate crates.io crate tlq-fhir-models 0.1.10 already has a lockfile, it will not be regenerated
[INFO] running `Command { std: CARGO_HOME="/workspace/cargo-home" RUSTUP_HOME="/workspace/rustup-home" "/workspace/cargo-home/bin/cargo" "+1.100.0-beta.1" "fetch" "--manifest-path" "Cargo.toml", kill_on_drop: false }`
[INFO] running `Command { std: "docker" "create" "-v" "/var/lib/crater-agent-workspace/builds/worker-3-tc2/source:/opt/rustwide/workdir:ro,Z" "-v" "/var/lib/crater-agent-workspace/builds/worker-3-tc2/target:/opt/rustwide/target:rw,Z" "-v" "/var/lib/crater-agent-workspace/cargo-home:/opt/rustwide/cargo-home:ro,Z" "-v" "/var/lib/crater-agent-workspace/rustup-home:/opt/rustwide/rustup-home:ro,Z" "-m" "1610612736" "--network" "none" "ghcr.io/rust-lang/crates-build-env/linux@sha256:77db811e55d90add9212f6832c23229e3de5f1c1f9905e8cb07319ea15df73ac" "sleep" "infinity", kill_on_drop: false }`
[INFO] [stdout] 72ffc4a0f6b484afef2747ff485d17472db0d68ec496c7874f58ffa6342d17c9
[INFO] running `Command { std: "docker" "start" "72ffc4a0f6b484afef2747ff485d17472db0d68ec496c7874f58ffa6342d17c9", kill_on_drop: false }`
[INFO] running `Command { std: "docker" "inspect" "72ffc4a0f6b484afef2747ff485d17472db0d68ec496c7874f58ffa6342d17c9", kill_on_drop: false }`
[INFO] running `Command { std: "docker" "exec" "-e" "SOURCE_DIR=/opt/rustwide/workdir" "-e" "CARGO_HOME=/opt/rustwide/cargo-home" "-e" "RUSTUP_HOME=/opt/rustwide/rustup-home" "-e" "CARGO_TARGET_DIR=/opt/rustwide/target" "-w" "/opt/rustwide/workdir" "--user" "0:0" "72ffc4a0f6b484afef2747ff485d17472db0d68ec496c7874f58ffa6342d17c9" "/opt/rustwide/cargo-home/bin/cargo" "+1.100.0-beta.1" "metadata" "--no-deps" "--format-version=1", kill_on_drop: false }`
[INFO] running `Command { std: "docker" "inspect" "72ffc4a0f6b484afef2747ff485d17472db0d68ec496c7874f58ffa6342d17c9", kill_on_drop: false }`
[INFO] running `Command { std: "docker" "exec" "-e" "SOURCE_DIR=/opt/rustwide/workdir" "-e" "CARGO_HOME=/opt/rustwide/cargo-home" "-e" "RUSTUP_HOME=/opt/rustwide/rustup-home" "-e" "CARGO_TARGET_DIR=/opt/rustwide/target" "-e" "CARGO_INCREMENTAL=0" "-e" "RUST_BACKTRACE=full" "-e" "RUSTFLAGS=--cap-lints=warn" "-e" "RUSTDOCFLAGS=--cap-lints=warn" "-w" "/opt/rustwide/workdir" "--user" "0:0" "72ffc4a0f6b484afef2747ff485d17472db0d68ec496c7874f58ffa6342d17c9" "/opt/rustwide/cargo-home/bin/cargo" "+1.100.0-beta.1" "build" "--frozen" "--message-format=json" "--release", kill_on_drop: false }`
[INFO] [stderr]    Compiling proc-macro2 v1.0.103
[INFO] [stderr]    Compiling unicode-ident v1.0.22
[INFO] [stderr]    Compiling quote v1.0.42
[INFO] [stderr]    Compiling serde_core v1.0.228
[INFO] [stderr]    Compiling serde_json v1.0.145
[INFO] [stderr]    Compiling serde v1.0.228
[INFO] [stderr]    Compiling hashbrown v0.16.1
[INFO] [stderr]    Compiling thiserror v1.0.69
[INFO] [stderr]    Compiling ryu v1.0.20
[INFO] [stderr]    Compiling memchr v2.7.6
[INFO] [stderr]    Compiling itoa v1.0.15
[INFO] [stderr]    Compiling syn v2.0.111
[INFO] [stderr]    Compiling indexmap v2.12.1
[INFO] [stderr]    Compiling thiserror-impl v1.0.69
[INFO] [stderr]    Compiling serde_derive v1.0.228
[INFO] [stderr]    Compiling tlq-fhir-models v0.1.10 (/opt/rustwide/workdir)
[INFO] [stderr]     Finished `release` profile [optimized] target(s) in 17.11s
[INFO] running `Command { std: "docker" "inspect" "72ffc4a0f6b484afef2747ff485d17472db0d68ec496c7874f58ffa6342d17c9", kill_on_drop: false }`
[INFO] running `Command { std: "docker" "exec" "-e" "SOURCE_DIR=/opt/rustwide/workdir" "-e" "CARGO_HOME=/opt/rustwide/cargo-home" "-e" "RUSTUP_HOME=/opt/rustwide/rustup-home" "-e" "CARGO_TARGET_DIR=/opt/rustwide/target" "-e" "CARGO_INCREMENTAL=0" "-e" "RUST_BACKTRACE=full" "-e" "RUSTFLAGS=--cap-lints=warn" "-e" "RUSTDOCFLAGS=--cap-lints=warn" "-w" "/opt/rustwide/workdir" "--user" "0:0" "72ffc4a0f6b484afef2747ff485d17472db0d68ec496c7874f58ffa6342d17c9" "/opt/rustwide/cargo-home/bin/cargo" "+1.100.0-beta.1" "test" "--frozen" "--no-run" "--message-format=json" "--release", kill_on_drop: false }`
[INFO] [stderr]    Compiling tlq-fhir-models v0.1.10 (/opt/rustwide/workdir)
[INFO] [stderr]     Finished `release` profile [optimized] target(s) in 10.51s
[INFO] running `Command { std: "docker" "inspect" "72ffc4a0f6b484afef2747ff485d17472db0d68ec496c7874f58ffa6342d17c9", kill_on_drop: false }`
[INFO] running `Command { std: "docker" "exec" "-e" "SOURCE_DIR=/opt/rustwide/workdir" "-e" "CARGO_HOME=/opt/rustwide/cargo-home" "-e" "RUSTUP_HOME=/opt/rustwide/rustup-home" "-e" "CARGO_TARGET_DIR=/opt/rustwide/target" "-e" "CARGO_INCREMENTAL=0" "-e" "RUST_BACKTRACE=full" "-e" "RUSTFLAGS=--cap-lints=warn" "-e" "RUSTDOCFLAGS=--cap-lints=warn" "-w" "/opt/rustwide/workdir" "--user" "0:0" "72ffc4a0f6b484afef2747ff485d17472db0d68ec496c7874f58ffa6342d17c9" "/opt/rustwide/cargo-home/bin/cargo" "+1.100.0-beta.1" "test" "--frozen" "--release", kill_on_drop: false }`
[INFO] [stderr]     Finished `release` profile [optimized] target(s) in 0.06s
[INFO] [stderr]      Running unittests src/lib.rs (/opt/rustwide/target/release/build/tlq-fhir-models/4b1b99d30bb91616/out/tlq_fhir_models-4b1b99d30bb91616)
[INFO] [stdout] 
[INFO] [stdout] running 19 tests
[INFO] [stdout] test common::bundle::tests::test_add_entry ... ok
[INFO] [stdout] test common::bundle::tests::test_is_transaction ... ok
[INFO] [stdout] test common::bundle::tests::test_serialize_bundle ... ok
[INFO] [stdout] test common::element_definition::tests::test_cardinality_string ... ok
[INFO] [stdout] test common::element_definition::tests::test_element_key ... ok
[INFO] [stdout] test common::structure_definition::tests::test_get_versioned_url ... ok
[INFO] [stdout] test common::structure_definition::tests::test_is_extension ... ok
[INFO] [stdout] test common::structure_definition::tests::test_is_profile ... ok
[INFO] [stdout] test common::bundle::tests::test_is_searchset ... ok
[INFO] [stdout] test common::structure_definition::tests::test_is_resource ... ok
[INFO] [stdout] test common::bundle::tests::test_bundle_entry_request ... ok
[INFO] [stdout] test common::structure_definition::tests::test_serialize_structure_definition ... ok
[INFO] [stdout] test common::structure_definition::tests::test_get_base_type_name ... ok
[INFO] [stdout] test common::element_definition::tests::test_is_choice_type ... ok
[INFO] [stdout] test common::bundle::tests::test_bundle_entry_response ... ok
[INFO] [stdout] test common::bundle::tests::test_deserialize_bundle ... ok
[INFO] [stdout] test common::bundle::tests::test_add_link ... ok
[INFO] [stdout] test common::structure_definition::tests::test_deserialize_structure_definition ... ok
[INFO] [stdout] test common::bundle::tests::test_is_batch ... ok
[INFO] [stdout] 
[INFO] [stdout] test result: ok. 19 passed; 0 failed; 0 ignored; 0 measured; 0 filtered out; finished in 0.01s
[INFO] [stdout] 
[INFO] [stderr]      Running tests/run_tests.rs (/opt/rustwide/target/release/build/tlq-fhir-models/5d9267feec56dfec/out/run_tests-5d9267feec56dfec)
[INFO] [stdout] 
[INFO] [stdout] running 3 tests
[INFO] [stdout] test parse_r4_value_set_example ... FAILED
[INFO] [stdout] test parse_r4_code_system_example ... FAILED
[INFO] [stdout] test parse_r5_structure_definition_example ... FAILED
[INFO] [stdout] 
[INFO] [stdout] failures:
[INFO] [stdout] 
[INFO] [stdout] ---- parse_r4_value_set_example stdout ----
[INFO] [stdout] 
[INFO] [stdout] thread 'parse_r4_value_set_example' (679) panicked at tests/run_tests.rs:14:5:
[INFO] [stdout] fixture missing at "/opt/rustwide/workdir/../../fhir-test-cases/r4/examples/valueset-example.json"
[INFO] [stdout] stack backtrace:
[INFO] [stdout]    0:     0x5d8b48573de1 - <<std[617be2ca0a6fd877]::sys::backtrace::BacktraceLock>::print::DisplayBacktrace as core[a373ad73a504971]::fmt::Display>::fmt
[INFO] [stdout]    1:     0x5d8b48587d0a - core[a373ad73a504971]::fmt::write
[INFO] [stdout]    2:     0x5d8b48577ffc - <alloc[2e1b2a31b91974c5]::vec::Vec<u8> as core[a373ad73a504971]::io::write::Write>::write_fmt
[INFO] [stdout]    3:     0x5d8b485500b6 - std[617be2ca0a6fd877]::panicking::default_hook::{closure#0}
[INFO] [stdout]    4:     0x5d8b4856c479 - std[617be2ca0a6fd877]::panicking::default_hook
[INFO] [stdout]    5:     0x5d8b48503b60 - test[aada8e7e76ba119b]::test_main_inner::{closure#0}
[INFO] [stdout]    6:     0x5d8b4856c632 - std[617be2ca0a6fd877]::panicking::panic_with_hook
[INFO] [stdout]    7:     0x5d8b48550162 - std[617be2ca0a6fd877]::panicking::panic_handler::{closure#0}
[INFO] [stdout]    8:     0x5d8b48548e79 - std[617be2ca0a6fd877]::sys::backtrace::__rust_end_short_backtrace::<std[617be2ca0a6fd877]::panicking::panic_handler::{closure#0}, !>
[INFO] [stdout]    9:     0x5d8b48550d6d - __rustc[ea4f61d10b84890b]::rust_begin_unwind
[INFO] [stdout]   10:     0x5d8b4858843c - core[a373ad73a504971]::panicking::panic_fmt
[INFO] [stdout]   11:     0x5d8b484f3988 - <run_tests[8a3f618198838e03]::parse_r4_value_set_example::{closure#0} as core[a373ad73a504971]::ops::function::FnOnce<()>>::call_once
[INFO] [stdout]   12:     0x5d8b484f6fab - test[aada8e7e76ba119b]::__rust_begin_short_backtrace::<core[a373ad73a504971]::result::Result<(), alloc[2e1b2a31b91974c5]::string::String>, fn() -> core[a373ad73a504971]::result::Result<(), alloc[2e1b2a31b91974c5]::string::String>>
[INFO] [stdout]   13:     0x5d8b48504185 - test[aada8e7e76ba119b]::run_test::{closure#0}
[INFO] [stdout]   14:     0x5d8b484fda74 - std[617be2ca0a6fd877]::sys::backtrace::__rust_begin_short_backtrace::<test[aada8e7e76ba119b]::run_test::{closure#1}, ()>
[INFO] [stdout]   15:     0x5d8b48507212 - <std[617be2ca0a6fd877]::thread::lifecycle::spawn_unchecked<test[aada8e7e76ba119b]::run_test::{closure#1}, ()>::{closure#1} as core[a373ad73a504971]::ops::function::FnOnce<()>>::call_once::{shim:vtable#0}
[INFO] [stdout]   16:     0x5d8b4857363f - <std[617be2ca0a6fd877]::sys::thread::unix::Thread>::new::thread_start
[INFO] [stdout]   17:     0x770ad0173dfa - <unknown>
[INFO] [stdout]   18:     0x770ad02073d4 - clone
[INFO] [stdout]   19:                0x0 - <unknown>
[INFO] [stdout] 
[INFO] [stdout] ---- parse_r4_code_system_example stdout ----
[INFO] [stdout] 
[INFO] [stdout] thread 'parse_r4_code_system_example' (678) panicked at tests/run_tests.rs:14:5:
[INFO] [stdout] fixture missing at "/opt/rustwide/workdir/../../fhir-test-cases/r4/examples/codesystem-example.json"
[INFO] [stdout] stack backtrace:
[INFO] [stdout]    0:     0x5d8b48573de1 - <<std[617be2ca0a6fd877]::sys::backtrace::BacktraceLock>::print::DisplayBacktrace as core[a373ad73a504971]::fmt::Display>::fmt
[INFO] [stdout]    1:     0x5d8b48587d0a - core[a373ad73a504971]::fmt::write
[INFO] [stdout]    2:     0x5d8b48577ffc - <alloc[2e1b2a31b91974c5]::vec::Vec<u8> as core[a373ad73a504971]::io::write::Write>::write_fmt
[INFO] [stdout]    3:     0x5d8b485500b6 - std[617be2ca0a6fd877]::panicking::default_hook::{closure#0}
[INFO] [stdout]    4:     0x5d8b4856c479 - std[617be2ca0a6fd877]::panicking::default_hook
[INFO] [stdout]    5:     0x5d8b48503b60 - test[aada8e7e76ba119b]::test_main_inner::{closure#0}
[INFO] [stdout]    6:     0x5d8b4856c632 - std[617be2ca0a6fd877]::panicking::panic_with_hook
[INFO] [stdout]    7:     0x5d8b48550162 - std[617be2ca0a6fd877]::panicking::panic_handler::{closure#0}
[INFO] [stdout]    8:     0x5d8b48548e79 - std[617be2ca0a6fd877]::sys::backtrace::__rust_end_short_backtrace::<std[617be2ca0a6fd877]::panicking::panic_handler::{closure#0}, !>
[INFO] [stdout]    9:     0x5d8b48550d6d - __rustc[ea4f61d10b84890b]::rust_begin_unwind
[INFO] [stdout]   10:     0x5d8b4858843c - core[a373ad73a504971]::panicking::panic_fmt
[INFO] [stdout]   11:     0x5d8b484f4324 - <run_tests[8a3f618198838e03]::parse_r4_code_system_example::{closure#0} as core[a373ad73a504971]::ops::function::FnOnce<()>>::call_once
[INFO] [stdout]   12:     0x5d8b484f6fab - test[aada8e7e76ba119b]::__rust_begin_short_backtrace::<core[a373ad73a504971]::result::Result<(), alloc[2e1b2a31b91974c5]::string::String>, fn() -> core[a373ad73a504971]::result::Result<(), alloc[2e1b2a31b91974c5]::string::String>>
[INFO] [stdout]   13:     0x5d8b48504185 - test[aada8e7e76ba119b]::run_test::{closure#0}
[INFO] [stdout]   14:     0x5d8b484fda74 - std[617be2ca0a6fd877]::sys::backtrace::__rust_begin_short_backtrace::<test[aada8e7e76ba119b]::run_test::{closure#1}, ()>
[INFO] [stdout]   15:     0x5d8b48507212 - <std[617be2ca0a6fd877]::thread::lifecycle::spawn_unchecked<test[aada8e7e76ba119b]::run_test::{closure#1}, ()>::{closure#1} as core[a373ad73a504971]::ops::function::FnOnce<()>>::call_once::{shim:vtable#0}
[INFO] [stdout]   16:     0x5d8b4857363f - <std[617be2ca0a6fd877]::sys::thread::unix::Thread>::new::thread_start
[INFO] [stdout]   17:     0x770ad0173dfa - <unknown>
[INFO] [stdout]   18:     0x770ad02073d4 - clone
[INFO] [stdout]   19:                0x0 - <unknown>
[INFO] [stdout] 
[INFO] [stdout] ---- parse_r5_structure_definition_example stdout ----
[INFO] [stdout] 
[INFO] [stdout] thread 'parse_r5_structure_definition_example' (680) panicked at tests/run_tests.rs:14:5:
[INFO] [stdout] fixture missing at "/opt/rustwide/workdir/../../fhir-test-cases/r5/examples/structuredefinition-example-composition.json"
[INFO] [stdout] stack backtrace:
[INFO] [stdout]    0:     0x5d8b48573de1 - <<std[617be2ca0a6fd877]::sys::backtrace::BacktraceLock>::print::DisplayBacktrace as core[a373ad73a504971]::fmt::Display>::fmt
[INFO] [stdout]    1:     0x5d8b48587d0a - core[a373ad73a504971]::fmt::write
[INFO] [stdout]    2:     0x5d8b48577ffc - <alloc[2e1b2a31b91974c5]::vec::Vec<u8> as core[a373ad73a504971]::io::write::Write>::write_fmt
[INFO] [stdout]    3:     0x5d8b485500b6 - std[617be2ca0a6fd877]::panicking::default_hook::{closure#0}
[INFO] [stdout]    4:     0x5d8b4856c479 - std[617be2ca0a6fd877]::panicking::default_hook
[INFO] [stdout]    5:     0x5d8b48503b60 - test[aada8e7e76ba119b]::test_main_inner::{closure#0}
[INFO] [stdout]    6:     0x5d8b4856c632 - std[617be2ca0a6fd877]::panicking::panic_with_hook
[INFO] [stdout]    7:     0x5d8b48550162 - std[617be2ca0a6fd877]::panicking::panic_handler::{closure#0}
[INFO] [stdout]    8:     0x5d8b48548e79 - std[617be2ca0a6fd877]::sys::backtrace::__rust_end_short_backtrace::<std[617be2ca0a6fd877]::panicking::panic_handler::{closure#0}, !>
[INFO] [stdout]    9:     0x5d8b48550d6d - __rustc[ea4f61d10b84890b]::rust_begin_unwind
[INFO] [stdout]   10:     0x5d8b4858843c - core[a373ad73a504971]::panicking::panic_fmt
[INFO] [stdout]   11:     0x5d8b484f48cb - <run_tests[8a3f618198838e03]::parse_r5_structure_definition_example::{closure#0} as core[a373ad73a504971]::ops::function::FnOnce<()>>::call_once
[INFO] [stdout]   12:     0x5d8b484f6fab - test[aada8e7e76ba119b]::__rust_begin_short_backtrace::<core[a373ad73a504971]::result::Result<(), alloc[2e1b2a31b91974c5]::string::String>, fn() -> core[a373ad73a504971]::result::Result<(), alloc[2e1b2a31b91974c5]::string::String>>
[INFO] [stdout]   13:     0x5d8b48504185 - test[aada8e7e76ba119b]::run_test::{closure#0}
[INFO] [stdout]   14:     0x5d8b484fda74 - std[617be2ca0a6fd877]::sys::backtrace::__rust_begin_short_backtrace::<test[aada8e7e76ba119b]::run_test::{closure#1}, ()>
[INFO] [stdout]   15:     0x5d8b48507212 - <std[617be2ca0a6fd877]::thread::lifecycle::spawn_unchecked<test[aada8e7e76ba119b]::run_test::{closure#1}, ()>::{closure#1} as core[a373ad73a504971]::ops::function::FnOnce<()>>::call_once::{shim:vtable#0}
[INFO] [stdout]   16:     0x5d8b4857363f - <std[617be2ca0a6fd877]::sys::thread::unix::Thread>::new::thread_start
[INFO] [stdout]   17:     0x770ad0173dfa - <unknown>
[INFO] [stdout]   18:     0x770ad02073d4 - clone
[INFO] [stdout]   19:                0x0 - <unknown>
[INFO] [stdout] 
[INFO] [stdout] 
[INFO] [stdout] failures:
[INFO] [stdout]     parse_r4_code_system_example
[INFO] [stdout]     parse_r4_value_set_example
[INFO] [stdout]     parse_r5_structure_definition_example
[INFO] [stdout] 
[INFO] [stdout] test result: FAILED. 0 passed; 3 failed; 0 ignored; 0 measured; 0 filtered out; finished in 0.00s
[INFO] [stdout] 
[INFO] [stderr] error: test failed, to rerun pass `--test run_tests`
[INFO] running `Command { std: "docker" "inspect" "72ffc4a0f6b484afef2747ff485d17472db0d68ec496c7874f58ffa6342d17c9", kill_on_drop: false }`
[INFO] running `Command { std: "docker" "rm" "-f" "72ffc4a0f6b484afef2747ff485d17472db0d68ec496c7874f58ffa6342d17c9", kill_on_drop: false }`
[INFO] [stdout] 72ffc4a0f6b484afef2747ff485d17472db0d68ec496c7874f58ffa6342d17c9
