[INFO] fetching crate tlparse 0.4.8...
[INFO] testing tlparse-0.4.8 against 1.99.0-beta.8+cargoflags=--release for beta-release-1.100-2
[INFO] extracting crate tlparse 0.4.8 into /workspace/builds/worker-4-tc1/source
[INFO] started tweaking crates.io crate tlparse 0.4.8
[INFO] removed 0 missing tests
[INFO] finished tweaking crates.io crate tlparse 0.4.8
[INFO] tweaked toml for crates.io crate tlparse 0.4.8 written to /workspace/builds/worker-4-tc1/source/Cargo.toml
[INFO] validating manifest of crates.io crate tlparse 0.4.8 on toolchain 1.99.0-beta.8
[INFO] running `Command { std: CARGO_HOME="/workspace/cargo-home" RUSTUP_HOME="/workspace/rustup-home" "/workspace/cargo-home/bin/cargo" "+1.99.0-beta.8" "metadata" "--manifest-path" "Cargo.toml" "--no-deps", kill_on_drop: false }`
[INFO] crate crates.io crate tlparse 0.4.8 already has a lockfile, it will not be regenerated
[INFO] running `Command { std: CARGO_HOME="/workspace/cargo-home" RUSTUP_HOME="/workspace/rustup-home" "/workspace/cargo-home/bin/cargo" "+1.99.0-beta.8" "fetch" "--manifest-path" "Cargo.toml", kill_on_drop: false }`
[INFO] [stderr]     Updating crates.io index
[INFO] [stderr]  Downloading crates ...
[INFO] [stderr]   Downloaded utf8-width v0.1.8
[INFO] [stderr]   Downloaded html-escape v0.2.13
[INFO] [stderr]   Downloaded opener v0.6.1
[INFO] [stderr]   Downloaded normpath v1.5.0
[INFO] running `Command { std: "docker" "create" "-v" "/var/lib/crater-agent-workspace/builds/worker-4-tc1/source:/opt/rustwide/workdir:ro,Z" "-v" "/var/lib/crater-agent-workspace/builds/worker-4-tc1/target:/opt/rustwide/target:rw,Z" "-v" "/var/lib/crater-agent-workspace/cargo-home:/opt/rustwide/cargo-home:ro,Z" "-v" "/var/lib/crater-agent-workspace/rustup-home:/opt/rustwide/rustup-home:ro,Z" "-m" "1610612736" "--network" "none" "ghcr.io/rust-lang/crates-build-env/linux@sha256:77db811e55d90add9212f6832c23229e3de5f1c1f9905e8cb07319ea15df73ac" "sleep" "infinity", kill_on_drop: false }`
[INFO] [stdout] a09b2f49584927eef20af2cb82132e046114ff8897b5ffd1eb60a1011a192605
[INFO] running `Command { std: "docker" "start" "a09b2f49584927eef20af2cb82132e046114ff8897b5ffd1eb60a1011a192605", kill_on_drop: false }`
[INFO] running `Command { std: "docker" "inspect" "a09b2f49584927eef20af2cb82132e046114ff8897b5ffd1eb60a1011a192605", kill_on_drop: false }`
[INFO] running `Command { std: "docker" "exec" "-e" "SOURCE_DIR=/opt/rustwide/workdir" "-e" "CARGO_HOME=/opt/rustwide/cargo-home" "-e" "RUSTUP_HOME=/opt/rustwide/rustup-home" "-e" "CARGO_TARGET_DIR=/opt/rustwide/target" "-w" "/opt/rustwide/workdir" "--user" "0:0" "a09b2f49584927eef20af2cb82132e046114ff8897b5ffd1eb60a1011a192605" "/opt/rustwide/cargo-home/bin/cargo" "+1.99.0-beta.8" "metadata" "--no-deps" "--format-version=1", kill_on_drop: false }`
[INFO] running `Command { std: "docker" "inspect" "a09b2f49584927eef20af2cb82132e046114ff8897b5ffd1eb60a1011a192605", kill_on_drop: false }`
[INFO] running `Command { std: "docker" "exec" "-e" "SOURCE_DIR=/opt/rustwide/workdir" "-e" "CARGO_HOME=/opt/rustwide/cargo-home" "-e" "RUSTUP_HOME=/opt/rustwide/rustup-home" "-e" "CARGO_TARGET_DIR=/opt/rustwide/target" "-e" "CARGO_INCREMENTAL=0" "-e" "RUST_BACKTRACE=full" "-e" "RUSTFLAGS=--cap-lints=warn" "-e" "RUSTDOCFLAGS=--cap-lints=warn" "-w" "/opt/rustwide/workdir" "--user" "0:0" "a09b2f49584927eef20af2cb82132e046114ff8897b5ffd1eb60a1011a192605" "/opt/rustwide/cargo-home/bin/cargo" "+1.99.0-beta.8" "build" "--frozen" "--message-format=json" "--release", kill_on_drop: false }`
[INFO] [stderr]    Compiling serde v1.0.228
[INFO] [stderr]    Compiling serde_derive v1.0.228
[INFO] [stderr]    Compiling cc v1.2.56
[INFO] [stderr]    Compiling regex-automata v0.4.14
[INFO] [stderr]    Compiling portable-atomic v1.13.1
[INFO] [stderr]    Compiling serde_json v1.0.149
[INFO] [stderr]    Compiling num-traits v0.2.19
[INFO] [stderr]    Compiling quick-xml v0.38.4
[INFO] [stderr]    Compiling time v0.3.47
[INFO] [stderr]    Compiling thiserror-impl v2.0.18
[INFO] [stderr]    Compiling clap_builder v4.5.60
[INFO] [stderr]    Compiling console v0.15.11
[INFO] [stderr]    Compiling clap_derive v4.5.55
[INFO] [stderr]    Compiling flate2 v1.1.9
[INFO] [stderr]    Compiling digest v0.10.7
[INFO] [stderr]    Compiling chunked_transfer v1.5.0
[INFO] [stderr]    Compiling ascii v1.1.0
[INFO] [stderr]    Compiling utf8-width v0.1.8
[INFO] [stderr]    Compiling fxhash v0.2.1
[INFO] [stderr]    Compiling html-escape v0.2.13
[INFO] [stderr]    Compiling md-5 v0.10.6
[INFO] [stderr]    Compiling base16ct v0.2.0
[INFO] [stderr]    Compiling tiny_http v0.12.0
[INFO] [stderr]    Compiling chrono v0.4.44
[INFO] [stderr]    Compiling indicatif v0.17.11
[INFO] [stderr]    Compiling thiserror v2.0.18
[INFO] [stderr]    Compiling onig_sys v69.9.1
[INFO] [stderr]    Compiling clap v4.5.60
[INFO] [stderr]    Compiling plist v1.8.0
[INFO] [stderr]    Compiling bincode v1.3.3
[INFO] [stderr]    Compiling tinytemplate v1.2.1
[INFO] [stderr]    Compiling bstr v1.12.1
[INFO] [stderr]    Compiling regex v1.12.3
[INFO] [stderr]    Compiling opener v0.6.1
[INFO] [stderr]    Compiling onig v6.5.1
[INFO] [stderr]    Compiling syntect v5.3.0
[INFO] [stderr]    Compiling tlparse v0.4.8 (/opt/rustwide/workdir)
[INFO] [stdout] warning: struct `GuardsAddedFastContext` is never constructed
[INFO] [stdout]    --> src/types.rs:654:12
[INFO] [stdout]     |
[INFO] [stdout] 654 | pub struct GuardsAddedFastContext {
[INFO] [stdout]     |            ^^^^^^^^^^^^^^^^^^^^^^
[INFO] [stdout]     |
[INFO] [stdout]     = note: `#[warn(dead_code)]` (part of `#[warn(unused)]`) on by default
[INFO] [stdout] 
[INFO] [stdout] 
[INFO] [stderr]     Finished `release` profile [optimized] target(s) in 1m 13s
[INFO] running `Command { std: "docker" "inspect" "a09b2f49584927eef20af2cb82132e046114ff8897b5ffd1eb60a1011a192605", kill_on_drop: false }`
[INFO] running `Command { std: "docker" "exec" "-e" "SOURCE_DIR=/opt/rustwide/workdir" "-e" "CARGO_HOME=/opt/rustwide/cargo-home" "-e" "RUSTUP_HOME=/opt/rustwide/rustup-home" "-e" "CARGO_TARGET_DIR=/opt/rustwide/target" "-e" "CARGO_INCREMENTAL=0" "-e" "RUST_BACKTRACE=full" "-e" "RUSTFLAGS=--cap-lints=warn" "-e" "RUSTDOCFLAGS=--cap-lints=warn" "-w" "/opt/rustwide/workdir" "--user" "0:0" "a09b2f49584927eef20af2cb82132e046114ff8897b5ffd1eb60a1011a192605" "/opt/rustwide/cargo-home/bin/cargo" "+1.99.0-beta.8" "test" "--frozen" "--no-run" "--message-format=json" "--release", kill_on_drop: false }`
[INFO] [stderr]    Compiling onig v6.5.1
[INFO] [stderr]    Compiling predicates-core v1.0.10
[INFO] [stderr]    Compiling float-cmp v0.10.0
[INFO] [stderr]    Compiling termtree v0.5.1
[INFO] [stderr]    Compiling normalize-line-endings v0.3.0
[INFO] [stderr]    Compiling assert_cmd v2.2.0
[INFO] [stderr]    Compiling difflib v0.4.0
[INFO] [stderr]    Compiling tempfile v3.27.0
[INFO] [stderr]    Compiling predicates-tree v1.0.13
[INFO] [stderr]    Compiling predicates v3.1.4
[INFO] [stderr]    Compiling syntect v5.3.0
[INFO] [stderr]    Compiling tlparse v0.4.8 (/opt/rustwide/workdir)
[INFO] [stdout] warning: struct `GuardsAddedFastContext` is never constructed
[INFO] [stdout]    --> src/types.rs:654:12
[INFO] [stdout]     |
[INFO] [stdout] 654 | pub struct GuardsAddedFastContext {
[INFO] [stdout]     |            ^^^^^^^^^^^^^^^^^^^^^^
[INFO] [stdout]     |
[INFO] [stdout]     = note: `#[warn(dead_code)]` (part of `#[warn(unused)]`) on by default
[INFO] [stdout] 
[INFO] [stdout] 
[INFO] [stdout] warning: struct `GuardsAddedFastContext` is never constructed
[INFO] [stdout]    --> src/types.rs:654:12
[INFO] [stdout]     |
[INFO] [stdout] 654 | pub struct GuardsAddedFastContext {
[INFO] [stdout]     |            ^^^^^^^^^^^^^^^^^^^^^^
[INFO] [stdout]     |
[INFO] [stdout]     = note: `#[warn(dead_code)]` (part of `#[warn(unused)]`) on by default
[INFO] [stdout] 
[INFO] [stdout] 
[INFO] [stderr]     Finished `release` profile [optimized] target(s) in 38.80s
[INFO] running `Command { std: "docker" "inspect" "a09b2f49584927eef20af2cb82132e046114ff8897b5ffd1eb60a1011a192605", kill_on_drop: false }`
[INFO] running `Command { std: "docker" "exec" "-e" "SOURCE_DIR=/opt/rustwide/workdir" "-e" "CARGO_HOME=/opt/rustwide/cargo-home" "-e" "RUSTUP_HOME=/opt/rustwide/rustup-home" "-e" "CARGO_TARGET_DIR=/opt/rustwide/target" "-e" "CARGO_INCREMENTAL=0" "-e" "RUST_BACKTRACE=full" "-e" "RUSTFLAGS=--cap-lints=warn" "-e" "RUSTDOCFLAGS=--cap-lints=warn" "-w" "/opt/rustwide/workdir" "--user" "0:0" "a09b2f49584927eef20af2cb82132e046114ff8897b5ffd1eb60a1011a192605" "/opt/rustwide/cargo-home/bin/cargo" "+1.99.0-beta.8" "test" "--frozen" "--release", kill_on_drop: false }`
[INFO] [stderr] warning: struct `GuardsAddedFastContext` is never constructed
[INFO] [stderr]    --> src/types.rs:654:12
[INFO] [stderr]     |
[INFO] [stderr] 654 | pub struct GuardsAddedFastContext {
[INFO] [stderr]     |            ^^^^^^^^^^^^^^^^^^^^^^
[INFO] [stderr]     |
[INFO] [stderr]     = note: `#[warn(dead_code)]` (part of `#[warn(unused)]`) on by default
[INFO] [stderr] 
[INFO] [stderr] warning: `tlparse` (lib) generated 1 warning
[INFO] [stderr] warning: `tlparse` (lib test) generated 1 warning (1 duplicate)
[INFO] [stderr]     Finished `release` profile [optimized] target(s) in 0.13s
[INFO] [stderr]      Running unittests src/lib.rs (/opt/rustwide/target/release/deps/tlparse-0efffc29e0a8345d)
[INFO] [stdout] 
[INFO] [stdout] running 0 tests
[INFO] [stdout] 
[INFO] [stderr]      Running unittests src/cli.rs (/opt/rustwide/target/release/deps/tlparse-d55c39676180acec)
[INFO] [stdout] test result: ok. 0 passed; 0 failed; 0 ignored; 0 measured; 0 filtered out; finished in 0.00s
[INFO] [stdout] 
[INFO] [stdout] 
[INFO] [stdout] running 0 tests
[INFO] [stdout] 
[INFO] [stdout] test result: ok. 0 passed; 0 failed; 0 ignored; 0 measured; 0 filtered out; finished in 0.00s
[INFO] [stdout] 
[INFO] [stderr]      Running tests/integration_test.rs (/opt/rustwide/target/release/deps/integration_test-d07dbf84d6dd8046)
[INFO] [stdout] 
[INFO] [stdout] running 43 tests
[INFO] [stdout] test test_all_ranks_chromium_events_sparse ... FAILED
[INFO] [stdout] test test_all_ranks_no_logs ... FAILED
[INFO] [stdout] test test_execution_order_multi_rank_divergence ... ok
[INFO] [stdout] test test_all_ranks_with_latest_fails ... ok
[INFO] [stdout] test test_export_report ... ok
[INFO] [stdout] test test_export_guard_report ... ok
[INFO] [stdout] test test_compilation_metrics_extra_fields ... ok
[INFO] [stdout] test test_cache_hit_miss ... ok
[INFO] [stdout] test test_collective_schedule_parsing ... ok
[INFO] [stdout] test test_parse_artifact ... ok
[INFO] [stdout] test test_parse_chromium_event ... ok
[INFO] [stdout] test test_parse_compilation_failures ... ok
[INFO] [stdout] test test_parse_compilation_metrics ... ok
[INFO] [stdout] test test_parse_simple ... ok
[INFO] [stdout] test test_collective_schedule_no_divergence ... ok
[INFO] [stdout] test test_all_ranks_messy_input ... ok
[INFO] [stdout] test test_diverging_cache_events_warning ... ok
[INFO] [stdout] test test_provenance_stack_trace_readable ... ok
[INFO] [stdout] test test_parse_vllm_sample ... ok
[INFO] [stdout] test test_parse_simple_corrupted_json ... ok
[INFO] [stdout] test test_provenance_tracking_aot_cuda ... ok
[INFO] [stdout] test test_provenance_tracking_aot_log_old ... ok
[INFO] [stdout] test test_provenance_tracking_aot_log ... ok
[INFO] [stdout] test test_no_compile_id_divergence ... ok
[INFO] [stdout] test test_provenance_tracking_jit_cuda ... ok
[INFO] [stdout] test test_provenance_tracking_aot_debug_handle ... ok
[INFO] [stdout] test test_collective_schedule_with_divergence ... ok
[INFO] [stdout] test test_provenance_tracking_jit_log ... ok
[INFO] [stdout] test test_provenance_tracking_jit_debug_handle ... ok
[INFO] [stdout] test test_runtime_estimation_parsing ... FAILED
[INFO] [stdout] test test_collectives_parity_detects_mismatch ... ok
[INFO] [stdout] test test_graph_execution_order_diagnostics ... ok
[INFO] [stdout] test test_no_cache_event_divergence ... ok
[INFO] [stdout] test test_diverging_cache_events_multiple_groups ... ok
[INFO] [stdout] test test_all_ranks_no_browser ... ok
[INFO] [stdout] test test_all_ranks_chromium_events_combined ... FAILED
[INFO] [stdout] test test_diverging_compile_ids_warning ... ok
[INFO] [stdout] test test_all_ranks_basic ... ok
[INFO] [stdout] test test_tensor_meta_divergence_groups ... ok
[INFO] [stdout] test test_runtime_analysis_working ... ok
[INFO] [stdout] test test_runtime_analysis_mismatched_graphs ... ok
[INFO] [stdout] test test_chromium_trace_with_runtime ... ok
[INFO] [stdout] test test_provenance_tracking_multiple_colons_in_kernel_name ... ok
[INFO] [stdout] 
[INFO] [stdout] failures:
[INFO] [stdout] 
[INFO] [stdout] ---- test_all_ranks_chromium_events_sparse stdout ----
[INFO] [stdout] Error: Os { code: 30, kind: ReadOnlyFilesystem, message: "Read-only file system" }
[INFO] [stdout] 
[INFO] [stdout] ---- test_all_ranks_no_logs stdout ----
[INFO] [stdout] 
[INFO] [stdout] thread 'test_all_ranks_no_logs' (1502) panicked at /rustc/dfb0accb7f508ae8be965d8629557221c889dd98/library/core/src/ops/function.rs:250:5:
[INFO] [stdout] Unexpected stderr, failed var.contains(No rank log files found)
[INFO] [stdout] ├── var: Error: Read-only file system (os error 30)
[INFO] [stdout] │   
[INFO] [stdout] │   Stack backtrace:
[INFO] [stdout] │      0: <anyhow::Error as core::convert::From<core::io::error::Error>>::from
[INFO] [stdout] │      1: tlparse::setup_output_directory
[INFO] [stdout] │      2: tlparse::main
[INFO] [stdout] │      3: std::sys::backtrace::__rust_begin_short_backtrace::<fn() -> core::result::Result<(), anyhow::Error>, core::result::Result<(), anyhow::Error>>
[INFO] [stdout] │      4: std::rt::lang_start::<core::result::Result<(), anyhow::Error>>::{closure#0}
[INFO] [stdout] │      5: std::rt::lang_start_internal
[INFO] [stdout] │      6: main
[INFO] [stdout] │      7: <unknown>
[INFO] [stdout] │      8: __libc_start_main
[INFO] [stdout] │      9: _start
[INFO] [stdout] └── var as str: Error: Read-only file system (os error 30)
[INFO] [stdout]     
[INFO] [stdout]     Stack backtrace:
[INFO] [stdout]        0: <anyhow::Error as core::convert::From<core::io::error::Error>>::from
[INFO] [stdout]        1: tlparse::setup_output_directory
[INFO] [stdout]        2: tlparse::main
[INFO] [stdout]        3: std::sys::backtrace::__rust_begin_short_backtrace::<fn() -> core::result::Result<(), anyhow::Error>, core::result::Result<(), anyhow::Error>>
[INFO] [stdout]        4: std::rt::lang_start::<core::result::Result<(), anyhow::Error>>::{closure#0}
[INFO] [stdout]        5: std::rt::lang_start_internal
[INFO] [stdout]        6: main
[INFO] [stdout]        7: <unknown>
[INFO] [stdout]        8: __libc_start_main
[INFO] [stdout]        9: _start
[INFO] [stdout] 
[INFO] [stdout] command=`"/opt/rustwide/target/release/tlparse" "/tmp/.tmpNTwhIH" "--all-ranks-html" "--overwrite" "--no-browser"`
[INFO] [stdout] code=1
[INFO] [stdout] stdout=""
[INFO] [stdout] stderr=```
[INFO] [stdout] Error: Read-only file system (os error 30)
[INFO] [stdout] 
[INFO] [stdout] Stack backtrace:
[INFO] [stdout]    0: <anyhow::Error as core::convert::From<core::io::error::Error>>::from
[INFO] [stdout]    1: tlparse::setup_output_directory
[INFO] [stdout]    2: tlparse::main
[INFO] [stdout]    3: std::sys::backtrace::__rust_begin_short_backtrace::<fn() -> core::result::Result<(), anyhow::Error>, core::result::Result<(), anyhow::Error>>
[INFO] [stdout]    4: std::rt::lang_start::<core::result::Result<(), anyhow::Error>>::{closure#0}
[INFO] [stdout]    5: std::rt::lang_start_internal
[INFO] [stdout]    6: main
[INFO] [stdout]    7: <unknown>
[INFO] [stdout]    8: __libc_start_main
[INFO] [stdout]    9: _start
[INFO] [stdout] ```
[INFO] [stdout] 
[INFO] [stdout] 
[INFO] [stdout] stack backtrace:
[INFO] [stdout]    0:     0x617231075981 - <<std[70759c8f55707aa4]::sys::backtrace::BacktraceLock>::print::DisplayBacktrace as core[df12db4294e9bfd3]::fmt::Display>::fmt
[INFO] [stdout]    1:     0x61723108e45a - core[df12db4294e9bfd3]::fmt::write
[INFO] [stdout]    2:     0x61723107be3c - <alloc[2182bb758b4b3781]::vec::Vec<u8> as core[df12db4294e9bfd3]::io::write::Write>::write_fmt
[INFO] [stdout]    3:     0x61723104df36 - std[70759c8f55707aa4]::panicking::default_hook::{closure#0}
[INFO] [stdout]    4:     0x61723106c249 - std[70759c8f55707aa4]::panicking::default_hook
[INFO] [stdout]    5:     0x617230e07550 - test[9d35eded1c95d3be]::test_main_inner::<test[9d35eded1c95d3be]::test_main_static::{closure#0}>::{closure#0}
[INFO] [stdout]    6:     0x61723106c402 - std[70759c8f55707aa4]::panicking::panic_with_hook
[INFO] [stdout]    7:     0x61723104dfe2 - std[70759c8f55707aa4]::panicking::panic_handler::{closure#0}
[INFO] [stdout]    8:     0x617231046459 - std[70759c8f55707aa4]::sys::backtrace::__rust_end_short_backtrace::<std[70759c8f55707aa4]::panicking::panic_handler::{closure#0}, !>
[INFO] [stdout]    9:     0x61723104eced - __rustc[8fa7c3cbc660c2b3]::rust_begin_unwind
[INFO] [stdout]   10:     0x61723108ec3c - core[df12db4294e9bfd3]::panicking::panic_fmt
[INFO] [stdout]   11:     0x617230df5f64 - <assert_cmd[35e6bca9134fa4e7]::assert::AssertError>::panic::<assert_cmd[35e6bca9134fa4e7]::assert::Assert>
[INFO] [stdout]   12:     0x617230dd338f - <integration_test[5f6e0fdac3b29f28]::test_all_ranks_no_logs::{closure#0} as core[df12db4294e9bfd3]::ops::function::FnOnce<()>>::call_once
[INFO] [stdout]   13:     0x617230dfa83b - test[9d35eded1c95d3be]::__rust_begin_short_backtrace::<core[df12db4294e9bfd3]::result::Result<(), alloc[2182bb758b4b3781]::string::String>, fn() -> core[df12db4294e9bfd3]::result::Result<(), alloc[2182bb758b4b3781]::string::String>>
[INFO] [stdout]   14:     0x617230e07ea5 - test[9d35eded1c95d3be]::run_test::{closure#0}
[INFO] [stdout]   15:     0x617230e01764 - std[70759c8f55707aa4]::sys::backtrace::__rust_begin_short_backtrace::<test[9d35eded1c95d3be]::run_test::{closure#1}, ()>
[INFO] [stdout]   16:     0x617230e0b002 - <std[70759c8f55707aa4]::thread::lifecycle::spawn_unchecked<test[9d35eded1c95d3be]::run_test::{closure#1}, ()>::{closure#1} as core[df12db4294e9bfd3]::ops::function::FnOnce<()>>::call_once::{shim:vtable#0}
[INFO] [stdout]   17:     0x617231074b89 - <std[70759c8f55707aa4]::sys::thread::unix::Thread>::new::thread_start
[INFO] [stdout]   18:     0x771e7c24bdfa - <unknown>
[INFO] [stdout]   19:     0x771e7c2df3d4 - clone
[INFO] [stdout]   20:                0x0 - <unknown>
[INFO] [stdout] 
[INFO] [stdout] ---- test_runtime_estimation_parsing stdout ----
[INFO] [stdout] 
[INFO] [stdout] thread 'test_runtime_estimation_parsing' (1592) panicked at /rustc/dfb0accb7f508ae8be965d8629557221c889dd98/library/core/src/ops/function.rs:250:5:
[INFO] [stdout] Unexpected failure.
[INFO] [stdout] code=1
[INFO] [stdout] stderr=``````
[INFO] [stdout] Error: Read-only file system (os error 30)
[INFO] [stdout] 
[INFO] [stdout] Stack backtrace:
[INFO] [stdout]    0: <anyhow::Error as core::convert::From<core::io::error::Error>>::from
[INFO] [stdout]    1: tlparse::setup_output_directory
[INFO] [stdout]    2: tlparse::main
[INFO] [stdout]    3: std::sys::backtrace::__rust_begin_short_backtrace::<fn() -> core::result::Result<(), anyhow::Error>, core::result::Result<(), anyhow::Error>>
[INFO] [stdout]    4: std::rt::lang_start::<core::result::Result<(), anyhow::Error>>::{closure#0}
[INFO] [stdout]    5: std::rt::lang_start_internal
[INFO] [stdout]    6: main
[INFO] [stdout]    7: <unknown>
[INFO] [stdout]    8: __libc_start_main
[INFO] [stdout]    9: _start
[INFO] [stdout] ```
[INFO] [stdout] ```
[INFO] [stdout] command=`"/opt/rustwide/target/release/tlparse" "tests/inputs/multi_rank_runtime" "--all-ranks-html" "--overwrite" "-o" "tests/inputs/multi_rank_runtime/out" "--no-browser"`
[INFO] [stdout] code=1
[INFO] [stdout] stdout=""
[INFO] [stdout] stderr=```
[INFO] [stdout] Error: Read-only file system (os error 30)
[INFO] [stdout] 
[INFO] [stdout] Stack backtrace:
[INFO] [stdout]    0: <anyhow::Error as core::convert::From<core::io::error::Error>>::from
[INFO] [stdout]    1: tlparse::setup_output_directory
[INFO] [stdout]    2: tlparse::main
[INFO] [stdout]    3: std::sys::backtrace::__rust_begin_short_backtrace::<fn() -> core::result::Result<(), anyhow::Error>, core::result::Result<(), anyhow::Error>>
[INFO] [stdout]    4: std::rt::lang_start::<core::result::Result<(), anyhow::Error>>::{closure#0}
[INFO] [stdout]    5: std::rt::lang_start_internal
[INFO] [stdout]    6: main
[INFO] [stdout]    7: <unknown>
[INFO] [stdout]    8: __libc_start_main
[INFO] [stdout]    9: _start
[INFO] [stdout] ```
[INFO] [stdout] 
[INFO] [stdout] 
[INFO] [stdout] stack backtrace:
[INFO] [stdout]    0:     0x617231075981 - <<std[70759c8f55707aa4]::sys::backtrace::BacktraceLock>::print::DisplayBacktrace as core[df12db4294e9bfd3]::fmt::Display>::fmt
[INFO] [stdout]    1:     0x61723108e45a - core[df12db4294e9bfd3]::fmt::write
[INFO] [stdout]    2:     0x61723107be3c - <alloc[2182bb758b4b3781]::vec::Vec<u8> as core[df12db4294e9bfd3]::io::write::Write>::write_fmt
[INFO] [stdout]    3:     0x61723104df36 - std[70759c8f55707aa4]::panicking::default_hook::{closure#0}
[INFO] [stdout]    4:     0x61723106c249 - std[70759c8f55707aa4]::panicking::default_hook
[INFO] [stdout]    5:     0x617230e07550 - test[9d35eded1c95d3be]::test_main_inner::<test[9d35eded1c95d3be]::test_main_static::{closure#0}>::{closure#0}
[INFO] [stdout]    6:     0x61723106c402 - std[70759c8f55707aa4]::panicking::panic_with_hook
[INFO] [stdout]    7:     0x61723104dfe2 - std[70759c8f55707aa4]::panicking::panic_handler::{closure#0}
[INFO] [stdout]    8:     0x617231046459 - std[70759c8f55707aa4]::sys::backtrace::__rust_end_short_backtrace::<std[70759c8f55707aa4]::panicking::panic_handler::{closure#0}, !>
[INFO] [stdout]    9:     0x61723104eced - __rustc[8fa7c3cbc660c2b3]::rust_begin_unwind
[INFO] [stdout]   10:     0x61723108ec3c - core[df12db4294e9bfd3]::panicking::panic_fmt
[INFO] [stdout]   11:     0x617230f66384 - <assert_cmd[35e6bca9134fa4e7]::assert::AssertError>::panic::<assert_cmd[35e6bca9134fa4e7]::assert::Assert>
[INFO] [stdout]   12:     0x617230f66cc6 - <assert_cmd[35e6bca9134fa4e7]::assert::Assert>::success
[INFO] [stdout]   13:     0x617230dda465 - <integration_test[5f6e0fdac3b29f28]::test_runtime_estimation_parsing::{closure#0} as core[df12db4294e9bfd3]::ops::function::FnOnce<()>>::call_once
[INFO] [stdout]   14:     0x617230dfa83b - test[9d35eded1c95d3be]::__rust_begin_short_backtrace::<core[df12db4294e9bfd3]::result::Result<(), alloc[2182bb758b4b3781]::string::String>, fn() -> core[df12db4294e9bfd3]::result::Result<(), alloc[2182bb758b4b3781]::string::String>>
[INFO] [stdout]   15:     0x617230e07ea5 - test[9d35eded1c95d3be]::run_test::{closure#0}
[INFO] [stdout]   16:     0x617230e01764 - std[70759c8f55707aa4]::sys::backtrace::__rust_begin_short_backtrace::<test[9d35eded1c95d3be]::run_test::{closure#1}, ()>
[INFO] [stdout]   17:     0x617230e0b002 - <std[70759c8f55707aa4]::thread::lifecycle::spawn_unchecked<test[9d35eded1c95d3be]::run_test::{closure#1}, ()>::{closure#1} as core[df12db4294e9bfd3]::ops::function::FnOnce<()>>::call_once::{shim:vtable#0}
[INFO] [stdout]   18:     0x617231074b89 - <std[70759c8f55707aa4]::sys::thread::unix::Thread>::new::thread_start
[INFO] [stdout]   19:     0x771e7c24bdfa - <unknown>
[INFO] [stdout]   20:     0x771e7c2df3d4 - clone
[INFO] [stdout]   21:                0x0 - <unknown>
[INFO] [stdout] 
[INFO] [stdout] ---- test_all_ranks_chromium_events_combined stdout ----
[INFO] [stdout] 
[INFO] [stdout] thread 'test_all_ranks_chromium_events_combined' (1498) panicked at tests/integration_test.rs:1956:5:
[INFO] [stdout] assertion `left == right` failed
[INFO] [stdout]   left: {0, 1, 2, 3}
[INFO] [stdout]  right: {3, 0, 2}
[INFO] [stdout] stack backtrace:
[INFO] [stdout]    0:     0x617231075981 - <<std[70759c8f55707aa4]::sys::backtrace::BacktraceLock>::print::DisplayBacktrace as core[df12db4294e9bfd3]::fmt::Display>::fmt
[INFO] [stdout]    1:     0x61723108e45a - core[df12db4294e9bfd3]::fmt::write
[INFO] [stdout]    2:     0x61723107be3c - <alloc[2182bb758b4b3781]::vec::Vec<u8> as core[df12db4294e9bfd3]::io::write::Write>::write_fmt
[INFO] [stdout]    3:     0x61723104df36 - std[70759c8f55707aa4]::panicking::default_hook::{closure#0}
[INFO] [stdout]    4:     0x61723106c249 - std[70759c8f55707aa4]::panicking::default_hook
[INFO] [stdout]    5:     0x617230e07550 - test[9d35eded1c95d3be]::test_main_inner::<test[9d35eded1c95d3be]::test_main_static::{closure#0}>::{closure#0}
[INFO] [stdout]    6:     0x61723106c402 - std[70759c8f55707aa4]::panicking::panic_with_hook
[INFO] [stdout]    7:     0x61723104dfe2 - std[70759c8f55707aa4]::panicking::panic_handler::{closure#0}
[INFO] [stdout]    8:     0x617231046459 - std[70759c8f55707aa4]::sys::backtrace::__rust_end_short_backtrace::<std[70759c8f55707aa4]::panicking::panic_handler::{closure#0}, !>
[INFO] [stdout]    9:     0x61723104eced - __rustc[8fa7c3cbc660c2b3]::rust_begin_unwind
[INFO] [stdout]   10:     0x61723108ec3c - core[df12db4294e9bfd3]::panicking::panic_fmt
[INFO] [stdout]   11:     0x61723108eb53 - core[df12db4294e9bfd3]::panicking::assert_failed_inner
[INFO] [stdout]   12:     0x617230df1035 - core[df12db4294e9bfd3]::panicking::assert_failed::<std[70759c8f55707aa4]::collections::hash::set::HashSet<u64>, std[70759c8f55707aa4]::collections::hash::set::HashSet<u64>>
[INFO] [stdout]   13:     0x617230de3249 - <integration_test[5f6e0fdac3b29f28]::test_all_ranks_chromium_events_combined::{closure#0} as core[df12db4294e9bfd3]::ops::function::FnOnce<()>>::call_once
[INFO] [stdout]   14:     0x617230dfa83b - test[9d35eded1c95d3be]::__rust_begin_short_backtrace::<core[df12db4294e9bfd3]::result::Result<(), alloc[2182bb758b4b3781]::string::String>, fn() -> core[df12db4294e9bfd3]::result::Result<(), alloc[2182bb758b4b3781]::string::String>>
[INFO] [stdout]   15:     0x617230e07ea5 - test[9d35eded1c95d3be]::run_test::{closure#0}
[INFO] [stdout]   16:     0x617230e01764 - std[70759c8f55707aa4]::sys::backtrace::__rust_begin_short_backtrace::<test[9d35eded1c95d3be]::run_test::{closure#1}, ()>
[INFO] [stdout]   17:     0x617230e0b002 - <std[70759c8f55707aa4]::thread::lifecycle::spawn_unchecked<test[9d35eded1c95d3be]::run_test::{closure#1}, ()>::{closure#1} as core[df12db4294e9bfd3]::ops::function::FnOnce<()>>::call_once::{shim:vtable#0}
[INFO] [stdout]   18:     0x617231074b89 - <std[70759c8f55707aa4]::sys::thread::unix::Thread>::new::thread_start
[INFO] [stdout]   19:     0x771e7c24bdfa - <unknown>
[INFO] [stdout]   20:     0x771e7c2df3d4 - clone
[INFO] [stdout]   21:                0x0 - <unknown>
[INFO] [stdout] 
[INFO] [stdout] 
[INFO] [stdout] failures:
[INFO] [stdout]     test_all_ranks_chromium_events_combined
[INFO] [stdout]     test_all_ranks_chromium_events_sparse
[INFO] [stdout]     test_all_ranks_no_logs
[INFO] [stdout]     test_runtime_estimation_parsing
[INFO] [stdout] 
[INFO] [stdout] test result: FAILED. 39 passed; 4 failed; 0 ignored; 0 measured; 0 filtered out; finished in 4.42s
[INFO] [stdout] 
[INFO] [stderr] error: test failed, to rerun pass `--test integration_test`
[INFO] running `Command { std: "docker" "inspect" "a09b2f49584927eef20af2cb82132e046114ff8897b5ffd1eb60a1011a192605", kill_on_drop: false }`
[INFO] running `Command { std: "docker" "rm" "-f" "a09b2f49584927eef20af2cb82132e046114ff8897b5ffd1eb60a1011a192605", kill_on_drop: false }`
[INFO] [stdout] a09b2f49584927eef20af2cb82132e046114ff8897b5ffd1eb60a1011a192605
