[INFO] fetching crate tk-pg-converter 0.1.1...
[INFO] testing tk-pg-converter-0.1.1 against 1.100.0-beta.1+cargoflags=--release for beta-release-1.100-2
[INFO] extracting crate tk-pg-converter 0.1.1 into /workspace/builds/worker-6-tc2/source
[INFO] started tweaking crates.io crate tk-pg-converter 0.1.1
[INFO] finished tweaking crates.io crate tk-pg-converter 0.1.1
[INFO] tweaked toml for crates.io crate tk-pg-converter 0.1.1 written to /workspace/builds/worker-6-tc2/source/Cargo.toml
[INFO] validating manifest of crates.io crate tk-pg-converter 0.1.1 on toolchain 1.100.0-beta.1
[INFO] running `Command { std: CARGO_HOME="/workspace/cargo-home" RUSTUP_HOME="/workspace/rustup-home" "/workspace/cargo-home/bin/cargo" "+1.100.0-beta.1" "metadata" "--manifest-path" "Cargo.toml" "--no-deps", kill_on_drop: false }`
[INFO] crate crates.io crate tk-pg-converter 0.1.1 already has a lockfile, it will not be regenerated
[INFO] running `Command { std: CARGO_HOME="/workspace/cargo-home" RUSTUP_HOME="/workspace/rustup-home" "/workspace/cargo-home/bin/cargo" "+1.100.0-beta.1" "fetch" "--manifest-path" "Cargo.toml", kill_on_drop: false }`
[INFO] [stderr] warning: `package.homepage` is redundant with `package.repository`
[INFO] [stderr]   --> Cargo.toml:46:12
[INFO] [stderr]    |
[INFO] [stderr] 46 | homepage = "https://github.com/quantinuum/tket2"
[INFO] [stderr]    |            ^^^^^^^^^^^^^^^^^^^^^^^^^^^^^^^^^^^^^
[INFO] [stderr] ...
[INFO] [stderr] 51 | repository = "https://github.com/quantinuum/tket2"
[INFO] [stderr]    |              -------------------------------------
[INFO] [stderr]    |
[INFO] [stderr]    = note: `cargo::redundant_homepage` is set to `warn` by default
[INFO] [stderr] help: consider removing `package.homepage`
[INFO] [stderr] warning: `tk-pg-converter` (manifest) generated 1 warning
[INFO] running `Command { std: "docker" "create" "-v" "/var/lib/crater-agent-workspace/builds/worker-6-tc2/source:/opt/rustwide/workdir:ro,Z" "-v" "/var/lib/crater-agent-workspace/builds/worker-6-tc2/target:/opt/rustwide/target:rw,Z" "-v" "/var/lib/crater-agent-workspace/cargo-home:/opt/rustwide/cargo-home:ro,Z" "-v" "/var/lib/crater-agent-workspace/rustup-home:/opt/rustwide/rustup-home:ro,Z" "-m" "1610612736" "--network" "none" "ghcr.io/rust-lang/crates-build-env/linux@sha256:77db811e55d90add9212f6832c23229e3de5f1c1f9905e8cb07319ea15df73ac" "sleep" "infinity", kill_on_drop: false }`
[INFO] [stdout] a5a603b96a30bf783b75e08d6af4e9f227e30842040c5a5c6a5fec6ac158dfe2
[INFO] running `Command { std: "docker" "start" "a5a603b96a30bf783b75e08d6af4e9f227e30842040c5a5c6a5fec6ac158dfe2", kill_on_drop: false }`
[INFO] running `Command { std: "docker" "inspect" "a5a603b96a30bf783b75e08d6af4e9f227e30842040c5a5c6a5fec6ac158dfe2", kill_on_drop: false }`
[INFO] running `Command { std: "docker" "exec" "-e" "SOURCE_DIR=/opt/rustwide/workdir" "-e" "CARGO_HOME=/opt/rustwide/cargo-home" "-e" "RUSTUP_HOME=/opt/rustwide/rustup-home" "-e" "CARGO_TARGET_DIR=/opt/rustwide/target" "-w" "/opt/rustwide/workdir" "--user" "0:0" "a5a603b96a30bf783b75e08d6af4e9f227e30842040c5a5c6a5fec6ac158dfe2" "/opt/rustwide/cargo-home/bin/cargo" "+1.100.0-beta.1" "metadata" "--no-deps" "--format-version=1", kill_on_drop: false }`
[INFO] running `Command { std: "docker" "inspect" "a5a603b96a30bf783b75e08d6af4e9f227e30842040c5a5c6a5fec6ac158dfe2", kill_on_drop: false }`
[INFO] running `Command { std: "docker" "exec" "-e" "SOURCE_DIR=/opt/rustwide/workdir" "-e" "CARGO_HOME=/opt/rustwide/cargo-home" "-e" "RUSTUP_HOME=/opt/rustwide/rustup-home" "-e" "CARGO_TARGET_DIR=/opt/rustwide/target" "-e" "CARGO_INCREMENTAL=0" "-e" "RUST_BACKTRACE=full" "-e" "RUSTFLAGS=--cap-lints=warn" "-e" "RUSTDOCFLAGS=--cap-lints=warn" "-w" "/opt/rustwide/workdir" "--user" "0:0" "a5a603b96a30bf783b75e08d6af4e9f227e30842040c5a5c6a5fec6ac158dfe2" "/opt/rustwide/cargo-home/bin/cargo" "+1.100.0-beta.1" "build" "--frozen" "--message-format=json" "--release", kill_on_drop: false }`
[INFO] [stderr] warning: `package.homepage` is redundant with `package.repository`
[INFO] [stderr]   --> Cargo.toml:46:12
[INFO] [stderr]    |
[INFO] [stderr] 46 | homepage = "https://github.com/quantinuum/tket2"
[INFO] [stderr]    |            ^^^^^^^^^^^^^^^^^^^^^^^^^^^^^^^^^^^^^
[INFO] [stderr] ...
[INFO] [stderr] 51 | repository = "https://github.com/quantinuum/tket2"
[INFO] [stderr]    |              -------------------------------------
[INFO] [stderr]    |
[INFO] [stderr]    = note: `cargo::redundant_homepage` is set to `warn` by default
[INFO] [stderr] help: consider removing `package.homepage`
[INFO] [stderr] warning: `tk-pg-converter` (manifest) generated 1 warning
[INFO] [stderr]    Compiling syn v3.0.5
[INFO] [stderr]    Compiling uuid v1.23.5
[INFO] [stderr]    Compiling serde_derive v1.0.229
[INFO] [stderr]    Compiling thiserror-impl v2.0.21
[INFO] [stderr]    Compiling thiserror v2.0.21
[INFO] [stderr]    Compiling serde v1.0.229
[INFO] [stderr]    Compiling tk-pg-core v0.1.1
[INFO] [stderr]    Compiling tk-pg-converter v0.1.1 (/opt/rustwide/workdir)
[INFO] [stderr]     Finished `release` profile [optimized] target(s) in 9.78s
[INFO] running `Command { std: "docker" "inspect" "a5a603b96a30bf783b75e08d6af4e9f227e30842040c5a5c6a5fec6ac158dfe2", kill_on_drop: false }`
[INFO] running `Command { std: "docker" "exec" "-e" "SOURCE_DIR=/opt/rustwide/workdir" "-e" "CARGO_HOME=/opt/rustwide/cargo-home" "-e" "RUSTUP_HOME=/opt/rustwide/rustup-home" "-e" "CARGO_TARGET_DIR=/opt/rustwide/target" "-e" "CARGO_INCREMENTAL=0" "-e" "RUST_BACKTRACE=full" "-e" "RUSTFLAGS=--cap-lints=warn" "-e" "RUSTDOCFLAGS=--cap-lints=warn" "-w" "/opt/rustwide/workdir" "--user" "0:0" "a5a603b96a30bf783b75e08d6af4e9f227e30842040c5a5c6a5fec6ac158dfe2" "/opt/rustwide/cargo-home/bin/cargo" "+1.100.0-beta.1" "test" "--frozen" "--no-run" "--message-format=json" "--release", kill_on_drop: false }`
[INFO] [stderr] warning: `package.homepage` is redundant with `package.repository`
[INFO] [stderr]   --> Cargo.toml:46:12
[INFO] [stderr]    |
[INFO] [stderr] 46 | homepage = "https://github.com/quantinuum/tket2"
[INFO] [stderr]    |            ^^^^^^^^^^^^^^^^^^^^^^^^^^^^^^^^^^^^^
[INFO] [stderr] ...
[INFO] [stderr] 51 | repository = "https://github.com/quantinuum/tket2"
[INFO] [stderr]    |              -------------------------------------
[INFO] [stderr]    |
[INFO] [stderr]    = note: `cargo::redundant_homepage` is set to `warn` by default
[INFO] [stderr] help: consider removing `package.homepage`
[INFO] [stderr] warning: `tk-pg-converter` (manifest) generated 1 warning
[INFO] [stderr]    Compiling aho-corasick v1.1.5
[INFO] [stderr]    Compiling rstest_macros v0.26.1
[INFO] [stderr]    Compiling toml_edit v0.25.15+spec-1.1.0
[INFO] [stderr]    Compiling relative-path v1.9.3
[INFO] [stderr]    Compiling futures-timer v3.0.4
[INFO] [stderr]    Compiling serde_derive v1.0.229
[INFO] [stderr]    Compiling thiserror-impl v2.0.21
[INFO] [stderr]    Compiling futures-macro v0.3.34
[INFO] [stderr]    Compiling futures-util v0.3.34
[INFO] [stderr]    Compiling proc-macro-crate v3.5.0
[INFO] [stderr]    Compiling thiserror v2.0.21
[INFO] [stderr]    Compiling regex-automata v0.4.18
[INFO] [stderr]    Compiling serde v1.0.229
[INFO] [stderr]    Compiling tk-pg-core v0.1.1
[INFO] [stderr]    Compiling regex v1.13.1
[INFO] [stderr]    Compiling tk-pg-converter v0.1.1 (/opt/rustwide/workdir)
[INFO] [stderr]    Compiling rstest v0.26.1
[INFO] [stderr]     Finished `release` profile [optimized] target(s) in 16.57s
[INFO] running `Command { std: "docker" "inspect" "a5a603b96a30bf783b75e08d6af4e9f227e30842040c5a5c6a5fec6ac158dfe2", kill_on_drop: false }`
[INFO] running `Command { std: "docker" "exec" "-e" "SOURCE_DIR=/opt/rustwide/workdir" "-e" "CARGO_HOME=/opt/rustwide/cargo-home" "-e" "RUSTUP_HOME=/opt/rustwide/rustup-home" "-e" "CARGO_TARGET_DIR=/opt/rustwide/target" "-e" "CARGO_INCREMENTAL=0" "-e" "RUST_BACKTRACE=full" "-e" "RUSTFLAGS=--cap-lints=warn" "-e" "RUSTDOCFLAGS=--cap-lints=warn" "-w" "/opt/rustwide/workdir" "--user" "0:0" "a5a603b96a30bf783b75e08d6af4e9f227e30842040c5a5c6a5fec6ac158dfe2" "/opt/rustwide/cargo-home/bin/cargo" "+1.100.0-beta.1" "test" "--frozen" "--release", kill_on_drop: false }`
[INFO] [stderr] warning: `package.homepage` is redundant with `package.repository`
[INFO] [stderr]   --> Cargo.toml:46:12
[INFO] [stderr]    |
[INFO] [stderr] 46 | homepage = "https://github.com/quantinuum/tket2"
[INFO] [stderr]    |            ^^^^^^^^^^^^^^^^^^^^^^^^^^^^^^^^^^^^^
[INFO] [stderr] ...
[INFO] [stderr] 51 | repository = "https://github.com/quantinuum/tket2"
[INFO] [stderr]    |              -------------------------------------
[INFO] [stderr]    |
[INFO] [stderr]    = note: `cargo::redundant_homepage` is set to `warn` by default
[INFO] [stderr] help: consider removing `package.homepage`
[INFO] [stderr] warning: `tk-pg-converter` (manifest) generated 1 warning
[INFO] [stderr]     Finished `release` profile [optimized] target(s) in 0.11s
[INFO] [stderr]      Running unittests src/lib.rs (/opt/rustwide/target/release/build/tk-pg-converter/a6d72297aee52a23/out/tk_pg_converter-a6d72297aee52a23)
[INFO] [stdout] 
[INFO] [stdout] running 19 tests
[INFO] [stdout] test converters::tests::gate_rejects_invalid_parameter_values::case_2_rz_number_instead_of_string ... ok
[INFO] [stdout] test converters::tests::test_convert_blackbox_fails ... ok
[INFO] [stdout] test converters::tests::test_conditional_box_pg_to_tk_json ... ok
[INFO] [stdout] test converters::tests::non_parameterised_gate_accepts_missing_or_empty_params::case_2_empty_params ... ok
[INFO] [stdout] test converters::tests::non_parameterised_gate_accepts_missing_or_empty_params::case_1_missing_params ... ok
[INFO] [stdout] test converters::tests::test_convert_malformed_tk_json_fails ... ok
[INFO] [stdout] test converters::tests::gate_rejects_wrong_parameter_count::case_1_rz_missing_param ... ok
[INFO] [stdout] test converters::tests::test_rotation_to_tk ... ok
[INFO] [stdout] test converters::tests::test_set_boundary_ignored ... ok
[INFO] [stdout] test converters::tests::test_tqe_to_tk_json ... ok
[INFO] [stdout] test converters::tests::gate_rejects_wrong_parameter_count::case_3_phasedx_missing_param ... ok
[INFO] [stdout] test converters::tests::gate_rejects_wrong_parameter_count::case_2_rz_extra_param ... ok
[INFO] [stdout] test converters::tests::gate_rejects_invalid_parameter_values::case_1_rx_invalid_string ... ok
[INFO] [stdout] test converters::tests::test_simple_pg_to_tk_json ... ok
[INFO] [stdout] test converters::tests::test_tableau_to_tk ... ok
[INFO] [stdout] test unitary_comparison::tests::test_compare_unitaries_via_tk ... FAILED
[INFO] [stdout] test unitary_comparison::tests::test_compare_tableaux ... FAILED
[INFO] [stdout] test unitary_comparison::tests::test_compare_identities_via_tk ... FAILED
[INFO] [stdout] test unitary_comparison::tests::test_compare_unitaries_via_tk_2 ... FAILED
[INFO] [stdout] 
[INFO] [stdout] failures:
[INFO] [stdout] 
[INFO] [stdout] ---- unitary_comparison::tests::test_compare_unitaries_via_tk stdout ----
[INFO] [stdout] 
[INFO] [stdout] thread 'unitary_comparison::tests::test_compare_unitaries_via_tk' (695) panicked at src/unitary_comparison.rs:56:9:
[INFO] [stdout] No usable Python interpreter with `pytket` was found for the unitary comparison worker. Tried ["python", "python3"]:
[INFO] [stdout] `python`: could not be spawned (No such file or directory (os error 2))
[INFO] [stdout] `python3`: `import pytket` failed (exit status: 1):
[INFO] [stdout] Traceback (most recent call last):
[INFO] [stdout]   File "<string>", line 1, in <module>
[INFO] [stdout]     import pytket
[INFO] [stdout] ModuleNotFoundError: No module named 'pytket'
[INFO] [stdout] Install `pytket` in the environment, or set `PG_TK_PYTHON` to a Python interpreter that has it.
[INFO] [stdout] stack backtrace:
[INFO] [stdout]    0:     0x61d806a60dc1 - <<std[617be2ca0a6fd877]::sys::backtrace::BacktraceLock>::print::DisplayBacktrace as core[a373ad73a504971]::fmt::Display>::fmt
[INFO] [stdout]    1:     0x61d806a769da - core[a373ad73a504971]::fmt::write
[INFO] [stdout]    2:     0x61d806a6528c - <alloc[2e1b2a31b91974c5]::vec::Vec<u8> as core[a373ad73a504971]::io::write::Write>::write_fmt
[INFO] [stdout]    3:     0x61d806a3cee6 - std[617be2ca0a6fd877]::panicking::default_hook::{closure#0}
[INFO] [stdout]    4:     0x61d806a59459 - std[617be2ca0a6fd877]::panicking::default_hook
[INFO] [stdout]    5:     0x61d8069e7a10 - test[aada8e7e76ba119b]::test_main_inner::{closure#0}
[INFO] [stdout]    6:     0x61d806a59612 - std[617be2ca0a6fd877]::panicking::panic_with_hook
[INFO] [stdout]    7:     0x61d806a3cf92 - std[617be2ca0a6fd877]::panicking::panic_handler::{closure#0}
[INFO] [stdout]    8:     0x61d806a35ca9 - std[617be2ca0a6fd877]::sys::backtrace::__rust_end_short_backtrace::<std[617be2ca0a6fd877]::panicking::panic_handler::{closure#0}, !>
[INFO] [stdout]    9:     0x61d806a3db9d - __rustc[ea4f61d10b84890b]::rust_begin_unwind
[INFO] [stdout]   10:     0x61d806a7710c - core[a373ad73a504971]::panicking::panic_fmt
[INFO] [stdout]   11:     0x61d8069ccf1b - <tk_pg_converter[2cc220acae997e37]::unitary_comparison::TkCompareWorker>::new
[INFO] [stdout]   12:     0x61d8069d8cc1 - <std[617be2ca0a6fd877]::sync::once::Once>::call_once_force::<<std[617be2ca0a6fd877]::sync::once_lock::OnceLock<std[617be2ca0a6fd877]::sync::poison::mutex::Mutex<tk_pg_converter[2cc220acae997e37]::unitary_comparison::TkCompareWorker>>>::initialize<<std[617be2ca0a6fd877]::sync::once_lock::OnceLock<std[617be2ca0a6fd877]::sync::poison::mutex::Mutex<tk_pg_converter[2cc220acae997e37]::unitary_comparison::TkCompareWorker>>>::get_or_init<tk_pg_converter[2cc220acae997e37]::unitary_comparison::compare_unitaries_with_worker::{closure#0}>::{closure#0}, !>::{closure#0}>::{closure#0}
[INFO] [stdout]   13:     0x61d806a42ac9 - <std[617be2ca0a6fd877]::sys::sync::once::futex::Once>::call
[INFO] [stdout]   14:     0x61d8069d8527 - <std[617be2ca0a6fd877]::sync::once_lock::OnceLock<std[617be2ca0a6fd877]::sync::poison::mutex::Mutex<tk_pg_converter[2cc220acae997e37]::unitary_comparison::TkCompareWorker>>>::initialize::<<std[617be2ca0a6fd877]::sync::once_lock::OnceLock<std[617be2ca0a6fd877]::sync::poison::mutex::Mutex<tk_pg_converter[2cc220acae997e37]::unitary_comparison::TkCompareWorker>>>::get_or_init<tk_pg_converter[2cc220acae997e37]::unitary_comparison::compare_unitaries_with_worker::{closure#0}>::{closure#0}, !>
[INFO] [stdout]   15:     0x61d8069cdcc7 - tk_pg_converter[2cc220acae997e37]::unitary_comparison::compare_unitaries_via_tk
[INFO] [stdout]   16:     0x61d8069d3d89 - <tk_pg_converter[2cc220acae997e37]::unitary_comparison::tests::test_compare_unitaries_via_tk::{closure#0} as core[a373ad73a504971]::ops::function::FnOnce<()>>::call_once
[INFO] [stdout]   17:     0x61d8069dae5b - test[aada8e7e76ba119b]::__rust_begin_short_backtrace::<core[a373ad73a504971]::result::Result<(), alloc[2e1b2a31b91974c5]::string::String>, fn() -> core[a373ad73a504971]::result::Result<(), alloc[2e1b2a31b91974c5]::string::String>>
[INFO] [stdout]   18:     0x61d8069e8035 - test[aada8e7e76ba119b]::run_test::{closure#0}
[INFO] [stdout]   19:     0x61d8069e1924 - std[617be2ca0a6fd877]::sys::backtrace::__rust_begin_short_backtrace::<test[aada8e7e76ba119b]::run_test::{closure#1}, ()>
[INFO] [stdout]   20:     0x61d8069eb0c2 - <std[617be2ca0a6fd877]::thread::lifecycle::spawn_unchecked<test[aada8e7e76ba119b]::run_test::{closure#1}, ()>::{closure#1} as core[a373ad73a504971]::ops::function::FnOnce<()>>::call_once::{shim:vtable#0}
[INFO] [stdout]   21:     0x61d806a6061f - <std[617be2ca0a6fd877]::sys::thread::unix::Thread>::new::thread_start
[INFO] [stdout]   22:     0x707fefc27dfa - <unknown>
[INFO] [stdout]   23:     0x707fefcbb3d4 - clone
[INFO] [stdout]   24:                0x0 - <unknown>
[INFO] [stdout] 
[INFO] [stdout] ---- unitary_comparison::tests::test_compare_tableaux stdout ----
[INFO] [stdout] 
[INFO] [stdout] thread 'unitary_comparison::tests::test_compare_tableaux' (694) panicked at src/unitary_comparison.rs:56:9:
[INFO] [stdout] No usable Python interpreter with `pytket` was found for the unitary comparison worker. Tried ["python", "python3"]:
[INFO] [stdout] `python`: could not be spawned (No such file or directory (os error 2))
[INFO] [stdout] `python3`: `import pytket` failed (exit status: 1):
[INFO] [stdout] Traceback (most recent call last):
[INFO] [stdout]   File "<string>", line 1, in <module>
[INFO] [stdout]     import pytket
[INFO] [stdout] ModuleNotFoundError: No module named 'pytket'
[INFO] [stdout] Install `pytket` in the environment, or set `PG_TK_PYTHON` to a Python interpreter that has it.
[INFO] [stdout] stack backtrace:
[INFO] [stdout]    0:     0x61d806a60dc1 - <<std[617be2ca0a6fd877]::sys::backtrace::BacktraceLock>::print::DisplayBacktrace as core[a373ad73a504971]::fmt::Display>::fmt
[INFO] [stdout]    1:     0x61d806a769da - core[a373ad73a504971]::fmt::write
[INFO] [stdout]    2:     0x61d806a6528c - <alloc[2e1b2a31b91974c5]::vec::Vec<u8> as core[a373ad73a504971]::io::write::Write>::write_fmt
[INFO] [stdout]    3:     0x61d806a3cee6 - std[617be2ca0a6fd877]::panicking::default_hook::{closure#0}
[INFO] [stdout]    4:     0x61d806a59459 - std[617be2ca0a6fd877]::panicking::default_hook
[INFO] [stdout]    5:     0x61d8069e7a10 - test[aada8e7e76ba119b]::test_main_inner::{closure#0}
[INFO] [stdout]    6:     0x61d806a59612 - std[617be2ca0a6fd877]::panicking::panic_with_hook
[INFO] [stdout]    7:     0x61d806a3cf92 - std[617be2ca0a6fd877]::panicking::panic_handler::{closure#0}
[INFO] [stdout]    8:     0x61d806a35ca9 - std[617be2ca0a6fd877]::sys::backtrace::__rust_end_short_backtrace::<std[617be2ca0a6fd877]::panicking::panic_handler::{closure#0}, !>
[INFO] [stdout]    9:     0x61d806a3db9d - __rustc[ea4f61d10b84890b]::rust_begin_unwind
[INFO] [stdout]   10:     0x61d806a7710c - core[a373ad73a504971]::panicking::panic_fmt
[INFO] [stdout]   11:     0x61d8069ccf1b - <tk_pg_converter[2cc220acae997e37]::unitary_comparison::TkCompareWorker>::new
[INFO] [stdout]   12:     0x61d8069d8cc1 - <std[617be2ca0a6fd877]::sync::once::Once>::call_once_force::<<std[617be2ca0a6fd877]::sync::once_lock::OnceLock<std[617be2ca0a6fd877]::sync::poison::mutex::Mutex<tk_pg_converter[2cc220acae997e37]::unitary_comparison::TkCompareWorker>>>::initialize<<std[617be2ca0a6fd877]::sync::once_lock::OnceLock<std[617be2ca0a6fd877]::sync::poison::mutex::Mutex<tk_pg_converter[2cc220acae997e37]::unitary_comparison::TkCompareWorker>>>::get_or_init<tk_pg_converter[2cc220acae997e37]::unitary_comparison::compare_unitaries_with_worker::{closure#0}>::{closure#0}, !>::{closure#0}>::{closure#0}
[INFO] [stdout]   13:     0x61d806a42ac9 - <std[617be2ca0a6fd877]::sys::sync::once::futex::Once>::call
[INFO] [stdout]   14:     0x61d8069d8527 - <std[617be2ca0a6fd877]::sync::once_lock::OnceLock<std[617be2ca0a6fd877]::sync::poison::mutex::Mutex<tk_pg_converter[2cc220acae997e37]::unitary_comparison::TkCompareWorker>>>::initialize::<<std[617be2ca0a6fd877]::sync::once_lock::OnceLock<std[617be2ca0a6fd877]::sync::poison::mutex::Mutex<tk_pg_converter[2cc220acae997e37]::unitary_comparison::TkCompareWorker>>>::get_or_init<tk_pg_converter[2cc220acae997e37]::unitary_comparison::compare_unitaries_with_worker::{closure#0}>::{closure#0}, !>
[INFO] [stdout]   15:     0x61d8069cdcc7 - tk_pg_converter[2cc220acae997e37]::unitary_comparison::compare_unitaries_via_tk
[INFO] [stdout]   16:     0x61d8069d3969 - <tk_pg_converter[2cc220acae997e37]::unitary_comparison::tests::test_compare_tableaux::{closure#0} as core[a373ad73a504971]::ops::function::FnOnce<()>>::call_once
[INFO] [stdout]   17:     0x61d8069dae5b - test[aada8e7e76ba119b]::__rust_begin_short_backtrace::<core[a373ad73a504971]::result::Result<(), alloc[2e1b2a31b91974c5]::string::String>, fn() -> core[a373ad73a504971]::result::Result<(), alloc[2e1b2a31b91974c5]::string::String>>
[INFO] [stdout]   18:     0x61d8069e8035 - test[aada8e7e76ba119b]::run_test::{closure#0}
[INFO] [stdout]   19:     0x61d8069e1924 - std[617be2ca0a6fd877]::sys::backtrace::__rust_begin_short_backtrace::<test[aada8e7e76ba119b]::run_test::{closure#1}, ()>
[INFO] [stdout]   20:     0x61d8069eb0c2 - <std[617be2ca0a6fd877]::thread::lifecycle::spawn_unchecked<test[aada8e7e76ba119b]::run_test::{closure#1}, ()>::{closure#1} as core[a373ad73a504971]::ops::function::FnOnce<()>>::call_once::{shim:vtable#0}
[INFO] [stdout]   21:     0x61d806a6061f - <std[617be2ca0a6fd877]::sys::thread::unix::Thread>::new::thread_start
[INFO] [stdout]   22:     0x707fefc27dfa - <unknown>
[INFO] [stdout]   23:     0x707fefcbb3d4 - clone
[INFO] [stdout]   24:                0x0 - <unknown>
[INFO] [stdout] 
[INFO] [stdout] ---- unitary_comparison::tests::test_compare_identities_via_tk stdout ----
[INFO] [stdout] 
[INFO] [stdout] thread 'unitary_comparison::tests::test_compare_identities_via_tk' (693) panicked at src/unitary_comparison.rs:56:9:
[INFO] [stdout] No usable Python interpreter with `pytket` was found for the unitary comparison worker. Tried ["python", "python3"]:
[INFO] [stdout] `python`: could not be spawned (No such file or directory (os error 2))
[INFO] [stdout] `python3`: `import pytket` failed (exit status: 1):
[INFO] [stdout] Traceback (most recent call last):
[INFO] [stdout]   File "<string>", line 1, in <module>
[INFO] [stdout]     import pytket
[INFO] [stdout] ModuleNotFoundError: No module named 'pytket'
[INFO] [stdout] Install `pytket` in the environment, or set `PG_TK_PYTHON` to a Python interpreter that has it.
[INFO] [stdout] stack backtrace:
[INFO] [stdout]    0:     0x61d806a60dc1 - <<std[617be2ca0a6fd877]::sys::backtrace::BacktraceLock>::print::DisplayBacktrace as core[a373ad73a504971]::fmt::Display>::fmt
[INFO] [stdout]    1:     0x61d806a769da - core[a373ad73a504971]::fmt::write
[INFO] [stdout]    2:     0x61d806a6528c - <alloc[2e1b2a31b91974c5]::vec::Vec<u8> as core[a373ad73a504971]::io::write::Write>::write_fmt
[INFO] [stdout]    3:     0x61d806a3cee6 - std[617be2ca0a6fd877]::panicking::default_hook::{closure#0}
[INFO] [stdout]    4:     0x61d806a59459 - std[617be2ca0a6fd877]::panicking::default_hook
[INFO] [stdout]    5:     0x61d8069e7a10 - test[aada8e7e76ba119b]::test_main_inner::{closure#0}
[INFO] [stdout]    6:     0x61d806a59612 - std[617be2ca0a6fd877]::panicking::panic_with_hook
[INFO] [stdout]    7:     0x61d806a3cf92 - std[617be2ca0a6fd877]::panicking::panic_handler::{closure#0}
[INFO] [stdout]    8:     0x61d806a35ca9 - std[617be2ca0a6fd877]::sys::backtrace::__rust_end_short_backtrace::<std[617be2ca0a6fd877]::panicking::panic_handler::{closure#0}, !>
[INFO] [stdout]    9:     0x61d806a3db9d - __rustc[ea4f61d10b84890b]::rust_begin_unwind
[INFO] [stdout]   10:     0x61d806a7710c - core[a373ad73a504971]::panicking::panic_fmt
[INFO] [stdout]   11:     0x61d8069ccf1b - <tk_pg_converter[2cc220acae997e37]::unitary_comparison::TkCompareWorker>::new
[INFO] [stdout]   12:     0x61d8069d8cc1 - <std[617be2ca0a6fd877]::sync::once::Once>::call_once_force::<<std[617be2ca0a6fd877]::sync::once_lock::OnceLock<std[617be2ca0a6fd877]::sync::poison::mutex::Mutex<tk_pg_converter[2cc220acae997e37]::unitary_comparison::TkCompareWorker>>>::initialize<<std[617be2ca0a6fd877]::sync::once_lock::OnceLock<std[617be2ca0a6fd877]::sync::poison::mutex::Mutex<tk_pg_converter[2cc220acae997e37]::unitary_comparison::TkCompareWorker>>>::get_or_init<tk_pg_converter[2cc220acae997e37]::unitary_comparison::compare_unitaries_with_worker::{closure#0}>::{closure#0}, !>::{closure#0}>::{closure#0}
[INFO] [stdout]   13:     0x61d806a42ac9 - <std[617be2ca0a6fd877]::sys::sync::once::futex::Once>::call
[INFO] [stdout]   14:     0x61d8069d8527 - <std[617be2ca0a6fd877]::sync::once_lock::OnceLock<std[617be2ca0a6fd877]::sync::poison::mutex::Mutex<tk_pg_converter[2cc220acae997e37]::unitary_comparison::TkCompareWorker>>>::initialize::<<std[617be2ca0a6fd877]::sync::once_lock::OnceLock<std[617be2ca0a6fd877]::sync::poison::mutex::Mutex<tk_pg_converter[2cc220acae997e37]::unitary_comparison::TkCompareWorker>>>::get_or_init<tk_pg_converter[2cc220acae997e37]::unitary_comparison::compare_unitaries_with_worker::{closure#0}>::{closure#0}, !>
[INFO] [stdout]   15:     0x61d8069cdcc7 - tk_pg_converter[2cc220acae997e37]::unitary_comparison::compare_unitaries_via_tk
[INFO] [stdout]   16:     0x61d8069d3f0c - <tk_pg_converter[2cc220acae997e37]::unitary_comparison::tests::test_compare_identities_via_tk::{closure#0} as core[a373ad73a504971]::ops::function::FnOnce<()>>::call_once
[INFO] [stdout]   17:     0x61d8069dae5b - test[aada8e7e76ba119b]::__rust_begin_short_backtrace::<core[a373ad73a504971]::result::Result<(), alloc[2e1b2a31b91974c5]::string::String>, fn() -> core[a373ad73a504971]::result::Result<(), alloc[2e1b2a31b91974c5]::string::String>>
[INFO] [stdout]   18:     0x61d8069e8035 - test[aada8e7e76ba119b]::run_test::{closure#0}
[INFO] [stdout]   19:     0x61d8069e1924 - std[617be2ca0a6fd877]::sys::backtrace::__rust_begin_short_backtrace::<test[aada8e7e76ba119b]::run_test::{closure#1}, ()>
[INFO] [stdout]   20:     0x61d8069eb0c2 - <std[617be2ca0a6fd877]::thread::lifecycle::spawn_unchecked<test[aada8e7e76ba119b]::run_test::{closure#1}, ()>::{closure#1} as core[a373ad73a504971]::ops::function::FnOnce<()>>::call_once::{shim:vtable#0}
[INFO] [stdout]   21:     0x61d806a6061f - <std[617be2ca0a6fd877]::sys::thread::unix::Thread>::new::thread_start
[INFO] [stdout]   22:     0x707fefc27dfa - <unknown>
[INFO] [stdout]   23:     0x707fefcbb3d4 - clone
[INFO] [stdout]   24:                0x0 - <unknown>
[INFO] [stdout] 
[INFO] [stdout] ---- unitary_comparison::tests::test_compare_unitaries_via_tk_2 stdout ----
[INFO] [stdout] 
[INFO] [stdout] thread 'unitary_comparison::tests::test_compare_unitaries_via_tk_2' (696) panicked at src/unitary_comparison.rs:56:9:
[INFO] [stdout] No usable Python interpreter with `pytket` was found for the unitary comparison worker. Tried ["python", "python3"]:
[INFO] [stdout] `python`: could not be spawned (No such file or directory (os error 2))
[INFO] [stdout] `python3`: `import pytket` failed (exit status: 1):
[INFO] [stdout] Traceback (most recent call last):
[INFO] [stdout]   File "<string>", line 1, in <module>
[INFO] [stdout]     import pytket
[INFO] [stdout] ModuleNotFoundError: No module named 'pytket'
[INFO] [stdout] Install `pytket` in the environment, or set `PG_TK_PYTHON` to a Python interpreter that has it.
[INFO] [stdout] stack backtrace:
[INFO] [stdout]    0:     0x61d806a60dc1 - <<std[617be2ca0a6fd877]::sys::backtrace::BacktraceLock>::print::DisplayBacktrace as core[a373ad73a504971]::fmt::Display>::fmt
[INFO] [stdout]    1:     0x61d806a769da - core[a373ad73a504971]::fmt::write
[INFO] [stdout]    2:     0x61d806a6528c - <alloc[2e1b2a31b91974c5]::vec::Vec<u8> as core[a373ad73a504971]::io::write::Write>::write_fmt
[INFO] [stdout]    3:     0x61d806a3cee6 - std[617be2ca0a6fd877]::panicking::default_hook::{closure#0}
[INFO] [stdout]    4:     0x61d806a59459 - std[617be2ca0a6fd877]::panicking::default_hook
[INFO] [stdout]    5:     0x61d8069e7a10 - test[aada8e7e76ba119b]::test_main_inner::{closure#0}
[INFO] [stdout]    6:     0x61d806a59612 - std[617be2ca0a6fd877]::panicking::panic_with_hook
[INFO] [stdout]    7:     0x61d806a3cf92 - std[617be2ca0a6fd877]::panicking::panic_handler::{closure#0}
[INFO] [stdout]    8:     0x61d806a35ca9 - std[617be2ca0a6fd877]::sys::backtrace::__rust_end_short_backtrace::<std[617be2ca0a6fd877]::panicking::panic_handler::{closure#0}, !>
[INFO] [stdout]    9:     0x61d806a3db9d - __rustc[ea4f61d10b84890b]::rust_begin_unwind
[INFO] [stdout]   10:     0x61d806a7710c - core[a373ad73a504971]::panicking::panic_fmt
[INFO] [stdout]   11:     0x61d8069ccf1b - <tk_pg_converter[2cc220acae997e37]::unitary_comparison::TkCompareWorker>::new
[INFO] [stdout]   12:     0x61d8069d8cc1 - <std[617be2ca0a6fd877]::sync::once::Once>::call_once_force::<<std[617be2ca0a6fd877]::sync::once_lock::OnceLock<std[617be2ca0a6fd877]::sync::poison::mutex::Mutex<tk_pg_converter[2cc220acae997e37]::unitary_comparison::TkCompareWorker>>>::initialize<<std[617be2ca0a6fd877]::sync::once_lock::OnceLock<std[617be2ca0a6fd877]::sync::poison::mutex::Mutex<tk_pg_converter[2cc220acae997e37]::unitary_comparison::TkCompareWorker>>>::get_or_init<tk_pg_converter[2cc220acae997e37]::unitary_comparison::compare_unitaries_with_worker::{closure#0}>::{closure#0}, !>::{closure#0}>::{closure#0}
[INFO] [stdout]   13:     0x61d806a42ac9 - <std[617be2ca0a6fd877]::sys::sync::once::futex::Once>::call
[INFO] [stdout]   14:     0x61d8069d8527 - <std[617be2ca0a6fd877]::sync::once_lock::OnceLock<std[617be2ca0a6fd877]::sync::poison::mutex::Mutex<tk_pg_converter[2cc220acae997e37]::unitary_comparison::TkCompareWorker>>>::initialize::<<std[617be2ca0a6fd877]::sync::once_lock::OnceLock<std[617be2ca0a6fd877]::sync::poison::mutex::Mutex<tk_pg_converter[2cc220acae997e37]::unitary_comparison::TkCompareWorker>>>::get_or_init<tk_pg_converter[2cc220acae997e37]::unitary_comparison::compare_unitaries_with_worker::{closure#0}>::{closure#0}, !>
[INFO] [stdout]   15:     0x61d8069cdcc7 - tk_pg_converter[2cc220acae997e37]::unitary_comparison::compare_unitaries_via_tk
[INFO] [stdout]   16:     0x61d8069d43c2 - <tk_pg_converter[2cc220acae997e37]::unitary_comparison::tests::test_compare_unitaries_via_tk_2::{closure#0} as core[a373ad73a504971]::ops::function::FnOnce<()>>::call_once
[INFO] [stdout]   17:     0x61d8069dae5b - test[aada8e7e76ba119b]::__rust_begin_short_backtrace::<core[a373ad73a504971]::result::Result<(), alloc[2e1b2a31b91974c5]::string::String>, fn() -> core[a373ad73a504971]::result::Result<(), alloc[2e1b2a31b91974c5]::string::String>>
[INFO] [stdout]   18:     0x61d8069e8035 - test[aada8e7e76ba119b]::run_test::{closure#0}
[INFO] [stdout]   19:     0x61d8069e1924 - std[617be2ca0a6fd877]::sys::backtrace::__rust_begin_short_backtrace::<test[aada8e7e76ba119b]::run_test::{closure#1}, ()>
[INFO] [stdout]   20:     0x61d8069eb0c2 - <std[617be2ca0a6fd877]::thread::lifecycle::spawn_unchecked<test[aada8e7e76ba119b]::run_test::{closure#1}, ()>::{closure#1} as core[a373ad73a504971]::ops::function::FnOnce<()>>::call_once::{shim:vtable#0}
[INFO] [stdout]   21:     0x61d806a6061f - <std[617be2ca0a6fd877]::sys::thread::unix::Thread>::new::thread_start
[INFO] [stdout]   22:     0x707fefc27dfa - <unknown>
[INFO] [stdout]   23:     0x707fefcbb3d4 - clone
[INFO] [stdout]   24:                0x0 - <unknown>
[INFO] [stdout] 
[INFO] [stdout] 
[INFO] [stdout] failures:
[INFO] [stdout]     unitary_comparison::tests::test_compare_identities_via_tk
[INFO] [stdout]     unitary_comparison::tests::test_compare_tableaux
[INFO] [stdout]     unitary_comparison::tests::test_compare_unitaries_via_tk
[INFO] [stdout]     unitary_comparison::tests::test_compare_unitaries_via_tk_2
[INFO] [stdout] 
[INFO] [stdout] test result: FAILED. 15 passed; 4 failed; 0 ignored; 0 measured; 0 filtered out; finished in 0.40s
[INFO] [stdout] 
[INFO] [stderr] error: test failed, to rerun pass `--lib`
[INFO] running `Command { std: "docker" "inspect" "a5a603b96a30bf783b75e08d6af4e9f227e30842040c5a5c6a5fec6ac158dfe2", kill_on_drop: false }`
[INFO] running `Command { std: "docker" "rm" "-f" "a5a603b96a30bf783b75e08d6af4e9f227e30842040c5a5c6a5fec6ac158dfe2", kill_on_drop: false }`
[INFO] [stdout] a5a603b96a30bf783b75e08d6af4e9f227e30842040c5a5c6a5fec6ac158dfe2
