[INFO] fetching crate titan-types 0.1.33...
[INFO] testing titan-types-0.1.33 against 1.100.0-beta.1+cargoflags=--release for beta-release-1.100-2
[INFO] extracting crate titan-types 0.1.33 into /workspace/builds/worker-2-tc2/source
[INFO] started tweaking crates.io crate titan-types 0.1.33
[INFO] finished tweaking crates.io crate titan-types 0.1.33
[INFO] tweaked toml for crates.io crate titan-types 0.1.33 written to /workspace/builds/worker-2-tc2/source/Cargo.toml
[INFO] validating manifest of crates.io crate titan-types 0.1.33 on toolchain 1.100.0-beta.1
[INFO] running `Command { std: CARGO_HOME="/workspace/cargo-home" RUSTUP_HOME="/workspace/rustup-home" "/workspace/cargo-home/bin/cargo" "+1.100.0-beta.1" "metadata" "--manifest-path" "Cargo.toml" "--no-deps", kill_on_drop: false }`
[INFO] crate crates.io crate titan-types 0.1.33 already has a lockfile, it will not be regenerated
[INFO] running `Command { std: CARGO_HOME="/workspace/cargo-home" RUSTUP_HOME="/workspace/rustup-home" "/workspace/cargo-home/bin/cargo" "+1.100.0-beta.1" "fetch" "--manifest-path" "Cargo.toml", kill_on_drop: false }`
[INFO] running `Command { std: "docker" "create" "-v" "/var/lib/crater-agent-workspace/builds/worker-2-tc2/source:/opt/rustwide/workdir:ro,Z" "-v" "/var/lib/crater-agent-workspace/builds/worker-2-tc2/target:/opt/rustwide/target:rw,Z" "-v" "/var/lib/crater-agent-workspace/cargo-home:/opt/rustwide/cargo-home:ro,Z" "-v" "/var/lib/crater-agent-workspace/rustup-home:/opt/rustwide/rustup-home:ro,Z" "-m" "1610612736" "--network" "none" "ghcr.io/rust-lang/crates-build-env/linux@sha256:77db811e55d90add9212f6832c23229e3de5f1c1f9905e8cb07319ea15df73ac" "sleep" "infinity", kill_on_drop: false }`
[INFO] [stdout] 46402bc06b7876b21ba2550db01bd558dec5d0fe3da388f62e0fc9ed4a3262a0
[INFO] running `Command { std: "docker" "start" "46402bc06b7876b21ba2550db01bd558dec5d0fe3da388f62e0fc9ed4a3262a0", kill_on_drop: false }`
[INFO] running `Command { std: "docker" "inspect" "46402bc06b7876b21ba2550db01bd558dec5d0fe3da388f62e0fc9ed4a3262a0", kill_on_drop: false }`
[INFO] running `Command { std: "docker" "exec" "-e" "SOURCE_DIR=/opt/rustwide/workdir" "-e" "CARGO_HOME=/opt/rustwide/cargo-home" "-e" "RUSTUP_HOME=/opt/rustwide/rustup-home" "-e" "CARGO_TARGET_DIR=/opt/rustwide/target" "-w" "/opt/rustwide/workdir" "--user" "0:0" "46402bc06b7876b21ba2550db01bd558dec5d0fe3da388f62e0fc9ed4a3262a0" "/opt/rustwide/cargo-home/bin/cargo" "+1.100.0-beta.1" "metadata" "--no-deps" "--format-version=1", kill_on_drop: false }`
[INFO] running `Command { std: "docker" "inspect" "46402bc06b7876b21ba2550db01bd558dec5d0fe3da388f62e0fc9ed4a3262a0", kill_on_drop: false }`
[INFO] running `Command { std: "docker" "exec" "-e" "SOURCE_DIR=/opt/rustwide/workdir" "-e" "CARGO_HOME=/opt/rustwide/cargo-home" "-e" "RUSTUP_HOME=/opt/rustwide/rustup-home" "-e" "CARGO_TARGET_DIR=/opt/rustwide/target" "-e" "CARGO_INCREMENTAL=0" "-e" "RUST_BACKTRACE=full" "-e" "RUSTFLAGS=--cap-lints=warn" "-e" "RUSTDOCFLAGS=--cap-lints=warn" "-w" "/opt/rustwide/workdir" "--user" "0:0" "46402bc06b7876b21ba2550db01bd558dec5d0fe3da388f62e0fc9ed4a3262a0" "/opt/rustwide/cargo-home/bin/cargo" "+1.100.0-beta.1" "build" "--frozen" "--message-format=json" "--release", kill_on_drop: false }`
[INFO] [stderr]    Compiling proc-macro2 v1.0.92
[INFO] [stderr]    Compiling unicode-ident v1.0.14
[INFO] [stderr]    Compiling serde v1.0.217
[INFO] [stderr]    Compiling libc v0.2.169
[INFO] [stderr]    Compiling cfg-if v1.0.0
[INFO] [stderr]    Compiling shlex v1.3.0
[INFO] [stderr]    Compiling byteorder v1.5.0
[INFO] [stderr]    Compiling bitcoin-io v0.1.3
[INFO] [stderr]    Compiling arrayvec v0.7.6
[INFO] [stderr]    Compiling bitcoin-internals v0.3.0
[INFO] [stderr]    Compiling strsim v0.11.1
[INFO] [stderr]    Compiling serde_json v1.0.134
[INFO] [stderr]    Compiling hashbrown v0.15.2
[INFO] [stderr]    Compiling equivalent v1.0.1
[INFO] [stderr]    Compiling hex_lit v0.1.1
[INFO] [stderr]    Compiling ident_case v1.0.1
[INFO] [stderr]    Compiling fnv v1.0.7
[INFO] [stderr]    Compiling itoa v1.0.14
[INFO] [stderr]    Compiling ryu v1.0.18
[INFO] [stderr]    Compiling winnow v0.6.20
[INFO] [stderr]    Compiling bitcoin v0.32.5
[INFO] [stderr]    Compiling toml_datetime v0.6.8
[INFO] [stderr]    Compiling memchr v2.7.4
[INFO] [stderr]    Compiling bech32 v0.11.0
[INFO] [stderr]    Compiling minreq v2.13.0
[INFO] [stderr]    Compiling cc v1.2.6
[INFO] [stderr]    Compiling cfg_aliases v0.2.1
[INFO] [stderr]    Compiling once_cell v1.20.2
[INFO] [stderr]    Compiling borsh v1.5.3
[INFO] [stderr]    Compiling thiserror v2.0.9
[INFO] [stderr]    Compiling unicode-xid v0.2.6
[INFO] [stderr]    Compiling hex-conservative v0.2.1
[INFO] [stderr]    Compiling alloc-no-stdlib v2.0.4
[INFO] [stderr]    Compiling log v0.4.22
[INFO] [stderr]    Compiling base64 v0.13.1
[INFO] [stderr]    Compiling bytes v1.9.0
[INFO] [stderr]    Compiling alloc-stdlib v0.2.2
[INFO] [stderr]    Compiling hex v0.4.3
[INFO] [stderr]    Compiling brotli-decompressor v4.0.1
[INFO] [stderr]    Compiling quote v1.0.38
[INFO] [stderr]    Compiling http v1.2.0
[INFO] [stderr]    Compiling syn v2.0.93
[INFO] [stderr]    Compiling indexmap v2.7.0
[INFO] [stderr]    Compiling getrandom v0.2.15
[INFO] [stderr]    Compiling secp256k1-sys v0.10.1
[INFO] [stderr]    Compiling rand_core v0.6.4
[INFO] [stderr]    Compiling brotli v7.0.0
[INFO] [stderr]    Compiling toml_edit v0.22.22
[INFO] [stderr]    Compiling proc-macro-crate v3.2.0
[INFO] [stderr]    Compiling darling_core v0.20.10
[INFO] [stderr]    Compiling serde_derive v1.0.217
[INFO] [stderr]    Compiling zerocopy-derive v0.7.35
[INFO] [stderr]    Compiling derive_more-impl v1.0.0
[INFO] [stderr]    Compiling borsh-derive v1.5.3
[INFO] [stderr]    Compiling thiserror-impl v2.0.9
[INFO] [stderr]    Compiling bytemuck_derive v1.10.2
[INFO] [stderr]    Compiling zerocopy v0.7.35
[INFO] [stderr]    Compiling ppv-lite86 v0.2.20
[INFO] [stderr]    Compiling bytemuck v1.24.0
[INFO] [stderr]    Compiling rand_chacha v0.3.1
[INFO] [stderr]    Compiling rand v0.8.5
[INFO] [stderr]    Compiling derive_more v1.0.0
[INFO] [stderr]    Compiling darling_macro v0.20.10
[INFO] [stderr]    Compiling darling v0.20.10
[INFO] [stderr]    Compiling serde_with_macros v3.12.0
[INFO] [stderr]    Compiling bitcoin_hashes v0.14.0
[INFO] [stderr]    Compiling serde_with v3.12.0
[INFO] [stderr]    Compiling uuid v1.12.1
[INFO] [stderr]    Compiling bitcoin-units v0.1.2
[INFO] [stderr]    Compiling secp256k1 v0.29.1
[INFO] [stderr]    Compiling base58ck v0.1.0
[INFO] [stderr]    Compiling jsonrpc v0.18.0
[INFO] [stderr]    Compiling bitcoincore-rpc-json v0.19.0
[INFO] [stderr]    Compiling ordinals v0.0.14
[INFO] [stderr]    Compiling bitcoincore-rpc v0.19.0
[INFO] [stderr]    Compiling titan-types v0.1.33 (/opt/rustwide/workdir)
[INFO] [stderr] warning: unused dependency `brotli`
[INFO] [stderr]   --> Cargo.toml:12:15
[INFO] [stderr]    |
[INFO] [stderr] 12 | [dependencies.brotli]
[INFO] [stderr]    |               ^^^^^^^
[INFO] [stderr]    |
[INFO] [stderr]    = note: `cargo::unused_dependencies` is set to `warn` by default
[INFO] [stderr] help: consider removing the dependency on `brotli`
[INFO] [stderr] warning: unused dependency `http`
[INFO] [stderr]   --> Cargo.toml:22:15
[INFO] [stderr]    |
[INFO] [stderr] 22 | [dependencies.http]
[INFO] [stderr]    |               ^^^^^
[INFO] [stderr]    |
[INFO] [stderr] help: consider removing the dependency on `http`
[INFO] [stderr] warning: `titan-types` (manifest) generated 2 warnings
[INFO] [stderr]     Finished `release` profile [optimized] target(s) in 52.47s
[INFO] [stderr] warning: the following packages contain code that will be rejected by a future version of Rust: borsh v1.5.3
[INFO] [stderr] note: to see what the problems were, use the option `--future-incompat-report`, or run `cargo report future-incompatibilities --id 1`
[INFO] running `Command { std: "docker" "inspect" "46402bc06b7876b21ba2550db01bd558dec5d0fe3da388f62e0fc9ed4a3262a0", kill_on_drop: false }`
[INFO] running `Command { std: "docker" "exec" "-e" "SOURCE_DIR=/opt/rustwide/workdir" "-e" "CARGO_HOME=/opt/rustwide/cargo-home" "-e" "RUSTUP_HOME=/opt/rustwide/rustup-home" "-e" "CARGO_TARGET_DIR=/opt/rustwide/target" "-e" "CARGO_INCREMENTAL=0" "-e" "RUST_BACKTRACE=full" "-e" "RUSTFLAGS=--cap-lints=warn" "-e" "RUSTDOCFLAGS=--cap-lints=warn" "-w" "/opt/rustwide/workdir" "--user" "0:0" "46402bc06b7876b21ba2550db01bd558dec5d0fe3da388f62e0fc9ed4a3262a0" "/opt/rustwide/cargo-home/bin/cargo" "+1.100.0-beta.1" "test" "--frozen" "--no-run" "--message-format=json" "--release", kill_on_drop: false }`
[INFO] [stderr]    Compiling titan-types v0.1.33 (/opt/rustwide/workdir)
[INFO] [stdout] warning: unused import: `Txid`
[INFO] [stdout]    --> src/outpoint.rs:182:43
[INFO] [stdout]     |
[INFO] [stdout] 182 |     use bitcoin::{hashes::Hash, OutPoint, Txid};
[INFO] [stdout]     |                                           ^^^^
[INFO] [stdout]     |
[INFO] [stdout]     = note: `#[warn(unused_imports)]` (part of `#[warn(unused)]`) on by default
[INFO] [stdout] 
[INFO] [stdout] 
[INFO] [stderr] warning: unused dependency `brotli`
[INFO] [stderr]   --> Cargo.toml:12:15
[INFO] [stderr]    |
[INFO] [stderr] 12 | [dependencies.brotli]
[INFO] [stderr]    |               ^^^^^^^
[INFO] [stderr]    |
[INFO] [stderr]    = note: `cargo::unused_dependencies` is set to `warn` by default
[INFO] [stderr] help: consider removing the dependency on `brotli`
[INFO] [stderr] warning: unused dependency `http`
[INFO] [stderr]   --> Cargo.toml:22:15
[INFO] [stderr]    |
[INFO] [stderr] 22 | [dependencies.http]
[INFO] [stderr]    |               ^^^^^
[INFO] [stderr]    |
[INFO] [stderr] help: consider removing the dependency on `http`
[INFO] [stderr] warning: `titan-types` (manifest) generated 2 warnings
[INFO] [stderr]     Finished `release` profile [optimized] target(s) in 7.10s
[INFO] [stderr] warning: the following packages contain code that will be rejected by a future version of Rust: borsh v1.5.3
[INFO] [stderr] note: to see what the problems were, use the option `--future-incompat-report`, or run `cargo report future-incompatibilities --id 1`
[INFO] running `Command { std: "docker" "inspect" "46402bc06b7876b21ba2550db01bd558dec5d0fe3da388f62e0fc9ed4a3262a0", kill_on_drop: false }`
[INFO] running `Command { std: "docker" "exec" "-e" "SOURCE_DIR=/opt/rustwide/workdir" "-e" "CARGO_HOME=/opt/rustwide/cargo-home" "-e" "RUSTUP_HOME=/opt/rustwide/rustup-home" "-e" "CARGO_TARGET_DIR=/opt/rustwide/target" "-e" "CARGO_INCREMENTAL=0" "-e" "RUST_BACKTRACE=full" "-e" "RUSTFLAGS=--cap-lints=warn" "-e" "RUSTDOCFLAGS=--cap-lints=warn" "-w" "/opt/rustwide/workdir" "--user" "0:0" "46402bc06b7876b21ba2550db01bd558dec5d0fe3da388f62e0fc9ed4a3262a0" "/opt/rustwide/cargo-home/bin/cargo" "+1.100.0-beta.1" "test" "--frozen" "--release", kill_on_drop: false }`
[INFO] [stderr] warning: unused import: `Txid`
[INFO] [stderr]    --> src/outpoint.rs:182:43
[INFO] [stderr]     |
[INFO] [stderr] 182 |     use bitcoin::{hashes::Hash, OutPoint, Txid};
[INFO] [stderr]     |                                           ^^^^
[INFO] [stderr]     |
[INFO] [stderr]     = note: `#[warn(unused_imports)]` (part of `#[warn(unused)]`) on by default
[INFO] [stderr] 
[INFO] [stderr] warning: `titan-types` (lib test) generated 1 warning (run `cargo fix --lib -p titan-types --tests` to apply 1 suggestion)
[INFO] [stderr] warning: unused dependency `brotli`
[INFO] [stderr]   --> Cargo.toml:12:15
[INFO] [stderr]    |
[INFO] [stderr] 12 | [dependencies.brotli]
[INFO] [stderr]    |               ^^^^^^^
[INFO] [stderr]    |
[INFO] [stderr]    = note: `cargo::unused_dependencies` is set to `warn` by default
[INFO] [stderr] help: consider removing the dependency on `brotli`
[INFO] [stderr] warning: unused dependency `http`
[INFO] [stderr]   --> Cargo.toml:22:15
[INFO] [stderr]    |
[INFO] [stderr] 22 | [dependencies.http]
[INFO] [stderr]    |               ^^^^^
[INFO] [stderr]    |
[INFO] [stderr] help: consider removing the dependency on `http`
[INFO] [stderr] warning: `titan-types` (manifest) generated 2 warnings
[INFO] [stderr]     Finished `release` profile [optimized] target(s) in 0.14s
[INFO] [stderr] warning: the following packages contain code that will be rejected by a future version of Rust: borsh v1.5.3
[INFO] [stderr] note: to see what the problems were, use the option `--future-incompat-report`, or run `cargo report future-incompatibilities --id 1`
[INFO] [stderr]      Running unittests src/lib.rs (/opt/rustwide/target/release/build/titan-types/88824ef4345ef108/out/titan_types-88824ef4345ef108)
[INFO] [stdout] 
[INFO] [stdout] running 142 tests
[INFO] [stdout] test block::tests::test_header_fields_preservation ... ok
[INFO] [stdout] test block::tests::test_block_with_edge_case_values ... ok
[INFO] [stdout] test block::tests::test_block_with_single_rune_serialization ... ok
[INFO] [stdout] test block::tests::test_invalid_data_handling ... ok
[INFO] [stdout] test block::tests::test_large_vectors_serialization ... ok
[INFO] [stdout] test mempool_entry::tests::test_mempool_entry_empty_vectors ... ok
[INFO] [stdout] test mempool_entry::tests::test_mempool_entry_extreme_values ... ok
[INFO] [stdout] test mempool_entry::tests::test_mempool_entry_large_vectors ... ok
[INFO] [stdout] test block::tests::test_empty_block_serialization_roundtrip ... ok
[INFO] [stdout] test block::tests::test_block_with_single_tx_serialization ... ok
[INFO] [stdout] test block::tests::test_full_block_serialization_roundtrip ... ok
[INFO] [stdout] test inscription_id::tests::display ... ok
[INFO] [stdout] test inscription_id::tests::from_str ... ok
[INFO] [stdout] test mempool_entry::tests::test_serialization_size_efficiency ... ok
[INFO] [stdout] test block::tests::test_serialized_data_integrity ... ok
[INFO] [stdout] test outpoint::tests::test_serialized_outpoint_edge_cases ... ok
[INFO] [stdout] test outpoint::tests::test_serialized_outpoint_display ... ok
[INFO] [stdout] test mempool_entry::tests::test_mempool_entry_minimal_serialization_deserialization ... ok
[INFO] [stdout] test mempool_entry::tests::test_serialized_data_consistency ... ok
[INFO] [stdout] test outpoint::tests::test_serialized_outpoint_creation ... ok
[INFO] [stdout] test mempool_entry::tests::test_mempool_entry_serialization_deserialization_round_trip ... ok
[INFO] [stdout] test mempool_entry::tests::test_mempool_entry_with_none_weight ... ok
[INFO] [stdout] test outpoint::tests::test_serialized_outpoint_from_slice ... ok
[INFO] [stdout] test mempool_entry::tests::test_invalid_deserialization_handling ... ok
[INFO] [stdout] test outpoint::tests::test_serialized_outpoint_from_str ... ok
[INFO] [stdout] test outpoint::tests::test_serialized_outpoint_consistency ... ok
[INFO] [stdout] test mempool_entry::tests::test_mempool_entry_with_some_weight ... ok
[INFO] [stdout] test outpoint::tests::test_serialized_outpoint_as_ref ... ok
[INFO] [stdout] test mempool_entry::tests::test_mempool_entry_zero_values ... ok
[INFO] [stdout] test outpoint::tests::test_serialized_outpoint_from_txid_vout ... ok
[INFO] [stdout] test outpoint::tests::test_serialized_outpoint_borsh_roundtrip ... ok
[INFO] [stdout] test outpoint::tests::test_serialized_outpoint_conversions ... ok
[INFO] [stdout] test outpoint::tests::test_serialized_outpoint_hash_and_eq ... ok
[INFO] [stdout] test rune::tests::test_rune_amount_max_values ... ok
[INFO] [stdout] test outpoint::tests::test_serialized_outpoint_from_array ... ok
[INFO] [stdout] test outpoint::tests::test_serialized_outpoint_serde_roundtrip ... ok
[INFO] [stdout] test rune::tests::test_mint_response_serde_roundtrip ... ok
[INFO] [stdout] test rune::tests::test_rune_amount_serde_roundtrip ... ok
[INFO] [stdout] test outpoint::tests::test_serialized_outpoint_to_txid ... ok
[INFO] [stdout] test rune::tests::test_mint_response_with_limits ... ok
[INFO] [stdout] test mempool_entry::tests::test_mempool_entry_fee_serialization ... ok
[INFO] [stdout] test rune::tests::test_rune_amounts_different_amounts ... ok
[INFO] [stdout] test rune::tests::test_rune_amount_consistency ... ok
[INFO] [stdout] test rune::tests::test_rune_response_extreme_values ... ok
[INFO] [stdout] test rune::tests::test_rune_amounts_different_rune_ids ... ok
[INFO] [stdout] test rune::tests::test_collection_of_rune_amounts ... ok
[INFO] [stdout] test outpoint::tests::test_serialized_outpoint_try_from_box ... ok
[INFO] [stdout] test rune::tests::test_rune_response_minimal ... ok
[INFO] [stdout] test outpoint::tests::test_serialized_outpoint_max_values ... ok
[INFO] [stdout] test outpoint::tests::test_serialized_outpoint_zero_values ... ok
[INFO] [stdout] test outpoint::tests::test_serialized_outpoint_to_serialized_txid ... ok
[INFO] [stdout] test rune::tests::test_rune_amount_borsh_roundtrip ... ok
[INFO] [stdout] test rune::tests::test_mint_response_no_limits ... ok
[INFO] [stdout] test rune::tests::test_rune_amount_from_tuple ... ok
[INFO] [stdout] test rune_type::tests::from_str_error ... ok
[INFO] [stdout] test rune_id::tests::to_bytes ... ok
[INFO] [stdout] test rune::tests::test_rune_response_serde_roundtrip ... ok
[INFO] [stdout] test rune_type::tests::borsh_roundtrip ... ok
[INFO] [stdout] test rune::tests::test_rune_amount_zero_values ... ok
[INFO] [stdout] test rune_type::tests::reserved_rune_unlock_height ... ok
[INFO] [stdout] test rune_type::tests::mainnet_minimum_at_height ... ok
[INFO] [stdout] test rune_type::tests::minimum_at_height ... ok
[INFO] [stdout] test rune::tests::test_rune_response_turbo_enabled ... ok
[INFO] [stdout] test rune_id::tests::from_str ... ok
[INFO] [stdout] test rune_type::tests::steps ... ok
[INFO] [stdout] test rune_type::tests::round_trip ... ok
[INFO] [stdout] test rune_id::tests::get_sorted_rune_ids ... ok
[INFO] [stdout] test rune_id::tests::serde ... ok
[INFO] [stdout] test spaced_rune::tests::from_str ... ok
[INFO] [stdout] test rune_type::tests::serde ... ok
[INFO] [stdout] test rune_type::tests::is_reserved ... ok
[INFO] [stdout] test rune_type::tests::steps_are_sorted_and_unique ... ok
[INFO] [stdout] test spaced_rune::tests::serde ... ok
[INFO] [stdout] test rune_type::tests::reserved ... ok
[INFO] [stdout] test tests::test_complex_nested_structures ... ok
[INFO] [stdout] test tests::test_mempool_entry_fee ... ok
[INFO] [stdout] test tests::test_rune_amount ... ok
[INFO] [stdout] test tests::test_serialization_consistency ... ok
[INFO] [stdout] test tests::test_serialized_outpoint ... ok
[INFO] [stdout] test tests::test_spender_reference ... ok
[INFO] [stdout] test tests::test_spent_status ... ok
[INFO] [stdout] test tests::test_transaction_status ... ok
[INFO] [stdout] test tests::test_tx_out_entry ... ok
[INFO] [stdout] test tests::test_serialized_txid ... ok
[INFO] [stdout] test spaced_rune::tests::borsh_roundtrip ... ok
[INFO] [stdout] test tx_out::tests::test_edge_cases_with_extreme_rune_values ... ok
[INFO] [stdout] test tx_out::tests::test_mixed_spent_statuses ... ok
[INFO] [stdout] test rune::tests::test_rune_response_optional_fields ... ok
[INFO] [stdout] test tests::test_transaction_tx_out ... ok
[INFO] [stdout] test rune::tests::test_rune_response_with_inscription ... ok
[INFO] [stdout] test tx_out::tests::test_spender_reference_borsh_roundtrip ... ok
[INFO] [stdout] test tx_out::tests::test_spender_reference_serde_roundtrip ... ok
[INFO] [stdout] test tx_out::tests::test_spender_reference_max_vin ... ok
[INFO] [stdout] test spaced_rune::tests::display ... ok
[INFO] [stdout] test tests::test_edge_cases ... ok
[INFO] [stdout] test tests::test_mempool_entry ... ok
[INFO] [stdout] test rune_id::tests::display ... ok
[INFO] [stdout] test rune_id::tests::borsh_roundtrip ... ok
[INFO] [stdout] test rune_type::tests::commitment ... ok
[INFO] [stdout] test rune_id::tests::delta ... ok
[INFO] [stdout] test tx_out::tests::test_spent_status_unspent ... ok
[INFO] [stdout] test tx_out::tests::test_tx_out_entry_borsh_roundtrip ... ok
[INFO] [stdout] test tx_out::tests::test_spent_status_different_variants ... ok
[INFO] [stdout] test tx_out::tests::test_spender_reference_zero_vin ... ok
[INFO] [stdout] test txid::tests::test_serialized_txid_all_zeros ... ok
[INFO] [stdout] test txid::tests::test_serialized_txid_as_ref ... ok
[INFO] [stdout] test tx_out::tests::test_spent_status_spent ... ok
[INFO] [stdout] test tx_out::tests::test_tx_out_entry_consistency ... ok
[INFO] [stdout] test txid::tests::test_serialized_txid_bitcoin_interop ... ok
[INFO] [stdout] test txid::tests::test_serialized_txid_clone_copy ... ok
[INFO] [stdout] test txid::tests::test_serialized_txid_borsh_roundtrip ... ok
[INFO] [stdout] test tx_out::tests::test_tx_out_entry_empty_runes ... ok
[INFO] [stdout] test txid::tests::test_serialized_txid_as_bytes ... ok
[INFO] [stdout] test txid::tests::test_serialized_txid_consistency ... ok
[INFO] [stdout] test tx_out::tests::test_tx_out_entry_zero_value ... ok
[INFO] [stdout] test tx_out::tests::test_spent_status_serde_json_format ... ok
[INFO] [stdout] test tx_out::tests::test_tx_out_entry_large_rune_collections ... ok
[INFO] [stdout] test tx_out::tests::test_tx_out_entry_max_value ... ok
[INFO] [stdout] test tx_out::tests::test_tx_out_entry_with_runes ... ok
[INFO] [stdout] test txid::tests::test_serialized_txid_from_bitcoin_txid_double_ref ... ok
[INFO] [stdout] test tx_out::tests::test_tx_out_entry_multiple_runes ... ok
[INFO] [stdout] test tx_out::tests::test_tx_out_entry_serde_roundtrip ... ok
[INFO] [stdout] test txid::tests::test_serialized_txid_display ... ok
[INFO] [stdout] test txid::tests::test_serialized_txid_from_bitcoin_txid ... ok
[INFO] [stdout] test txid::tests::test_serialized_txid_hash_and_eq ... ok
[INFO] [stdout] test txid::tests::test_serialized_txid_to_bitcoin_txid_ref ... ok
[INFO] [stdout] test txid::tests::test_serialized_txid_try_from_box ... ok
[INFO] [stdout] test txid::tests::test_serialized_txid_zero_values ... ok
[INFO] [stdout] test txid::tests::test_serialized_txid_from_slice ... ok
[INFO] [stdout] test txid::tests::test_serialized_txid_max_values ... ok
[INFO] [stdout] test txid::tests::test_serialized_txid_new ... ok
[INFO] [stdout] test txid::tests::test_serialized_txid_from_str_invalid_hex ... ok
[INFO] [stdout] test txid::tests::test_serialized_txid_from_str ... ok
[INFO] [stdout] test txid::tests::test_serialized_txid_from_str_invalid_length ... ok
[INFO] [stdout] test txid::tests::test_serialized_txid_try_from_box_invalid_length ... ok
[INFO] [stdout] test txid::tests::test_serialized_txid_debug ... FAILED
[INFO] [stdout] test txid::tests::test_serialized_txid_from_array ... ok
[INFO] [stdout] test txid::tests::test_serialized_txid_from_bitcoin_txid_ref ... ok
[INFO] [stdout] test txid::tests::test_serialized_txid_patterns ... ok
[INFO] [stdout] test txid::tests::test_serialized_txid_serde_roundtrip ... ok
[INFO] [stdout] test txid::tests::test_serialized_txid_to_bitcoin_txid ... ok
[INFO] [stdout] test rune_type::tests::unlock_height ... ok
[INFO] [stdout] 
[INFO] [stdout] failures:
[INFO] [stdout] 
[INFO] [stdout] ---- txid::tests::test_serialized_txid_debug stdout ----
[INFO] [stdout] 
[INFO] [stdout] thread 'txid::tests::test_serialized_txid_debug' (1744) panicked at src/txid.rs:405:9:
[INFO] [stdout] assertion failed: debug_str.contains("SerializedTxid")
[INFO] [stdout] stack backtrace:
[INFO] [stdout]    0:     0x560725a5f081 - <<std[617be2ca0a6fd877]::sys::backtrace::BacktraceLock>::print::DisplayBacktrace as core[a373ad73a504971]::fmt::Display>::fmt
[INFO] [stdout]    1:     0x560725a7436a - core[a373ad73a504971]::fmt::write
[INFO] [stdout]    2:     0x560725a6334c - <alloc[2e1b2a31b91974c5]::vec::Vec<u8> as core[a373ad73a504971]::io::write::Write>::write_fmt
[INFO] [stdout]    3:     0x560725a3b4e6 - std[617be2ca0a6fd877]::panicking::default_hook::{closure#0}
[INFO] [stdout]    4:     0x560725a57719 - std[617be2ca0a6fd877]::panicking::default_hook
[INFO] [stdout]    5:     0x5607259e7e10 - test[aada8e7e76ba119b]::test_main_inner::{closure#0}
[INFO] [stdout]    6:     0x560725a578d2 - std[617be2ca0a6fd877]::panicking::panic_with_hook
[INFO] [stdout]    7:     0x560725a3b5c4 - std[617be2ca0a6fd877]::panicking::panic_handler::{closure#0}
[INFO] [stdout]    8:     0x560725a34279 - std[617be2ca0a6fd877]::sys::backtrace::__rust_end_short_backtrace::<std[617be2ca0a6fd877]::panicking::panic_handler::{closure#0}, !>
[INFO] [stdout]    9:     0x560725a3c19d - __rustc[ea4f61d10b84890b]::rust_begin_unwind
[INFO] [stdout]   10:     0x560725a74a9c - core[a373ad73a504971]::panicking::panic_fmt
[INFO] [stdout]   11:     0x560725a74a62 - core[a373ad73a504971]::panicking::panic
[INFO] [stdout]   12:     0x5607259bb57b - <titan_types[5e3799b2b0ad80b]::txid::tests::test_serialized_txid_debug::{closure#0} as core[a373ad73a504971]::ops::function::FnOnce<()>>::call_once
[INFO] [stdout]   13:     0x5607259db25b - test[aada8e7e76ba119b]::__rust_begin_short_backtrace::<core[a373ad73a504971]::result::Result<(), alloc[2e1b2a31b91974c5]::string::String>, fn() -> core[a373ad73a504971]::result::Result<(), alloc[2e1b2a31b91974c5]::string::String>>
[INFO] [stdout]   14:     0x5607259e8435 - test[aada8e7e76ba119b]::run_test::{closure#0}
[INFO] [stdout]   15:     0x5607259e1d24 - std[617be2ca0a6fd877]::sys::backtrace::__rust_begin_short_backtrace::<test[aada8e7e76ba119b]::run_test::{closure#1}, ()>
[INFO] [stdout]   16:     0x5607259eb4c2 - <std[617be2ca0a6fd877]::thread::lifecycle::spawn_unchecked<test[aada8e7e76ba119b]::run_test::{closure#1}, ()>::{closure#1} as core[a373ad73a504971]::ops::function::FnOnce<()>>::call_once::{shim:vtable#0}
[INFO] [stdout]   17:     0x560725a5e8df - <std[617be2ca0a6fd877]::sys::thread::unix::Thread>::new::thread_start
[INFO] [stdout]   18:     0x7c21d1ae8dfa - <unknown>
[INFO] [stdout]   19:     0x7c21d1b7c3d4 - clone
[INFO] [stdout]   20:                0x0 - <unknown>
[INFO] [stdout] 
[INFO] [stdout] 
[INFO] [stdout] failures:
[INFO] [stdout]     txid::tests::test_serialized_txid_debug
[INFO] [stdout] 
[INFO] [stdout] test result: FAILED. 141 passed; 1 failed; 0 ignored; 0 measured; 0 filtered out; finished in 0.10s
[INFO] [stdout] 
[INFO] [stderr] error: test failed, to rerun pass `--lib`
[INFO] running `Command { std: "docker" "inspect" "46402bc06b7876b21ba2550db01bd558dec5d0fe3da388f62e0fc9ed4a3262a0", kill_on_drop: false }`
[INFO] running `Command { std: "docker" "rm" "-f" "46402bc06b7876b21ba2550db01bd558dec5d0fe3da388f62e0fc9ed4a3262a0", kill_on_drop: false }`
[INFO] [stdout] 46402bc06b7876b21ba2550db01bd558dec5d0fe3da388f62e0fc9ed4a3262a0
