[INFO] fetching crate tishlang_ffi 4.2.5...
[INFO] testing tishlang_ffi-4.2.5 against 1.100.0-beta.1+cargoflags=--release for beta-release-1.100-2
[INFO] extracting crate tishlang_ffi 4.2.5 into /workspace/builds/worker-7-tc2/source
[INFO] started tweaking crates.io crate tishlang_ffi 4.2.5
[INFO] removed 0 missing tests
[INFO] finished tweaking crates.io crate tishlang_ffi 4.2.5
[INFO] tweaked toml for crates.io crate tishlang_ffi 4.2.5 written to /workspace/builds/worker-7-tc2/source/Cargo.toml
[INFO] validating manifest of crates.io crate tishlang_ffi 4.2.5 on toolchain 1.100.0-beta.1
[INFO] running `Command { std: CARGO_HOME="/workspace/cargo-home" RUSTUP_HOME="/workspace/rustup-home" "/workspace/cargo-home/bin/cargo" "+1.100.0-beta.1" "metadata" "--manifest-path" "Cargo.toml" "--no-deps", kill_on_drop: false }`
[INFO] crate crates.io crate tishlang_ffi 4.2.5 already has a lockfile, it will not be regenerated
[INFO] running `Command { std: CARGO_HOME="/workspace/cargo-home" RUSTUP_HOME="/workspace/rustup-home" "/workspace/cargo-home/bin/cargo" "+1.100.0-beta.1" "fetch" "--manifest-path" "Cargo.toml", kill_on_drop: false }`
[INFO] running `Command { std: "docker" "create" "-v" "/var/lib/crater-agent-workspace/builds/worker-7-tc2/source:/opt/rustwide/workdir:ro,Z" "-v" "/var/lib/crater-agent-workspace/builds/worker-7-tc2/target:/opt/rustwide/target:rw,Z" "-v" "/var/lib/crater-agent-workspace/cargo-home:/opt/rustwide/cargo-home:ro,Z" "-v" "/var/lib/crater-agent-workspace/rustup-home:/opt/rustwide/rustup-home:ro,Z" "-m" "1610612736" "--network" "none" "ghcr.io/rust-lang/crates-build-env/linux@sha256:77db811e55d90add9212f6832c23229e3de5f1c1f9905e8cb07319ea15df73ac" "sleep" "infinity", kill_on_drop: false }`
[INFO] [stdout] 3b6eccfeb1a432ac30f9d0abb4d3e40e1314208320ff6a3fec95544c3b4e299a
[INFO] running `Command { std: "docker" "start" "3b6eccfeb1a432ac30f9d0abb4d3e40e1314208320ff6a3fec95544c3b4e299a", kill_on_drop: false }`
[INFO] running `Command { std: "docker" "inspect" "3b6eccfeb1a432ac30f9d0abb4d3e40e1314208320ff6a3fec95544c3b4e299a", kill_on_drop: false }`
[INFO] running `Command { std: "docker" "exec" "-e" "SOURCE_DIR=/opt/rustwide/workdir" "-e" "CARGO_HOME=/opt/rustwide/cargo-home" "-e" "RUSTUP_HOME=/opt/rustwide/rustup-home" "-e" "CARGO_TARGET_DIR=/opt/rustwide/target" "-w" "/opt/rustwide/workdir" "--user" "0:0" "3b6eccfeb1a432ac30f9d0abb4d3e40e1314208320ff6a3fec95544c3b4e299a" "/opt/rustwide/cargo-home/bin/cargo" "+1.100.0-beta.1" "metadata" "--no-deps" "--format-version=1", kill_on_drop: false }`
[INFO] running `Command { std: "docker" "inspect" "3b6eccfeb1a432ac30f9d0abb4d3e40e1314208320ff6a3fec95544c3b4e299a", kill_on_drop: false }`
[INFO] running `Command { std: "docker" "exec" "-e" "SOURCE_DIR=/opt/rustwide/workdir" "-e" "CARGO_HOME=/opt/rustwide/cargo-home" "-e" "RUSTUP_HOME=/opt/rustwide/rustup-home" "-e" "CARGO_TARGET_DIR=/opt/rustwide/target" "-e" "CARGO_INCREMENTAL=0" "-e" "RUST_BACKTRACE=full" "-e" "RUSTFLAGS=--cap-lints=warn" "-e" "RUSTDOCFLAGS=--cap-lints=warn" "-w" "/opt/rustwide/workdir" "--user" "0:0" "3b6eccfeb1a432ac30f9d0abb4d3e40e1314208320ff6a3fec95544c3b4e299a" "/opt/rustwide/cargo-home/bin/cargo" "+1.100.0-beta.1" "build" "--frozen" "--message-format=json" "--release", kill_on_drop: false }`
[INFO] [stderr]    Compiling libc v0.2.186
[INFO] [stderr]    Compiling zerocopy v0.8.47
[INFO] [stderr]    Compiling hashbrown v0.16.1
[INFO] [stderr]    Compiling itoa v1.0.18
[INFO] [stderr]    Compiling arcstr v1.2.0
[INFO] [stderr]    Compiling ryu v1.0.23
[INFO] [stderr]    Compiling smallvec v1.15.1
[INFO] [stderr]    Compiling ahash v0.8.12
[INFO] [stderr]    Compiling indexmap v2.13.0
[INFO] [stderr]    Compiling getrandom v0.3.4
[INFO] [stderr]    Compiling tishlang_core v4.2.5
[INFO] [stderr]    Compiling tishlang_ffi v4.2.5 (/opt/rustwide/workdir)
[INFO] [stderr]     Finished `release` profile [optimized] target(s) in 9.90s
[INFO] running `Command { std: "docker" "inspect" "3b6eccfeb1a432ac30f9d0abb4d3e40e1314208320ff6a3fec95544c3b4e299a", kill_on_drop: false }`
[INFO] running `Command { std: "docker" "exec" "-e" "SOURCE_DIR=/opt/rustwide/workdir" "-e" "CARGO_HOME=/opt/rustwide/cargo-home" "-e" "RUSTUP_HOME=/opt/rustwide/rustup-home" "-e" "CARGO_TARGET_DIR=/opt/rustwide/target" "-e" "CARGO_INCREMENTAL=0" "-e" "RUST_BACKTRACE=full" "-e" "RUSTFLAGS=--cap-lints=warn" "-e" "RUSTDOCFLAGS=--cap-lints=warn" "-w" "/opt/rustwide/workdir" "--user" "0:0" "3b6eccfeb1a432ac30f9d0abb4d3e40e1314208320ff6a3fec95544c3b4e299a" "/opt/rustwide/cargo-home/bin/cargo" "+1.100.0-beta.1" "test" "--frozen" "--no-run" "--message-format=json" "--release", kill_on_drop: false }`
[INFO] [stderr]    Compiling tishlang_ffi v4.2.5 (/opt/rustwide/workdir)
[INFO] [stderr]     Finished `release` profile [optimized] target(s) in 1.67s
[INFO] running `Command { std: "docker" "inspect" "3b6eccfeb1a432ac30f9d0abb4d3e40e1314208320ff6a3fec95544c3b4e299a", kill_on_drop: false }`
[INFO] running `Command { std: "docker" "exec" "-e" "SOURCE_DIR=/opt/rustwide/workdir" "-e" "CARGO_HOME=/opt/rustwide/cargo-home" "-e" "RUSTUP_HOME=/opt/rustwide/rustup-home" "-e" "CARGO_TARGET_DIR=/opt/rustwide/target" "-e" "CARGO_INCREMENTAL=0" "-e" "RUST_BACKTRACE=full" "-e" "RUSTFLAGS=--cap-lints=warn" "-e" "RUSTDOCFLAGS=--cap-lints=warn" "-w" "/opt/rustwide/workdir" "--user" "0:0" "3b6eccfeb1a432ac30f9d0abb4d3e40e1314208320ff6a3fec95544c3b4e299a" "/opt/rustwide/cargo-home/bin/cargo" "+1.100.0-beta.1" "test" "--frozen" "--release", kill_on_drop: false }`
[INFO] [stderr]     Finished `release` profile [optimized] target(s) in 0.07s
[INFO] [stderr]      Running unittests src/lib.rs (/opt/rustwide/target/release/build/tishlang_ffi/1acd11fbd6d2d0a6/out/tishlang_ffi-1acd11fbd6d2d0a6)
[INFO] [stdout] 
[INFO] [stdout] running 7 tests
[INFO] [stdout] test tests::object_roundtrip ... ok
[INFO] [stdout] test tests::array_roundtrip ... ok
[INFO] [stdout] test tests::scalars_roundtrip ... ok
[INFO] [stdout] test tests::string_roundtrip ... ok
[INFO] [stdout] test tests::wrap_native_fn_array_arg ... ok
[INFO] [stdout] test tests::wrap_native_fn_marshals ... ok
[INFO] [stdout] test tests::native_fn_call_shape ... ok
[INFO] [stdout] 
[INFO] [stdout] test result: ok. 7 passed; 0 failed; 0 ignored; 0 measured; 0 filtered out; finished in 0.02s
[INFO] [stdout] 
[INFO] [stderr]      Running tests/double_free.rs (/opt/rustwide/target/release/build/tishlang_ffi/79dcd2eaa9a139d7/out/double_free-79dcd2eaa9a139d7)
[INFO] [stdout] 
[INFO] [stdout] running 1 test
[INFO] [stdout] test wrap_native_fn_returning_input_handle_is_not_double_free ... ok
[INFO] [stdout] 
[INFO] [stdout] test result: ok. 1 passed; 0 failed; 0 ignored; 0 measured; 0 filtered out; finished in 0.00s
[INFO] [stdout] 
[INFO] [stdout] 
[INFO] [stdout] running 2 tests
[INFO] [stderr]      Running tests/loader.rs (/opt/rustwide/target/release/build/tishlang_ffi/391737df1b9386fe/out/loader-391737df1b9386fe)
[INFO] [stderr] error: manifest path `/opt/rustwide/workdir/tests/fixtures/testmod/Cargo.toml` does not exist
[INFO] [stdout] test load_and_call_real_cdylib ... FAILED
[INFO] [stderr] error: manifest path `/opt/rustwide/workdir/tests/fixtures/testmod/Cargo.toml` does not exist
[INFO] [stdout] test repeated_loads_share_one_cache_entry ... FAILED
[INFO] [stdout] 
[INFO] [stdout] failures:
[INFO] [stdout] 
[INFO] [stdout] ---- load_and_call_real_cdylib stdout ----
[INFO] [stdout] 
[INFO] [stdout] thread 'load_and_call_real_cdylib' (477) panicked at tests/loader.rs:22:5:
[INFO] [stdout] fixture cdylib build failed
[INFO] [stdout] stack backtrace:
[INFO] [stdout]    0:     0x630b36d7fe61 - <<std[617be2ca0a6fd877]::sys::backtrace::BacktraceLock>::print::DisplayBacktrace as core[a373ad73a504971]::fmt::Display>::fmt
[INFO] [stdout]    1:     0x630b36d94aca - core[a373ad73a504971]::fmt::write
[INFO] [stdout]    2:     0x630b36d8434c - <alloc[2e1b2a31b91974c5]::vec::Vec<u8> as core[a373ad73a504971]::io::write::Write>::write_fmt
[INFO] [stdout]    3:     0x630b36d5b9e6 - std[617be2ca0a6fd877]::panicking::default_hook::{closure#0}
[INFO] [stdout]    4:     0x630b36d78249 - std[617be2ca0a6fd877]::panicking::default_hook
[INFO] [stdout]    5:     0x630b36d0d650 - test[aada8e7e76ba119b]::test_main_inner::{closure#0}
[INFO] [stdout]    6:     0x630b36d78402 - std[617be2ca0a6fd877]::panicking::panic_with_hook
[INFO] [stdout]    7:     0x630b36d5bac4 - std[617be2ca0a6fd877]::panicking::panic_handler::{closure#0}
[INFO] [stdout]    8:     0x630b36d54709 - std[617be2ca0a6fd877]::sys::backtrace::__rust_end_short_backtrace::<std[617be2ca0a6fd877]::panicking::panic_handler::{closure#0}, !>
[INFO] [stdout]    9:     0x630b36d5c69d - __rustc[ea4f61d10b84890b]::rust_begin_unwind
[INFO] [stdout]   10:     0x630b36d9522c - core[a373ad73a504971]::panicking::panic_fmt
[INFO] [stdout]   11:     0x630b36cf749f - loader[f9a9721091804110]::build_and_locate_fixture
[INFO] [stdout]   12:     0x630b36cf7741 - <loader[f9a9721091804110]::load_and_call_real_cdylib::{closure#0} as core[a373ad73a504971]::ops::function::FnOnce<()>>::call_once
[INFO] [stdout]   13:     0x630b36d00a9b - test[aada8e7e76ba119b]::__rust_begin_short_backtrace::<core[a373ad73a504971]::result::Result<(), alloc[2e1b2a31b91974c5]::string::String>, fn() -> core[a373ad73a504971]::result::Result<(), alloc[2e1b2a31b91974c5]::string::String>>
[INFO] [stdout]   14:     0x630b36d0dc75 - test[aada8e7e76ba119b]::run_test::{closure#0}
[INFO] [stdout]   15:     0x630b36d07564 - std[617be2ca0a6fd877]::sys::backtrace::__rust_begin_short_backtrace::<test[aada8e7e76ba119b]::run_test::{closure#1}, ()>
[INFO] [stdout]   16:     0x630b36d10d02 - <std[617be2ca0a6fd877]::thread::lifecycle::spawn_unchecked<test[aada8e7e76ba119b]::run_test::{closure#1}, ()>::{closure#1} as core[a373ad73a504971]::ops::function::FnOnce<()>>::call_once::{shim:vtable#0}
[INFO] [stdout]   17:     0x630b36d7f6bf - <std[617be2ca0a6fd877]::sys::thread::unix::Thread>::new::thread_start
[INFO] [stdout]   18:     0x7fb79b790dfa - <unknown>
[INFO] [stdout]   19:     0x7fb79b8243d4 - clone
[INFO] [stdout]   20:                0x0 - <unknown>
[INFO] [stdout] 
[INFO] [stdout] ---- repeated_loads_share_one_cache_entry stdout ----
[INFO] [stdout] 
[INFO] [stdout] thread 'repeated_loads_share_one_cache_entry' (478) panicked at tests/loader.rs:22:5:
[INFO] [stdout] fixture cdylib build failed
[INFO] [stdout] stack backtrace:
[INFO] [stdout]    0:     0x630b36d7fe61 - <<std[617be2ca0a6fd877]::sys::backtrace::BacktraceLock>::print::DisplayBacktrace as core[a373ad73a504971]::fmt::Display>::fmt
[INFO] [stdout]    1:     0x630b36d94aca - core[a373ad73a504971]::fmt::write
[INFO] [stdout]    2:     0x630b36d8434c - <alloc[2e1b2a31b91974c5]::vec::Vec<u8> as core[a373ad73a504971]::io::write::Write>::write_fmt
[INFO] [stdout]    3:     0x630b36d5b9e6 - std[617be2ca0a6fd877]::panicking::default_hook::{closure#0}
[INFO] [stdout]    4:     0x630b36d78249 - std[617be2ca0a6fd877]::panicking::default_hook
[INFO] [stdout]    5:     0x630b36d0d650 - test[aada8e7e76ba119b]::test_main_inner::{closure#0}
[INFO] [stdout]    6:     0x630b36d78402 - std[617be2ca0a6fd877]::panicking::panic_with_hook
[INFO] [stdout]    7:     0x630b36d5bac4 - std[617be2ca0a6fd877]::panicking::panic_handler::{closure#0}
[INFO] [stdout]    8:     0x630b36d54709 - std[617be2ca0a6fd877]::sys::backtrace::__rust_end_short_backtrace::<std[617be2ca0a6fd877]::panicking::panic_handler::{closure#0}, !>
[INFO] [stdout]    9:     0x630b36d5c69d - __rustc[ea4f61d10b84890b]::rust_begin_unwind
[INFO] [stdout]   10:     0x630b36d9522c - core[a373ad73a504971]::panicking::panic_fmt
[INFO] [stdout]   11:     0x630b36cf749f - loader[f9a9721091804110]::build_and_locate_fixture
[INFO] [stdout]   12:     0x630b36cf7d31 - <loader[f9a9721091804110]::repeated_loads_share_one_cache_entry::{closure#0} as core[a373ad73a504971]::ops::function::FnOnce<()>>::call_once
[INFO] [stdout]   13:     0x630b36d00a9b - test[aada8e7e76ba119b]::__rust_begin_short_backtrace::<core[a373ad73a504971]::result::Result<(), alloc[2e1b2a31b91974c5]::string::String>, fn() -> core[a373ad73a504971]::result::Result<(), alloc[2e1b2a31b91974c5]::string::String>>
[INFO] [stdout]   14:     0x630b36d0dc75 - test[aada8e7e76ba119b]::run_test::{closure#0}
[INFO] [stdout]   15:     0x630b36d07564 - std[617be2ca0a6fd877]::sys::backtrace::__rust_begin_short_backtrace::<test[aada8e7e76ba119b]::run_test::{closure#1}, ()>
[INFO] [stdout]   16:     0x630b36d10d02 - <std[617be2ca0a6fd877]::thread::lifecycle::spawn_unchecked<test[aada8e7e76ba119b]::run_test::{closure#1}, ()>::{closure#1} as core[a373ad73a504971]::ops::function::FnOnce<()>>::call_once::{shim:vtable#0}
[INFO] [stdout]   17:     0x630b36d7f6bf - <std[617be2ca0a6fd877]::sys::thread::unix::Thread>::new::thread_start
[INFO] [stdout]   18:     0x7fb79b790dfa - <unknown>
[INFO] [stdout]   19:     0x7fb79b8243d4 - clone
[INFO] [stdout]   20:                0x0 - <unknown>
[INFO] [stdout] 
[INFO] [stdout] 
[INFO] [stdout] failures:
[INFO] [stdout]     load_and_call_real_cdylib
[INFO] [stdout]     repeated_loads_share_one_cache_entry
[INFO] [stdout] 
[INFO] [stdout] test result: FAILED. 0 passed; 2 failed; 0 ignored; 0 measured; 0 filtered out; finished in 0.06s
[INFO] [stdout] 
[INFO] [stderr] error: test failed, to rerun pass `--test loader`
[INFO] running `Command { std: "docker" "inspect" "3b6eccfeb1a432ac30f9d0abb4d3e40e1314208320ff6a3fec95544c3b4e299a", kill_on_drop: false }`
[INFO] running `Command { std: "docker" "rm" "-f" "3b6eccfeb1a432ac30f9d0abb4d3e40e1314208320ff6a3fec95544c3b4e299a", kill_on_drop: false }`
[INFO] [stdout] 3b6eccfeb1a432ac30f9d0abb4d3e40e1314208320ff6a3fec95544c3b4e299a
